--
-- Host: localhost    Database: traveltime_dev
-- ------------------------------------------------------


--
-- Table structure for table `divisions`
--

CREATE TABLE `divisions` (
  `id` int(11) NOT NULL AUTO_INCREMENT,
  `name` varchar(255) NOT NULL,
  PRIMARY KEY (`id`)
) ENGINE=InnoDB AUTO_INCREMENT=10 DEFAULT CHARSET=utf8;

--
-- Dumping data for table `divisions`
--

INSERT INTO `divisions` VALUES (1,'DO&R'),(2,'TSO'),(3,'SP&R'),(4,'Shared Services'),(5,'Retail'),(6,'Finance & Corporate'),(7,'Office of the MD'),(8,'Human Resources'),(9,'Energy Services');

--
-- Table structure for table `forms`
--

CREATE TABLE `forms` (
  `id` int(11) NOT NULL AUTO_INCREMENT,
  `name` varchar(255) NOT NULL,
  `description` varchar(255) DEFAULT NULL,
  PRIMARY KEY (`id`),
  UNIQUE KEY `name` (`name`)
) ENGINE=InnoDB AUTO_INCREMENT=4 DEFAULT CHARSET=utf8;

--
-- Dumping data for table `forms`
--

INSERT INTO `forms` VALUES (1,'CommCare','Community Care Program Application'),(2,'TravelTime','Application for Reimbursement for Traveling'),(3,'SiteInspect','Site Inspection Forms');

--
-- Table structure for table `holidays`
--

CREATE TABLE `holidays` (
  `id` int(11) NOT NULL AUTO_INCREMENT,
  `year` int(11) DEFAULT NULL,
  `month` tinyint(4) DEFAULT NULL,
  `day` tinyint(4) DEFAULT NULL,
  `name` varchar(255) DEFAULT NULL,
  PRIMARY KEY (`id`),
  KEY `idx_date` (`year`,`month`,`day`),
  KEY `idx_year` (`year`),
  KEY `idx_month` (`month`),
  KEY `idx_day` (`day`)
) ENGINE=InnoDB AUTO_INCREMENT=43 DEFAULT CHARSET=utf8;

--
-- Dumping data for table `holidays`
--

INSERT INTO `holidays` VALUES (1,2011,1,1,'New Year\'s Day'),(2,2011,1,3,'New Year\'s Day'),(3,2011,1,26,'Australia Day'),(4,2011,3,11,'Sydney Staff Day'),(5,2011,4,22,'Good Friday'),(6,2011,4,23,'Easter Saturday'),(7,2011,4,24,'Easter Sunday'),(8,2011,4,25,'Anzac Day'),(9,2011,4,26,'Easter Monday'),(10,2011,6,13,'Queen\'s Birthday'),(11,2011,10,3,'Labour Day'),(12,2011,11,18,'Hunter Staff'),(13,2011,12,26,'Boxing Day'),(14,2011,12,25,'Christmas Day'),(15,2011,12,27,'Christmas Day'),(16,2012,1,1,'New Year\'s Day'),(17,2012,1,2,'New Year\'s Day'),(18,2012,1,26,'Australia Day'),(19,2012,3,9,'Sydney Staff Day'),(20,2012,4,6,'Good Friday'),(21,2012,4,7,'Easter Saturday'),(22,2012,4,8,'Easter Sunday'),(23,2012,4,9,'Easter Monday'),(24,2012,4,25,'Anzac Day'),(25,2012,6,11,'Queen\'s Birthday'),(26,2012,10,1,'Labour Day'),(27,2012,11,23,'Hunter Staff'),(28,2012,12,25,'Christmas Day'),(29,2012,12,26,'Boxing Day'),(30,2013,1,1,'New Year\'s Day'),(31,2013,1,26,'Australia Day'),(32,2013,3,8,'Sydney Staff Day'),(33,2013,3,29,'Good Friday'),(34,2013,3,30,'Easter Saturday'),(35,2013,3,31,'Easter Sunday'),(36,2013,4,1,'Easter Monday'),(37,2013,4,25,'Anzac Day'),(38,2013,6,10,'Queen\'s Birthday'),(39,2013,10,7,'Labour Day'),(40,2013,11,22,'Hunter Staff'),(41,2013,12,25,'Christmas Day'),(42,2013,12,26,'Boxing Day');

--
-- Table structure for table `login_codes`
--

CREATE TABLE `login_codes` (
  `code` varchar(64) NOT NULL,
  `service_number` int(11) NOT NULL,
  `valid_until` timestamp NOT NULL DEFAULT CURRENT_TIMESTAMP ON UPDATE CURRENT_TIMESTAMP,
  PRIMARY KEY (`service_number`,`code`)
) ENGINE=InnoDB DEFAULT CHARSET=utf8;

--
-- Dumping data for table `login_codes`
--

INSERT INTO `login_codes` VALUES ('1a2080236e92d55ee92aa59ffb704155',21393,'2012-01-30 17:37:42'),('b39aafb4eacac4d688551c5bd66a4402',21393,'2012-01-30 17:39:30'),('92f3072a7fbb4b32f7ed5b93bf0a0838',21900,'2012-02-23 15:00:00'),('addc12a5fcc3a8ae42fb5753ab7efdc1',21900,'2012-02-16 16:16:45'),('d3716707d3a281061e596f5a4953ab2f',21900,'2012-02-20 15:00:00'),('43a0d27f94c6fac340e2e79db33e3401',24727,'2012-02-02 15:00:00'),('bc3519986e74ac2fa113bd63b7264563',24727,'2012-02-20 15:00:00'),('d60abeaecc60fe4db9dbbdbb1de47f36',24727,'2012-02-06 15:00:00'),('dbaa3b1d48a4f0d02468cf0bb6eb9faa',24727,'2012-02-16 15:00:00'),('3df83543548ee7875503c929c1782b3e',24747,'2012-02-13 15:00:03'),('403b7046da86a016e478e6939740e8f9',24747,'2012-01-30 17:39:31'),('76cc2b1d3f9ee3a90a5abe5021556e89',24747,'2012-02-13 17:59:58'),('76f8d9c3a654f2c3a56973c774f3afc4',24747,'2012-02-02 15:00:01'),('84c6d88c942ceabeb1dd548385e4b2ea',24747,'2012-02-16 15:00:00'),('886a9cac071027297695efd780f71565',24747,'2012-02-23 15:00:03'),('ddcac25cd1ae80615802d69d779f8d9e',24747,'2012-02-20 15:00:01'),('0503772854bb1563e2192a8d12d7c833',24784,'2011-12-22 15:37:53'),('05134e6842f8519770d0b66eabcb1426',24784,'2012-01-30 17:39:31'),('4878029c4895c8ea648ac7d2f72f4be6',24784,'2012-02-13 15:00:00'),('4d089717624bbc706f7ee5bae3610034',24784,'2012-02-09 15:00:00'),('5c8dfc183b5623e9600a3a928d89e9be',24784,'2012-02-06 15:00:00'),('afc7868f90e360ad1f070b14ab02f0f6',24784,'2012-01-05 15:00:03'),('b7d8d4ecee77e5edfb72b676dd3ba323',24784,'2011-12-29 15:00:06'),('c7b90181ea7484dc3aa4820695c76f49',24784,'2012-02-20 15:00:00'),('eaac6b831020c1ff5e04cf7777869b8c',24784,'2012-02-23 15:00:00'),('f05aff149fdd0faaeacd9f094c13a9e9',24784,'2012-02-02 15:00:00'),('f2a72ff34bfc2dafee3435ecb325cf11',24784,'2012-01-11 17:08:47'),('fc5cf5e9a28b331b290c208714668a22',24784,'2012-01-30 20:39:05'),('feb3e147d468378e818b53c92641ed34',24784,'2012-02-16 15:00:00'),('16be698a98ad4864bdcfe6b378dbaf7e',26654,'2012-01-02 15:00:00'),('26625ba6473d8331238f86425ee6edbd',26654,'2012-02-13 15:00:00'),('3b5c46083648a2af560808a4a64c58c4',26654,'2012-02-02 15:00:00'),('6b75a7aae5149acd6719a37212e2daa2',26654,'2012-01-05 17:15:49'),('74e7ff7febad52b108c5b73015e8ca40',26654,'2012-02-23 15:00:00'),('961baede77cd35052d0b607ccd249892',26654,'2012-02-09 15:00:00'),('bcee5b0d6a95c8ede6e837fb616fac9e',26654,'2012-01-30 17:39:31'),('e8d5b12c3d55dde521090f2c75f2441f',26654,'2012-02-20 15:00:00'),('f8d2203b4ae74e829f5b4cd27f52035e',26654,'2012-01-05 17:16:04'),('fdd719e2a06ef521b778e5dd0290f4de',26654,'2012-01-05 15:00:00'),('20e3189fcf6a5db63c52bde32a911f62',28598,'2012-02-20 15:00:00'),('2642473bbe760cd26fa3ee432c25ac39',28598,'2012-02-09 15:00:00'),('2dc284850b5f0a880a4bd83fb67ac6ef',28598,'2011-12-22 15:37:53'),('3607a48560a2ae7a23fec360b2cbb3fe',28598,'2012-02-06 15:00:00'),('4647b82e4d8e38f0337e15525c30e846',28598,'2012-01-11 21:21:36'),('7e3e7fb4894de40af6eb2bbfc9e3109b',28598,'2012-01-16 15:13:25'),('8f1c3b4f4a36363f21e0f2824d2e8348',28598,'2012-02-13 15:00:00'),('9cd15130de2a3838653af52b93079a16',28598,'2012-02-16 15:00:00'),('c7dd389bcf88e32dab6a87e7642e1302',28598,'2012-01-30 17:39:31'),('d9f4cb8cece988abbf64b3e25e1bac9f',28598,'2012-02-02 15:00:00'),('e6c2c4b87231012b1bca81dffb84727d',28598,'2012-02-23 15:00:00'),('2774259d1deecee6477a77cf47030900',29478,'2011-12-29 15:00:00'),('2aa6b718a95ca09af393e49ebebb6a35',29478,'2011-12-06 18:15:46'),('8afc9e321cecde62e4f932154be187ef',29478,'2012-02-13 15:00:00'),('43cf686d56766251d54de612b9c7ab63',30004,'2012-02-20 15:00:00'),('57c58f3e1023c83a99d05bb9f4c649cf',30004,'2012-01-30 17:39:31'),('0e739dbbe13c67060d81c91fc060357f',31584,'2012-01-23 16:44:23'),('4bca4c338e5f0e81f1cb20b148864038',31584,'2012-02-02 15:00:00'),('8a21c8c28cd961f7d1957009222929d3',31584,'2012-02-23 15:00:00'),('a9b61802cb405294ad750749ac4406ba',31584,'2012-01-02 15:00:01'),('b1797ec5b0e3e2f143b1278b2dffd091',31584,'2012-01-05 15:00:01'),('c8a6fa979ef9f0fad3fc05e2b75916ad',31584,'2012-01-09 15:00:00'),('cebce6ac756bea845bb7885379d98fe7',31584,'2012-01-30 17:39:31'),('ef347b6ecc31c06f368f2bfa06ed2620',31584,'2011-12-29 15:00:01'),('f6f9469d8e5a526a9c949bbd35f50e5a',31584,'2012-01-09 16:08:44'),('fa64659ccffc85b7549403c0577a0899',31584,'2012-02-06 15:00:00'),('053115d9807db7ce6df1b31cf440880f',33423,'2012-02-16 15:00:00'),('1b855b88f0499066dea832c83f01c840',33423,'2012-02-16 20:35:34'),('1e61623d4cec6d564461776108a1b014',33423,'2012-02-20 15:00:01'),('2c8017e00dd0a8918f5785d9702c3de3',33514,'2012-02-20 15:00:01'),('593b89d860cf1b63ea06cf6b7d9741af',33514,'2011-12-29 15:00:01'),('6f3a84ef298e20f1619f3f0819932598',33514,'2012-02-13 15:00:00'),('74609f9c6291c6bd9385708a8718a9e0',33514,'2011-12-15 16:51:44'),('8931e763eb976a4ce043e49e743a93f9',33514,'2012-01-05 15:00:01'),('a05b50b3daca75d47873ac52cbca61ba',33514,'2011-12-22 15:37:54'),('aaebd60b2aa421504be94ed7f395efd6',33514,'2012-02-23 15:00:00'),('b045d016d3d6cf902e942748acd45f1f',33514,'2012-01-02 15:00:01'),('bd85a52d5754adba5aec65a5f31c7770',33514,'2012-01-09 15:00:00'),('c384c75d199b40fba1afc6bd7d3e5977',33514,'2012-02-06 15:00:00'),('d7f55adb968f2232e2a8d6e77d289ce2',33514,'2012-02-16 15:00:00'),('eac3908ff016e7d32b09128b4c20aebb',33514,'2012-02-09 15:00:00'),('f4e493b6cd7b07b2b756429c0b4ae067',33514,'2012-01-30 17:39:31'),('fbc673454c0a341bd10f999e7cd17d8a',33514,'2011-12-05 14:19:18'),('05aee460a83f5b185cbeaa0f25c2d68a',33908,'2012-01-30 17:39:31'),('93cb0bd60f679fd789a3d7b436258b80',33908,'2012-02-16 15:00:01'),('c0475cb19b7f0105c3219f8630a4a3d5',33908,'2011-12-29 15:00:01'),('cd9403bc1b2059abe5b8cb99b9df2afe',33908,'2012-01-19 21:37:23'),('e7e0d9efdb4e9d8255ca731c364c4860',33908,'2012-01-02 15:00:01'),('00eb277a0f2cc14d78dafc3e91ebc630',34383,'2012-01-30 17:39:31'),('09162ae83b2d6a8e5f75388664a53095',34383,'2012-02-13 15:00:00'),('88be48832db86207322a8eb507c931ac',34383,'2011-12-29 15:00:02'),('a92c4d90ae9c44fb98750a04ff2ae020',34383,'2012-02-06 15:00:00'),('b5591f2115f671939ba1f397ee0bb0c5',34383,'2012-02-09 15:00:00'),('c3adaa88b70c5fa0c113127aba75f5eb',34383,'2012-02-02 15:00:00'),('e2cf398d1f2bb6ee63a2b5708eefb1c9',34383,'2011-12-22 15:37:54'),('4046804d0e5797a21b2b23db6281afdb',34573,'2012-02-13 15:00:01'),('8c8912213df74bfe22336d096db1d3b6',34573,'2012-02-16 15:00:01'),('fee718b786e9bc4317d2bb2500081382',34573,'2012-02-20 15:00:01'),('1e919fbe589485d9a07b9873144e7bdf',34882,'2012-02-23 15:00:00'),('204dedd4778feefade422837d7208a22',34882,'2011-12-22 15:37:54'),('58abc8c8d7930a69229bc4a5a42e366f',34882,'2012-02-06 15:00:00'),('76b590241c43a1ae58708675ad8bc7b1',34882,'2012-02-09 15:00:00'),('7f03a54a8698b027b1dc16ec97edb065',34882,'2012-02-16 15:00:01'),('812a55337d81db0f1d6547a9c90e304e',34882,'2011-12-15 16:51:45'),('8ef398618c1c58836aad2241845d601b',34882,'2011-12-29 15:00:02'),('96cba92fa82e56320ea473bc3c725bff',34882,'2012-01-09 15:00:01'),('9b8154fa3e19a19cd60a1a951e4608f9',34882,'2012-01-05 15:00:01'),('b827f9ca85802ca02407bb49d65abb1d',34882,'2012-02-13 15:00:01'),('bd0215cf3a107756e7600bbedbd8160a',34882,'2012-01-02 15:00:01'),('c1896f922b16c210c9187d3388b05f24',34882,'2012-01-30 17:39:31'),('e5084646bbaf1ea3cb0e0fe1935ab466',34882,'2012-02-20 15:00:01'),('fda5bc6b075b8450a3c717b82175de2f',34882,'2012-02-02 15:00:00'),('36c286ae74e60e162b487dfdfc11506b',34936,'2011-12-22 15:37:55'),('a4ddad13df77ec604b2baabe66e6fb16',34936,'2012-01-30 17:39:31'),('2c09102536984d0bf5fc8a91cd86abc4',34969,'2012-02-20 15:00:01'),('2f44d741c12ed94d857f98e68e43bfd4',34969,'2011-12-29 15:00:02'),('94e0e7559e608f35bf73b57de931aa71',34969,'2011-12-22 15:37:55'),('96d27eb003cf1a362f60481e7242a5d1',34969,'2012-02-13 15:00:01'),('9b632fb64b7cb7d7f7166d461b2fdeb9',34969,'2012-02-23 15:00:01'),('af4c3bbf2970bc604ae2734518fc6c19',34969,'2012-02-06 15:00:00'),('d688a65478386e00f3c4cab610f0655f',34969,'2012-01-30 17:39:31'),('e48fda605d0e695397b71220611453d2',34969,'2011-12-06 18:17:26'),('fafcc3ff6db32961e4ecb37eafadfd88',34969,'2012-01-09 15:00:01'),('06fdbf2bd6afb91062064d65f64e2885',34992,'2012-01-30 17:39:31'),('45630988cf51ca577f064631b32dc12e',34992,'2012-01-09 15:00:02'),('4d80607654cd082e7a487ed64bebb47f',34992,'2012-01-23 17:03:12'),('91dbc0a3983c92913f84aa14224af178',34992,'2012-02-02 15:00:01'),('a6a1a6edd9ab869ef3f899b31cf8f140',34992,'2012-01-02 15:00:02'),('bf52c0ac2758b609fe21d7440ef02b55',34992,'2012-01-05 15:00:02'),('c0658045bdd3f3e522b9c3688de342e5',34992,'2011-12-22 15:37:55'),('c38aba4422ad29f3b53c1b44ed624181',34992,'2011-12-29 15:00:03'),('e6abaeedf4000dd71b8412dcd723021b',34992,'2011-12-14 14:28:26'),('f7883f3c63fc0b3d789b319aa4186bdf',34992,'2012-01-18 16:08:32'),('026ffdd9bc0a2b379fe030bdee3dd994',35508,'2012-02-06 15:00:00'),('4fc742379afff35f1c4260ed5f41e9d0',35508,'2011-12-19 21:51:20'),('54503aebbd07573152ef3c0bc388ff08',35508,'2012-02-09 15:00:00'),('62415fef9139dc0df1adf4e6f464e2be',35508,'2011-12-19 21:53:55'),('65b0c26511e89f06131ade186b4f5654',35508,'2012-02-02 15:00:00'),('71685eea6d0859b5767291dde9f75c18',35508,'2012-01-02 15:00:02'),('74e2b2f21722b659219b08c77b2465ca',35508,'2012-01-09 15:00:01'),('7798ddcc6c3792d494f8cc7b7888d6b1',35508,'2012-02-20 15:00:01'),('7d1b51d9fb14a3338275f74f9b928c70',35508,'2012-02-23 15:00:00'),('7d36ecea20dce61d8c64fbb0d61f422a',35508,'2011-12-29 16:50:47'),('90976c014cbe7cdcbe61ba21f90944b2',35508,'2012-02-06 19:25:24'),('a4a1374a0563c2292d6474057f417ed7',35508,'2012-01-30 17:39:31'),('b5e16d8a4944fb63e36ddb6464834741',35508,'2012-02-16 15:00:01'),('c6cd38454279d615feefb0bfb452d9a9',35508,'2011-12-29 15:00:02'),('c728a0ee8ea7e1b0dc5c18a17ed4b4e2',35508,'2012-02-13 15:00:01'),('cc07ec3b7226f57e5612cb774d3d291e',35508,'2012-01-05 15:00:01'),('f5384e9776d679e0179ba09b2b0273f3',35508,'2011-12-22 15:37:55'),('40b51c0b6643b8ecdccf8a013e7de5c8',35880,'2012-01-30 17:39:31'),('92cc033427ac194b498d35ec7eca76ae',35880,'2012-02-02 15:00:01'),('18d67f6245bb4faf4cfc5998cbbf0db8',36592,'2012-02-09 15:00:00'),('33d82133bd47e9aed56cde720c70c71d',36592,'2012-01-30 17:39:31'),('3d9b857b2764304810237e9bb9ab5a88',36592,'2012-02-06 15:00:01'),('4b9ea48151bb8e69d90fbbd26b7ae09c',36592,'2011-12-22 15:37:56'),('505e2f420a61b369a2b4191405778d97',36592,'2012-02-20 15:00:01'),('5a60df904b70c71ab50ef12f11accbfd',36592,'2011-12-29 15:00:03'),('5edeb029d57312b5f0ae7bd1099191bb',36592,'2012-02-23 15:00:01'),('805a044d0587901edcdc7da1b71f53b9',36592,'2012-02-13 15:00:01'),('c4cfff53f376dc67fcf87df4974a6611',36592,'2012-02-16 15:00:01'),('c89a79c6c478868aed3cfb7243ccfb1b',36592,'2011-12-15 16:51:45'),('d8dc1b9f8d78516e829a78696b2857fb',36592,'2012-02-02 15:00:01'),('04594525576d500ed024a7c7b6921bc6',36759,'2012-01-30 17:39:31'),('080083094cad73a873b008963d3facaf',36759,'2012-02-02 15:00:01'),('74e5bbcc7f429948dd0fcc75df863ccc',36759,'2012-02-23 15:00:01'),('80842c79b3ce49c76b6eea5c8a1f6b6f',36759,'2012-02-20 15:00:01'),('eb26b7cae934bef7c104ab22416fd4ee',36759,'2012-02-13 15:00:01'),('255ba2fa8a8bbae29ba2fb33f9418a63',36974,'2012-02-02 15:00:01'),('3176ace60379036eea95a3e491500c9d',36974,'2012-02-13 15:00:01'),('f6030fa5812b9a47645cd8d4cdd9e1b2',36974,'2012-01-30 17:39:32'),('ffa6af20eddb5cafaad933ab689049e3',36974,'2012-01-23 19:48:27'),('130d2b956908321561b4d44f52d2f2ec',37805,'2012-01-30 17:39:32'),('7b89cd5faf0ee6a47d59f92673c59161',37805,'2012-01-02 15:00:02'),('86e4e205314b1d8256d8af80337ae038',37805,'2012-02-06 15:00:01'),('c047205bbeda4a24ddcf9a0137e45a8a',37805,'2011-12-06 16:44:57'),('c1c90672e4c5e7096585306a3e7f8d17',37805,'2012-02-20 15:00:01'),('c9b5942a50bd76c88a22c6ed66989ac4',37805,'2011-12-22 15:37:56'),('dc219b7ed0dc9d52d75badaf004c056b',37805,'2012-02-13 15:00:01'),('f886d4e4e8eae75957f34491bba86205',37805,'2012-01-05 15:00:02'),('fb51c1a40f07ad8c757e8fc0255071a7',37805,'2012-02-02 15:00:01'),('2aedc4e8cadf666213c1217229281966',37827,'2011-12-22 15:37:56'),('86a21ad900ba08176460dc665bad36f0',37827,'2011-12-12 17:34:21'),('8de22eec115c8beac8bf5f338d394979',37827,'2012-02-16 15:00:01'),('b0b0088a5151660891464018774a4a6f',37827,'2012-02-09 15:00:01'),('ca966f9c92d2ce0ab47745a8e5088645',37827,'2011-12-29 15:00:03'),('d56295098fa8aa6473ea4d111b578110',37827,'2012-02-02 15:00:01'),('e02add41d04de78bc9083aaf51d7d66f',37827,'2012-01-30 17:39:32'),('e8138a10b2d5f34633be6d1d12c3f8bb',37827,'2012-02-23 15:00:01'),('ed74f5220a892c464e412c5af3941d5e',37827,'2012-02-06 15:00:01'),('f2bb29c2651a036defcd3da1b4dde05c',37827,'2012-02-13 15:00:01'),('f5570dc06a50e47ceaca2da3ebadc2c5',37827,'2012-02-20 15:00:01'),('03118892f609f15a653a574e53951e16',38050,'2012-02-16 15:00:01'),('09532ef54c7f2c6fc2e3051e8c0bde0b',38050,'2012-02-07 15:16:03'),('68356e46d39d35fb2488d3981c7aeffc',38050,'2012-01-30 17:39:32'),('20312fdf80239f9d90fc069659e80c9e',38177,'2012-02-20 15:00:00'),('2150d2288b31fb90375b615c7a4b5649',38177,'2012-01-02 15:00:00'),('2e04c17bda5b4170e86cf0c602be94d9',38177,'2012-02-16 15:00:03'),('3e901e9ed0cf5a7d95ebd87726213804',38177,'2012-02-23 15:00:00'),('5bb144631afc97b012934cb9aa8be2a0',38177,'2012-01-05 15:00:00'),('6f7e94811a9505324789937fb5ef9242',38177,'2012-01-30 17:39:31'),('7ca02024497feeef8899705ad3cd40b7',38177,'2012-02-06 15:00:02'),('80cb8cb7eac31ffa4a7322de996bd2c6',38177,'2012-02-02 15:00:00'),('b02960c435cde64613638eb0afb65a29',38177,'2012-02-09 15:00:00'),('cefd493a76c7b6e9578832a0c69ca1d5',38177,'2012-02-13 15:00:00'),('0fde58b5011c8dca15b7bc75401904e6',38242,'2012-02-16 15:00:00'),('10b62ff32d647a2bdf4ca781b1ad886a',38242,'2011-12-22 15:37:54'),('15ebbbc6c5ff60a597e9fe36eab3b52f',38242,'2011-11-15 16:11:11'),('192b3e07652b4e798a5ac1083caab5f7',38242,'2011-12-29 15:00:00'),('23ff73bfb9b35b5f80b5cc02caa52900',38242,'2011-11-10 11:00:00'),('2890fa85546cd6852e5a361a04f7661a',38242,'2011-11-07 14:33:15'),('38e6019057f1cfc80f169c2ab5d8573f',38242,'2011-12-05 15:00:00'),('4551587ff69af0594d3b3d3c1fc14483',38242,'2011-12-15 16:51:44'),('4944510779e4cdd1b51ab3958172bd29',38242,'2011-11-24 15:00:00'),('4a16b06f00231cb8c92af90f049a1128',38242,'2011-11-06 14:06:47'),('4ab80b78e23404ad0727a4faf283ed4c',38242,'2011-11-06 14:12:30'),('5263a9340b531f8fbe9fb42619dcf31d',38242,'2012-02-23 15:00:00'),('54822323fcb11d47a18a1d6f3bff139b',38242,'2012-02-20 15:00:01'),('562a745ccc15ee602ebe151bf9fc2023',38242,'2012-02-02 15:00:01'),('66966c9c76bb16f1e1ce8cc81d9615a0',38242,'2011-10-13 15:10:17'),('6912c8163f63f4079068f9c8a4e4c0c7',38242,'2011-11-17 11:00:01'),('6ab448eeaef3011c6c0c643138101295',38242,'2011-11-07 11:00:00'),('71bd5d240a3e0889ab8614c7bc77505b',38242,'2011-12-01 15:00:00'),('87effd0c30cf3b6c87f6e9095d315138',38242,'2012-01-30 17:39:31'),('96a3d2c56cffe8ba270be7d73ecdc678',38242,'2012-01-09 15:00:01'),('98c886308f5163b2b56fe74a7c245b4f',38242,'2011-11-07 14:19:47'),('9b084aba0f1717ea2b3e548d0c23b050',38242,'2011-11-21 15:00:00'),('b2f71fa24165657daf850d5c4bd0c800',38242,'2012-02-09 15:00:00'),('bc9c9135111ac68264179cf66dac194b',38242,'2011-11-06 14:08:29'),('bc9f0ae9867307d0ff96b143dc877338',38242,'2012-01-02 15:00:01'),('c1cd44314b7a35a139dc260b28d8e537',38242,'2012-02-13 15:00:00'),('c6379151e6cdcacba751e036926cd1ae',38242,'2011-11-07 14:37:01'),('c99a749085b89947e7f0c9e923ee0b95',38242,'2011-11-28 15:00:00'),('d0e9c25458c2ceb6f81071cad2399f28',38242,'2011-12-08 15:00:00'),('e523d192f7793fc45024cc2be0ea672d',38242,'2012-02-06 15:00:00'),('ecd37ad4c181489938dbf405b2ef161e',38242,'2012-01-20 21:02:38'),('ee226fadc0975ebeda839b9975bc44f3',38242,'2012-01-05 15:00:01'),('fb76e8755569231e27195cd5b8a619c7',38242,'2011-11-07 14:39:47'),('87800b406864091f95db0095150b430d',38266,'2011-12-12 14:16:21'),('03c5d298ce0e00ab413337895b8a52ea',39580,'2012-02-20 15:00:01'),('0d7e65699a6da45a545e387af3d7c61c',39580,'2012-01-02 15:00:03'),('aaf30fa39ad69a0d5da3b43fcfb93749',39580,'2012-02-16 15:00:01'),('f65c0d37b00c7a60f57fce7e89f51f5e',39580,'2011-12-12 16:38:46'),('2794e8d4df7c05bd09ed28ea52d99461',39584,'2012-02-13 18:28:33'),('28616b82b492ec2337d82f558778c971',39584,'2012-01-30 17:39:32'),('95ab31087ff96ccb953a1c6a7bf71b71',39584,'2012-02-02 15:00:01'),('9e389366fd3925f09edefe5514945513',39584,'2012-02-20 15:00:01'),('aedf7baf5f3f3c04ee0872eb68248db0',39584,'2012-02-16 15:00:01'),('c4402f68e8c3f8e1fba677326ab0d603',39584,'2012-02-09 15:00:01'),('f3d907cee87640b42e068272322063cc',39584,'2012-02-06 15:00:01'),('fae2ccbd4897c0c1a579bb10e85491c0',39584,'2012-02-13 15:00:01'),('01a6bc8eb001606f319051c7e99c94eb',39713,'2011-12-22 15:37:57'),('0a9ad750298c499f19d44f0d608f1c35',39713,'2011-11-28 15:00:00'),('126ab1432651771ba39b852ed64622d0',39713,'2011-11-07 14:19:46'),('13d935ac50429aa4f25a3b6e5823836f',39713,'2011-10-11 15:53:52'),('15b28fafe5ada150c5937eb7cd079c89',39713,'2011-11-06 13:16:40'),('17aed2d1a555905ff4b3f0474a9106da',39713,'2011-12-15 16:51:45'),('19a7cf1ef58743f18ca0829f83260c6a',39713,'2011-11-06 13:06:13'),('1b1f9c96e74fd2f70c36786419e208e9',39713,'2011-11-15 16:11:11'),('23998b07685cc1a92e0fb4e6ef60cf18',39713,'2012-02-06 15:00:01'),('2fe12792cc587a967e1f0dd11d70fb70',39713,'2012-02-16 15:00:01'),('30d2687fb96a56cb01d9a2d71f63f20a',39713,'2012-02-20 15:00:01'),('32cb31e613b3e52b36fa490bbbcc6c5c',39713,'2012-02-23 15:00:01'),('3d09f31acb7cf021af3d33440e56db6b',39713,'2011-11-06 13:22:22'),('3d223a141f768c173f725d08c4ec2eb5',39713,'2011-11-07 14:37:01'),('42bb7f6f440713b06b982f78e06c1c46',39713,'2011-11-07 14:39:47'),('43c6c3d9715f764a4f4730d2dc9a724c',39713,'2011-10-13 15:50:46'),('4821143531583dd6129cee128a6c7ed3',39713,'2011-11-06 13:15:17'),('4affb07a44c7fe0dafaa65d3c44a072a',39713,'2011-11-06 13:24:09'),('4d7423b7845ef3f4c6715e758f9a47e0',39713,'2011-11-21 15:00:00'),('5440ceed9f3e2fc9c108d41a17be214c',39713,'2011-11-06 14:06:47'),('573eda7d24a86168abb2d895f2bb250b',39713,'2011-10-13 15:53:12'),('5ec3d9496d5af25f94ec0dc55e6bf8a9',39713,'2012-01-02 15:00:03'),('653b46d9b3db5daca4d0663ec11fc6e0',39713,'2011-10-13 16:19:12'),('6bea536575c6e6471e2db4346b5c9423',39713,'2011-10-11 15:39:07'),('6f00a7db1eafe9fc235edc37baf7a833',39713,'2012-01-30 17:39:32'),('7e349769c006e2b579c2c87bf5efb64a',39713,'2011-10-13 01:22:04'),('7f9bd14512062a8a7525e55695ff4732',39713,'2012-02-09 15:00:01'),('8baa20c24763b8f9fdaf26fd8b0ceec4',39713,'2011-10-11 16:00:46'),('90f7c22fc561e4cb0a410eb49acbcd67',39713,'2011-11-06 13:18:40'),('a1ee4966a6d72d27a7d4e833f62e4595',39713,'2011-11-17 11:00:00'),('a7e9c66ef02159bee304ae392b828aa7',39713,'2011-10-11 15:43:04'),('abbaf0fba79c5028e2bdd53840dbc70d',39713,'2011-12-08 15:00:00'),('bebc5d58c0bbf862185aaf473d0b2488',39713,'2012-01-05 15:00:02'),('ca8c06867301b83245657631df3b449a',39713,'2011-12-01 15:00:00'),('cb3720a9f67fe9ba8649b7d9efd76de2',39713,'2011-11-06 14:08:29'),('cfd261f51834e007bbf198581b34ad87',39713,'2011-11-06 14:12:30'),('df8b9bb2faa2478b714d19bc917f3ad4',39713,'2011-11-07 11:00:00'),('e1f15cf4264e3871c849a6702db73159',39713,'2011-11-07 14:33:15'),('e370b650d657d44186b76b7be38c6723',39713,'2011-12-05 15:00:00'),('e3c9505bb38da31a7d770f86551decdd',39713,'2012-02-13 15:00:01'),('e57ec8a33ffefcb65f12cac7a9bebd06',39713,'2012-01-09 15:00:02'),('e736f9a6174568862a4e76f738b636d7',39713,'2011-12-29 15:00:04'),('e76672126da97672e57c14658711bee0',39713,'2011-10-11 20:56:36'),('edf60af65e80579c161e59ebcbd14d6a',39713,'2011-11-10 11:00:00'),('f49620f225e6845a9c4417e4c2e64bfa',39713,'2011-11-24 15:00:00'),('04988ae9b235964dad2c9fbcd5a878d9',39825,'2011-12-22 15:37:58'),('e441df39f4fa0f432a48ff3de29794fe',39825,'2011-12-29 15:00:04'),('20d0ef0bd9cc71fdcac6affa18ad872f',40026,'2012-01-30 17:39:32'),('b2535f939d14a0b4680453de32d7bfb7',40026,'2012-02-13 15:00:01'),('c38fc27e18ef2ec567f580271246815f',40026,'2012-02-20 15:00:02'),('d6ad127cd76b891e6c0d32d894f52784',40026,'2012-01-23 19:21:52'),('104da2f5ae50d8cd3644d329e431eb2c',40055,'2012-01-30 17:39:32'),('23a91ec0bcf79c2ed8c2e2d5fccacba4',40055,'2012-02-23 15:00:01'),('2541c312f58a204ca91bc4a5428e6c6c',40055,'2012-01-20 14:39:24'),('4b06044bf9b879fcd33411c2b70e4e8d',40055,'2012-02-13 15:00:01'),('7f1670dd05199334bf8691256e935f39',40055,'2012-02-20 15:00:02'),('d00a49b8539827948fe6f3b0dc2e045a',40055,'2012-02-02 15:00:01'),('d7dbec9bb2b3594c2f9f0e13ef51a16d',40055,'2012-02-06 15:00:01'),('eb3b5d448d88d3f0de461167e26031bc',40165,'2012-02-06 15:00:01'),('26a37ac2c26440227b4f9a6bcdcf43b9',40174,'2012-01-20 16:50:54'),('8f0c3648efb739c4cc90917c8f3ff663',40174,'2012-01-30 20:42:12'),('ae1ceab24c835e482d9220654a931dd7',40174,'2012-02-02 15:00:02'),('d49cb3b4cdc83404ef33b5b8ac597ec6',40174,'2012-01-31 14:08:46'),('dbeae11aba96cacc19222e0e583551c2',40174,'2012-01-31 14:08:52'),('f30c54141419d7bca745be0c3dde7a41',40174,'2012-02-20 15:00:00'),('352f81c9edc7bbcfda602667711012d1',40348,'2012-02-15 18:24:22'),('f04444105309ca05a790c210498051d6',40723,'2012-02-14 20:32:40'),('655047c914a0508ea7f5bc17b5fa1d85',40731,'2012-02-23 15:00:01'),('2589edaed5f671bb5ff18377aec1dbe0',41040,'2012-02-23 15:00:01'),('5678cce0ccd0d548271136c3d6092662',41040,'2012-01-30 17:39:32'),('755fbbb163a44c96006f2fb60db3c9a8',41040,'2012-02-20 15:00:02'),('7b3a76c8cef23529fc70dc095f479361',41040,'2012-02-13 15:00:01'),('c74f9e9afefefffe729c807eaf2aa5ea',41040,'2012-02-09 15:00:01'),('25903420ceb4736e473b83905efc33d9',41122,'2012-02-13 15:00:02'),('2d101245d1366f78318f5390a19cae4f',41122,'2012-02-20 15:00:02'),('4cc3fc6256f37981b5f888547348e5ab',41122,'2012-02-16 15:00:01'),('4ec7743a3a15f71af0276d629a6de2f7',41122,'2012-01-30 17:39:32'),('632695b2d4ecbdef2d9bbe887606e82f',41122,'2011-12-28 15:27:37'),('7e8990a5b4dd9aa3f3d6d7c8394053d2',41122,'2012-01-02 15:00:04'),('8cbb852c754d2a5f200b2aa256e139af',41122,'2012-02-02 15:00:01'),('8fce604284b00856c01496e4ef906b9b',41122,'2012-02-23 15:00:01'),('a0862ba3c80a3544912b0ffd6da235d0',41122,'2011-12-29 15:00:05'),('aa6ba72dd488ed811c88ad13affcc3f8',41122,'2012-02-06 15:00:01'),('b0c32332944ec48ddf447908c22b736c',41122,'2012-02-09 15:00:01'),('1927615171359c385121589da7021768',41399,'2012-02-20 15:00:02'),('26d94865c9e9d895182e0e2ef0511034',41399,'2011-12-22 15:37:58'),('2e4fa282e7b57a89b2acc4cbee104279',41399,'2012-01-02 15:00:04'),('2f74935ed67e906e882fc448a267870d',41399,'2012-02-06 15:00:01'),('323d66832b1cdc530fe96ae29d1d468a',41399,'2011-12-29 15:00:05'),('68dcb1898cd4a7fa5491b8ddc178cc40',41399,'2012-02-13 15:00:02'),('a8705b27af7de0bbc875ef6154dae866',41399,'2012-01-30 17:39:32'),('b118a00d87c9c7bc3c9fda075669fbb9',41399,'2011-12-14 14:39:51'),('da7f182201f0155d5324cc981ac4472a',41399,'2012-02-16 15:00:01'),('ddde3124937eacbe5ffeecdcac6c91ae',41399,'2012-02-02 15:00:01'),('023c5f2285fe6de55102f8c55fd62256',41437,'2011-12-14 17:45:18'),('03e61724540e3cba9f054c3b9bf5b381',41437,'2012-02-16 15:00:01'),('068c2ff9bfaf0a3b4678ccbf4cf49627',41437,'2011-12-29 15:55:32'),('10c5cc3807e3cb94f9ab46af5efc3dda',41437,'2011-12-23 16:18:09'),('4752264718a109e5000da806de0aad34',41437,'2012-02-06 15:00:01'),('673eecc65e38f4c70a91e25c535e1a09',41437,'2012-02-23 15:00:01'),('68096d3b4b0d5bac701a7b745be168b5',41437,'2012-02-20 15:00:02'),('6f2a7344fbf770815437154fc7b81cd4',41437,'2012-02-02 15:00:01'),('b4a04cad134ed30a1e28cbf8dafeb111',41437,'2011-12-26 16:03:47'),('b79bd361ead209684a97572a7f237cf3',41437,'2011-12-29 15:00:04'),('be8dae7b1cf7296b5698c116ec3a3d16',41437,'2012-01-30 17:39:32'),('ecdc1284412455d33bf52d1878b18e3c',41437,'2012-02-13 15:00:02'),('fc1ef20adc55ae69054d4792f863c04d',41437,'2011-12-26 16:04:20'),('bee96936f06596f3e0bb33c6a152dd0f',41491,'2012-01-11 00:00:38'),('5a3497106214c8498801e451dcc017d1',41803,'2012-02-13 15:00:02'),('6ccd9cab0a496753589272c5fa73bfe0',41803,'2012-02-06 15:00:01'),('9ed74ff69feb19a46e11e20f52e1f1e7',41803,'2011-12-05 18:34:27'),('c798e79fc51b47fc116bffda7c336338',41803,'2012-02-09 15:00:01'),('e0396b795dbc43f484ba25193fa2a314',41803,'2012-01-09 15:00:02'),('3f14267eb885398bccf36225011847e3',42156,'2012-02-23 15:00:01'),('663d4a70f6604a2f65869a6d6e0e5b88',42357,'2011-12-22 21:28:45'),('6dc2917b5d84fe077ff3be62a74dc1f9',42357,'2012-01-30 17:39:32'),('86a45b6b4fadbaf8e5cf2fcb7ed2aeb0',42357,'2012-02-16 15:00:01'),('bab5ad2c542b583ebc347b4b30dca625',42357,'2012-02-13 15:00:02'),('c2949a44891cda9461ebe89deb8f8ad0',42357,'2011-12-29 15:00:05'),('c29ff3e8a8608aa69cbfc6a3772336d5',42357,'2012-02-20 15:00:02'),('e1a03ef2110b43cebb3aa95f28085394',42357,'2012-02-06 15:00:01'),('e276249543c180040a4828051b4a9b55',42357,'2012-01-05 15:00:03'),('e4f60e9a07b0de2991c48b31af9ca76e',42357,'2011-12-22 15:37:58'),('f05e5f37ff28df176d6407294a1b0f52',42357,'2012-02-09 15:00:01'),('f4b351212b7ccf456c81ac8ba8dcd11c',42357,'2012-02-02 15:00:01'),('1e0e6c62b781626859c1d09420ab790e',42543,'2011-12-22 15:37:58'),('65a6f0ea5caf380dddeab0203ffbe9f3',42543,'2012-02-09 15:00:01'),('70fdbd671d3f1934f6417c273f588fca',42543,'2012-01-30 17:39:33'),('a10c834854611e672a566bf711c55500',42543,'2012-02-02 15:00:01'),('a3cf963667728180d692b42c7da956ec',42543,'2012-02-13 15:00:02'),('b3f213930364275fe5e008c5abc1d637',42543,'2011-12-20 16:48:09'),('cc37be437dc8bc4cb8efb5f28bd68005',42731,'2012-01-16 15:08:30'),('5dee4aa90387b93821baadb4ffd03c60',42815,'2011-10-20 20:56:06'),('0248774d11e2a430497529153c8682ba',42840,'2011-12-19 15:41:04'),('2f48ada5bb1deb09adacd56f662d92de',42840,'2012-02-16 15:00:01'),('33f21e7112fb2bb76dd75698aaf336cc',42840,'2011-12-13 18:11:46'),('3dd324dbf0980b09f53a925332fe6dcf',42840,'2011-12-29 15:00:01'),('a05c19c8f4b88fdfcbdd87ade251d422',42840,'2012-02-13 15:00:00'),('a555b77e570dbdeb3794ee562b38413a',42840,'2012-01-02 15:00:03'),('a5c8346bedc5f54e780d6a737f2c38ed',42840,'2011-12-28 18:37:31'),('bb2263977468963a59e391c49dd87125',42840,'2012-02-20 15:00:01'),('ca115e0e906536462b52455c788dfb36',42840,'2011-12-26 18:54:59'),('cc82232d2132ed2fdb0e8cb7a71856bc',42840,'2011-12-15 18:47:36'),('c8460291aab66e97df34122f596f3ba7',43014,'2012-02-20 15:00:02'),('04ec397b60d76113e5365152496bfdde',43098,'2012-02-20 15:00:02'),('a6254f615af3c89e315f72a52f88027b',43098,'2012-02-16 15:00:01'),('aef7ceb789cef28189ee44259b4608c5',43098,'2012-01-30 17:39:33'),('c3bf97ae848aa06b5987333739af9fb2',43098,'2011-12-29 15:00:06'),('dad10fd0e88f6e92e0be900fa9bf35e5',43098,'2011-12-22 15:37:59'),('fd2e023934c5ff3bf38cb4ce032316b7',43098,'2012-02-06 15:00:01'),('113a81b47233861738b6c15ca515affa',43183,'2012-02-16 15:00:01'),('250277df4d9d5bc92490522a6276a912',43183,'2012-02-20 15:00:01'),('2ec3270a138e0e7f45eb847ca7eda7a3',43183,'2012-01-30 17:39:31'),('378c7f191afd09614dcc08e157f03f73',43183,'2012-02-13 15:00:01'),('6045b02f97043293a0eba7ef2a328021',43183,'2011-12-19 23:11:01'),('7e042cc8c36a9cdfb5eeb90e57e38e13',43183,'2012-01-27 04:58:14'),('97dc691219ced0d7586f3ba806ac9314',43183,'2011-12-29 15:00:05'),('a6df3a880ddcaa4466cd6a48c5b55be6',43183,'2012-01-02 15:00:04'),('b2a439190f79e7d929f2cb621917fac9',43183,'2012-02-02 15:00:01'),('b94a87bf12a38f868263482a2f40c30d',43183,'2012-02-23 15:00:01'),('bb20493035663432d343e4607240285b',43183,'2012-02-06 15:00:01'),('f6b4e32327ca9d640a8503e125e15218',43183,'2012-02-09 15:00:01'),('0eab7d55307a5780752fee7d9a0c8c8a',43319,'2012-01-05 15:00:03'),('115999d0838e9cf82bc6d38958697c56',43319,'2012-01-02 15:00:04'),('23c99bad6a3c0b39859a2851c9375bf6',43319,'2011-12-22 15:37:59'),('46620c1dc771054f10a44b931cdcd74b',43319,'2012-02-13 18:07:46'),('4ad8d0f84052374194d38934caed9943',43319,'2012-02-02 15:00:01'),('4bf72449ded5b16c827a92a1914a1488',43319,'2012-02-06 15:00:01'),('59c04bc9a89b84376b9b94974fc16a34',43319,'2012-02-09 15:00:01'),('5f5b8854c8f5555b2faff3e4a0b9baf9',43319,'2012-02-13 15:00:02'),('63c83882318563fdcd959fd78b3b2c20',43319,'2012-02-16 15:00:01'),('848c1adb963e84d92de8bb03f70bee00',43319,'2011-12-29 15:00:06'),('865884ace89308f2503f17f17b705e3b',43319,'2012-01-09 15:00:02'),('b67ff229075b2f7c79007ec49d671aba',43319,'2012-01-30 21:24:28'),('d72f7e4c95bc3f4c4a00e026580080f8',43319,'2012-02-20 15:00:02'),('db863107aa2334272d9f678da5850168',43319,'2012-02-23 15:00:01'),('fd982983e0e5ccb021ff0ad3940c6162',43319,'2012-01-30 17:39:33'),('4b554970e6eb74aec0a7bb860768591f',43336,'2012-02-23 15:00:01'),('887c8fab331f7ebd8d92a3ec62fc923a',43352,'2011-12-19 19:53:01'),('161e1148b93018895097e5d8cdbb6ef6',43391,'2012-01-18 21:19:03'),('6b2a687d5593e053d911f73202102085',43407,'2012-02-23 15:00:02'),('568a78889f56d875e23226fd7a310e54',43720,'2012-01-23 18:50:56'),('68e7001ea877570cfa199f4519c38018',43720,'2012-02-06 15:00:01'),('a34d98a185eecf94cf8da86a3a7c17ce',43720,'2012-02-13 15:00:02'),('c09470c1d221e74d2ea7e8a28235bc80',43720,'2012-01-30 17:39:33'),('dcd4bc11e0278a29c493e971fa5f4230',43720,'2012-02-09 15:00:01'),('e31ca46b1a35140312af36347bae774c',43720,'2012-02-23 15:00:02'),('e56688fe40757db4051c2ffd2563fb81',43720,'2012-02-16 15:00:01'),('f1e0493a31cd5261652eb117e6c7416c',43720,'2012-02-20 15:00:02'),('2b7c9dd3efd9ea160031d7b00cfd7dff',43818,'2012-01-13 15:39:29'),('6e13a94959750f4d02d91322ed4d417a',43818,'2012-02-23 15:00:02'),('f85a60283f0b815b960f4c965e6184e9',43818,'2012-01-10 23:49:09'),('04469088e5a3c70cb2e9fd485db8f890',43858,'2012-01-30 17:39:32'),('0e4c674f5ce4aade2fc60e75415af3f3',43858,'2012-02-06 15:00:01'),('4378734d615b8a773c52805e7d636fd5',43858,'2012-01-14 20:27:00'),('4d488005372e9322b193816977edc52b',43858,'2012-02-09 15:00:01'),('5177933ba32f18a52fbceda61a6321f4',43858,'2012-01-21 19:18:32'),('43bc1d6e7955386c7e9aad84505d0c09',43880,'2011-12-30 20:42:11'),('6abd4e0d3bf0b37e6278f72ecd652e90',43880,'2011-12-19 23:52:20'),('82940abb75653d5397902e1ef48ac234',43880,'2012-01-06 19:41:02'),('91978dc020d24925f862b721152f9a83',44067,'2012-02-13 18:32:05'),('9060686675566c5d052c1dc7ef569445',44079,'2012-02-02 15:00:02'),('b4ddf37c22fc3df34d3a517777079eba',44079,'2012-01-30 17:39:33'),('07426a9ee8bace28e9c5b3a26fbae4fc',44390,'2011-11-05 19:32:36'),('61aeee5b5993417122c987cdc31ad2f9',44390,'2011-11-12 15:24:59'),('6b86bf7f09504ac391c0819f787edbb8',44390,'2011-11-05 19:34:10'),('90b5f5e2cb7b6474c5ce7d79ef09fc93',44390,'2011-11-05 19:32:45'),('abe6dfa658b7f4d8c8e6b0132a72253a',44390,'2011-11-15 16:11:11'),('e6b9c3b61a03975bcef437c718558c93',44390,'2011-11-17 11:00:01'),('def1688813ef0a674a1c678e9d397662',44393,'2012-02-09 15:00:01'),('0dd5afd507a63476bcb16555e17f68a8',44424,'2012-02-13 15:00:02'),('3352993e28cfef806528234480aff65c',44424,'2012-02-09 15:00:01'),('46c9b3b78592a6ad71536459d6ab16cc',44424,'2012-02-06 15:00:02'),('555cb711db461118d267122a7236bfd8',44424,'2012-02-23 15:00:02'),('7ff84ba72aa5b23f8f43a4ea4aed604d',44424,'2012-01-02 15:00:04'),('834e16ddd92408c8bd61ba12e022695b',44424,'2012-01-30 17:39:33'),('8c1f94f0c483885c52aceffcaf25bf42',44424,'2012-02-02 15:00:02'),('990a66bc378f880306d43d46a7908f83',44424,'2012-02-16 15:00:01'),('a40d5e7606ae9944c6156e5ede5f0127',44424,'2011-12-22 15:37:59'),('c7379b298bb86e575b90bbdc0504af45',44424,'2011-12-29 15:00:06'),('c9e7a17474795b7c694b3341037f9309',44424,'2012-01-05 15:00:03'),('e5f3e366a7cfb7a61db6c7de9ee29515',44424,'2012-02-20 15:00:02'),('e880e4c7f8ef7ee884689d53f5152f30',44424,'2012-01-09 15:00:03'),('058a0d8fcd571dc7a1a20c9b123afeb1',44429,'2012-02-20 15:00:02'),('f15ecc976a92caf20bfa8bfbbc4ae9d1',44429,'2012-02-23 15:00:02'),('22ec8cf6336456bb0c7277fd375da3d5',44706,'2012-02-23 15:00:02'),('da42b7fab1e9b8721bd87bb76bd29b6f',44706,'2012-02-20 15:00:02'),('1a3a6d91837715927c9b063249eb0415',44782,'2011-12-15 16:31:04'),('1ede38ed95b8764e37ff24521a7fcb6f',44782,'2011-12-22 17:43:02'),('2247e32043614ec62912a755f16e9ec8',44782,'2012-02-02 15:00:03'),('3287f6c4ff20b0e6c16bd030b3cad86e',44782,'2011-12-14 22:33:57'),('561c59ab04872a913b516a49f64059db',44782,'2012-01-02 15:00:08'),('648b66863272905d1ad72e95f01a80ef',44782,'2011-12-14 20:52:08'),('6f30560c0b272c346bda73eebefeea1a',44782,'2011-12-21 17:36:16'),('81a94282f51a4283b02f9474769b9c9d',44782,'2011-12-21 17:36:08'),('85c383b29700764776fedc7d1255b074',44782,'2011-12-14 18:37:07'),('d1448bfb14364f30dcf15d1e9085bc39',44782,'2011-12-15 18:43:26'),('df76a81ccdecb89d129d2165f3026689',44782,'2011-12-15 16:53:39'),('10233416830afac4cb87d03fddb8213c',44786,'2012-02-23 15:00:02'),('7df99aafeecbe39280e91045d15e3e89',44786,'2012-02-07 21:42:42'),('b305f8f2e89f473691d419996697f656',44786,'2012-02-13 18:27:59'),('bae21d97fa75bbf64ffd237e5cbfcdbd',44786,'2012-02-07 16:39:53'),('23293c60d39dc5d7815f4b3d6594113b',44804,'2012-02-20 15:00:02'),('3016424543d18d536c09ff48b11fda23',44804,'2012-02-16 15:00:02'),('3ecf82eded289ab1144e92bb5993a624',44804,'2012-02-23 15:00:02'),('723658e982abb87668b4c297d6d8a2b3',44804,'2012-02-13 15:00:02'),('d7af84159bef62a60962c3ce7394b389',44804,'2012-01-30 17:39:33'),('d88d0ff6be0b9719651171f87ac5c2eb',44804,'2012-02-09 15:00:01'),('e0940a6da46dfb20b9b8e4787f76db81',44804,'2012-01-02 15:00:05'),('1177c3cb5ada48e033d2a7d8c307a080',45150,'2012-02-13 15:00:02'),('20d8460acc25c355ecab401ecdbaf5d1',45150,'2012-02-16 15:00:02'),('215447340e99a56eb9d52a16905cc424',45150,'2012-02-09 15:00:01'),('2974868d2370d995af68fd62b2cb16d5',45150,'2012-02-23 15:00:02'),('74f4031f3b4e365284fc23ac06f98479',45150,'2012-02-20 15:00:02'),('8253dd04528af151647c5058af95c47b',45150,'2012-01-05 15:00:03'),('869320b5fce15d31ebc310f40690f112',45150,'2012-02-02 15:00:02'),('8913cfe6c3abd5115294bec63d65086f',45150,'2012-02-06 15:00:02'),('a5b6a698a044fe3800ffef0885c1e8f8',45150,'2012-01-30 17:39:33'),('b6a8ab28c88990ccf797dccb5926f804',45150,'2011-12-22 15:37:59'),('bf4c0533fc7ff8126a98fc4c1f89bbde',45150,'2011-12-29 15:00:06'),('d12ce53e888c7ba3e305e3d1d82f9600',45150,'2012-01-09 15:00:03'),('e533a00ec660556d32e12c49417388a4',45150,'2012-02-06 17:26:31'),('ee4bb17743278c1d47597b6317f3a1c3',45150,'2012-01-02 15:00:05'),('f6e09e31a8ead3caf6b9e7f98dbe90d2',45150,'2012-01-12 20:06:14'),('02022c165be157d6b7498a9770848802',45151,'2012-02-02 15:00:02'),('1d0e75e814836e8b810c21aee3a265dd',45151,'2012-02-09 15:00:02'),('4663f038e0dd7c65fcb14f473c721935',45151,'2012-02-16 15:00:02'),('4ae629e2c1b837690de51386197eadb1',45151,'2012-02-06 20:28:44'),('7bd2ccde55add90d6ad41fc447924409',45151,'2012-02-06 15:00:02'),('dd712096f1ddec6115c02775794da150',45151,'2012-02-13 15:00:02'),('494c2272f797b2f1a31411d1a75d5ca8',45164,'2012-02-16 15:00:02'),('8ee034ee7db3d4ba449843d34ab62518',45164,'2012-02-20 15:00:03'),('a027950bb62e2d88160d41d7277209c6',45164,'2012-02-23 15:00:02'),('11e5630fac3854fee46ab68c22cbcc96',45241,'2011-12-16 16:51:08'),('69b68b6ab0cc8fff411ccff73a478686',45241,'2011-12-22 15:37:59'),('938f900f7a1b0bb8b988e12f89bdc030',45261,'2012-02-23 15:00:02'),('d047a1809ff8e96f8cca2d521fdaa3a2',45261,'2012-02-16 17:40:20'),('28f7a0cf00d41519ab61d2d40e598628',45281,'2012-02-13 18:30:16'),('fe48a304067836d1101f1f4d9cc570e9',45289,'2012-02-20 15:00:03'),('e57539b2bfff6a176165b2a306571d69',45290,'2012-02-23 15:00:02'),('07c34eb9ff8f0f0c25086d83a5d2d14d',45421,'2011-12-29 15:00:07'),('085b99bdf0a99fe5280b7f6e61bfe36c',45421,'2011-12-22 19:57:02'),('0b784ee63d153c1aad18accf4eaba40c',45421,'2012-02-23 15:00:02'),('0d83c7da888a053df2806d83b8e0afe9',45421,'2012-01-30 17:39:33'),('105cee25b0207769991e0fb9fd0542ae',45421,'2012-02-16 15:00:02'),('15c7052a86006455e62aa7ab9d1265ae',45421,'2012-02-09 15:00:01'),('19fc8ca9a35412c1429ffed667dcfc75',45421,'2012-02-02 15:00:02'),('1ce5970f5dac8adaf8ab3c143322cc8c',45421,'2012-01-02 15:00:05'),('2859de11d0cfadeace54caa546ad3d66',45421,'2012-02-13 15:00:02'),('71841a07511f389bd823772af69fa1aa',45421,'2012-02-06 15:00:02'),('93e9cf194e9ca5d9217581647e199a36',45421,'2012-01-09 15:00:03'),('b09b84ae55cb14826ee8c817d94d39f6',45421,'2012-01-05 15:00:04'),('c94b7eb8b44bd8457c5cb1912d3a21bd',45421,'2012-01-23 18:44:28'),('fbfcfe3e47b6cfdb21ccb5b23c38f0ed',45421,'2012-02-20 15:00:02'),('31cef34fae8ca140bc98ac5f9768df42',45511,'2012-01-30 17:39:33'),('a73da0576644360e28b9edc57025a343',45511,'2012-01-30 19:45:53'),('b2632865627a7a877e1721f0b7fcd87b',45511,'2012-02-06 15:00:02'),('c5c3a9b77c37235b337a1569f363261c',45511,'2012-02-02 15:00:02'),('f897512f72941d388e5cc9dc7f8cd0ca',45511,'2012-01-31 15:47:51'),('2424526630a2200e04aa6aad6983a5cc',45545,'2012-01-30 17:39:33'),('293f99e28cb43c7fb70d6d8ae4e47029',45545,'2012-02-23 15:00:02'),('2ed2d3403ade6b11a6023e4a9e6a99ff',45545,'2012-02-09 15:00:01'),('5903d99aa32c2b593ed0cbeddeb9c685',45545,'2012-02-16 15:00:02'),('889e528a70f221c7af613cc49f5930da',45545,'2012-02-06 15:00:02'),('9bd3369bec0118fc6d963adad0664245',45545,'2012-02-13 15:00:02'),('adc896ee6f62e191ed87e98ef5ef7e92',45545,'2012-02-20 15:00:03'),('ed3957f29539f17c247079bb73f54f2a',45545,'2012-01-20 13:10:37'),('ff132f1e4eff63c1d2ee098cf6795887',45545,'2012-02-02 15:00:02'),('48116cea18e37e666c39e9a6c433904e',45580,'2012-01-03 16:42:59'),('4a82ec97690013f13c525d2be0a6d916',45580,'2012-02-16 15:00:02'),('53be010e200e4a52801e396db57bd3d0',45580,'2012-01-09 15:00:03'),('673f99e80cd5ed68fc6d59895387c56f',45580,'2012-02-13 15:00:02'),('675d3e12325cd05b55ed9af000d8fdf2',45580,'2012-01-05 15:00:04'),('71acf6feac0267435d934c71480ea4ea',45580,'2012-02-06 15:00:02'),('72d566d78d7a6d2607493bba2b33374c',45580,'2012-02-09 15:00:02'),('85d7018c3b977d02bc6a5efc7558ae4d',45580,'2011-12-29 15:00:07'),('8fce6ce3beae626480a6ea5ec11dfe27',45580,'2012-01-02 15:00:05'),('aef51cfc5cf395485cfee79d32a5e666',45580,'2012-01-30 17:39:33'),('b8fc1f0abffe539d45ba725a2b57d9b8',45580,'2012-02-23 15:00:02'),('e6e64a21416f3e6ad43af66225dde64b',45580,'2012-02-02 15:00:02'),('3eaa309f4f062767fe0a0775fc6a925b',45738,'2012-02-23 15:00:02'),('6f18656ac85ea5722febb6464a5fbf8c',45888,'2011-12-20 19:21:40'),('46264736b5e42633385c0c91a0aa634f',45898,'2011-12-22 15:38:00'),('7664881549502191479d9523ef2e4f6a',45898,'2012-02-06 15:00:02'),('af75cff0f3fe820a8bb59b4f67772dda',45898,'2012-02-09 15:00:02'),('bde703d465e41e25d3ab332cb87a5c93',45898,'2012-02-16 15:00:02'),('f80971b228f6bf91b4189e472442952d',45898,'2012-01-30 17:39:33'),('290999c4cd5b7cf1e9f2229ec4e92dc3',45907,'2012-02-02 15:00:02'),('6644fd8e405c294f031334f55ff050b0',45907,'2012-01-30 17:39:33'),('d59134f36fc78a20288840d4f24363ff',45907,'2012-01-27 14:16:51'),('6228438f1812c67d757016561d898c6a',45921,'2012-02-23 15:00:02'),('85b2f554fbea686e3b19e2c4fe8baad9',45921,'2012-02-20 15:00:03'),('f7e233681c5007c63cfb55b700a1d8e9',45921,'2012-02-06 15:00:02'),('174b35ce0208b05dc0fa614fa542856b',45931,'2011-12-22 15:38:00'),('4c206f238b23045b2e75055e55a89a1c',45931,'2012-02-13 15:00:02'),('633ffd88e79d93bf951bb2ffb550336b',45931,'2012-02-23 15:00:02'),('68d4f12d9e712668097a6185a5b4c1a8',45931,'2011-12-29 15:00:07'),('93b7ecf70addcd68548af4c1df42e828',45931,'2012-02-20 15:00:03'),('bac3b4ae854dabaf7a68dc3167021525',45931,'2012-02-06 15:00:02'),('c40c6e6622fc8e1a5ce528f298764d72',45931,'2012-01-30 17:39:34'),('ce818a6c0e423e9aeced3640ffedc835',45931,'2012-01-25 17:25:29'),('ede2ce4320488be188e8e5a98077a27b',45931,'2012-02-16 15:00:02'),('109bd2d8380068cc07c1a8584cd426ab',45971,'2011-12-29 15:00:08'),('30a6e549153b0d47154a4a1d8631aa29',45971,'2012-01-30 17:39:34'),('4bcd51df006c5e1bf3c9b3f221898448',45971,'2012-01-02 15:00:06'),('b6f79ab16e7e4ce84d9ecd8055c3c0e1',45971,'2012-01-05 15:00:04'),('d50876dc957eab86589b0e46862d9d05',45971,'2012-01-09 15:00:04'),('4fc09a5faf1c83a37391fc1c284164d9',46010,'2012-02-02 15:00:02'),('8df9bee8a2995d3663ee935ed79ade04',46010,'2012-02-20 15:00:03'),('a33cf934a2b0ba5133d023b677254818',46010,'2012-01-30 17:39:34'),('a366c1b3b0dbfca6521eb46342b23283',46010,'2012-02-01 19:22:07'),('09f723cdd7df0f6471a32a8648e99ab7',46208,'2012-02-16 15:00:02'),('1e078fa67fc30f7705768ff0e03fdd8e',46208,'2012-02-13 15:00:02'),('327d37e87d73cc49a564f464bef89d4b',46208,'2012-01-20 14:54:17'),('3bf07bbf4fa85a11dd8764dde9fcf9c6',46208,'2012-02-20 15:00:03'),('41cff80b98ec8c20ad8da56d738cdd19',46208,'2012-02-06 15:00:02'),('4447cca1de171245673aa51d5d0a9a4a',46208,'2012-02-23 15:00:02'),('470ea6e9d98997c67534eba8baf87860',46208,'2012-02-02 15:00:02'),('553231cfcce18be6c153dd07580f5fc4',46208,'2012-02-09 15:00:02'),('561a51b74129b27e4a9d7dd78b217dd6',46208,'2012-01-30 17:39:33'),('529d190841319804b655a04169db91e2',46351,'2012-02-23 15:00:02'),('5716f305a00602fa93e31e35aaeeafbd',46351,'2012-02-20 15:00:03'),('4d44a1bdb3957afa403f39042455a8bc',46447,'2011-12-22 15:38:00'),('6d230baf44d1fe488b3c3c46bd3b6bec',46524,'2011-12-22 15:38:01'),('7d2e6d088172c99e800d1c05623ee827',46524,'2012-01-30 17:39:34'),('80891b39f9be9010de9e360b097e9ce6',46524,'2012-02-02 15:00:02'),('bf58e69faf226f6cd165684d3dced667',46545,'2012-02-20 15:00:03'),('2cf34bf818b46cb5d6db6f8218859ae4',46748,'2012-02-02 15:00:02'),('346bee925fdf81e9d3ea979bfb46c41e',46748,'2011-12-29 15:00:08'),('3ee0f59ed313984503ece26ce9c4f1f2',46748,'2012-02-09 15:00:02'),('48de9497e8034fae1ad7f4c2d70aa6ec',46748,'2012-01-30 17:39:34'),('5686e04373ced94f6e0e5f3619afd719',46748,'2012-01-09 15:00:04'),('6554cef1db42de576770fd10ca104917',46748,'2012-02-16 15:00:02'),('6c95beeddc725763a408fa510fff1d00',46748,'2012-01-02 15:00:06'),('b33c26e1313640e41eee664e32d685be',46748,'2012-01-05 15:00:05'),('e00049264fd56c5507650c09d73e25d2',46748,'2011-12-22 15:38:01'),('fca211335bfa9d5bf342c9dc89afb798',46748,'2012-02-20 15:00:03'),('7a6e0fb417e877d34d17293f45cfb7b7',46750,'2012-01-20 20:22:23'),('cf6dcfd7cfd6f36d3d0eac19e484c4bd',46750,'2012-01-20 20:22:08'),('491a74dca0bdac34c34863b682d2bd3a',46845,'2012-02-13 20:18:44'),('3fd43fc0ff64840451c38200dad0d532',46918,'2012-02-20 15:00:03'),('dadbb19d76742f45cd433bb91f246763',46918,'2012-02-16 15:00:02'),('784afbf2be2baa6160b50dd91ef0b76c',46932,'2012-02-20 15:00:03'),('64f1f24ad7789211f7dbcb12564e2660',46955,'2012-02-23 15:00:03'),('553ac4a6153b9ba9fd50210f62fc929d',47015,'2012-02-09 15:00:02'),('9c5a2405cf3a65770d58087cbd874ff3',47015,'2012-02-13 15:00:02'),('eda6d2b63b3f91cc84c7ffbbb98bea7c',47015,'2012-02-23 15:00:03'),('14494f2b79f2727486bd2f31f96febca',47075,'2012-01-09 15:00:03'),('165d9668dc0bd821b0b2d7cc0d3bad79',47075,'2012-02-09 15:00:01'),('19064dc5c842ffc4f51243dbabaed91f',47075,'2012-02-20 15:00:02'),('1c10461f535c420ec9563ce4027d78fe',47075,'2011-12-29 16:13:11'),('1dd9889d5971089f1d56d4302c9ed213',47075,'2011-12-12 17:30:42'),('76faacb8fa8be8b31c144a661cbed9c3',47075,'2012-02-06 15:00:01'),('7a478a2de9cde3ae957c1ac0c339cbb4',47075,'2012-01-05 15:00:04'),('81972d28fc9e95b91d16bd1dbaa30344',47075,'2012-01-30 17:39:33'),('862e3ad0ef8923ad0a6d328cb1fca3d2',47075,'2012-02-16 15:00:01'),('900f571facf0beaddfe65fd066d61b2b',47075,'2012-02-13 15:00:02'),('aa97f71f3f2531bcce6a09b2028f5869',47075,'2011-12-22 15:38:00'),('b6a8fba662410556e520c6a1e7529f0d',47075,'2012-01-02 15:00:05'),('e1121ac365a54d5de26b2466d3cde343',47075,'2011-12-29 15:00:07'),('e27ca2c803390a485b8b533111860048',47075,'2012-02-23 15:00:02'),('f23a54e117e84ed926e89d3c817f3469',47075,'2012-02-02 15:00:02'),('e7f3866796b5870f1ca3aafeb5ad2732',47187,'2011-12-15 17:11:54'),('16e9388a21443fecb0ba1c01a719e731',47255,'2012-02-20 15:00:03'),('1e590b9247a6293aac345fb6aa548071',47255,'2012-01-30 17:39:34'),('43142a75a75b04d0d2921e64c226fd76',47255,'2012-02-13 15:00:02'),('45111821fedff1485f213a91855483b5',47255,'2012-02-06 15:00:02'),('c0374ffc50a18c17c3d96a1a806e597f',47255,'2012-01-20 05:54:49'),('dee289268f4ec7d5ab79ca741ce19e6f',47255,'2012-02-09 15:00:02'),('effac1f3992714ed470309768e46ba11',47255,'2012-02-23 15:00:03'),('f0e2a67858ce9a71ec9692e3d2e092f2',47255,'2012-02-02 15:00:02'),('04e2c82555d413b67836fdc341fadb6d',47263,'2011-11-06 13:24:09'),('1b27da8d9d7e9ac48c0eeda910bf64a3',47263,'2011-11-06 13:16:40'),('24465bd3a7e29a208a1943ff1affb0e1',47263,'2012-02-09 15:00:02'),('4ab0316edc5e97f2c204f247f082f63e',47263,'2011-11-06 13:15:17'),('4d0c419be58d1e70b6986c7b12f1796d',47263,'2012-01-30 17:39:34'),('5b5d81bdf69680f801dc9a4382a5ec20',47263,'2011-11-06 13:22:22'),('73dc9f4ecba99af0d98e8e71a7199367',47263,'2011-11-06 13:18:40'),('7e8792b1defd162dea622d7dac7f4d0c',47263,'2011-11-06 14:08:29'),('7fde040e10d972c350ee4ab11edea245',47263,'2012-02-13 15:00:03'),('803ac40b179f067bce34931cc00f36ac',47263,'2011-11-07 11:00:00'),('926a206a850f2a821e7c2f7a68681f5e',47263,'2011-12-14 21:32:34'),('9e5b055e33c8ac1934f80c001ddb612b',47263,'2012-02-23 15:00:03'),('b81c8830de999a4c26e537d1fbb01fda',47263,'2011-11-06 14:06:47'),('b9092d3d80365a11407b8468fcef803e',47263,'2011-11-06 14:12:30'),('c03885cd5335a6cb819e28035255acf6',47263,'2011-12-05 15:00:01'),('c4674b964b15dc24f84d25ffafd72b0f',47263,'2011-11-06 13:06:13'),('ca43c1f456236c6115c638ca858d03b1',47263,'2012-02-20 15:00:04'),('ece605bdfcb290b8d49a1690dec82b62',47263,'2012-02-02 15:00:03'),('f844945e587c7b45838e856c77000652',47263,'2012-02-16 15:00:02'),('5128f722ca29206ed121f45d58a6b6dc',47311,'2012-02-20 15:00:04'),('7eceb9b4befd1fa13bc9f89dc32c2267',47311,'2012-02-02 15:00:03'),('911ff289028f54414fad6cdf433abcd8',47311,'2012-01-30 17:39:34'),('ab16148a886cd19a82c315529a3beaa9',47311,'2012-02-13 15:00:03'),('e9160bc6feebf58633f2574877d0f82f',47311,'2012-02-23 15:00:03'),('e9654c8e1e9f8afe5c151acaebcefb28',47311,'2012-02-16 15:00:02'),('f91cefa85df1232839b9ad96534e48d8',47311,'2012-02-01 15:02:51'),('56840da41ec8c90ad40a4ec60ba24291',47344,'2012-02-02 15:00:02'),('7195a5f6ae2337ade372804528e9c90c',47344,'2012-01-30 17:39:33'),('af54ed7580be0b3b02f49ef12cc86861',47344,'2012-01-16 22:21:21'),('f0fc0739e9e8571ffeb0295cef3b911d',47344,'2011-12-22 15:38:01'),('7301296609e5cf26212ea6bcd09ef36e',47375,'2012-02-13 23:17:02'),('315a9cf68395c2e85d444629b622bcfb',47498,'2012-01-17 23:56:39'),('56b44fd748a703d17a5bf4435bd88b49',47498,'2012-02-02 15:00:03'),('f48d11a9e68eea4caae40e40b797efe3',47498,'2012-02-23 18:39:53'),('895e83e0e94c1b6a9da4a13c0c9bc31d',47571,'2012-02-02 22:07:12'),('99954dd24aae5132d0b5b81f530964a3',47571,'2012-02-23 15:00:03'),('d85fc443400a9eb355f2bbca8b4f6f04',47571,'2012-02-13 15:00:03'),('2f8f449f5fea56a966d36188c038ea51',47573,'2012-02-02 15:00:03'),('b7a6a02fd1871e4aaa31be51c04701b6',47573,'2012-02-23 15:00:03'),('bee1d1edfafbdefa1db8718b7aa0e998',47573,'2011-12-12 18:04:08'),('cd607bc813b67a7d7b2a075bdd24e2d3',47573,'2012-02-13 15:00:03'),('07c315c057672a471bf23ae5ff3afc60',47748,'2012-02-20 15:00:04'),('1c42ff73ea73fcb0eff7c18ceb723792',47748,'2012-02-09 15:00:02'),('541b0f02d4041ba81f9525d7d7f92a21',47748,'2012-02-13 15:00:03'),('bb5e13c0ae3df575607ee65303802b94',47748,'2012-01-30 17:39:34'),('f82aa5ddcacb0ba72806fa69f5fd8cf6',47748,'2012-02-09 20:36:19'),('ca2f63e1ee3a14b0e1fda3fe64472423',47754,'2012-02-14 15:34:11'),('4371019f0bee4f0e100b4434474ce0b6',47802,'2011-12-15 17:21:34'),('6626e4302543305989a86d5f8c0dc0d4',47802,'2011-10-17 17:50:50'),('7c6d73c27e9188ee8c76e41b66c6f6bd',47802,'2011-12-07 22:01:51'),('9b0584afe13d0cf7531be4e190055e95',47802,'2011-10-11 18:12:51'),('eec63082c9223e0d353560da3a7f7323',47802,'2011-12-05 18:16:08'),('19fc3e342ad43abae40d88f2ac6aba01',48035,'2012-02-23 15:00:03'),('251440fee3a3720243e690030a136c3f',48035,'2012-01-30 17:39:34'),('063020ea65b2434c9de4206ea5543aed',48253,'2012-01-02 15:00:07'),('274bba804f7fc04b4d47d2468a33ebed',48253,'2012-01-09 15:00:04'),('8ff8cf2e45cf2f9452fc422cca95209b',48253,'2012-02-09 15:00:02'),('095d0c386e530f8f81607e0e1d366eea',48334,'2012-02-09 15:00:02'),('4eb8b702179bf9a3a03db71dcbcf5656',48334,'2012-02-06 15:00:02'),('4f5a127cbcc49fca570c4ef0ff1d886e',48334,'2012-02-02 15:00:03'),('7545409e728b1292593dd2fdd139c157',48334,'2011-12-22 15:38:01'),('90490e53db291f67f6219e670159e82e',48334,'2012-02-23 15:00:03'),('ba564bbbd78c6b473c3a34f18695836e',48334,'2011-12-29 15:00:08'),('4b8b2abd020c1a3505d32f709fca91b7',48392,'2012-02-07 20:53:13'),('532320319620fcb42a59a062013351ed',48392,'2012-01-30 17:39:34'),('5cbba89a119abf17e8669ce731bfab03',48392,'2012-02-23 15:00:03'),('a47d51f2ad6add2e93e0847eed7280b4',48392,'2012-02-02 15:00:03'),('035f447a5fa117540871f2ccda5607ab',48521,'2012-01-30 17:39:35'),('199b35dc570d9e6a67c3753acc97289b',48521,'2012-02-06 15:00:02'),('1d05cbc03113f3d5f41f1df63864d8d1',48521,'2012-01-02 15:00:07'),('5663bcc42cdf9474f2fd99fb0afeb52f',48521,'2012-01-09 15:00:05'),('734c6b2619939ac02e386dccc4b8b2b9',48521,'2011-12-22 15:38:01'),('79cd4249427d1a75d54e8286fce6f787',48521,'2012-02-02 15:00:03'),('83660b5166aec40ff6e1b3a1d5d597f5',48521,'2011-12-15 16:51:46'),('8c9c6a544773f35754f9da90585811b9',48521,'2011-12-29 15:00:09'),('d87803bf8b67d5ca00788cbde8743637',48521,'2012-02-13 15:00:03'),('e5ace96730d1e523a5bf33a10c9cef0b',48521,'2012-01-05 15:00:05'),('ee76518346a03df07e4c81492f302cd8',48521,'2012-02-20 15:00:04'),('f1a37fb488db3d7d48f7aa487fb918fb',48521,'2012-02-16 15:00:02'),('77aa919d9d91974ba51183ed647d69e1',48567,'2012-02-14 02:18:38'),('8379e1cbdecce6413e491f02ac2cd014',48616,'2011-12-22 15:38:02'),('0e96d89ff8cb251b2ab6b21568ecd027',48697,'2012-02-02 15:00:03'),('110c5c401a794ea9cb4443d0ae005d13',48697,'2012-02-20 15:00:04'),('448aa3900b5c5dc7692a3c361859aaa0',48697,'2012-01-02 15:00:07'),('4e623469e728487ae7233f345379d622',48697,'2012-01-30 17:39:35'),('87e9f1c909bd95480ebd7f002693de4f',48697,'2012-01-05 15:00:05'),('bc8334d28280072eac2b69c1712d999e',48697,'2012-02-13 15:00:03'),('cbbaa1beddd365a1242b2fde4bf11f83',48697,'2012-02-16 15:00:02'),('d6d48d9f5dfe14b6861dbd965d277af7',48697,'2012-01-09 15:00:05'),('dc8f0076b94e79ae4c6a5644cc043d21',48697,'2012-02-06 15:00:02'),('e33b3befd1dccf38ff184be1c3994e68',48697,'2012-02-23 15:00:03'),('e5566a2f63a27db243e6de7c9c688c43',48697,'2011-12-29 15:00:09'),('fc42996c2699b93e0d082fb7428d3e8c',48697,'2011-12-22 15:38:02'),('fd78afe47f947201d0460428d1392743',48697,'2012-02-09 15:00:02'),('dac71bfa7b981bf421b04621f36a5db8',48751,'2012-02-06 17:18:38'),('332c89694364b3dbfd87cbd59dbbb380',49303,'2012-02-06 15:00:02'),('3dcdeb8958d0a8f7d6721ff8e93ae529',49303,'2011-12-22 15:38:02'),('adc3ebf2f55195a7a84937fdc660dff7',49303,'2012-02-13 15:00:03'),('d0c19c1b401ee40f5ab05fe5fa74c8b4',49303,'2012-02-20 15:00:04'),('e5034230c8284808ca52f190271e0583',49303,'2012-02-16 15:00:02'),('03c760ad78a921f6eab39c89f00965bc',49448,'2012-02-16 15:00:02'),('2330d7259701f2011ebc4ae526e0c1f5',49448,'2012-02-02 15:00:03'),('3b7bc08faf3206d055f24f21b23b94fe',49448,'2012-01-30 17:39:35'),('a03d460064eb50110d404ef2fb1bd5c3',49448,'2012-02-20 15:00:04'),('f87860bd3c476d511a61ec27897c61a4',49448,'2012-02-06 15:00:03'),('05b28b42bb9273d04c6b1d0b1c8e66f8',49748,'2012-02-20 15:00:04'),('6ca299b179c22a07e0d3a84e4b485c7e',49748,'2012-02-13 15:00:03'),('8dc51cd35fb14264b122885950fa4391',49748,'2012-02-16 15:00:03'),('1314fc71b7853f79a732dc30311559ee',49808,'2012-02-20 15:00:04'),('abb6edc042128fcd0812a3b8e226ac54',49808,'2012-02-16 15:00:03'),('00c5468ec2bdee1dddfe249247173664',49953,'2011-12-06 22:07:59'),('ca78b541f5124487fd3716d572e7b77a',49953,'2012-01-30 17:39:35'),('df81df049b526a0b3ae7a8f1a800492a',50488,'2012-02-13 18:46:46'),('da86585575aefa0f36a91cc5a09bb9ad',50738,'2012-02-23 15:00:03'),('62e66389ff786a15b801996d8e1ec9da',50927,'2012-02-09 15:00:02'),('735f82895e4b6536ee8e00299aa82413',50927,'2012-01-02 15:00:08'),('79009c38c1f9e22381d6f674d424f4b8',50927,'2012-01-30 17:39:35'),('cd578da59e53a2a91c09d9481e63becb',50927,'2012-02-13 15:00:03'),('0c075421928a23dac2f402e3ef7183e3',51105,'2012-02-02 15:00:03'),('557c285f2d7aecef4d1bcc9413b24731',51105,'2012-01-24 22:58:33'),('1b4a04896f538c182195477b853b3648',51532,'2011-12-29 15:00:09'),('53e83b186de33747648fe1cbe69b2c41',51532,'2011-12-22 15:38:02'),('a66813b85f3b860be11b2c5d8b94bd19',51532,'2012-02-20 15:00:04'),('bb1ac0b25a923791cac71ae598e7dc44',51532,'2012-02-02 15:00:03'),('cdac208ec8e67eaad375ea3919c31b50',51532,'2012-02-16 15:00:03'),('ff9af3c9bfb3201fc8b87b38fd65b794',51532,'2012-01-30 17:39:35'),('ae3d579705a39ab8239cfc5d71d69915',51783,'2012-02-06 15:00:03'),('d6e56767287fb4b04666627bdfd2cd55',51783,'2012-02-02 15:00:03'),('8821f0017605061778cffa2af9eb2d95',52488,'2012-02-02 15:00:03'),('bd0f7c7264af385bc8039da3efaa9fc3',52488,'2011-12-15 16:51:46'),('2f2d5221c4cfb85e2105d2e3944916f3',53241,'2012-02-06 15:00:03'),('321e038fec743a152ff2c680e9828f0e',53241,'2012-02-02 15:00:03'),('00c4ec650de77b1e1939f06621f1f501',53342,'2011-12-12 14:35:28'),('200d4b5eceba627bb885f006b5586d94',53342,'2012-02-13 15:00:03'),('3018756155b9ebcb0568d77344059758',53342,'2012-01-30 17:39:35'),('4908572c4b2bf2f8f75fb90d5a8b0ab1',53342,'2011-12-15 16:51:46'),('b71de7ef4862315677ac7a7ff3990866',53342,'2012-02-06 15:00:03'),('1a1873b96be77329d0292f3aa86abe9d',54170,'2012-02-02 15:00:03'),('1f545adb4cb7fb00cdf9a76d50efcdba',54170,'2012-02-23 16:16:58'),('3e01f462059779980d792b1f0cae82cf',54170,'2012-02-23 16:19:02'),('4cd1a62050d35e3879eeeb168985ed2a',54170,'2012-02-13 15:00:03'),('6d15d9cbfd586948be7a3c1576af0559',54170,'2012-01-05 15:00:05'),('7e44f60e08ea59aafd9b0dac05accb59',54170,'2012-02-09 15:00:02'),('909d6f3a354a80fe41395e28b6ce5576',54170,'2012-02-23 15:00:04'),('989293150d82ecdb2f303c5c4816203a',54170,'2012-02-20 15:00:04'),('ad3de2df1b7d2939eacd50cce620a303',54170,'2012-02-16 15:00:03'),('f6d271ad2151ad944958c9e37776de75',54170,'2012-01-30 17:39:35'),('1e7d8480c7a8e8d8b47bb5a2ce1cffdc',54639,'2012-02-02 15:00:03'),('2db333ec371571d8811cbd69ba30f750',54639,'2012-01-09 15:00:05'),('649f728328c7327533417382e01a915b',54639,'2011-12-29 15:00:09'),('878b201a657c0d8c7057aff4d97e2a99',54639,'2012-01-05 15:00:06'),('b78b83eece38c26b6f70e7088dfc9491',54639,'2012-01-02 15:00:08'),('c6b20b400523878bcb319ebf47193250',54639,'2011-12-15 23:52:59'),('ecae6aedce4d9f47893bdd8ed554e012',54639,'2012-02-06 15:00:03'),('fb339e5745be6f0f049d7fef2434d9cf',54639,'2012-01-30 17:39:35'),('2e05cf6742172b0d2941a68c95d0b99f',55576,'2012-02-09 15:00:00'),('2e14116aa83ea175e3a712fe9f2cc031',55576,'2012-02-06 15:00:00'),('46bc1d26c12f4675263c13598554e3b6',55576,'2012-02-13 15:00:01'),('510bd4ce0b44c9ac4beaf582d69417af',55576,'2012-01-31 13:19:23'),('78faa66ff8de8ef399c36408c59a213b',55576,'2012-02-02 15:00:00'),('45fc58f38a9a83129072c95f2a8ffbd2',55783,'2012-02-23 15:00:04'),('1a84ee7b857cfe86acf85d11ce3733d7',56372,'2012-02-16 15:00:03'),('2cb5cdb5b0a721a7a40f9a5048c67b1d',56372,'2012-02-02 15:00:03'),('51f40752a3a195e4d0b793b25aabb1ca',56372,'2012-02-13 15:00:03'),('5878fca753bc810ad5ce9e8852be07ef',56372,'2012-02-20 15:00:04'),('5cea81fe81d75d586e400b2e755d330f',56372,'2011-12-08 22:29:29'),('739cd3e57d28a407af9340246b54b033',56372,'2012-01-02 15:00:08'),('aa2069603fc7df60bc576d45957ea0fb',56372,'2012-02-09 15:00:02'),('f0d1369074254320a30f413e5f281aaa',56372,'2011-12-07 21:54:06');

--
-- Table structure for table `paygrades`
--

CREATE TABLE `paygrades` (
  `id` int(11) NOT NULL AUTO_INCREMENT,
  `acronym` varchar(16) DEFAULT NULL,
  `name` varchar(64) DEFAULT NULL,
  `rate` decimal(8,2) DEFAULT NULL,
  `parent_paygrade` int(11) DEFAULT NULL,
  PRIMARY KEY (`id`),
  KEY `idx_name` (`name`),
  KEY `idx_acronym` (`acronym`)
) ENGINE=InnoDB AUTO_INCREMENT=440 DEFAULT CHARSET=utf8;

--
-- Dumping data for table `paygrades`
--

INSERT INTO `paygrades` VALUES (1,'J1','J1',9.25,NULL),(2,'J2','J2',9.72,NULL),(3,'J3','J3',10.20,NULL),(4,'J4','J4',10.71,NULL),(5,'J5','J5',11.24,NULL),(6,'J6','J6',11.80,NULL),(7,'J7','J7',12.39,NULL),(8,'J8','J8',13.01,NULL),(9,'J9','J9',13.66,NULL),(10,'J10','J10',14.35,NULL),(11,'J10-5','J10+SR',17.81,10),(12,'J10-7','J10+SR80',17.12,10),(13,'J11','J11',15.06,NULL),(14,'J12','J12',15.81,NULL),(15,'J13','J13',16.61,NULL),(16,'J14','J14',17.43,NULL),(17,'J14-5','J14+SR',20.90,16),(18,'J14-7','J14+SR80',20.21,16),(19,'J15','J15',18.31,NULL),(20,'J15-5','J15+SR',21.77,19),(21,'J16','J16',19.21,NULL),(22,'J17','J17',20.18,NULL),(23,'J17-5','J17+SR',23.65,22),(24,'J17-7','J17+SR80',22.96,22),(25,'J18','J18',21.19,NULL),(26,'J18-5','J18+SR',24.66,25),(27,'1','1',21.71,NULL),(28,'2','2',22.14,NULL),(29,'2-1','2+EL',23.13,28),(30,'2-2','2+ELSR',26.60,28),(31,'2-5','2+SR',25.61,28),(32,'2-7','2+SR80',24.92,28),(33,'3','3',22.57,NULL),(34,'4','4',23.01,NULL),(35,'5','5',23.46,NULL),(36,'6','6',23.91,NULL),(37,'6-5','6+SR',27.38,36),(38,'7','7',24.38,NULL),(39,'7-6','7+SREO',26.46,38),(40,'8','8',24.86,NULL),(41,'8-5','8+SR',28.33,40),(42,'8-6','8+SREO',26.94,40),(43,'9','9',25.35,NULL),(44,'9-5','9+SR',28.82,43),(45,'9-6','9+SREO',27.44,43),(46,'10','10',25.86,NULL),(47,'10-5','10+SR',29.33,46),(48,'10-6','10+SREO',27.95,46),(49,'10Y','10Y',25.95,NULL),(50,'10Y-6','10Y+SREO',28.03,49),(51,'11','11',26.38,NULL),(52,'11-1','11+EL',27.37,51),(53,'11-5','11+SR',29.85,51),(54,'11-6','11+SREO',28.46,51),(55,'12','12',26.91,NULL),(56,'12-5','12+SR',30.38,55),(57,'12-6','12+SREO',28.99,55),(58,'12Y','12Y',27.00,NULL),(59,'12Y-1','12Y+EL',27.99,58),(60,'12Y-2','12Y+ELSR',31.46,58),(61,'12Y-5','12Y+SR',30.47,58),(62,'13','13',27.46,NULL),(63,'13-5','13+SR',30.92,62),(64,'13-6','13+SREO',29.54,62),(65,'14','14',28.00,NULL),(66,'14-5','14+SR',31.47,65),(67,'14-6','14+SREO',30.08,65),(68,'14Y','14Y',28.10,NULL),(69,'15','15',28.56,NULL),(70,'15-1','15+EL',29.55,69),(71,'15-2','15+ELSR',33.02,69),(72,'15-5','15+SR',32.02,69),(73,'15-6','15+SREO',30.64,69),(74,'15-7','15+SR80',31.33,69),(75,'15F','15+CTA',29.31,69),(76,'15M','15+PLTA',29.17,69),(77,'15P','15+PTA+PRA',29.91,69),(78,'15W','15+PTA{NO PRA}',29.23,69),(79,'15Y','15Y',28.65,NULL),(80,'15Y-1','15Y+EL',29.64,79),(81,'15Y-2','15Y+ELSR',33.11,79),(82,'15Y-5','15Y+SR',32.12,79),(83,'16','16',29.13,NULL),(84,'16-1','16+EL',30.12,83),(85,'16-2','16+ELSR',33.59,83),(86,'16-5','16+SR',32.59,83),(87,'16-6','16+SREO',31.21,83),(88,'16F','16+CTA',29.88,83),(89,'16M','16+PLTA',29.74,83),(90,'16P','16+PTA+PRA',30.48,83),(91,'16W','16+PTA{NO PRA}',29.80,83),(92,'16Y','16Y',29.22,NULL),(93,'16Y-1','16Y+EL',30.22,92),(94,'16Y-2','16Y+ELSR',33.68,92),(95,'16Y-5','16Y+SR',32.69,92),(96,'17','17',29.71,NULL),(97,'17-1','17+EL',30.70,96),(98,'17-2','17+ELSR',34.17,96),(99,'17-5','17+SR',33.18,96),(100,'17-6','17+SREO',31.79,96),(101,'18','18',30.30,NULL),(102,'18-1','18+EL',31.29,101),(103,'18-2','18+ELSR',34.76,101),(104,'18-5','18+SR',33.77,101),(105,'18-6','18+SREO',32.38,101),(106,'18-7','18+SR80',33.08,101),(107,'18F','18+CTA',31.06,101),(108,'18M','18+PLTA',30.92,101),(109,'18M-7','18+PLTA+SR80',33.74,101),(110,'18P','18+PTA+PRA',31.66,101),(111,'18W','18+PTA{NO PRA}',30.98,101),(112,'18Y','18Y',30.40,NULL),(113,'18Y-1','18Y+EL',31.40,112),(114,'18Y-2','18Y+ELSR',34.86,112),(115,'18Y-5','18Y+SR',33.87,112),(116,'18Y-6','18Y+SREO',32.49,112),(117,'19','19',30.92,NULL),(118,'19-1','19+EL',31.91,117),(119,'19-2','19+ELSR',35.38,117),(120,'19-5','19+SR',34.38,117),(121,'19-6','19+SREO',33.00,117),(122,'19F','19+CTA',31.67,117),(123,'19P','19+PTA+PRA',32.27,117),(124,'19W','19+PTA{NO PRA}',31.59,117),(125,'19Y','19Y',31.02,NULL),(126,'19Y-2','19Y+ELSR',35.48,125),(127,'20','20',31.53,NULL),(128,'20-1','20+EL',32.53,127),(129,'20-2','20+ELSR',35.99,127),(130,'20-5','20+SR',35.00,127),(131,'20-6','20+SREO',33.62,127),(132,'20-7','20+SR80',34.31,127),(133,'20F','20+CTA',32.29,127),(134,'20M','20+PLTA',32.15,127),(135,'20M-7','20+PLTA+SR80',34.92,127),(136,'20P','20+PTA+PRA',32.89,127),(137,'20P-7','20+PTA+PRA+SR80',35.67,127),(138,'20W','20+PTA{NO PRA}',32.21,127),(139,'20Y','20Y',31.64,NULL),(140,'20Y-1','20Y+EL',32.63,139),(141,'20Y-2','20Y+ELSR',36.10,139),(142,'20Y-5','20Y+SR',35.11,139),(143,'21','21',32.17,NULL),(144,'21-1','21+EL',33.16,143),(145,'21-2','21+ELSR',36.63,143),(146,'21-5','21+SR',35.63,143),(147,'21-6','21+SREO',34.25,143),(148,'21-7','21+SR80',34.94,143),(149,'21F','21+CTA',32.92,143),(150,'21F-7','21+CTA+SR80',35.75,143),(151,'21P','21+PTA+PRA',33.52,143),(152,'21P-7','21+PTA+PRA+SR80',36.36,143),(153,'21W','21+PTA{NO PRA}',32.84,143),(154,'21Y','21Y',32.27,NULL),(155,'21Y-1','21Y+EL',33.27,154),(156,'21Y-2','21Y+ELSR',36.73,154),(157,'21Y-5','21Y+SR',35.74,154),(158,'22','22',32.80,NULL),(159,'22-1','22+EL',33.79,158),(160,'22-2','22+ELSR',37.26,158),(161,'22-5','22+SR',36.27,158),(162,'22-6','22+SREO',34.88,158),(163,'22-7','22+SR80',35.58,158),(164,'22Y','22Y',32.91,NULL),(165,'22Y-1','22Y+EL',33.90,164),(166,'22Y-2','22Y+ELSR',37.37,164),(167,'22Y-5','22Y+SR',36.38,164),(168,'22Y-6','22Y+SREO',34.99,164),(169,'23','23',33.46,NULL),(170,'23-1','23+EL',34.45,169),(171,'23-2','23+ELSR',37.92,169),(172,'23-5','23+SR',36.93,169),(173,'23-6','23+SREO',35.54,169),(174,'23-7','23+SR80',36.24,169),(175,'23F','23+CTA',34.22,169),(176,'23F-7','23+CTA+SR80',36.99,169),(177,'24','24',34.13,NULL),(178,'24-1','24+EL',35.12,177),(179,'24-2','24+ELSR',38.59,177),(180,'24-5','24+SR',37.60,177),(181,'24-6','24+SREO',36.21,177),(182,'24-7','24+SR80',36.91,177),(183,'24Y','24Y',34.25,NULL),(184,'24Y-1','24Y+EL',35.24,183),(185,'24Y-2','24Y+ELSR',38.71,183),(186,'24Y-5','24Y+SR',37.71,183),(187,'25','25',34.81,NULL),(188,'25-1','25+EL',35.80,187),(189,'25-2','25+ELSR',39.27,187),(190,'25-5','25+SR',38.28,187),(191,'25-6','25+SREO',36.89,187),(192,'25-7','25+SR80',37.59,187),(193,'25-E1','25+E1',36.69,187),(194,'26','26',35.50,NULL),(195,'26-1','26+EL',36.50,194),(196,'26-2','26+ELSR',39.96,194),(197,'26-5','26+SR',38.97,194),(198,'26-6','26+SREO',37.59,194),(199,'26-7','26+SR80',38.28,194),(200,'26F','26+CTA',36.26,194),(201,'26F-7','26+CTA+SR80',39.04,194),(202,'26P','26+PTA+PRA',36.86,194),(203,'26P-7','26+PTA+PRA+SR80',39.70,194),(204,'26W','26+PTA{NO PRA}',36.18,194),(205,'26Y','26Y',35.63,NULL),(206,'26Y-1','26Y+EL',36.62,205),(207,'26Y-2','26Y+ELSR',40.08,205),(208,'26Y-5','26Y+SR',39.09,205),(209,'27','27',36.22,NULL),(210,'27-1','27+EL',37.21,209),(211,'27-2','27+ELSR',40.68,209),(212,'27-5','27+SR',39.69,209),(213,'27-6','27+SREO',38.30,209),(214,'27-7','27+SR80',38.99,209),(215,'27Y','27Y',36.34,NULL),(216,'27Y-1','27Y+EL',37.34,215),(217,'27Y-2','27Y+ELSR',40.80,215),(218,'27Y-5','27Y+SR',39.81,215),(219,'28','28',36.94,NULL),(220,'28-1','28+EL',37.93,219),(221,'28-2','28+ELSR',41.40,219),(222,'28-5','28+SR',40.41,219),(223,'28-6','28+SREO',39.02,219),(224,'28-7','28+SR80',39.71,219),(225,'28F','28+CTA',37.70,219),(226,'28P','28+PTA+PRA',38.33,219),(227,'28P-7','28+PTA+PRA+SR80',41.16,219),(228,'28Y','28Y',37.07,NULL),(229,'28Y-5','28Y+SR',40.53,228),(230,'29','29',37.68,NULL),(231,'29-1','29+EL',38.67,230),(232,'29-2','29+ELSR',42.14,230),(233,'29-5','29+SR',41.15,230),(234,'29-6','29+SREO',39.76,230),(235,'29-7','29+SR80',40.46,230),(236,'29-E1','29+E1',39.56,230),(237,'29Y','29Y',37.81,NULL),(238,'29Y-1','29Y+EL',38.80,237),(239,'29Y-2','29Y+ELSR',42.27,237),(240,'29Y-5','29Y+SR',41.28,237),(241,'30','30',38.44,NULL),(242,'30-1','30+EL',39.43,241),(243,'30-2','30+ELSR',42.90,241),(244,'30-5','30+SR',41.91,241),(245,'30-6','30+SREO',40.52,241),(246,'30-7','30+SR80',41.22,241),(247,'30Y','30Y',38.57,NULL),(248,'30Y-1','30Y+EL',39.56,247),(249,'30Y-2','30Y+ELSR',43.03,247),(250,'30Y-5','30Y+SR',42.04,247),(251,'31','31',39.20,NULL),(252,'31-1','31+EL',40.19,251),(253,'31-2','31+ELSR',43.66,251),(254,'31-5','31+SR',42.67,251),(255,'31-6','31+SREO',41.28,251),(256,'31-7','31+SR80',41.98,251),(257,'32','32',40.00,NULL),(258,'32-1','32+EL',40.99,257),(259,'32-2','32+ELSR',44.46,257),(260,'32-5','32+SR',43.47,257),(261,'32-6','32+SREO',42.08,257),(262,'32-7','32+SR80',42.77,257),(263,'32F-7','32+CTA+SR80',43.53,257),(264,'32P-7','32+PTA+PRA+SR80',44.13,257),(265,'32Y','32Y',40.13,NULL),(266,'32Y-1','32Y+EL',41.12,265),(267,'32Y-2','32Y+ELSR',44.59,265),(268,'32Y-5','32Y+SR',43.60,265),(269,'33','33',40.79,NULL),(270,'33-1','33+EL',41.78,269),(271,'33-2','33+ELSR',45.25,269),(272,'33-5','33+SR',44.26,269),(273,'33-6','33+SREO',42.87,269),(274,'33-7','33+SR80',43.57,269),(275,'33Y','33Y',40.93,NULL),(276,'33Y-2','33Y+ELSR',45.39,275),(277,'34','34',41.60,NULL),(278,'34-1','34+EL',42.60,277),(279,'34-2','34+ELSR',46.06,277),(280,'34-5','34+SR',45.07,277),(281,'34-7','34+SR80',44.38,277),(282,'34Y','34Y',41.75,NULL),(283,'34Y-2','34Y+ELSR',46.21,282),(284,'35','35',42.43,NULL),(285,'35-1','35+EL',43.42,284),(286,'35-2','35+ELSR',46.89,284),(287,'35-5','35+SR',45.90,284),(288,'35-6','35+SREO',44.51,284),(289,'35-7','35+SR80',45.21,284),(290,'35Y','35Y',42.58,NULL),(291,'35Y-1','35Y+EL',43.57,290),(292,'35Y-2','35Y+ELSR',47.04,290),(293,'35Y-5','35Y+SR',46.05,290),(294,'36','36',43.29,NULL),(295,'36-1','36+EL',44.28,294),(296,'36-2','36+ELSR',47.74,294),(297,'36-5','36+SR',46.75,294),(298,'36-6','36+SREO',45.37,294),(299,'36-7','36+SR80',46.06,294),(300,'36Y','36Y',43.43,NULL),(301,'37','37',44.15,NULL),(302,'37-1','37+EL',45.15,301),(303,'37-2','37+ELSR',48.61,301),(304,'37-5','37+SR',47.62,301),(305,'37-7','37+SR80',46.93,301),(306,'37Y','37Y',44.30,NULL),(307,'37Y-2','37Y+ELSR',48.76,306),(308,'38','38',45.04,NULL),(309,'38-1','38+EL',46.03,308),(310,'38-2','38+ELSR',49.50,308),(311,'38-5','38+SR',48.50,308),(312,'38-6','38+SREO',47.12,308),(313,'38-7','38+SR80',47.81,308),(314,'39','39',45.93,NULL),(315,'39-1','39+EL',46.93,314),(316,'39-2','39+ELSR',50.39,314),(317,'39-5','39+SR',49.40,314),(318,'39-7','39+SR80',48.71,314),(319,'40','40',46.86,NULL),(320,'40-1','40+EL',47.85,319),(321,'40-2','40+ELSR',51.32,319),(322,'40-5','40+SR',50.32,319),(323,'40-6','40+SREO',48.94,319),(324,'40-7','40+SR80',49.63,319),(325,'41','41',47.79,NULL),(326,'41-1','41+EL',48.78,325),(327,'41-2','41+ELSR',52.25,325),(328,'41-5','41+SR',51.26,325),(329,'41-6','41+SREO',49.87,325),(330,'41-7','41+SR80',50.56,325),(331,'41Y','41Y',47.95,NULL),(332,'41Y-2','41Y+ELSR',52.41,331),(333,'42','42',48.74,NULL),(334,'42-1','42+EL',49.74,333),(335,'42-2','42+ELSR',53.20,333),(336,'42-5','42+SR',52.21,333),(337,'42-6','42+SREO',50.83,333),(338,'42-7','42+SR80',51.52,333),(339,'43','43',49.72,NULL),(340,'43-1','43+EL',50.71,339),(341,'43-2','43+ELSR',54.18,339),(342,'43-5','43+SR',53.18,339),(343,'43-6','43+SREO',51.80,339),(344,'43-7','43+SR80',52.49,339),(345,'43Y','43Y',49.89,NULL),(346,'43Y-2','43Y+ELSR',54.34,345),(347,'44','44',50.71,NULL),(348,'44-1','44+EL',51.71,347),(349,'44-2','44+ELSR',55.17,347),(350,'44-5','44+SR',54.18,347),(351,'44-7','44+SR80',53.49,347),(352,'44Y','44Y',50.89,NULL),(353,'44Y-1','44Y+EL',51.88,352),(354,'44Y-2','44Y+ELSR',55.35,352),(355,'44Y-5','44Y+SR',54.35,352),(356,'45','45',51.72,NULL),(357,'45-1','45+EL',52.72,356),(358,'45-2','45+ELSR',56.18,356),(359,'45-5','45+SR',55.19,356),(360,'45-6','45+SREO',53.80,356),(361,'45-7','45+SR80',54.50,356),(362,'46','46',52.77,NULL),(363,'46-1','46+EL',54.88,362),(364,'46-2','46+ELSR',57.23,362),(365,'46-5','46+SR',56.24,362),(366,'46-6','46+SREO',54.85,362),(367,'46-7','46+SR80',55.54,362),(368,'46-E1','46+E1',54.65,362),(369,'46-E2','46+E2',56.82,362),(370,'47','47',53.82,NULL),(371,'47-1','47+EL',54.81,370),(372,'47-2','47+ELSR',58.28,370),(373,'47-5','47+SR',57.29,370),(374,'47-7','47+SR80',56.60,370),(375,'47Y','47Y',54.01,NULL),(376,'48','48',54.90,NULL),(377,'48-1','48+EL',55.89,376),(378,'48-2','48+ELSR',59.35,376),(379,'48-5','48+SR',58.36,376),(380,'48-7','48+SR80',57.67,376),(381,'49','49',56.00,NULL),(382,'49-1','49+EL',56.99,381),(383,'49-2','49+ELSR',60.46,381),(384,'49Y-5','49Y+SR',59.66,381),(385,'49-7','49+SR80',58.77,381),(386,'49-E1','49+E1',57.88,381),(387,'49-E2','49+E2',60.04,381),(388,'49Y','49Y',56.19,NULL),(389,'49Y-1','49Y+EL',57.18,388),(390,'49Y-2','49Y+ELSR',60.65,388),(391,'50','50',57.12,NULL),(392,'50-1','50+EL',58.11,391),(393,'50-2','50+ELSR',61.57,391),(394,'50-5','50+SR',60.58,391),(395,'51','51',58.26,NULL),(396,'51-1','51+EL',59.25,395),(397,'51-2','51+ELSR',62.72,395),(398,'51-5','51+SR',61.73,395),(399,'51-7','51+SR80',61.04,395),(400,'52','52',59.42,NULL),(401,'52-1','52+EL',60.41,400),(402,'52-2','52+ELSR',63.88,400),(403,'52-5','52+SR',62.89,400),(404,'53','53',60.61,NULL),(405,'53-1','53+EL',61.61,404),(406,'53-2','53+ELSR',65.07,404),(407,'53-5','53+SR',64.08,404),(408,'53-E1','53+E1',62.49,404),(409,'53-E2','53+E2',64.66,404),(410,'54','54',61.82,NULL),(411,'54-2','54+ELSR',66.28,410),(412,'54-5','54+SR',65.29,410),(413,'55','55',63.07,NULL),(414,'55-2','55+ELSR',67.53,413),(415,'55-E2','55+E2',67.11,413),(416,'56','56',64.33,NULL),(417,'57','57',65.61,NULL),(418,'57-2','57+ELSR',70.07,417),(419,'57-E2','57+E2',69.65,417),(420,'58','58',66.92,NULL),(421,'58-8','58+SKR',68.37,420),(422,'59','59',68.27,NULL),(423,'60','60',69.62,NULL),(424,'23Y-2','23Y+ELSR',38.03,NULL),(425,'23Y-5','23Y+SR',37.04,NULL),(426,'4-5','4+SR',26.48,34),(427,'34-E1','34+E1',43.48,277),(428,'52-7','52+SR80',62.20,400),(429,'56-2','56+ELSR',68.79,416),(430,'EA1','PM&S EA LVL 1',72.71,NULL),(431,'EA1-E1','PM&S EA LVL 1+E1',73.15,430),(432,'EA1-E2','PM&S EA LVL 1+E2',75.31,430),(433,'EA2','PM&S EA LVL 2',76.77,NULL),(434,'EA2-E1','PM&S EA LVL 2+E1',77.20,433),(435,'EA2-E2','PM&S EA LVL 2+E2',79.37,433),(436,'EA3','PM&S EA LVL 3',82.99,NULL),(437,'EA3-E1','PM&S EA LVL 3+E1',83.43,436),(438,'EA3-E2','PM&S EA LVL 3+E2',85.59,436),(439,'49-5','49+SR',59.47,381);

--
-- Table structure for table `permission_resources`
--

CREATE TABLE `permission_resources` (
  `id` int(11) NOT NULL AUTO_INCREMENT,
  `name` varchar(255) DEFAULT NULL,
  `description` text,
  PRIMARY KEY (`id`),
  UNIQUE KEY `idx_name` (`name`)
) ENGINE=InnoDB AUTO_INCREMENT=9 DEFAULT CHARSET=utf8;

--
-- Dumping data for table `permission_resources`
--

INSERT INTO `permission_resources` VALUES (1,'traveltime_submissions',NULL),(2,'traveltime_payroll',NULL),(7,'user_passwords',NULL),(8,'users',NULL);

--
-- Table structure for table `permission_roles`
--

CREATE TABLE `permission_roles` (
  `id` int(11) NOT NULL AUTO_INCREMENT,
  `name` varchar(255) DEFAULT NULL,
  `description` text,
  PRIMARY KEY (`id`),
  UNIQUE KEY `idx_name` (`name`)
) ENGINE=InnoDB AUTO_INCREMENT=9 DEFAULT CHARSET=utf8;

--
-- Dumping data for table `permission_roles`
--

INSERT INTO `permission_roles` VALUES (1,'traveltime_manager',NULL),(2,'traveltime_superuser',NULL),(7,'traveltime_payroll',NULL),(8,'traveltime_user_manager',NULL);

--
-- Table structure for table `permission_rules`
--

CREATE TABLE `permission_rules` (
  `id` int(11) NOT NULL AUTO_INCREMENT,
  `name` varchar(255) DEFAULT NULL,
  `role_id` int(11) NOT NULL,
  `resource_id` int(11) NOT NULL,
  `allowed` bit(1) DEFAULT b'1',
  PRIMARY KEY (`id`),
  KEY `idx_name` (`name`),
  KEY `fk_role_id` (`role_id`),
  KEY `fk_permission_resource_id` (`resource_id`),
  CONSTRAINT `permission_rules_ibfk_1` FOREIGN KEY (`role_id`) REFERENCES `permission_roles` (`id`) ON DELETE CASCADE,
  CONSTRAINT `permission_rules_ibfk_2` FOREIGN KEY (`resource_id`) REFERENCES `permission_resources` (`id`) ON DELETE CASCADE
) ENGINE=InnoDB AUTO_INCREMENT=52 DEFAULT CHARSET=utf8;

--
-- Dumping data for table `permission_rules`
--

INSERT INTO `permission_rules` VALUES (1,'view_managed',1,1,''),(2,'edit_managed',1,1,''),(3,'view_managed',1,2,''),(4,'view_all',2,1,''),(6,'view_all',2,2,''),(46,'view_all',7,2,''),(47,'edit_all',2,7,''),(49,'view_all',7,1,''),(50,'edit_all',2,1,''),(51,'edit_all',8,8,'');

--
-- Table structure for table `submissions`
--

CREATE TABLE `submissions` (
  `id` int(11) NOT NULL AUTO_INCREMENT,
  `form_id` int(11) NOT NULL,
  `load_date` datetime DEFAULT NULL,
  `filename` varchar(255) DEFAULT NULL,
  PRIMARY KEY (`id`),
  KEY `fk_form_id` (`form_id`),
  KEY `idx_filename` (`filename`),
  CONSTRAINT `submissions_ibfk_1` FOREIGN KEY (`form_id`) REFERENCES `forms` (`id`)
) ENGINE=InnoDB AUTO_INCREMENT=1515 DEFAULT CHARSET=utf8;

--
-- Dumping data for table `submissions`
--

INSERT INTO `submissions` VALUES (15,2,'2011-10-17 13:49:12','42470_tt_2011-10-17_08-05-25'),(16,2,'2011-10-17 13:49:12','46900_tt_2011-10-17_08-23-06'),(17,2,'2011-10-17 13:49:12','48149_tt_2011-10-17_07-01-34'),(18,2,'2011-10-17 13:49:12','48807_tt_2011-10-17_09-48-32'),(19,2,'2011-10-17 13:49:12','48808_tt_2011-10-17_07-59-31'),(20,2,'2011-10-17 13:49:12','49075_tt_2011-10-17_06-53-45'),(21,2,'2011-10-17 13:49:12','49824_tt_2011-10-17_07-53-19'),(22,2,'2011-10-17 13:49:12','50197_tt_2011-10-17_07-17-26'),(23,2,'2011-10-17 13:49:12','50212_tt_2011-10-17_07-27-41'),(24,2,'2011-10-17 13:49:12','50322_tt_2011-10-17_07-29-58'),(25,2,'2011-10-17 13:49:12','52115_tt_2011-10-17_07-05-17'),(26,2,'2011-10-17 13:49:12','52164_tt_2011-10-17_07-41-11'),(27,2,'2011-10-17 13:55:01','49093_tt_2011-10-17_13-13-55'),(28,2,'2011-10-17 15:25:01','47975_tt_2011-10-17_12-06-34'),(29,2,'2011-10-17 15:25:01','48562_tt_2011-10-17_12-01-52'),(30,2,'2011-10-18 07:05:01','47965_tt_2011-10-17_15-27-32'),(31,2,'2011-10-18 07:05:01','47965_tt_2011-10-18_06-57-44'),(32,2,'2011-10-18 07:25:00','52166_tt_2011-10-18_07-16-34'),(33,2,'2011-10-18 07:35:00','36141_tt_2011-10-17_10-34-33'),(34,2,'2011-10-18 07:35:00','52117_tt_2011-10-17_15-03-13'),(35,2,'2011-10-18 07:55:01','44390_tt_2011-10-18_07-22-27'),(36,2,'2011-10-18 08:45:01','49060_tt_2011-10-17_10-45-53'),(37,2,'2011-10-18 09:15:00','49996_tt_2011-10-18_09-04-30'),(38,2,'2011-10-18 11:55:01','49060_tt_2011-10-18_09-06-16'),(39,2,'2011-10-19 10:05:04','51462_tt_2011-10-19_09-54-01'),(40,2,'2011-10-20 09:55:01','47676_tt_2011-10-17_08-17-57'),(41,2,'2011-10-20 09:55:01','50061_tt_2011-10-17_08-20-10'),(42,2,'2011-10-20 09:55:01','54094_tt_2011-10-17_08-11-44'),(43,2,'2011-10-20 10:05:01','48441_tt_2011-10-17_07-21-38'),(44,2,'2011-10-20 10:05:01','50203_tt_2011-10-17_07-15-29'),(45,2,'2011-10-20 10:05:01','52116_tt_2011-10-17_07-09-15'),(46,2,'2011-10-21 09:15:01','47665_tt_2011-10-21_08-50-02'),(47,2,'2011-10-24 06:55:01','52117_tt_2011-10-24_06-46-56'),(48,2,'2011-10-24 07:15:01','43368_tt_2011-10-17_10-09-09'),(49,2,'2011-10-24 07:15:01','44390_tt_2011-10-24_07-16-10'),(50,2,'2011-10-24 07:25:01','48149_tt_2011-10-24_07-24-10'),(51,2,'2011-10-24 07:25:01','50225_tt_2011-10-24_07-01-40'),(52,2,'2011-10-24 07:35:00','50322_tt_2011-10-24_07-18-04'),(53,2,'2011-10-24 07:45:01','46636_tt_2011-10-24_07-23-40'),(54,2,'2011-10-24 07:45:01','47965_tt_2011-10-24_07-13-15'),(55,2,'2011-10-24 07:45:01','52166_tt_2011-10-24_07-15-08'),(56,2,'2011-10-24 07:55:01','47975_tt_2011-10-20_07-44-04'),(57,2,'2011-10-24 07:55:01','47975_tt_2011-10-24_07-35-17'),(58,2,'2011-10-24 08:15:04','48788_tt_2011-10-20_08-34-32'),(59,2,'2011-10-24 08:25:01','42470_tt_2011-10-24_07-35-00'),(60,2,'2011-10-24 08:35:03','48788_tt_2011-10-24_08-28-14'),(61,2,'2011-10-24 10:05:01','48808_tt_2011-10-24_09-37-10'),(62,2,'2011-10-24 10:05:01','52164_tt_2011-10-24_09-46-57'),(63,2,'2011-10-24 10:05:01','54044_tt_2011-10-24_09-56-33'),(64,2,'2011-10-24 11:25:01','54045_tt_2011-10-24_11-10-28'),(65,2,'2011-10-24 14:25:04','43689_tt_2011-10-24_12-13-20'),(66,2,'2011-10-24 14:45:00','48562_tt_2011-10-24_14-37-00'),(67,2,'2011-10-24 15:05:01','54094_tt_2011-10-24_14-02-51'),(68,2,'2011-10-24 16:15:01','47274_tt_2011-10-24_11-50-57'),(69,2,'2011-10-25 07:05:01','49996_tt_2011-10-24_17-24-03'),(70,2,'2011-10-25 07:25:03','47676_tt_2011-10-25_07-16-11'),(71,2,'2011-10-25 07:55:01','49075_tt_2011-10-25_07-26-19'),(72,2,'2011-10-25 07:55:01','51462_tt_2011-10-25_07-46-43'),(73,2,'2011-10-25 09:25:00','46897_tt_2011-10-25_09-17-55'),(74,2,'2011-10-26 07:55:01','36141_tt_2011-10-26_07-33-05'),(75,2,'2011-10-27 07:55:01','52683_tt_2011-10-27_07-24-29'),(76,2,'2011-10-27 07:55:01','52683_tt_2011-10-27_07-30-49'),(77,2,'2011-10-27 08:05:00','40980_tt_2011-10-27_07-51-23'),(78,2,'2011-10-27 08:25:03','39887_tt_2011-10-27_08-10-36'),(79,2,'2011-10-27 10:45:03','47274_tt_2011-10-27_10-40-41'),(80,2,'2011-10-27 11:45:01','46900_tt_2011-10-25_12-28-49'),(81,2,'2011-10-27 13:45:04','36141_tt_2011-10-24_15-26-48'),(82,2,'2011-10-27 14:45:01','52713_tt_2011-10-27_14-37-47'),(83,2,'2011-10-27 14:55:00','47676_tt_2011-10-27_14-54-24'),(84,2,'2011-10-27 15:05:01','49093_tt_2011-10-27_14-54-40'),(85,2,'2011-10-28 07:55:01','47665_tt_2011-10-28_07-40-31'),(86,2,'2011-10-29 07:05:01','52683_tt_2011-10-26_12-41-03'),(87,2,'2011-10-29 07:05:01','52683_tt_2011-10-26_12-50-35'),(88,2,'2011-10-29 15:35:04','36141_tt_2011-10-29_15-27-12'),(89,2,'2011-10-29 15:35:04','44390_tt_2011-10-29_15-23-26'),(90,2,'2011-10-31 06:55:01','50225_tt_2011-10-31_06-36-17'),(91,2,'2011-10-31 07:35:03','52164_tt_2011-10-31_07-00-58'),(92,2,'2011-10-31 07:55:03','50219_tt_2011-10-31_07-13-02'),(93,2,'2011-10-31 08:15:03','47975_tt_2011-10-31_07-30-40'),(94,2,'2011-10-31 08:15:04','48807_tt_2011-10-31_07-37-16'),(95,2,'2011-10-31 08:15:04','49742_tt_2011-10-31_07-24-01'),(96,2,'2011-10-31 08:25:04','48808_tt_2011-10-31_07-00-27'),(97,2,'2011-10-31 09:35:01','43689_tt_2011-10-31_09-04-36'),(98,2,'2011-10-31 09:45:01','42470_tt_2011-10-31_07-06-31'),(99,2,'2011-10-31 09:45:01','47274_tt_2011-10-31_07-13-16'),(100,2,'2011-10-31 10:35:01','48562_tt_2011-10-31_10-25-55'),(101,2,'2011-10-31 11:15:01','48565_tt_2011-10-31_11-01-15'),(102,2,'2011-10-31 11:15:01','54094_tt_2011-10-31_11-08-12'),(103,2,'2011-10-31 14:15:01','46636_tt_2011-10-31_14-04-27'),(104,2,'2011-10-31 14:25:01','47965_tt_2011-10-31_07-10-57'),(105,2,'2011-11-01 07:55:01','46900_tt_2011-11-01_07-39-12'),(106,2,'2011-11-01 08:05:03','49060_tt_2011-10-25_14-23-57'),(107,2,'2011-11-01 08:05:04','49060_tt_2011-11-01_07-35-49'),(108,2,'2011-11-01 08:15:01','49075_tt_2011-10-31_14-42-01'),(109,2,'2011-11-01 09:15:01','48441_tt_2011-10-24_07-11-40'),(110,2,'2011-11-01 10:05:01','48441_tt_2011-11-01_09-25-28'),(111,2,'2011-11-01 10:05:01','48441_tt_2011-11-01_09-27-00'),(112,2,'2011-11-03 11:45:01','50197_tt_2011-11-03_11-34-03'),(113,2,'2011-11-03 14:05:01','41309_tt_2011-11-03_13-51-13'),(114,2,'2011-11-04 12:35:04','52683_tt_2011-11-02_12-21-30'),(115,2,'2011-11-07 06:25:01','52117_tt_2011-11-07_06-11-15'),(116,2,'2011-11-07 06:45:01','50225_tt_2011-11-07_06-27-52'),(117,2,'2011-11-07 06:45:01','52683_tt_2011-11-05_14-27-10'),(118,2,'2011-11-07 07:15:01','52166_tt_2011-10-31_08-14-51'),(119,2,'2011-11-07 07:15:01','52166_tt_2011-11-05_06-32-03'),(120,2,'2011-11-07 07:15:01','52166_tt_2011-11-05_06-34-14'),(121,2,'2011-11-07 07:35:01','47965_tt_2011-11-07_06-59-11'),(122,2,'2011-11-07 07:35:01','48441_tt_2011-11-05_12-32-08'),(123,2,'2011-11-07 07:35:01','48562_tt_2011-11-07_07-24-48'),(124,2,'2011-11-07 07:35:01','52659_tt_2011-11-05_12-49-32'),(125,2,'2011-11-07 07:35:01','52659_tt_2011-11-05_12-56-55'),(126,2,'2011-11-07 07:35:01','52659_tt_2011-11-05_13-06-20'),(127,2,'2011-11-07 07:35:01','52659_tt_2011-11-05_13-12-52'),(128,2,'2011-11-07 07:35:01','52659_tt_2011-11-05_13-18-03'),(129,2,'2011-11-07 07:45:01','40980_tt_2011-11-07_07-17-13'),(130,2,'2011-11-07 07:55:01','41309_tt_2011-11-07_07-35-23'),(131,2,'2011-11-07 07:55:01','48808_tt_2011-11-07_07-35-55'),(132,2,'2011-11-07 07:55:01','52164_tt_2011-11-07_07-33-09'),(134,2,'2011-11-07 09:25:03','48788_tt_2011-11-07_09-13-24'),(135,2,'2011-11-07 10:05:00','47274_tt_2011-11-07_09-58-06'),(136,2,'2011-11-07 10:25:03','42470_tt_2011-11-07_10-03-03'),(137,2,'2011-11-07 12:55:01','47962_tt_2011-11-07_09-38-51'),(138,2,'2011-11-07 13:15:00','44390_tt_2011-11-07_13-05-31'),(139,2,'2011-11-07 13:55:04','47975_tt_2011-11-07_13-01-55'),(140,2,'2011-11-07 14:55:01','43689_tt_2011-11-07_09-56-13'),(141,2,'2011-11-07 14:55:01','43689_tt_2011-11-07_10-00-37'),(142,2,'2011-11-07 15:05:03','49088_tt_2011-11-07_13-15-50'),(143,2,'2011-11-07 15:15:00','49075_tt_2011-11-07_14-54-32'),(144,2,'2011-11-08 07:05:00','54045_tt_2011-11-07_07-59-56'),(145,2,'2011-11-08 11:25:04','49060_tt_2011-11-07_08-13-24'),(146,2,'2011-11-09 06:45:04','49996_tt_2011-10-31_08-50-36'),(147,2,'2011-11-10 09:55:04','46636_tt_2011-11-10_09-42-36'),(148,2,'2011-11-10 10:45:01','48807_tt_2011-11-07_07-08-31'),(149,2,'2011-11-12 12:35:04','48562_tt_2011-11-12_12-05-00'),(150,2,'2011-11-14 08:05:04','47965_tt_2011-11-14_07-21-48'),(151,2,'2011-11-14 08:15:01','42470_tt_2011-11-14_07-22-44'),(152,2,'2011-11-14 08:15:01','43242_tt_2011-11-14_07-30-19'),(153,2,'2011-11-14 08:15:01','46636_tt_2011-11-14_07-15-32'),(154,2,'2011-11-14 08:15:01','48441_tt_2011-11-12_13-00-59'),(155,2,'2011-11-14 08:15:01','50197_tt_2011-11-14_07-31-56'),(156,2,'2011-11-14 08:15:01','52659_tt_2011-11-12_13-09-44'),(157,2,'2011-11-14 08:25:01','54045_tt_2011-10-31_09-08-26'),(158,2,'2011-11-14 09:05:01','50219_tt_2011-11-14_07-28-24'),(159,2,'2011-11-14 09:15:01','47975_tt_2011-11-14_09-04-26'),(160,2,'2011-11-14 09:15:01','49742_tt_2011-11-14_09-01-38'),(161,2,'2011-11-14 10:15:01','44390_tt_2011-11-14_09-40-38'),(162,2,'2011-11-14 10:35:00','48807_tt_2011-11-14_08-28-58'),(163,2,'2011-11-14 11:35:01','46900_tt_2011-11-07_12-09-29'),(164,2,'2011-11-14 11:35:01','46900_tt_2011-11-14_07-36-17'),(165,2,'2011-11-14 15:55:01','47676_tt_2011-11-14_15-40-33'),(166,2,'2011-11-15 07:25:01','48565_tt_2011-11-15_07-08-29'),(167,2,'2011-11-15 07:25:01','54094_tt_2011-11-14_11-41-38'),(168,2,'2011-11-15 07:35:01','52166_tt_2011-11-14_06-00-51'),(169,2,'2011-11-15 08:05:04','50322_tt_2011-11-14_07-20-19'),(170,2,'2011-11-15 08:15:00','52164_tt_2011-11-14_07-26-22'),(171,2,'2011-11-16 15:05:01','43368_tt_2011-10-24_07-49-12'),(172,2,'2011-11-16 15:05:01','43368_tt_2011-11-14_07-45-25'),(173,2,'2011-11-17 06:45:01','52713_tt_2011-11-07_07-34-23'),(174,2,'2011-11-17 08:05:01','47274_tt_2011-11-17_07-08-15'),(175,2,'2011-11-17 13:45:01','47665_tt_2011-11-17_07-34-52'),(176,2,'2011-11-18 14:25:01','48788_tt_2011-11-18_11-50-00'),(177,2,'2011-11-18 14:35:01','49060_tt_2011-11-18_14-18-10'),(178,2,'2011-11-18 15:35:01','49093_tt_2011-11-16_09-41-29'),(179,2,'2011-11-21 07:05:04','50225_tt_2011-11-21_06-55-41'),(180,2,'2011-11-21 07:05:04','52164_tt_2011-11-21_07-00-35'),(181,2,'2011-11-21 07:15:04','52166_tt_2011-11-21_06-06-43'),(182,2,'2011-11-21 07:25:01','54045_tt_2011-11-21_07-09-49'),(183,2,'2011-11-21 07:35:01','41309_tt_2011-11-21_07-21-45'),(185,2,'2011-11-21 07:45:00','47965_tt_2011-11-21_07-17-23'),(186,2,'2011-11-21 07:55:01','48807_tt_2011-11-21_07-36-38'),(187,2,'2011-11-21 07:55:01','49088_tt_2011-11-21_07-14-01'),(188,2,'2011-11-21 08:55:01','50197_tt_2011-11-21_08-33-47'),(189,2,'2011-11-21 09:15:01','36141_tt_2011-11-21_08-11-16'),(190,2,'2011-11-21 09:15:01','43689_tt_2011-11-21_08-08-48'),(191,2,'2011-11-21 09:25:01','42470_tt_2011-11-21_08-40-36'),(192,2,'2011-11-21 09:45:01','44390_tt_2011-11-21_09-33-20'),(193,2,'2011-11-21 11:05:01','48441_tt_2011-11-21_07-23-13'),(194,2,'2011-11-21 11:05:01','52659_tt_2011-11-19_13-40-05'),(195,2,'2011-11-21 13:55:01','50219_tt_2011-11-21_13-14-12'),(196,2,'2011-11-21 17:45:04','47975_tt_2011-11-21_16-21-35'),(197,2,'2011-11-22 10:15:04','48565_tt_2011-11-21_09-41-39'),(198,2,'2011-11-23 07:25:01','46900_tt_2011-11-21_07-37-50'),(199,2,'2011-11-24 12:25:01','49060_tt_2011-11-24_12-10-09'),(200,2,'2011-11-24 15:05:01','46636_tt_2011-11-21_08-32-34'),(201,2,'2011-11-24 15:05:01','47665_tt_2011-11-21_08-25-47'),(202,2,'2011-11-28 07:05:01','47676_tt_2011-11-28_07-03-05'),(203,2,'2011-11-28 07:25:01','41620_tt_2011-11-28_07-11-56'),(204,2,'2011-11-28 07:25:01','42470_tt_2011-11-28_07-05-22'),(205,2,'2011-11-28 07:25:01','47274_tt_2011-11-26_14-11-50'),(206,2,'2011-11-28 07:25:01','51410_tt_2011-11-26_14-21-04'),(207,2,'2011-11-28 07:25:01','52166_tt_2011-11-28_07-14-45'),(208,2,'2011-11-28 07:35:01','48808_tt_2011-11-28_07-03-33'),(209,2,'2011-11-28 07:35:01','50219_tt_2011-11-28_07-09-31'),(210,2,'2011-11-28 07:55:00','52113_tt_2011-11-28_07-12-42'),(211,2,'2011-11-28 07:55:00','52117_tt_2011-11-28_06-28-34'),(212,2,'2011-11-28 08:05:01','40980_tt_2011-11-28_07-34-43'),(213,2,'2011-11-28 08:05:01','46900_tt_2011-11-28_07-38-30'),(214,2,'2011-11-28 08:05:01','50322_tt_2011-11-28_07-05-45'),(215,2,'2011-11-28 08:25:01','47965_tt_2011-11-28_07-22-17'),(216,2,'2011-11-28 08:45:01','49824_tt_2011-11-28_08-35-37'),(217,2,'2011-11-28 09:05:01','48441_tt_2011-11-26_10-29-50'),(218,2,'2011-11-28 09:25:01','43242_tt_2011-11-28_09-07-00'),(219,2,'2011-11-28 10:05:01','49996_tt_2011-11-28_09-28-02'),(220,2,'2011-11-28 10:05:01','49996_tt_2011-11-28_09-39-42'),(221,2,'2011-11-28 10:15:00','48807_tt_2011-11-28_07-23-31'),(222,2,'2011-11-28 10:25:00','47975_tt_2011-11-28_07-19-01'),(223,2,'2011-11-28 10:25:00','49742_tt_2011-11-28_07-10-12'),(224,2,'2011-11-28 11:05:01','47665_tt_2011-11-28_08-17-04'),(225,2,'2011-11-28 11:05:01','49060_tt_2011-11-28_08-19-36'),(226,2,'2011-11-28 15:05:01','43689_tt_2011-11-28_13-37-05'),(227,2,'2011-11-28 15:05:01','54045_tt_2011-11-28_14-54-46'),(228,2,'2011-11-28 15:15:01','46636_tt_2011-11-28_15-01-19'),(229,2,'2011-11-28 15:45:01','48149_tt_2011-11-28_07-40-52'),(230,2,'2011-11-28 15:45:01','54094_tt_2011-11-28_07-46-29'),(231,2,'2011-11-29 07:45:01','52659_tt_2011-11-28_14-46-00'),(232,2,'2011-11-29 10:45:01','43368_tt_2011-11-18_14-17-17'),(233,2,'2011-11-29 10:45:01','43368_tt_2011-11-21_07-23-14'),(234,2,'2011-11-29 10:45:01','43368_tt_2011-11-26_14-07-47'),(235,2,'2011-11-29 10:45:01','43368_tt_2011-11-28_07-48-15'),(236,2,'2011-11-29 11:35:01','47962_tt_2011-11-29_08-26-08'),(237,2,'2011-11-30 07:25:01','52115_tt_2011-11-30_07-10-52'),(238,2,'2011-12-03 05:05:04','52659_tt_2011-12-02_14-35-28'),(240,2,'2011-12-05 12:28:37','46636_tt_2011-12-05_07-22-31'),(242,2,'2011-12-05 12:28:37','50322_tt_2011-12-05_07-27-47'),(243,2,'2011-12-07 19:31:08','46756_tt_2011-12-05_07-50-41'),(245,2,'2011-12-07 19:31:08','47975_tt_2011-12-05_12-43-51'),(246,2,'2011-12-07 19:31:08','48213_tt_2011-12-06_12-52-38'),(247,2,'2011-12-07 19:31:08','48213_tt_2011-12-06_13-18-49'),(248,2,'2011-12-07 19:31:08','48213_tt_2011-12-06_13-20-59'),(249,2,'2011-12-07 19:31:08','48213_tt_2011-12-06_13-24-06'),(250,2,'2011-12-07 19:31:08','48788_tt_2011-12-05_13-54-14'),(251,2,'2011-12-07 19:31:08','48788_tt_2011-12-07_13-41-33'),(252,2,'2011-12-07 19:31:08','52115_tt_2011-12-05_08-28-32'),(253,2,'2011-12-07 19:31:08','54045_tt_2011-12-06_07-10-26'),(254,2,'2011-12-09 18:16:06','43110_tt_2011-12-08_12-44-18'),(255,2,'2011-12-09 18:16:06','46352_tt_2011-12-06_09-21-49'),(256,2,'2011-12-09 18:16:06','46352_tt_2011-12-06_11-09-36'),(258,2,'2011-12-09 18:16:06','50212_tt_2011-12-07_13-30-34'),(259,2,'2011-12-09 18:16:06','52112_tt_2011-10-17_07-51-45'),(260,2,'2011-12-14 08:32:05','34841_tt_2011-12-13_09-02-57'),(261,2,'2011-12-14 08:32:05','38815_tt_2011-12-12_07-29-32'),(262,2,'2011-12-14 08:32:05','39163_tt_2011-12-12_07-38-53'),(263,2,'2011-12-14 08:32:05','40072_tt_2011-12-10_07-17-08'),(264,2,'2011-12-14 08:32:05','40980_tt_2011-12-13_14-41-23'),(265,2,'2011-12-14 08:32:05','41309_tt_2011-12-12_07-20-55'),(266,2,'2011-12-14 08:32:05','41620_tt_2011-12-12_07-46-29'),(267,2,'2011-12-14 08:32:05','42470_tt_2011-12-12_07-23-50'),(268,2,'2011-12-14 08:32:05','42500_tt_2011-12-12_08-07-37'),(269,2,'2011-12-14 08:32:05','42932_tt_2011-12-12_07-34-10'),(270,2,'2011-12-14 08:32:05','42952_tt_2011-12-12_06-42-24'),(271,2,'2011-12-14 08:32:05','42952_tt_2011-12-12_06-50-20'),(272,2,'2011-12-14 08:32:05','42952_tt_2011-12-12_06-52-35'),(273,2,'2011-12-14 08:32:05','43295_tt_2011-12-12_07-26-52'),(274,2,'2011-12-14 08:32:05','43295_tt_2011-12-12_07-29-01'),(275,2,'2011-12-14 08:32:05','43368_tt_2011-12-12_09-11-55'),(276,2,'2011-12-14 08:32:05','44663_tt_2011-12-12_07-23-35'),(277,2,'2011-12-14 08:32:05','44723_tt_2011-12-12_07-49-26'),(278,2,'2011-12-14 08:32:05','46462_tt_2011-12-12_07-45-36'),(279,2,'2011-12-14 08:32:05','46900_tt_2011-12-12_07-37-54'),(280,2,'2011-12-14 08:32:05','47274_tt_2011-12-10_14-18-58'),(281,2,'2011-12-14 08:32:05','47576_tt_2011-12-10_07-58-41'),(282,2,'2011-12-14 08:32:05','47701_tt_2011-12-12_07-08-16'),(283,2,'2011-12-14 08:32:05','47780_tt_2011-12-12_07-20-59'),(284,2,'2011-12-14 08:32:05','47780_tt_2011-12-12_07-23-46'),(285,2,'2011-12-14 08:32:05','47965_tt_2011-12-13_14-22-10'),(286,2,'2011-12-14 08:32:05','48149_tt_2011-12-12_07-18-39'),(288,2,'2011-12-14 08:32:05','48417_tt_2011-12-12_07-34-32'),(289,2,'2011-12-14 08:32:05','48441_tt_2011-12-12_07-15-31'),(290,2,'2011-12-14 08:32:05','48562_tt_2011-12-12_07-14-08'),(291,2,'2011-12-14 08:32:05','48808_tt_2011-12-12_06-27-21'),(292,2,'2011-12-14 08:32:05','49060_tt_2011-12-12_10-47-00'),(293,2,'2011-12-14 08:32:05','49075_tt_2011-12-13_12-45-11'),(294,2,'2011-12-14 08:32:05','49088_tt_2011-12-12_07-47-16'),(295,2,'2011-12-14 08:32:05','49331_tt_2011-12-10_07-39-43'),(296,2,'2011-12-14 08:32:05','49747_tt_2011-12-12_20-23-10'),(297,2,'2011-12-14 08:32:05','49747_tt_2011-12-12_20-24-53'),(298,2,'2011-12-14 08:32:05','49747_tt_2011-12-12_20-26-42'),(299,2,'2011-12-14 08:32:05','49747_tt_2011-12-12_20-28-14'),(300,2,'2011-12-14 08:32:05','49747_tt_2011-12-12_20-29-37'),(301,2,'2011-12-14 08:32:05','49747_tt_2011-12-12_20-31-00'),(302,2,'2011-12-14 08:32:05','49747_tt_2011-12-12_20-32-15'),(303,2,'2011-12-14 08:32:05','49996_tt_2011-12-12_10-54-17'),(304,2,'2011-12-14 08:32:05','50219_tt_2011-12-12_07-24-15'),(305,2,'2011-12-14 08:32:05','50225_tt_2011-12-13_13-15-01'),(306,2,'2011-12-14 08:32:05','50281_tt_2011-12-12_07-31-29'),(307,2,'2011-12-14 08:32:05','50281_tt_2011-12-12_07-34-52'),(308,2,'2011-12-14 08:32:05','50322_tt_2011-12-12_07-54-05'),(309,2,'2011-12-14 08:32:05','51365_tt_2011-12-12_07-14-30'),(310,2,'2011-12-14 08:32:05','51375_tt_2011-12-12_07-17-33'),(311,2,'2011-12-14 08:32:05','51410_tt_2011-12-10_14-23-58'),(312,2,'2011-12-14 08:32:05','51410_tt_2011-12-10_14-27-36'),(313,2,'2011-12-14 08:32:05','51474_tt_2011-12-13_14-13-33'),(314,2,'2011-12-14 08:32:05','52113_tt_2011-12-12_08-01-15'),(315,2,'2011-12-14 08:32:05','52117_tt_2011-12-10_14-01-12'),(316,2,'2011-12-14 08:32:05','52169_tt_2011-12-10_07-22-11'),(317,2,'2011-12-14 08:32:05','52617_tt_2011-12-12_12-58-15'),(318,2,'2011-12-14 08:32:05','52617_tt_2011-12-12_13-01-38'),(319,2,'2011-12-14 08:32:05','52617_tt_2011-12-12_13-02-41'),(320,2,'2011-12-14 08:32:05','52617_tt_2011-12-12_13-04-23'),(321,2,'2011-12-14 08:32:05','52659_tt_2011-12-10_06-44-20'),(322,2,'2011-12-14 08:32:05','54045_tt_2011-12-09_07-08-37'),(323,2,'2011-12-14 08:32:05','54045_tt_2011-12-12_09-16-56'),(324,2,'2011-12-14 08:32:05','54094_tt_2011-12-12_07-22-17'),(325,2,'2011-12-15 09:36:52','41620_tt_2011-11-21_07-37-15'),(326,2,'2011-12-15 09:36:52','44390_tt_2011-12-14_13-27-29'),(327,2,'2011-12-19 16:49:11','40980_tt_2011-12-19_15-18-23'),(328,2,'2011-12-19 16:49:11','42470_tt_2011-12-19_07-05-28'),(329,2,'2011-12-19 16:49:11','43295_tt_2011-12-17_13-57-31'),(330,2,'2011-12-19 16:49:11','43368_tt_2011-12-19_07-52-03'),(331,2,'2011-12-19 16:49:11','43368_tt_2011-12-19_14-43-40'),(332,2,'2011-12-19 16:49:11','44390_tt_2011-12-19_14-06-33'),(333,2,'2011-12-19 16:49:11','47274_tt_2011-12-19_07-28-20'),(334,2,'2011-12-19 16:49:11','47575_tt_2011-12-17_07-45-29'),(335,2,'2011-12-19 16:49:11','47665_tt_2011-12-19_09-18-12'),(336,2,'2011-12-19 16:49:11','47676_tt_2011-12-19_11-44-27'),(337,2,'2011-12-19 16:49:11','47780_tt_2011-12-19_15-15-37'),(338,2,'2011-12-19 16:49:11','47780_tt_2011-12-19_15-18-25'),(339,2,'2011-12-19 16:49:11','47780_tt_2011-12-19_15-20-29'),(340,2,'2011-12-19 16:49:11','47780_tt_2011-12-19_15-21-22'),(341,2,'2011-12-19 16:49:11','47802_tt_2011-12-19_16-18-15'),(342,2,'2011-12-19 16:49:11','48186_tt_2011-12-14_15-17-05'),(343,2,'2011-12-19 16:49:11','48505_tt_2011-12-17_12-34-48'),(344,2,'2011-12-19 16:49:11','48505_tt_2011-12-19_09-33-39'),(345,2,'2011-12-19 16:49:11','48505_tt_2011-12-19_09-40-25'),(346,2,'2011-12-19 16:49:11','48624_tt_2011-12-19_07-12-40'),(347,2,'2011-12-19 16:49:11','49175_tt_2011-12-17_08-41-18'),(348,2,'2011-12-19 16:49:11','49175_tt_2011-12-17_08-43-12'),(349,2,'2011-12-19 16:49:11','49175_tt_2011-12-17_08-45-41'),(350,2,'2011-12-19 16:49:11','49331_tt_2011-12-17_07-47-29'),(351,2,'2011-12-19 16:49:11','50219_tt_2011-12-19_09-10-59'),(352,2,'2011-12-19 16:49:11','50225_tt_2011-12-19_13-11-56'),(353,2,'2011-12-19 16:49:11','50672_tt_2011-12-17_14-53-49'),(354,2,'2011-12-19 16:49:11','51355_tt_2011-12-19_07-12-53'),(355,2,'2011-12-19 16:49:11','51356_tt_2011-12-19_07-09-25'),(356,2,'2011-12-19 16:49:11','51365_tt_2011-12-19_07-18-21'),(357,2,'2011-12-19 16:49:11','51410_tt_2011-12-19_09-13-45'),(358,2,'2011-12-19 16:49:11','52164_tt_2011-11-28_06-52-24'),(359,2,'2011-12-19 16:49:11','52164_tt_2011-12-12_07-21-45'),(360,2,'2011-12-19 16:49:11','52164_tt_2011-12-19_07-33-17'),(361,2,'2011-12-19 16:49:11','52166_tt_2011-12-19_13-06-32'),(362,2,'2011-12-19 16:49:11','52633_tt_2011-12-17_08-43-10'),(363,2,'2011-12-19 16:49:11','52633_tt_2011-12-17_08-45-02'),(364,2,'2011-12-19 16:49:11','53129_tt_2011-12-17_13-22-57'),(365,2,'2011-12-20 07:37:30','48565_tt_2011-12-09_09-45-06'),(366,2,'2011-12-20 07:37:30','49996_tt_2011-12-19_06-55-54'),(367,2,'2011-12-20 07:37:30','50221_tt_2011-12-17_07-45-09'),(368,2,'2011-12-20 07:37:30','52115_tt_2011-12-20_06-57-50'),(369,2,'2011-12-20 07:37:30','52169_tt_2011-12-17_07-34-20'),(370,2,'2011-12-20 07:47:30','48808_tt_2011-12-19_08-26-04'),(371,2,'2011-12-20 07:47:30','49075_tt_2011-12-19_07-28-21'),(372,2,'2011-12-20 09:57:30','46900_tt_2011-12-20_08-04-24'),(373,2,'2011-12-20 10:07:30','50322_tt_2011-12-19_07-14-33'),(374,2,'2011-12-20 10:37:30','48149_tt_2011-12-19_08-22-39'),(375,2,'2011-12-20 10:37:30','54094_tt_2011-12-19_08-16-04'),(376,2,'2011-12-20 12:57:30','49060_tt_2011-12-20_07-48-28'),(377,2,'2011-12-20 13:47:30','43368_tt_2011-12-19_15-04-42'),(378,2,'2011-12-21 07:17:30','41309_tt_2011-12-21_07-12-20'),(379,2,'2011-12-21 07:17:30','51458_tt_2011-12-20_07-22-48'),(380,2,'2011-12-21 14:37:30','48788_tt_2011-12-16_13-33-16'),(381,2,'2011-12-21 14:37:30','48788_tt_2011-12-19_07-47-24'),(382,2,'2011-12-21 15:17:30','40313_tt_2011-12-19_06-55-48'),(383,2,'2011-12-21 15:17:30','48198_tt_2011-12-19_07-04-56'),(384,2,'2011-12-21 15:17:30','50281_tt_2011-12-19_07-13-34'),(385,2,'2011-12-22 07:17:30','52593_tt_2011-12-22_07-00-51'),(386,2,'2011-12-22 07:17:30','52593_tt_2011-12-22_07-03-43'),(387,2,'2011-12-22 08:47:30','39580_tt_2011-12-05_07-13-49'),(388,2,'2011-12-22 08:47:30','48441_tt_2011-12-17_09-30-05'),(389,2,'2011-12-22 08:47:30','52659_tt_2011-12-17_12-25-39'),(390,2,'2011-12-22 12:37:30','40632_tt_2011-12-12_08-53-01'),(391,2,'2011-12-22 12:37:30','40632_tt_2011-12-12_09-03-14'),(392,2,'2011-12-22 12:37:30','40632_tt_2011-12-17_06-03-54'),(393,2,'2011-12-22 14:27:30','47676_tt_2011-12-22_14-16-40'),(394,2,'2011-12-22 14:37:30','48788_tt_2011-12-22_14-26-39'),(395,2,'2011-12-23 07:57:30','50672_tt_2011-12-21_07-43-50'),(396,2,'2011-12-28 06:47:30','40632_tt_2011-12-24_13-27-45'),(397,2,'2011-12-28 07:17:30','47933_tt_2011-12-28_06-58-48'),(398,2,'2011-12-28 07:37:30','52593_tt_2011-12-28_07-13-04'),(399,2,'2011-12-28 16:17:30','29771_tt_2011-12-12_07-46-15'),(400,2,'2011-12-28 16:17:30','29771_tt_2011-12-19_07-07-25'),(401,2,'2011-12-30 12:07:30','42952_tt_2011-12-10_15-47-01'),(402,2,'2012-01-03 07:47:30','40257_tt_2011-12-12_13-17-57'),(403,2,'2012-01-03 07:47:30','42932_tt_2011-12-19_07-39-15'),(404,2,'2012-01-03 07:47:30','42932_tt_2011-12-19_07-42-40'),(405,2,'2012-01-04 14:57:30','42200_tt_2011-12-19_07-48-54'),(406,2,'2012-01-05 06:57:30','47144_tt_2011-12-17_12-53-18'),(407,2,'2012-01-05 07:47:30','51458_tt_2011-12-05_09-20-25'),(408,2,'2012-01-05 07:47:30','51458_tt_2011-12-05_09-23-53'),(409,2,'2012-01-05 07:47:30','51458_tt_2011-12-05_09-27-52'),(410,2,'2012-01-05 09:07:30','52115_tt_2011-12-12_08-08-22'),(411,2,'2012-01-06 15:37:30','53129_tt_2012-01-05_21-08-46'),(412,2,'2012-01-07 07:57:30','50221_tt_2012-01-07_07-35-27'),(413,2,'2012-01-07 07:57:30','50672_tt_2012-01-07_07-43-11'),(414,2,'2012-01-07 08:07:30','47576_tt_2012-01-07_07-56-18'),(415,2,'2012-01-07 08:27:30','47575_tt_2012-01-07_08-23-34'),(416,2,'2012-01-09 06:37:30','47792_tt_2012-01-09_06-21-14'),(417,2,'2012-01-09 06:37:30','48186_tt_2012-01-05_00-34-43'),(418,2,'2012-01-09 07:07:30','41309_tt_2012-01-09_06-53-27'),(419,2,'2012-01-09 07:17:30','46636_tt_2012-01-09_07-06-03'),(420,2,'2012-01-09 07:17:30','47701_tt_2011-12-17_14-04-19'),(421,2,'2012-01-09 07:17:30','52633_tt_2012-01-09_07-01-39'),(422,2,'2012-01-09 07:27:30','52593_tt_2012-01-09_07-10-32'),(423,2,'2012-01-09 07:27:30','52593_tt_2012-01-09_07-14-53'),(424,2,'2012-01-09 07:37:30','47676_tt_2012-01-09_07-08-23'),(425,2,'2012-01-09 07:37:30','48562_tt_2012-01-09_07-21-41'),(426,2,'2012-01-09 07:37:30','49119_tt_2012-01-09_07-26-55'),(427,2,'2012-01-09 08:17:30','47144_tt_2012-01-07_07-18-43'),(428,2,'2012-01-09 08:37:30','48807_tt_2012-01-09_08-24-05'),(429,2,'2012-01-09 08:37:30','49060_tt_2012-01-09_07-31-47'),(431,2,'2012-01-09 14:17:30','49742_tt_2012-01-09_08-07-04'),(432,2,'2012-01-09 15:27:30','52629_tt_2012-01-09_13-06-46'),(433,2,'2012-01-09 15:47:30','40980_tt_2012-01-09_12-51-20'),(434,2,'2012-01-09 15:47:30','44390_tt_2012-01-09_12-54-37'),(435,2,'2012-01-09 15:47:30','50225_tt_2012-01-09_12-45-28'),(436,2,'2012-01-09 15:47:30','54045_tt_2012-01-09_13-06-27'),(437,2,'2012-01-09 15:47:30','54081_tt_2012-01-09_13-12-44'),(438,2,'2012-01-10 06:47:30','52115_tt_2012-01-10_06-40-41'),(439,2,'2012-01-10 06:57:30','47933_tt_2012-01-09_07-45-47'),(440,2,'2012-01-10 11:17:30','47274_tt_2012-01-10_11-04-26'),(441,2,'2012-01-10 15:07:30','49743_tt_2012-01-10_10-50-58'),(442,2,'2012-01-11 07:07:30','47665_tt_2012-01-10_15-16-27'),(443,2,'2012-01-11 07:17:30','52164_tt_2012-01-09_09-52-36'),(444,2,'2012-01-12 06:37:30','55629_tt_2012-01-11_15-13-32'),(445,2,'2012-01-12 07:17:30','48808_tt_2012-01-12_06-53-07'),(446,2,'2012-01-12 14:37:30','44727_tt_2012-01-12_07-46-30'),(447,2,'2012-01-12 14:37:30','46047_tt_2012-01-11_15-19-26'),(448,2,'2012-01-12 14:57:30','55627_tt_2012-01-12_06-55-06'),(449,2,'2012-01-12 15:27:30','55632_tt_2012-01-12_08-02-47'),(450,2,'2012-01-12 15:27:30','55672_tt_2012-01-12_08-08-09'),(451,2,'2012-01-13 07:07:30','48560_tt_2011-12-17_12-30-22'),(452,2,'2012-01-13 07:07:30','48560_tt_2012-01-05_18-23-55'),(453,2,'2012-01-13 07:37:30','29771_tt_2012-01-09_07-05-34'),(454,2,'2012-01-13 07:57:30','50672_tt_2012-01-10_11-03-20'),(455,2,'2012-01-13 10:27:30','55463_tt_2012-01-05_12-51-32'),(456,2,'2012-01-14 07:07:30','49747_tt_2012-01-12_19-49-15'),(457,2,'2012-01-14 07:07:30','49747_tt_2012-01-12_19-50-44'),(458,2,'2012-01-14 07:07:30','49747_tt_2012-01-12_19-53-27'),(459,2,'2012-01-14 07:07:30','49747_tt_2012-01-12_19-55-28'),(460,2,'2012-01-14 07:07:30','49747_tt_2012-01-12_19-57-34'),(461,2,'2012-01-14 07:07:30','49747_tt_2012-01-12_19-59-15'),(462,2,'2012-01-14 07:57:30','50672_tt_2012-01-14_07-38-45'),(463,2,'2012-01-14 08:07:30','49331_tt_2012-01-14_07-48-02'),(464,2,'2012-01-14 12:27:30','50672_tt_2012-01-14_10-56-46'),(465,2,'2012-01-14 13:07:30','48441_tt_2012-01-14_09-38-12'),(466,2,'2012-01-14 13:07:30','55463_tt_2012-01-14_08-48-08'),(467,2,'2012-01-14 14:27:30','47311_tt_2012-01-14_12-22-36'),(468,2,'2012-01-14 14:47:30','48664_tt_2012-01-14_14-25-38'),(469,2,'2012-01-14 14:47:30','50676_tt_2012-01-14_14-27-09'),(470,2,'2012-01-14 14:47:30','51469_tt_2012-01-14_14-36-47'),(471,2,'2012-01-14 15:07:30','29771_tt_2012-01-14_14-46-11'),(472,2,'2012-01-14 15:27:30','41309_tt_2012-01-14_15-19-39'),(473,2,'2012-01-14 15:47:30','48357_tt_2012-01-14_15-42-12'),(474,2,'2012-01-16 07:07:30','42952_tt_2011-12-17_06-41-58'),(475,2,'2012-01-16 07:07:30','48213_tt_2012-01-16_06-54-10'),(476,2,'2012-01-16 07:17:30','40313_tt_2012-01-16_07-03-12'),(477,2,'2012-01-16 07:17:30','48562_tt_2012-01-16_07-09-27'),(478,2,'2012-01-16 07:27:30','47158_tt_2012-01-16_07-21-38'),(479,2,'2012-01-16 07:27:30','47665_tt_2012-01-16_07-14-06'),(480,2,'2012-01-16 07:27:30','53057_tt_2012-01-16_07-01-48'),(481,2,'2012-01-16 07:37:30','44389_tt_2012-01-16_07-16-02'),(482,2,'2012-01-16 07:37:30','44389_tt_2012-01-16_07-20-13'),(483,2,'2012-01-16 07:37:30','44727_tt_2012-01-12_15-18-04'),(484,2,'2012-01-16 07:37:30','46047_tt_2012-01-12_15-14-45'),(485,2,'2012-01-16 07:37:30','47158_tt_2012-01-16_07-23-18'),(486,2,'2012-01-16 07:47:30','47713_tt_2012-01-16_07-43-21'),(487,2,'2012-01-16 07:47:30','52166_tt_2012-01-16_07-24-46'),(488,2,'2012-01-16 07:57:30','51414_tt_2012-01-14_14-34-02'),(489,2,'2012-01-16 08:07:30','42200_tt_2012-01-16_07-40-12'),(490,2,'2012-01-16 08:07:30','42470_tt_2012-01-16_07-16-14'),(491,2,'2012-01-16 08:07:30','43110_tt_2012-01-16_07-10-47'),(492,2,'2012-01-16 08:07:30','47274_tt_2012-01-16_07-19-06'),(493,2,'2012-01-16 08:17:30','40445_tt_2012-01-16_08-01-13'),(494,2,'2012-01-16 08:17:30','47280_tt_2012-01-16_07-54-09'),(495,2,'2012-01-16 08:17:30','47280_tt_2012-01-16_07-56-29'),(496,2,'2012-01-16 08:17:30','49745_tt_2012-01-16_07-46-17'),(497,2,'2012-01-16 08:27:30','40547_tt_2012-01-16_07-58-35'),(498,2,'2012-01-16 08:27:30','44744_tt_2012-01-16_07-21-54'),(499,2,'2012-01-16 08:27:30','47713_tt_2012-01-16_08-11-14'),(500,2,'2012-01-16 08:27:30','53950_tt_2012-01-16_07-54-11'),(501,2,'2012-01-16 08:27:30','53961_tt_2012-01-16_07-50-52'),(502,2,'2012-01-16 08:37:30','48189_tt_2012-01-16_08-04-38'),(503,2,'2012-01-16 08:37:30','48216_tt_2012-01-16_08-08-56'),(504,2,'2012-01-16 08:37:30','48807_tt_2012-01-16_07-49-23'),(505,2,'2012-01-16 08:37:30','51367_tt_2012-01-16_08-15-51'),(506,2,'2012-01-16 08:57:30','37569_tt_2012-01-16_08-28-15'),(507,2,'2012-01-16 10:47:30','41737_tt_2012-01-16_10-43-08'),(508,2,'2012-01-16 10:47:30','47560_tt_2012-01-16_10-35-22'),(509,2,'2012-01-16 10:47:30','52700_tt_2012-01-16_10-26-31'),(510,2,'2012-01-16 11:07:30','52683_tt_2012-01-16_10-58-46'),(511,2,'2012-01-16 11:17:30','52112_tt_2012-01-09_07-37-42'),(512,2,'2012-01-16 11:17:30','52112_tt_2012-01-16_07-20-21'),(513,2,'2012-01-16 11:27:30','52164_tt_2012-01-16_07-51-48'),(514,2,'2012-01-16 11:47:30','44389_tt_2012-01-16_09-03-59'),(515,2,'2012-01-16 11:47:30','44389_tt_2012-01-16_09-07-01'),(516,2,'2012-01-16 11:47:30','49079_tt_2012-01-16_09-32-52'),(517,2,'2012-01-16 11:47:30','49079_tt_2012-01-16_09-37-32'),(518,2,'2012-01-16 11:47:30','49079_tt_2012-01-16_09-42-47'),(519,2,'2012-01-16 11:47:30','49079_tt_2012-01-16_09-45-48'),(520,2,'2012-01-16 11:47:30','49079_tt_2012-01-16_09-48-04'),(521,2,'2012-01-16 11:47:30','54057_tt_2012-01-16_07-46-48'),(522,2,'2012-01-16 11:47:30','54057_tt_2012-01-16_09-19-03'),(523,2,'2012-01-16 11:57:30','37906_tt_2012-01-16_11-18-49'),(524,2,'2012-01-16 12:17:30','46972_tt_2012-01-16_11-30-29'),(525,2,'2012-01-16 12:17:30','46972_tt_2012-01-16_11-42-39'),(526,2,'2012-01-16 12:27:30','50265_tt_2012-01-16_08-11-36'),(527,2,'2012-01-16 12:27:30','50385_tt_2012-01-16_08-18-06'),(529,2,'2012-01-16 13:17:30','41737_tt_2012-01-16_11-12-33'),(530,2,'2012-01-16 13:17:30','47560_tt_2012-01-16_11-06-53'),(531,2,'2012-01-16 13:17:30','52700_tt_2012-01-16_11-03-20'),(533,2,'2012-01-16 13:37:30','49055_tt_2012-01-14_13-42-59'),(538,2,'2012-01-16 15:07:30','47976_tt_2012-01-16_07-28-05'),(539,2,'2012-01-16 15:07:30','51354_tt_2012-01-16_07-25-04'),(540,2,'2012-01-16 15:17:30','53129_tt_2012-01-14_14-36-16'),(541,2,'2012-01-16 15:27:30','41457_tt_2012-01-16_15-06-16'),(542,2,'2012-01-17 06:27:30','50225_tt_2012-01-16_12-12-03'),(543,2,'2012-01-17 06:27:30','51474_tt_2012-01-16_13-02-50'),(544,2,'2012-01-17 06:27:30','52115_tt_2012-01-16_12-27-11'),(545,2,'2012-01-17 06:27:30','54045_tt_2012-01-16_12-32-45'),(546,2,'2012-01-17 06:27:30','54081_tt_2012-01-16_12-51-05'),(547,2,'2012-01-17 06:47:30','41072_tt_2012-01-16_11-10-47'),(548,2,'2012-01-17 06:47:30','41072_tt_2012-01-16_11-13-53'),(549,2,'2012-01-17 06:47:30','52631_tt_2012-01-16_15-07-22'),(550,2,'2012-01-17 06:47:30','55622_tt_2012-01-16_11-24-00'),(551,2,'2012-01-17 06:47:30','55622_tt_2012-01-16_11-27-36'),(552,2,'2012-01-17 06:47:30','55627_tt_2012-01-16_11-32-25'),(553,2,'2012-01-17 06:47:30','55627_tt_2012-01-16_11-34-30'),(554,2,'2012-01-17 06:47:30','55629_tt_2012-01-16_11-44-37'),(555,2,'2012-01-17 06:47:30','55629_tt_2012-01-16_11-46-49'),(556,2,'2012-01-17 06:47:30','55632_tt_2012-01-16_11-38-33'),(557,2,'2012-01-17 06:47:30','55632_tt_2012-01-16_11-40-36'),(558,2,'2012-01-17 07:17:30','52599_tt_2012-01-17_07-05-22'),(559,2,'2012-01-17 07:37:30','48359_tt_2012-01-17_07-21-40'),(560,2,'2012-01-17 07:37:30','53009_tt_2012-01-17_07-09-15'),(561,2,'2012-01-17 07:37:30','55610_tt_2012-01-17_07-12-37'),(562,2,'2012-01-17 07:37:30','55610_tt_2012-01-17_07-22-41'),(563,2,'2012-01-17 07:37:30','55615_tt_2012-01-17_07-20-29'),(564,2,'2012-01-17 07:37:30','55620_tt_2012-01-17_07-15-48'),(565,2,'2012-01-17 07:37:30','55620_tt_2012-01-17_07-26-32'),(566,2,'2012-01-17 07:47:30','46691_tt_2012-01-17_07-17-33'),(567,2,'2012-01-17 07:47:30','55605_tt_2012-01-17_07-30-50'),(568,2,'2012-01-17 11:37:30','39252_tt_2012-01-14_13-33-12'),(569,2,'2012-01-17 11:37:30','49102_tt_2012-01-16_12-19-09'),(570,2,'2012-01-17 11:37:30','50229_tt_2012-01-09_13-37-25'),(571,2,'2012-01-17 11:37:30','50231_tt_2012-01-14_13-40-00'),(572,2,'2012-01-17 11:37:30','50241_tt_2012-01-14_13-35-41'),(573,2,'2012-01-17 11:37:30','50241_tt_2012-01-14_13-47-55'),(574,2,'2012-01-17 11:37:30','50271_tt_2012-01-14_13-46-24'),(575,2,'2012-01-17 11:47:30','47026_tt_2012-01-17_11-32-51'),(576,2,'2012-01-17 15:17:30','50152_tt_2012-01-17_14-59-50'),(577,2,'2012-01-18 08:37:30','51373_tt_2012-01-17_07-04-14'),(578,2,'2012-01-18 11:57:30','47967_tt_2012-01-16_07-43-01'),(579,2,'2012-01-18 14:47:30','52603_tt_2012-01-18_07-22-10'),(580,2,'2012-01-18 14:47:30','52603_tt_2012-01-18_07-23-28'),(581,2,'2012-01-18 14:47:30','52628_tt_2012-01-17_07-28-50'),(582,2,'2012-01-18 15:17:30','55629_tt_2012-01-18_12-25-15'),(583,2,'2012-01-18 15:27:30','47160_tt_2011-12-10_11-59-20'),(584,2,'2012-01-18 15:27:30','47160_tt_2011-12-17_12-43-45'),(585,2,'2012-01-18 15:27:30','47160_tt_2012-01-07_13-57-38'),(586,2,'2012-01-18 15:27:30','49743_tt_2012-01-16_08-57-54'),(587,2,'2012-01-18 15:27:30','52629_tt_2012-01-16_15-04-14'),(588,2,'2012-01-19 07:17:30','46769_tt_2012-01-14_06-22-50'),(589,2,'2012-01-19 07:17:30','46769_tt_2012-01-14_06-28-03'),(590,2,'2012-01-19 07:17:30','46769_tt_2012-01-14_06-34-36'),(591,2,'2012-01-19 07:17:30','48216_tt_2012-01-19_07-04-53'),(592,2,'2012-01-19 07:17:30','49996_tt_2012-01-11_14-23-16'),(593,2,'2012-01-19 07:17:30','49996_tt_2012-01-19_06-51-28'),(594,2,'2012-01-19 07:17:30','49996_tt_2012-01-19_06-53-18'),(595,2,'2012-01-19 07:37:30','47827_tt_2012-01-19_07-21-42'),(596,2,'2012-01-19 07:47:30','49060_tt_2012-01-18_07-36-19'),(597,2,'2012-01-19 15:17:30','48560_tt_2012-01-19_12-53-01'),(598,2,'2012-01-19 15:17:30','48560_tt_2012-01-19_12-56-33'),(599,2,'2012-01-20 08:17:30','48229_tt_2012-01-20_08-02-24'),(600,2,'2012-01-20 08:17:30','49119_tt_2012-01-18_07-15-22'),(601,2,'2012-01-21 08:17:30','52169_tt_2012-01-21_07-30-50'),(602,2,'2012-01-21 08:27:30','47575_tt_2012-01-21_07-43-07'),(603,2,'2012-01-21 08:27:30','49331_tt_2012-01-21_07-38-09'),(604,2,'2012-01-21 08:37:30','50221_tt_2012-01-21_07-34-16'),(605,2,'2012-01-21 14:57:30','49142_tt_2012-01-21_14-39-22'),(606,2,'2012-01-22 14:57:30','51376_tt_2012-01-22_14-47-12'),(607,2,'2012-01-22 15:27:30','50273_tt_2012-01-22_15-00-24'),(608,2,'2012-01-22 15:27:30','50273_tt_2012-01-22_15-01-49'),(609,2,'2012-01-22 15:27:30','52645_tt_2012-01-22_15-12-59'),(610,2,'2012-01-22 15:27:30','52645_tt_2012-01-22_15-17-16'),(611,2,'2012-01-23 07:37:30','44072_tt_2012-01-23_06-32-26'),(612,2,'2012-01-23 07:37:30','52683_tt_2012-01-23_06-34-56'),(613,2,'2012-01-23 07:37:30','52700_tt_2012-01-23_06-41-29'),(614,2,'2012-01-23 07:37:30','54079_tt_2012-01-23_06-45-57'),(615,2,'2012-01-23 07:47:30','40632_tt_2012-01-23_07-18-28'),(616,2,'2012-01-23 07:47:30','40632_tt_2012-01-23_07-21-11'),(617,2,'2012-01-23 07:47:30','40632_tt_2012-01-23_07-22-56'),(618,2,'2012-01-23 07:47:30','42470_tt_2012-01-23_07-04-57'),(619,2,'2012-01-23 07:47:30','46769_tt_2012-01-22_08-49-36'),(620,2,'2012-01-23 07:47:30','46769_tt_2012-01-22_08-52-16'),(621,2,'2012-01-23 07:47:30','47274_tt_2012-01-23_07-12-43'),(622,2,'2012-01-23 07:47:30','48145_tt_2012-01-23_07-08-11'),(623,2,'2012-01-23 07:47:30','48219_tt_2012-01-23_07-33-08'),(624,2,'2012-01-23 07:47:30','49167_tt_2012-01-23_07-25-09'),(625,2,'2012-01-23 07:47:30','50265_tt_2012-01-16_12-36-33'),(626,2,'2012-01-23 07:47:30','50385_tt_2012-01-16_12-30-53'),(627,2,'2012-01-23 07:47:30','50385_tt_2012-01-16_12-39-49'),(628,2,'2012-01-23 07:47:30','50385_tt_2012-01-23_07-40-31'),(629,2,'2012-01-23 07:57:30','48808_tt_2012-01-23_07-27-13'),(630,2,'2012-01-23 07:57:30','50270_tt_2012-01-23_07-03-46'),(631,2,'2012-01-23 07:57:30','51410_tt_2012-01-18_07-27-37'),(632,2,'2012-01-23 07:57:30','51410_tt_2012-01-23_07-06-34'),(633,2,'2012-01-23 08:07:30','38949_tt_2012-01-23_07-22-25'),(634,2,'2012-01-23 08:07:30','40445_tt_2012-01-23_07-24-13'),(635,2,'2012-01-23 08:07:30','44389_tt_2012-01-23_07-08-14'),(636,2,'2012-01-23 08:07:30','46691_tt_2012-01-23_06-47-40'),(637,2,'2012-01-23 08:07:30','47967_tt_2012-01-23_08-00-16'),(638,2,'2012-01-23 08:07:30','48359_tt_2012-01-13_07-15-09'),(639,2,'2012-01-23 08:07:30','48359_tt_2012-01-15_07-12-05'),(640,2,'2012-01-23 08:07:30','49079_tt_2012-01-23_06-58-43'),(641,2,'2012-01-23 08:07:30','51354_tt_2012-01-23_07-49-16'),(642,2,'2012-01-23 08:07:30','54057_tt_2012-01-23_07-14-51'),(643,2,'2012-01-23 08:37:30','53129_tt_2012-01-17_15-11-35'),(644,2,'2012-01-23 08:37:30','53129_tt_2012-01-21_10-19-34'),(645,2,'2012-01-23 09:27:30','37906_tt_2012-01-22_12-05-14'),(646,2,'2012-01-23 09:27:30','37906_tt_2012-01-22_12-09-47'),(647,2,'2012-01-23 10:37:30','47110_tt_2012-01-23_06-46-28'),(648,2,'2012-01-23 10:47:30','48807_tt_2012-01-23_09-57-22'),(649,2,'2012-01-23 10:57:30','39254_tt_2012-01-19_07-26-14'),(650,2,'2012-01-23 10:57:30','49742_tt_2012-01-23_10-40-43'),(651,2,'2012-01-23 12:37:30','51475_tt_2012-01-23_07-56-32'),(652,2,'2012-01-23 12:47:30','38949_tt_2012-01-23_08-54-00'),(653,2,'2012-01-23 12:57:30','34424_tt_2012-01-23_07-22-51'),(654,2,'2012-01-23 12:57:30','46753_tt_2012-01-23_07-18-58'),(655,2,'2012-01-23 12:57:30','49180_tt_2012-01-23_07-26-52'),(656,2,'2012-01-23 12:57:30','50055_tt_2012-01-23_12-27-54'),(658,2,'2012-01-23 14:57:30','48145_tt_2012-01-23_14-37-11'),(659,2,'2012-01-23 15:07:30','36359_tt_2012-01-23_14-56-29'),(660,2,'2012-01-23 15:07:30','42932_tt_2012-01-19_07-23-34'),(661,2,'2012-01-23 15:07:30','45706_tt_2012-01-23_13-14-50'),(662,2,'2012-01-23 15:07:30','47976_tt_2012-01-23_07-31-02'),(663,2,'2012-01-23 15:07:30','48216_tt_2012-01-23_07-47-00'),(664,2,'2012-01-23 15:07:30','48556_tt_2012-01-22_14-59-10'),(665,2,'2012-01-23 15:07:30','52599_tt_2012-01-23_06-49-11'),(666,2,'2012-01-23 15:07:30','52628_tt_2012-01-23_07-43-21'),(667,2,'2012-01-23 15:17:30','44744_tt_2012-01-23_15-01-43'),(668,2,'2012-01-23 15:27:30','47701_tt_2012-01-16_06-59-38'),(669,2,'2012-01-23 15:27:30','49142_tt_2012-01-21_14-53-09'),(670,2,'2012-01-23 15:27:30','51355_tt_2012-01-16_07-10-28'),(671,2,'2012-01-23 15:27:30','51355_tt_2012-01-23_07-04-19'),(672,2,'2012-01-23 15:27:30','51365_tt_2012-01-23_07-07-34'),(673,2,'2012-01-23 15:27:30','51375_tt_2012-01-23_07-10-19'),(674,2,'2012-01-23 15:37:30','51394_tt_2012-01-23_15-09-59'),(675,2,'2012-01-24 06:57:30','42460_tt_2012-01-24_06-33-18'),(676,2,'2012-01-24 06:57:30','45616_tt_2012-01-23_09-45-01'),(677,2,'2012-01-24 06:57:30','48386_tt_2012-01-24_06-26-56'),(678,2,'2012-01-24 06:57:30','48386_tt_2012-01-24_06-29-24'),(679,2,'2012-01-24 07:07:30','47144_tt_2012-01-23_06-22-44'),(680,2,'2012-01-24 07:07:30','51373_tt_2012-01-24_06-57-03'),(681,2,'2012-01-24 07:07:30','51377_tt_2012-01-19_13-27-06'),(682,2,'2012-01-24 07:07:30','51377_tt_2012-01-19_13-30-19'),(683,2,'2012-01-24 07:07:30','51377_tt_2012-01-19_13-32-45'),(684,2,'2012-01-24 07:07:30','51377_tt_2012-01-19_13-34-15'),(685,2,'2012-01-24 07:07:30','51377_tt_2012-01-23_06-33-11'),(686,2,'2012-01-24 07:07:30','52641_tt_2012-01-23_06-26-25'),(687,2,'2012-01-24 08:27:30','47311_tt_2012-01-24_08-12-23'),(688,2,'2012-01-24 08:27:30','51400_tt_2012-01-24_08-21-42'),(689,2,'2012-01-24 08:37:30','50287_tt_2012-01-23_15-09-05'),(690,2,'2012-01-24 09:07:30','48229_tt_2012-01-24_08-48-28'),(691,2,'2012-01-24 09:17:30','46636_tt_2012-01-24_09-02-23'),(692,2,'2012-01-24 09:17:30','47827_tt_2012-01-22_14-21-25'),(693,2,'2012-01-24 09:17:30','48441_tt_2012-01-21_14-05-57'),(694,2,'2012-01-24 09:17:30','55463_tt_2012-01-19_14-51-16'),(695,2,'2012-01-24 12:07:30','44390_tt_2012-01-23_09-20-45'),(696,2,'2012-01-24 12:07:30','50225_tt_2012-01-23_07-42-53'),(697,2,'2012-01-24 12:07:30','51474_tt_2012-01-23_07-23-45'),(698,2,'2012-01-24 12:07:30','52115_tt_2012-01-23_07-14-08'),(699,2,'2012-01-24 12:07:30','52166_tt_2012-01-24_07-55-43'),(700,2,'2012-01-24 12:07:30','54045_tt_2012-01-23_07-07-01'),(701,2,'2012-01-24 12:07:30','54081_tt_2012-01-23_07-35-14'),(702,2,'2012-01-24 15:27:30','48493_tt_2012-01-24_07-08-41'),(703,2,'2012-01-24 15:27:30','48723_tt_2012-01-23_07-10-53'),(704,2,'2012-01-24 15:27:30','48723_tt_2012-01-23_07-21-18'),(705,2,'2012-01-24 15:27:30','50387_tt_2012-01-18_15-07-00'),(706,2,'2012-01-24 15:27:30','50387_tt_2012-01-18_15-08-21'),(707,2,'2012-01-24 15:27:30','50387_tt_2012-01-21_08-14-55'),(708,2,'2012-01-24 15:27:30','50709_tt_2012-01-23_07-04-03'),(709,2,'2012-01-24 15:27:30','50855_tt_2012-01-24_06-51-11'),(710,2,'2012-01-24 15:27:30','50855_tt_2012-01-24_06-52-17'),(711,2,'2012-01-24 15:27:30','51067_tt_2012-01-21_08-17-52'),(712,2,'2012-01-24 15:27:30','51067_tt_2012-01-23_07-44-37'),(713,2,'2012-01-25 06:37:30','38859_tt_2012-01-23_05-53-10'),(714,2,'2012-01-25 06:37:30','42551_tt_2012-01-23_06-00-28'),(715,2,'2012-01-25 06:37:30','48000_tt_2012-01-23_06-03-51'),(716,2,'2012-01-25 07:37:30','47676_tt_2012-01-23_07-16-39'),(717,2,'2012-01-25 07:37:30','48788_tt_2012-01-19_08-06-15'),(718,2,'2012-01-25 07:37:30','54056_tt_2012-01-19_13-55-41'),(719,2,'2012-01-25 07:47:30','42890_tt_2011-12-19_15-27-03'),(720,2,'2012-01-25 07:47:30','42890_tt_2011-12-24_13-25-17'),(721,2,'2012-01-25 07:47:30','48788_tt_2012-01-25_07-37-13'),(722,2,'2012-01-25 07:57:30','47031_tt_2012-01-25_07-36-26'),(723,2,'2012-01-25 07:57:30','49129_tt_2012-01-24_14-49-15'),(724,2,'2012-01-25 08:07:30','49060_tt_2012-01-24_07-23-11'),(725,2,'2012-01-25 09:47:30','52603_tt_2012-01-24_13-17-18'),(726,2,'2012-01-25 09:47:30','52603_tt_2012-01-24_13-18-56'),(727,2,'2012-01-25 11:17:30','42200_tt_2012-01-23_07-35-27'),(728,2,'2012-01-25 11:17:30','42200_tt_2012-01-23_07-39-42'),(729,2,'2012-01-25 11:17:30','43110_tt_2012-01-23_07-26-24'),(730,2,'2012-01-25 11:17:30','43110_tt_2012-01-23_07-29-02'),(731,2,'2012-01-25 11:17:30','48222_tt_2012-01-23_07-43-24'),(732,2,'2012-01-25 11:17:30','48222_tt_2012-01-23_07-45-08'),(733,2,'2012-01-25 12:07:30','49180_tt_2012-01-18_07-47-49'),(734,2,'2012-01-27 13:37:30','40313_tt_2012-01-23_07-18-35'),(735,2,'2012-01-27 13:37:30','48198_tt_2012-01-16_07-15-07'),(736,2,'2012-01-27 13:37:30','48198_tt_2012-01-23_07-29-01'),(737,2,'2012-01-27 13:37:30','48417_tt_2012-01-16_07-22-10'),(738,2,'2012-01-27 13:47:30','50281_tt_2012-01-23_07-23-39'),(739,2,'2012-01-27 13:47:30','50281_tt_2012-01-23_07-24-56'),(740,2,'2012-01-27 15:47:30','39887_tt_2012-01-27_15-37-33'),(741,2,'2012-01-28 06:57:30','49175_tt_2012-01-11_08-07-09'),(742,2,'2012-01-28 06:57:30','49175_tt_2012-01-28_06-53-03'),(743,2,'2012-01-28 07:07:30','51366_tt_2012-01-27_08-43-31'),(744,2,'2012-01-28 07:07:30','51366_tt_2012-01-27_08-47-24'),(745,2,'2012-01-28 07:07:30','52169_tt_2012-01-28_06-53-21'),(746,2,'2012-01-28 07:07:30','53937_tt_2012-01-27_08-35-04'),(747,2,'2012-01-28 07:07:30','53937_tt_2012-01-27_08-36-43'),(748,2,'2012-01-28 07:57:30','50672_tt_2012-01-28_07-38-27'),(749,2,'2012-01-28 08:07:30','47576_tt_2011-12-17_07-50-44'),(750,2,'2012-01-28 08:07:30','47576_tt_2012-01-28_07-48-17'),(751,2,'2012-01-28 12:37:30','48441_tt_2012-01-28_12-17-55'),(752,2,'2012-01-28 12:37:30','55463_tt_2012-01-28_09-08-08'),(753,2,'2012-01-28 14:07:30','47971_tt_2012-01-28_13-55-02'),(754,2,'2012-01-28 16:07:30','47827_tt_2012-01-28_15-55-16'),(755,2,'2012-01-29 06:47:30','42760_tt_2012-01-29_06-38-36'),(756,2,'2012-01-29 07:07:30','49180_tt_2012-01-29_06-41-30'),(757,2,'2012-01-29 07:07:30','50387_tt_2012-01-29_06-59-29'),(758,2,'2012-01-29 07:07:30','50387_tt_2012-01-29_07-01-22'),(759,2,'2012-01-29 07:07:30','51067_tt_2012-01-28_07-34-53'),(760,2,'2012-01-29 14:37:30','49135_tt_2012-01-29_14-29-59'),(761,2,'2012-01-30 06:37:30','47110_tt_2012-01-24_06-37-19'),(762,2,'2012-01-30 06:47:30','42460_tt_2012-01-30_06-39-05'),(763,2,'2012-01-30 06:47:30','48386_tt_2012-01-30_06-33-47'),(764,2,'2012-01-30 06:57:30','41406_tt_2012-01-23_07-05-18'),(765,2,'2012-01-30 06:57:30','42760_tt_2012-01-29_07-13-37'),(766,2,'2012-01-30 06:57:30','42760_tt_2012-01-29_07-14-47'),(767,2,'2012-01-30 06:57:30','42952_tt_2012-01-28_06-58-25'),(768,2,'2012-01-30 06:57:30','47110_tt_2012-01-30_06-42-20'),(769,2,'2012-01-30 06:57:30','47943_tt_2012-01-23_07-01-29'),(770,2,'2012-01-30 06:57:30','47943_tt_2012-01-30_06-38-31'),(771,2,'2012-01-30 06:57:30','50709_tt_2012-01-29_07-07-56'),(772,2,'2012-01-30 06:57:30','50855_tt_2012-01-29_07-10-48'),(773,2,'2012-01-30 06:57:30','50858_tt_2012-01-30_06-33-19'),(774,2,'2012-01-30 07:07:30','39254_tt_2012-01-23_11-17-57'),(775,2,'2012-01-30 07:07:30','39254_tt_2012-01-28_14-03-03'),(776,2,'2012-01-30 07:07:30','44744_tt_2012-01-30_06-51-39'),(777,2,'2012-01-30 07:07:30','46769_tt_2012-01-29_09-32-43'),(778,2,'2012-01-30 07:07:30','46769_tt_2012-01-29_09-34-51'),(779,2,'2012-01-30 07:07:30','48505_tt_2012-01-28_08-10-11'),(780,2,'2012-01-30 07:07:30','48557_tt_2012-01-30_06-51-52'),(781,2,'2012-01-30 07:07:30','48717_tt_2012-01-30_06-45-37'),(782,2,'2012-01-30 07:07:30','53129_tt_2012-01-28_08-06-03'),(783,2,'2012-01-30 07:17:30','50282_tt_2012-01-30_07-10-19'),(784,2,'2012-01-30 07:17:30','51355_tt_2012-01-30_07-01-46'),(785,2,'2012-01-30 07:27:30','44389_tt_2012-01-28_13-53-39'),(786,2,'2012-01-30 07:27:30','46691_tt_2012-01-28_13-59-45'),(787,2,'2012-01-30 07:27:30','46969_tt_2012-01-23_10-21-49'),(788,2,'2012-01-30 07:27:30','46969_tt_2012-01-30_07-13-42'),(789,2,'2012-01-30 07:27:30','47933_tt_2012-01-16_07-45-12'),(790,2,'2012-01-30 07:27:30','48186_tt_2012-01-30_07-04-53'),(791,2,'2012-01-30 07:27:30','48216_tt_2012-01-30_07-04-52'),(792,2,'2012-01-30 07:27:30','48556_tt_2012-01-28_07-23-33'),(793,2,'2012-01-30 07:27:30','49060_tt_2012-01-30_07-08-50'),(794,2,'2012-01-30 07:27:30','49079_tt_2012-01-28_13-56-48'),(795,2,'2012-01-30 07:27:30','50225_tt_2012-01-30_06-57-07'),(796,2,'2012-01-30 07:27:30','52629_tt_2012-01-30_07-11-09'),(797,2,'2012-01-30 07:37:30','42500_tt_2012-01-16_07-05-27'),(798,2,'2012-01-30 07:37:30','42500_tt_2012-01-23_07-12-30'),(799,2,'2012-01-30 07:37:30','42500_tt_2012-01-30_07-21-53'),(800,2,'2012-01-30 07:37:30','47713_tt_2012-01-23_07-45-51'),(801,2,'2012-01-30 07:37:30','47713_tt_2012-01-30_07-30-10'),(802,2,'2012-01-30 07:37:30','48357_tt_2012-01-30_07-15-46'),(803,2,'2012-01-30 07:37:30','50196_tt_2012-01-30_07-18-30'),(804,2,'2012-01-30 07:37:30','50265_tt_2012-01-30_07-25-58'),(805,2,'2012-01-30 07:37:30','50275_tt_2012-01-23_08-01-45'),(806,2,'2012-01-30 07:37:30','51354_tt_2012-01-23_08-07-38'),(807,2,'2012-01-30 07:37:30','51354_tt_2012-01-30_07-04-23'),(808,2,'2012-01-30 07:37:30','51367_tt_2012-01-23_08-05-44'),(809,2,'2012-01-30 07:37:30','52115_tt_2012-01-30_07-24-01'),(810,2,'2012-01-30 07:37:30','53946_tt_2012-01-23_07-30-21'),(811,2,'2012-01-30 07:37:30','53946_tt_2012-01-23_07-32-57'),(812,2,'2012-01-30 07:37:30','53950_tt_2012-01-23_07-26-59'),(813,2,'2012-01-30 07:37:30','53961_tt_2012-01-23_07-36-30'),(814,2,'2012-01-30 07:47:30','41138_tt_2012-01-28_14-13-48'),(815,2,'2012-01-30 07:47:30','47902_tt_2012-01-30_07-25-13'),(816,2,'2012-01-30 07:47:30','50852_tt_2012-01-30_07-31-32'),(817,2,'2012-01-30 07:57:30','50385_tt_2012-01-30_07-32-31'),(818,2,'2012-01-30 07:57:30','52164_tt_2012-01-30_07-44-56'),(819,2,'2012-01-30 08:07:30','47700_tt_2012-01-30_07-47-38'),(820,2,'2012-01-30 08:07:30','52674_tt_2012-01-30_07-31-14'),(821,2,'2012-01-30 08:07:30','53057_tt_2012-01-30_07-42-38'),(822,2,'2012-01-30 08:27:30','47560_tt_2012-01-30_08-11-38'),(823,2,'2012-01-30 08:27:30','47706_tt_2012-01-30_08-16-42'),(824,2,'2012-01-30 09:07:30','42460_tt_2012-01-30_08-40-11'),(825,2,'2012-01-30 09:07:30','48386_tt_2012-01-30_08-34-12'),(826,2,'2012-01-30 09:07:30','48717_tt_2012-01-30_08-42-04'),(827,2,'2012-01-30 10:57:30','55587_tt_2012-01-30_10-00-49'),(828,2,'2012-01-30 10:57:30','55587_tt_2012-01-30_10-04-48'),(829,2,'2012-01-30 12:17:30','48189_tt_2012-01-23_07-46-48'),(830,2,'2012-01-30 13:17:30','38949_tt_2012-01-23_12-47-36'),(831,2,'2012-01-30 14:27:30','47676_tt_2012-01-30_07-13-45'),(832,2,'2012-01-30 20:57:30','47031_tt_2012-01-30_07-38-08'),(833,2,'2012-01-30 20:57:30','47031_tt_2012-01-30_07-49-58'),(834,2,'2012-01-30 20:57:30','47031_tt_2012-01-30_07-54-46'),(835,2,'2012-01-30 20:57:30','48200_tt_2012-01-30_07-42-55'),(836,2,'2012-01-30 20:57:30','48200_tt_2012-01-30_07-44-27'),(837,2,'2012-01-30 20:57:30','50273_tt_2012-01-30_07-33-39'),(838,2,'2012-01-30 20:57:30','50289_tt_2012-01-30_07-15-22'),(839,2,'2012-01-30 20:57:30','50289_tt_2012-01-30_07-17-29'),(840,2,'2012-01-30 20:57:30','50289_tt_2012-01-30_07-19-13'),(841,2,'2012-01-30 20:57:30','50289_tt_2012-01-30_07-21-27'),(842,2,'2012-01-30 20:57:30','51376_tt_2012-01-30_20-06-55'),(843,2,'2012-01-30 20:57:30','51395_tt_2012-01-30_20-01-48'),(844,2,'2012-01-30 20:57:30','51395_tt_2012-01-30_20-04-30'),(845,2,'2012-01-30 20:57:30','52626_tt_2012-01-30_15-08-21'),(846,2,'2012-01-30 20:57:30','52626_tt_2012-01-30_15-15-03'),(847,2,'2012-01-30 20:57:30','52626_tt_2012-01-30_15-16-42'),(848,2,'2012-01-30 20:57:30','52645_tt_2012-01-30_07-26-22'),(849,2,'2012-01-31 07:47:30','52166_tt_2012-01-31_07-13-25'),(850,2,'2012-01-31 09:37:30','38859_tt_2012-01-25_06-30-56'),(851,2,'2012-01-31 09:37:30','38859_tt_2012-01-30_05-55-10'),(852,2,'2012-01-31 09:37:30','38859_tt_2012-01-31_09-31-26'),(853,2,'2012-01-31 09:57:30','47311_tt_2012-01-28_10-25-01'),(854,2,'2012-01-31 09:57:30','47311_tt_2012-01-30_08-55-59'),(855,2,'2012-01-31 13:47:30','44389_tt_2012-01-30_16-00-44'),(856,2,'2012-01-31 13:47:30','44389_tt_2012-01-30_16-03-52'),(857,2,'2012-01-31 13:47:30','44389_tt_2012-01-30_16-05-30'),(858,2,'2012-01-31 13:47:30','44389_tt_2012-01-30_16-07-20'),(859,2,'2012-01-31 13:47:30','44389_tt_2012-01-30_16-09-05'),(860,2,'2012-01-31 13:47:30','44389_tt_2012-01-30_16-29-36'),(861,2,'2012-01-31 13:47:30','44389_tt_2012-01-30_16-31-17'),(862,2,'2012-01-31 13:47:30','44389_tt_2012-01-30_16-37-20'),(863,2,'2012-01-31 13:47:30','44389_tt_2012-01-30_17-01-37'),(864,2,'2012-01-31 13:47:30','44389_tt_2012-01-30_17-07-20'),(865,2,'2012-01-31 13:47:30','44389_tt_2012-01-30_17-11-45'),(866,2,'2012-01-31 14:57:30','40445_tt_2012-01-30_11-28-09'),(867,2,'2012-01-31 14:57:30','47280_tt_2012-01-30_11-25-17'),(868,2,'2012-01-31 14:57:30','50275_tt_2012-01-31_07-11-48'),(869,2,'2012-01-31 14:57:30','51367_tt_2012-01-31_07-08-31'),(870,2,'2012-01-31 15:07:30','48604_tt_2012-01-23_07-14-31'),(871,2,'2012-01-31 15:07:30','48604_tt_2012-01-24_15-13-40'),(872,2,'2012-01-31 15:07:30','48604_tt_2012-01-28_14-43-02'),(873,2,'2012-01-31 15:17:30','48560_tt_2012-01-23_07-54-17'),(874,2,'2012-01-31 17:27:30','49119_tt_2012-01-31_07-07-58'),(875,2,'2012-01-31 17:27:30','49119_tt_2012-01-31_07-09-04'),(876,2,'2012-01-31 17:27:30','49119_tt_2012-01-31_07-10-25'),(877,2,'2012-01-31 17:27:30','49119_tt_2012-01-31_07-11-21'),(878,2,'2012-01-31 17:27:30','50152_tt_2012-01-31_08-09-10'),(879,2,'2012-01-31 19:27:30','48560_tt_2012-01-31_19-08-44'),(880,2,'2012-02-01 06:37:30','52631_tt_2012-01-31_15-10-21'),(881,2,'2012-02-01 06:47:30','37906_tt_2012-01-30_18-40-49'),(882,2,'2012-02-01 07:17:30','34424_tt_2012-01-30_15-01-50'),(883,2,'2012-02-01 07:17:30','43368_tt_2012-01-30_07-31-26'),(884,2,'2012-02-01 07:17:30','46753_tt_2012-01-30_15-04-26'),(885,2,'2012-02-01 07:27:30','52614_tt_2012-02-01_07-09-10'),(887,2,'2012-02-01 07:37:30','48189_tt_2012-01-30_07-33-09'),(888,2,'2012-02-01 07:37:30','49151_tt_2012-01-31_08-55-49'),(889,2,'2012-02-01 07:37:30','49151_tt_2012-01-31_08-59-34'),(890,2,'2012-02-01 07:37:30','49336_tt_2012-01-28_14-35-14'),(891,2,'2012-02-01 07:37:30','49336_tt_2012-01-30_07-32-26'),(892,2,'2012-02-01 07:37:30','50275_tt_2012-01-31_12-24-13'),(893,2,'2012-02-01 07:37:30','50275_tt_2012-01-31_12-27-16'),(894,2,'2012-02-01 07:37:30','51394_tt_2012-01-17_14-40-42'),(895,2,'2012-02-01 07:37:30','51469_tt_2012-01-30_07-01-08'),(896,2,'2012-02-01 07:37:30','52150_tt_2012-01-30_07-25-48'),(897,2,'2012-02-01 07:37:30','52628_tt_2012-01-30_12-08-32'),(898,2,'2012-02-01 08:07:30','51391_tt_2012-01-30_15-28-12'),(899,2,'2012-02-01 08:17:30','42460_tt_2012-02-01_06-51-10'),(900,2,'2012-02-01 08:17:30','48386_tt_2012-02-01_06-48-27'),(901,2,'2012-02-01 08:17:30','48717_tt_2012-02-01_06-52-51'),(902,2,'2012-02-01 10:57:30','48835_tt_2012-01-27_15-19-33'),(903,2,'2012-02-01 10:57:30','48835_tt_2012-02-01_08-50-22'),(904,2,'2012-02-01 11:27:30','49681_tt_2012-01-31_07-47-52'),(905,2,'2012-02-01 11:37:30','49996_tt_2012-02-01_08-32-36'),(906,2,'2012-02-01 11:47:30','46772_tt_2012-01-29_08-22-27'),(907,2,'2012-02-01 11:47:30','46772_tt_2012-01-29_08-30-10'),(908,2,'2012-02-01 11:47:30','46772_tt_2012-01-29_08-34-24'),(909,2,'2012-02-01 11:47:30','46772_tt_2012-01-31_07-17-17'),(910,2,'2012-02-01 12:17:30','49167_tt_2012-02-01_09-32-19'),(911,2,'2012-02-01 12:17:30','49167_tt_2012-02-01_09-38-03'),(912,2,'2012-02-01 13:37:30','44725_tt_2012-02-01_13-32-26'),(913,2,'2012-02-01 13:37:30','46102_tt_2012-02-01_13-01-12'),(914,2,'2012-02-01 13:37:30','49691_tt_2012-02-01_13-10-55'),(915,2,'2012-02-01 13:47:30','51410_tt_2012-02-01_10-02-07'),(916,2,'2012-02-02 05:07:30','54056_tt_2012-01-30_07-25-55'),(917,2,'2012-02-02 07:37:30','47676_tt_2012-02-02_07-20-36'),(918,2,'2012-02-02 10:07:30','42460_tt_2012-02-02_07-24-49'),(919,2,'2012-02-02 14:47:30','50170_tt_2012-02-02_14-13-00'),(920,2,'2012-02-02 14:57:30','51359_tt_2012-02-01_09-43-25'),(921,2,'2012-02-02 14:57:30','51359_tt_2012-02-01_09-49-08'),(922,2,'2012-02-02 14:57:30','51359_tt_2012-02-01_09-50-13'),(923,2,'2012-02-03 06:27:30','52631_tt_2012-01-24_12-30-45'),(924,2,'2012-02-03 07:37:30','41309_tt_2012-02-03_07-13-28'),(925,2,'2012-02-03 08:17:30','51440_tt_2012-02-03_07-58-31'),(926,2,'2012-02-03 08:17:30','51440_tt_2012-02-03_08-02-46'),(927,2,'2012-02-03 08:47:30','43574_tt_2012-02-01_09-59-27'),(928,2,'2012-02-03 08:47:30','43574_tt_2012-02-01_10-01-29'),(929,2,'2012-02-03 08:47:30','43574_tt_2012-02-01_10-04-57'),(930,2,'2012-02-03 08:47:30','43574_tt_2012-02-01_10-06-34'),(931,2,'2012-02-03 11:37:30','48386_tt_2012-02-03_10-08-05'),(932,2,'2012-02-03 13:47:30','50852_tt_2012-01-30_10-51-03'),(933,2,'2012-02-03 13:47:30','55600_tt_2012-01-30_10-12-15'),(934,2,'2012-02-03 13:47:30','55600_tt_2012-01-30_10-16-02'),(935,2,'2012-02-03 14:17:30','42890_tt_2012-01-28_14-57-10'),(936,2,'2012-02-03 15:27:30','47511_tt_2012-02-03_10-12-45'),(937,2,'2012-02-03 15:57:30','51424_tt_2012-02-03_09-58-19'),(938,2,'2012-02-03 15:57:30','51424_tt_2012-02-03_10-00-24'),(939,2,'2012-02-03 15:57:30','51424_tt_2012-02-03_10-06-54'),(940,2,'2012-02-04 06:07:30','29771_tt_2012-02-04_05-56-03'),(941,2,'2012-02-04 06:27:30','55622_tt_2012-02-01_08-03-29'),(942,2,'2012-02-04 06:27:30','55622_tt_2012-02-01_08-08-18'),(943,2,'2012-02-04 06:27:30','55627_tt_2012-02-01_07-52-26'),(944,2,'2012-02-04 06:27:30','55627_tt_2012-02-01_07-55-15'),(945,2,'2012-02-04 06:27:30','55629_tt_2012-02-01_07-40-15'),(946,2,'2012-02-04 06:27:30','55629_tt_2012-02-01_07-44-19'),(947,2,'2012-02-04 06:27:30','55632_tt_2012-02-01_08-16-37'),(948,2,'2012-02-04 06:27:30','55632_tt_2012-02-01_08-19-30'),(949,2,'2012-02-04 07:07:30','51067_tt_2012-02-04_07-04-27'),(950,2,'2012-02-04 07:17:30','52169_tt_2012-02-04_07-02-39'),(951,2,'2012-02-04 07:27:30','48556_tt_2012-02-04_07-12-46'),(952,2,'2012-02-04 07:27:30','50709_tt_2012-02-04_07-07-24'),(953,2,'2012-02-04 07:47:30','47575_tt_2012-02-04_07-40-03'),(954,2,'2012-02-04 07:47:30','54058_tt_2012-02-04_07-42-07'),(955,2,'2012-02-04 10:57:30','47971_tt_2012-02-04_10-49-04'),(956,2,'2012-02-04 13:57:30','47827_tt_2012-02-04_13-53-21'),(957,2,'2012-02-04 13:57:30','49055_tt_2012-01-21_13-38-27'),(960,2,'2012-02-04 13:57:30','50241_tt_2012-01-21_13-35-34'),(961,2,'2012-02-04 14:47:30','42952_tt_2012-02-04_06-36-54'),(962,2,'2012-02-04 15:07:30','32094_tt_2012-02-04_07-41-34'),(963,2,'2012-02-04 15:07:30','48604_tt_2012-02-04_14-07-53'),(964,2,'2012-02-04 15:17:30','41138_tt_2012-02-04_14-45-28'),(965,2,'2012-02-04 15:17:30','47902_tt_2012-02-04_14-54-35'),(966,2,'2012-02-04 15:17:30','48557_tt_2012-01-23_07-24-08'),(967,2,'2012-02-04 15:17:30','48557_tt_2012-01-23_07-27-19'),(968,2,'2012-02-04 15:17:30','50387_tt_2012-02-04_07-19-01'),(969,2,'2012-02-04 22:27:30','46772_tt_2012-02-04_22-06-19'),(970,2,'2012-02-05 14:47:30','46635_tt_2012-02-05_13-39-02'),(971,2,'2012-02-05 14:47:30','47902_tt_2012-02-05_13-45-42'),(972,2,'2012-02-06 06:27:30','42551_tt_2012-01-25_07-52-42'),(973,2,'2012-02-06 06:27:30','42551_tt_2012-01-25_08-04-25'),(974,2,'2012-02-06 06:27:30','42551_tt_2012-01-31_05-56-23'),(975,2,'2012-02-06 06:27:30','48000_tt_2012-01-25_07-55-24'),(976,2,'2012-02-06 06:27:30','48000_tt_2012-01-25_08-06-42'),(977,2,'2012-02-06 06:27:30','48000_tt_2012-01-31_05-58-44'),(978,2,'2012-02-06 06:47:30','48386_tt_2012-02-06_06-26-00'),(979,2,'2012-02-06 06:47:30','48386_tt_2012-02-06_06-31-49'),(980,2,'2012-02-06 06:47:30','48723_tt_2012-02-06_06-36-55'),(981,2,'2012-02-06 06:47:30','55587_tt_2012-02-03_11-40-11'),(982,2,'2012-02-06 06:47:30','55587_tt_2012-02-03_11-43-35'),(983,2,'2012-02-06 06:57:30','40547_tt_2012-01-23_07-11-10'),(984,2,'2012-02-06 06:57:30','42460_tt_2012-02-06_06-47-44'),(985,2,'2012-02-06 06:57:30','48562_tt_2012-02-06_06-46-55'),(986,2,'2012-02-06 06:57:30','53009_tt_2012-01-23_07-16-21'),(987,2,'2012-02-06 06:57:30','55610_tt_2012-01-23_07-13-39'),(988,2,'2012-02-06 06:57:30','55615_tt_2012-01-23_07-19-10'),(989,2,'2012-02-06 07:07:30','34424_tt_2012-02-06_07-04-20'),(990,2,'2012-02-06 07:07:30','46753_tt_2012-02-06_07-02-03'),(991,2,'2012-02-06 07:07:30','48441_tt_2012-02-06_06-54-46'),(992,2,'2012-02-06 07:07:30','49684_tt_2012-01-24_14-49-43'),(993,2,'2012-02-06 07:07:30','52599_tt_2012-02-06_06-50-53'),(994,2,'2012-02-06 07:07:30','53946_tt_2012-01-30_07-48-51'),(995,2,'2012-02-06 07:07:30','53950_tt_2012-01-30_07-42-34'),(996,2,'2012-02-06 07:07:30','55463_tt_2012-02-04_09-17-54'),(997,2,'2012-02-06 07:07:30','55605_tt_2012-01-30_09-52-04'),(998,2,'2012-02-06 07:07:30','55610_tt_2012-01-30_08-57-51'),(999,2,'2012-02-06 07:07:30','55615_tt_2012-01-30_08-47-44'),(1000,2,'2012-02-06 07:17:30','42470_tt_2012-02-06_07-01-04'),(1001,2,'2012-02-06 07:17:30','46636_tt_2012-02-06_07-09-01'),(1002,2,'2012-02-06 07:17:30','47676_tt_2012-02-06_07-11-43'),(1003,2,'2012-02-06 07:17:30','48505_tt_2012-02-04_09-07-37'),(1004,2,'2012-02-06 07:17:30','48505_tt_2012-02-04_09-12-08'),(1005,2,'2012-02-06 07:17:30','48505_tt_2012-02-04_11-41-48'),(1006,2,'2012-02-06 07:17:30','49743_tt_2012-02-04_11-17-19'),(1007,2,'2012-02-06 07:17:30','49743_tt_2012-02-04_11-23-47'),(1008,2,'2012-02-06 07:17:30','49743_tt_2012-02-04_11-29-36'),(1009,2,'2012-02-06 07:17:30','49743_tt_2012-02-04_11-35-31'),(1010,2,'2012-02-06 07:17:30','52633_tt_2012-02-06_07-04-27'),(1011,2,'2012-02-06 07:17:30','55620_tt_2012-01-30_08-55-08'),(1012,2,'2012-02-06 07:27:30','39163_tt_2012-02-06_07-12-07'),(1013,2,'2012-02-06 07:27:30','40547_tt_2012-02-06_07-08-56'),(1014,2,'2012-02-06 07:27:30','41620_tt_2012-02-06_07-13-53'),(1015,2,'2012-02-06 07:27:30','43303_tt_2012-02-03_07-39-17'),(1016,2,'2012-02-06 07:27:30','44389_tt_2012-02-06_06-45-47'),(1017,2,'2012-02-06 07:27:30','46691_tt_2012-02-06_06-59-12'),(1018,2,'2012-02-06 07:27:30','48145_tt_2012-02-06_07-09-09'),(1019,2,'2012-02-06 07:27:30','48198_tt_2012-02-06_07-02-02'),(1020,2,'2012-02-06 07:27:30','49079_tt_2012-02-06_07-05-27'),(1021,2,'2012-02-06 07:27:30','49156_tt_2012-02-06_07-12-57'),(1022,2,'2012-02-06 07:27:30','51475_tt_2012-02-06_07-18-23'),(1023,2,'2012-02-06 07:27:30','52151_tt_2012-02-06_06-55-49'),(1024,2,'2012-02-06 07:27:30','52634_tt_2012-02-01_09-29-54'),(1025,2,'2012-02-06 07:27:30','53009_tt_2012-02-06_07-17-59'),(1026,2,'2012-02-06 07:27:30','55498_tt_2012-02-06_07-17-19'),(1027,2,'2012-02-06 07:27:30','55605_tt_2012-02-06_07-13-29'),(1028,2,'2012-02-06 07:27:30','55610_tt_2012-02-06_07-15-34'),(1029,2,'2012-02-06 07:37:30','36359_tt_2012-02-06_07-25-28'),(1030,2,'2012-02-06 07:37:30','40313_tt_2012-02-06_07-10-26'),(1031,2,'2012-02-06 07:37:30','46462_tt_2012-01-31_06-51-19'),(1032,2,'2012-02-06 07:37:30','46462_tt_2012-02-06_07-23-31'),(1033,2,'2012-02-06 07:47:30','40257_tt_2012-02-06_07-36-32'),(1034,2,'2012-02-06 07:47:30','42200_tt_2012-02-06_07-30-33'),(1035,2,'2012-02-06 07:47:30','47144_tt_2012-01-28_14-18-56'),(1036,2,'2012-02-06 07:47:30','47144_tt_2012-02-06_07-34-23'),(1037,2,'2012-02-06 07:47:30','48149_tt_2012-02-06_07-14-50'),(1038,2,'2012-02-06 07:47:30','48807_tt_2012-02-06_07-24-37'),(1039,2,'2012-02-06 07:47:30','51377_tt_2012-01-28_14-15-54'),(1040,2,'2012-02-06 07:47:30','52112_tt_2012-02-06_07-32-51'),(1041,2,'2012-02-06 07:47:30','52628_tt_2012-02-06_07-36-58'),(1042,2,'2012-02-06 07:47:30','52641_tt_2012-02-06_07-28-31'),(1043,2,'2012-02-06 07:57:30','43110_tt_2012-02-06_07-33-06'),(1044,2,'2012-02-06 07:57:30','49742_tt_2012-01-30_08-31-34'),(1045,2,'2012-02-06 07:57:30','49742_tt_2012-02-06_07-35-20'),(1046,2,'2012-02-06 08:17:30','42460_tt_2012-02-06_07-07-07'),(1047,2,'2012-02-06 08:17:30','48717_tt_2012-02-06_06-55-35'),(1048,2,'2012-02-06 08:17:30','51400_tt_2012-01-30_07-09-22'),(1049,2,'2012-02-06 08:17:30','51400_tt_2012-02-06_07-39-30'),(1050,2,'2012-02-06 08:17:30','55587_tt_2012-02-06_07-12-05'),(1051,2,'2012-02-06 08:17:30','55600_tt_2012-02-06_07-17-21'),(1052,2,'2012-02-06 09:07:30','47975_tt_2012-02-06_08-48-59'),(1053,2,'2012-02-06 09:07:30','49060_tt_2012-02-06_08-40-41'),(1054,2,'2012-02-06 09:37:30','51410_tt_2012-02-06_09-26-35'),(1055,2,'2012-02-06 12:37:30','51330_tt_2012-02-06_12-25-51'),(1056,2,'2012-02-06 12:37:30','51330_tt_2012-02-06_12-34-12'),(1057,2,'2012-02-06 13:17:30','49996_tt_2012-02-06_06-56-56'),(1058,2,'2012-02-06 13:27:30','41004_tt_2012-01-24_06-08-40'),(1059,2,'2012-02-06 13:27:30','41004_tt_2012-01-30_06-42-13'),(1060,2,'2012-02-06 13:27:30','41004_tt_2012-01-30_09-54-22'),(1061,2,'2012-02-06 13:27:30','41004_tt_2012-02-06_10-50-54'),(1062,2,'2012-02-06 13:27:30','41004_tt_2012-02-06_13-08-32'),(1063,2,'2012-02-06 13:27:30','47563_tt_2012-01-24_06-16-55'),(1064,2,'2012-02-06 13:27:30','48679_tt_2012-01-24_06-12-49'),(1065,2,'2012-02-06 13:27:30','48679_tt_2012-01-30_06-34-24'),(1066,2,'2012-02-06 13:37:30','48841_tt_2012-02-04_12-59-13'),(1067,2,'2012-02-06 13:47:30','55462_tt_2012-02-06_13-33-51'),(1068,2,'2012-02-06 13:57:30','47965_tt_2012-02-06_07-15-16'),(1069,2,'2012-02-06 14:27:30','40980_tt_2012-02-06_09-54-18'),(1070,2,'2012-02-06 14:27:30','47894_tt_2012-02-06_08-08-40'),(1071,2,'2012-02-06 14:27:30','50225_tt_2012-02-06_09-19-10'),(1072,2,'2012-02-06 14:27:30','52117_tt_2012-02-06_09-59-27'),(1073,2,'2012-02-06 14:27:30','52166_tt_2012-02-06_09-21-55'),(1074,2,'2012-02-06 14:27:30','54045_tt_2012-02-06_10-03-18'),(1075,2,'2012-02-06 14:27:30','54045_tt_2012-02-06_10-07-32'),(1076,2,'2012-02-06 14:27:30','54081_tt_2012-02-06_09-45-34'),(1077,2,'2012-02-06 14:47:30','49681_tt_2012-02-06_08-20-10'),(1078,2,'2012-02-06 14:47:30','50287_tt_2012-02-06_14-06-30'),(1079,2,'2012-02-06 14:47:30','51330_tt_2012-02-06_12-39-33'),(1080,2,'2012-02-06 14:47:30','51330_tt_2012-02-06_12-48-52'),(1081,2,'2012-02-06 14:47:30','51330_tt_2012-02-06_13-08-00'),(1082,2,'2012-02-06 14:57:30','40445_tt_2012-02-06_07-47-49'),(1083,2,'2012-02-06 14:57:30','40445_tt_2012-02-06_14-49-44'),(1084,2,'2012-02-06 14:57:30','41072_tt_2012-02-06_12-19-53'),(1085,2,'2012-02-06 14:57:30','48211_tt_2012-02-06_07-41-47'),(1086,2,'2012-02-06 14:57:30','55622_tt_2012-02-06_12-33-25'),(1087,2,'2012-02-06 14:57:30','55622_tt_2012-02-06_12-35-44'),(1088,2,'2012-02-06 14:57:30','55627_tt_2012-02-06_13-12-09'),(1089,2,'2012-02-06 14:57:30','55627_tt_2012-02-06_13-14-04'),(1090,2,'2012-02-06 14:57:30','55629_tt_2012-02-06_12-43-17'),(1091,2,'2012-02-06 14:57:30','55629_tt_2012-02-06_12-46-29'),(1092,2,'2012-02-06 14:57:30','55632_tt_2012-02-06_12-56-05'),(1093,2,'2012-02-06 14:57:30','55632_tt_2012-02-06_12-58-51'),(1094,2,'2012-02-06 15:07:30','35211_tt_2012-01-29_13-54-03'),(1095,2,'2012-02-06 15:07:30','35211_tt_2012-02-06_08-30-47'),(1096,2,'2012-02-06 15:07:30','35211_tt_2012-02-06_08-34-26'),(1097,2,'2012-02-06 15:07:30','42890_tt_2012-02-06_15-01-44'),(1098,2,'2012-02-06 15:07:30','53926_tt_2012-02-06_11-20-13'),(1099,2,'2012-02-06 15:07:30','53955_tt_2012-02-06_11-25-08'),(1100,2,'2012-02-06 15:07:30','53955_tt_2012-02-06_11-27-24'),(1101,2,'2012-02-06 15:07:30','53963_tt_2012-02-06_08-44-47'),(1102,2,'2012-02-06 15:17:30','52629_tt_2012-02-02_07-49-53'),(1103,2,'2012-02-06 15:17:30','52629_tt_2012-02-02_08-03-38'),(1104,2,'2012-02-06 15:17:30','52629_tt_2012-02-02_08-07-30'),(1105,2,'2012-02-06 15:27:30','48560_tt_2012-02-06_15-09-54'),(1106,2,'2012-02-06 15:27:30','48560_tt_2012-02-06_15-11-23'),(1107,2,'2012-02-07 05:37:30','37906_tt_2012-02-06_06-19-12'),(1108,2,'2012-02-07 05:37:30','47895_tt_2012-02-06_06-28-28'),(1109,2,'2012-02-07 06:47:30','46882_tt_2012-02-07_06-35-40'),(1110,2,'2012-02-07 07:07:30','47706_tt_2012-01-30_08-44-39'),(1111,2,'2012-02-07 07:07:30','47706_tt_2012-02-07_06-38-56'),(1112,2,'2012-02-07 07:17:30','49119_tt_2012-02-07_06-59-26'),(1113,2,'2012-02-07 07:17:30','50275_tt_2012-02-06_12-39-46'),(1114,2,'2012-02-07 07:27:30','46904_tt_2012-02-01_17-13-43'),(1115,2,'2012-02-07 07:27:30','48664_tt_2012-02-04_14-28-13'),(1116,2,'2012-02-07 07:27:30','50252_tt_2012-02-06_07-54-00'),(1117,2,'2012-02-07 07:27:30','50284_tt_2012-02-06_07-44-33'),(1118,2,'2012-02-07 07:27:30','50284_tt_2012-02-06_07-47-27'),(1119,2,'2012-02-07 07:27:30','52150_tt_2012-02-04_14-34-07'),(1120,2,'2012-02-07 07:27:30','52683_tt_2012-02-06_14-15-09'),(1121,2,'2012-02-07 07:27:30','52683_tt_2012-02-07_07-13-14'),(1122,2,'2012-02-07 07:37:30','49075_tt_2012-02-07_07-20-21'),(1123,2,'2012-02-07 07:37:30','50219_tt_2012-02-07_07-18-25'),(1124,2,'2012-02-07 08:07:30','48788_tt_2012-02-07_07-45-53'),(1125,2,'2012-02-07 08:17:30','51424_tt_2012-02-07_08-02-47'),(1126,2,'2012-02-07 08:37:30','50322_tt_2012-02-06_07-14-54'),(1127,2,'2012-02-07 10:57:30','54036_tt_2012-02-07_10-44-12'),(1128,2,'2012-02-07 10:57:30','55442_tt_2012-02-06_13-46-39'),(1129,2,'2012-02-07 11:17:30','46904_tt_2012-02-07_10-17-22'),(1130,2,'2012-02-07 12:47:30','44072_tt_2012-02-07_11-19-06'),(1131,2,'2012-02-07 12:57:30','54079_tt_2012-02-07_12-43-25'),(1132,2,'2012-02-07 14:27:30','48222_tt_2012-02-07_10-10-04'),(1133,2,'2012-02-07 14:27:30','53013_tt_2012-02-07_10-07-26'),(1134,2,'2012-02-07 14:37:30','44740_tt_2012-02-07_14-31-45'),(1136,2,'2012-02-07 14:47:30','46303_tt_2012-02-07_14-13-02'),(1137,2,'2012-02-07 14:47:30','46303_tt_2012-02-07_14-24-12'),(1138,2,'2012-02-07 14:47:30','49092_tt_2012-01-23_07-56-50'),(1139,2,'2012-02-07 14:47:30','49092_tt_2012-01-31_07-07-56'),(1140,2,'2012-02-07 14:47:30','49092_tt_2012-02-07_14-19-21'),(1141,2,'2012-02-08 06:47:30','52700_tt_2012-02-08_06-33-49'),(1142,2,'2012-02-08 06:57:30','52700_tt_2012-02-08_06-42-30'),(1143,2,'2012-02-08 07:07:30','49747_tt_2012-02-07_19-45-59'),(1144,2,'2012-02-08 07:17:30','49151_tt_2012-02-07_07-05-35'),(1145,2,'2012-02-08 07:17:30','49747_tt_2012-02-07_19-54-13'),(1146,2,'2012-02-08 07:17:30','49747_tt_2012-02-07_19-55-48'),(1147,2,'2012-02-08 07:17:30','49747_tt_2012-02-07_19-57-58'),(1148,2,'2012-02-08 07:17:30','49747_tt_2012-02-07_19-59-27'),(1149,2,'2012-02-08 07:17:30','49747_tt_2012-02-07_20-01-43'),(1150,2,'2012-02-08 07:17:30','49747_tt_2012-02-07_20-03-05'),(1151,2,'2012-02-08 07:17:30','49747_tt_2012-02-07_20-04-18'),(1152,2,'2012-02-08 07:17:30','49747_tt_2012-02-07_20-05-57'),(1153,2,'2012-02-08 07:17:30','49747_tt_2012-02-07_20-07-22'),(1154,2,'2012-02-08 07:17:30','49747_tt_2012-02-07_20-09-35'),(1155,2,'2012-02-08 07:17:30','49747_tt_2012-02-07_20-12-01'),(1156,2,'2012-02-08 07:17:30','50265_tt_2012-02-07_08-09-00'),(1157,2,'2012-02-08 07:17:30','51367_tt_2012-02-07_07-14-03'),(1158,2,'2012-02-08 07:37:30','47713_tt_2012-02-06_07-25-28'),(1159,2,'2012-02-08 07:37:30','52808_tt_2012-02-08_07-25-59'),(1160,2,'2012-02-08 07:37:30','53946_tt_2012-02-06_07-11-53'),(1161,2,'2012-02-08 07:37:30','53950_tt_2012-02-06_07-14-11'),(1162,2,'2012-02-08 08:07:30','34886_tt_2012-01-23_07-17-33'),(1163,2,'2012-02-08 08:07:30','46771_tt_2012-01-23_07-09-35'),(1164,2,'2012-02-08 08:07:30','48200_tt_2012-01-23_07-01-03'),(1165,2,'2012-02-08 08:07:30','49177_tt_2012-01-23_06-56-59'),(1166,2,'2012-02-08 08:07:30','55443_tt_2012-02-08_07-30-55'),(1167,2,'2012-02-08 08:07:30','55443_tt_2012-02-08_07-40-16'),(1168,2,'2012-02-08 09:07:30','46969_tt_2012-02-01_09-45-22'),(1169,2,'2012-02-08 09:07:30','46969_tt_2012-02-01_09-50-17'),(1170,2,'2012-02-08 09:07:30','46969_tt_2012-02-06_14-14-50'),(1171,2,'2012-02-08 09:07:30','51340_tt_2012-02-07_07-55-21'),(1172,2,'2012-02-08 09:07:30','52602_tt_2012-02-07_08-00-58'),(1173,2,'2012-02-08 11:47:30','52164_tt_2012-02-06_07-17-50'),(1174,2,'2012-02-08 13:37:30','46900_tt_2012-02-07_08-24-43'),(1175,2,'2012-02-08 13:37:30','51458_tt_2012-02-07_08-28-47'),(1176,2,'2012-02-08 13:37:30','51458_tt_2012-02-07_08-31-39'),(1177,2,'2012-02-08 14:07:30','37569_tt_2012-02-07_08-24-36'),(1178,2,'2012-02-08 14:07:30','37569_tt_2012-02-07_08-26-18'),(1179,2,'2012-02-08 15:07:30','41004_tt_2012-02-07_14-48-56'),(1180,2,'2012-02-08 15:17:30','51380_tt_2012-02-08_14-45-32'),(1181,2,'2012-02-08 18:57:30','48186_tt_2012-01-12_08-00-08'),(1182,2,'2012-02-08 18:57:30','48186_tt_2012-01-12_08-02-09'),(1183,2,'2012-02-08 18:57:30','48186_tt_2012-01-21_10-15-36'),(1184,2,'2012-02-08 18:57:30','48186_tt_2012-02-03_11-13-23'),(1185,2,'2012-02-09 06:27:30','48359_tt_2012-02-07_12-40-29'),(1186,2,'2012-02-09 07:17:30','52150_tt_2012-02-08_07-12-46'),(1187,2,'2012-02-09 07:27:30','53925_tt_2012-02-04_13-07-06'),(1188,2,'2012-02-09 07:27:30','53929_tt_2012-02-04_13-03-24'),(1189,2,'2012-02-09 07:27:30','53957_tt_2012-02-04_13-18-16'),(1190,2,'2012-02-09 07:37:30','46756_tt_2012-02-09_07-10-49'),(1191,2,'2012-02-09 07:37:30','52115_tt_2012-02-09_07-18-36'),(1192,2,'2012-02-09 08:47:30','41309_tt_2012-02-04_13-43-00'),(1193,2,'2012-02-09 12:47:30','49088_tt_2011-12-21_11-20-41'),(1194,2,'2012-02-09 12:47:30','49088_tt_2012-02-09_12-23-05'),(1195,2,'2012-02-09 12:47:30','49088_tt_2012-02-09_12-24-32'),(1196,2,'2012-02-09 12:47:30','49088_tt_2012-02-09_12-26-15'),(1197,2,'2012-02-09 12:47:30','49088_tt_2012-02-09_12-27-43'),(1198,2,'2012-02-09 13:07:30','51458_tt_2011-12-12_12-09-29'),(1199,2,'2012-02-09 13:37:30','54039_tt_2012-02-09_13-19-42'),(1200,2,'2012-02-09 13:37:30','54039_tt_2012-02-09_13-27-10'),(1201,2,'2012-02-09 15:07:30','42500_tt_2012-02-06_07-21-29'),(1202,2,'2012-02-09 15:17:30','38815_tt_2012-02-09_15-01-33'),(1203,2,'2012-02-09 15:17:30','44723_tt_2012-02-09_14-54-47'),(1204,2,'2012-02-09 15:27:30','44723_tt_2011-12-13_13-59-14'),(1205,2,'2012-02-09 15:27:30','44723_tt_2012-02-07_09-51-07'),(1206,2,'2012-02-10 07:17:30','47676_tt_2012-02-10_07-08-06'),(1207,2,'2012-02-10 07:27:30','47158_tt_2012-02-08_15-11-34'),(1208,2,'2012-02-10 07:27:30','55639_tt_2012-02-10_07-06-45'),(1209,2,'2012-02-10 09:57:30','48717_tt_2012-02-10_06-37-01'),(1210,2,'2012-02-10 13:47:30','50220_tt_2012-02-10_13-36-34'),(1211,2,'2012-02-10 13:57:30','49055_tt_2012-02-04_13-51-19'),(1212,2,'2012-02-10 13:57:30','50241_tt_2012-01-28_13-35-23'),(1213,2,'2012-02-10 13:57:30','50241_tt_2012-02-04_13-45-39'),(1214,2,'2012-02-10 13:57:30','50271_tt_2012-01-21_13-32-49'),(1215,2,'2012-02-10 13:57:30','50271_tt_2012-01-28_13-33-16'),(1216,2,'2012-02-10 13:57:30','50271_tt_2012-02-06_07-13-59'),(1217,2,'2012-02-10 13:57:30','51386_tt_2012-02-04_13-41-38'),(1218,2,'2012-02-11 06:27:30','29771_tt_2012-02-11_06-12-52'),(1219,2,'2012-02-11 07:07:30','52169_tt_2012-02-11_06-55-18'),(1220,2,'2012-02-11 07:17:30','48556_tt_2012-02-11_07-08-45'),(1221,2,'2012-02-11 07:17:30','50387_tt_2012-02-11_07-01-57'),(1222,2,'2012-02-11 07:17:30','55463_tt_2012-02-11_06-35-52'),(1223,2,'2012-02-11 08:27:30','50221_tt_2012-02-11_07-39-58'),(1224,2,'2012-02-11 09:07:30','47971_tt_2012-02-11_09-05-51'),(1225,2,'2012-02-11 09:07:30','49336_tt_2012-02-04_14-28-56'),(1226,2,'2012-02-11 09:27:30','47575_tt_2012-02-11_07-39-49'),(1227,2,'2012-02-11 09:37:30','49331_tt_2012-02-11_07-39-19'),(1228,2,'2012-02-11 15:07:30','32094_tt_2012-02-11_13-43-40'),(1229,2,'2012-02-11 15:07:30','48604_tt_2012-02-11_13-47-24'),(1230,2,'2012-02-11 15:07:30','50672_tt_2012-02-11_07-34-44'),(1231,2,'2012-02-11 19:47:30','48357_tt_2012-02-11_14-28-36'),(1232,2,'2012-02-13 06:07:30','37906_tt_2012-02-12_16-54-14'),(1233,2,'2012-02-13 06:07:30','37906_tt_2012-02-12_16-56-30'),(1234,2,'2012-02-13 06:27:30','41004_tt_2012-02-13_06-14-14'),(1235,2,'2012-02-13 06:37:30','48679_tt_2012-02-13_06-24-23'),(1236,2,'2012-02-13 06:47:30','41406_tt_2012-02-06_06-43-25'),(1237,2,'2012-02-13 06:47:30','47943_tt_2012-02-06_06-46-12'),(1238,2,'2012-02-13 06:57:30','47943_tt_2012-02-13_06-50-52'),(1239,2,'2012-02-13 06:57:30','50710_tt_2012-02-06_06-24-59'),(1240,2,'2012-02-13 06:57:30','50710_tt_2012-02-06_06-26-33'),(1241,2,'2012-02-13 06:57:30','50710_tt_2012-02-13_06-34-42'),(1242,2,'2012-02-13 07:07:30','53009_tt_2012-02-06_07-24-48'),(1243,2,'2012-02-13 07:07:30','55615_tt_2012-02-06_07-22-37'),(1244,2,'2012-02-13 07:07:30','55620_tt_2012-02-06_07-20-34'),(1245,2,'2012-02-13 07:17:30','40445_tt_2012-02-13_07-04-03'),(1246,2,'2012-02-13 07:17:30','42890_tt_2012-02-11_15-05-03'),(1247,2,'2012-02-13 07:17:30','43110_tt_2012-02-13_07-05-02'),(1248,2,'2012-02-13 07:17:30','44389_tt_2012-02-13_07-01-29'),(1249,2,'2012-02-13 07:17:30','47280_tt_2012-02-13_07-02-22'),(1250,2,'2012-02-13 07:17:30','48211_tt_2012-02-06_14-53-27'),(1251,2,'2012-02-13 07:17:30','50201_tt_2012-02-13_07-10-56'),(1252,2,'2012-02-13 07:17:30','50385_tt_2012-02-08_08-03-00'),(1253,2,'2012-02-13 07:17:30','51475_tt_2012-02-13_06-54-18'),(1254,2,'2012-02-13 07:17:30','52598_tt_2012-02-06_08-01-25'),(1255,2,'2012-02-13 07:17:30','52599_tt_2012-02-13_06-49-05'),(1256,2,'2012-02-13 07:27:30','40257_tt_2012-02-13_07-17-28'),(1257,2,'2012-02-13 07:27:30','46636_tt_2012-01-17_09-19-31'),(1258,2,'2012-02-13 07:27:30','46636_tt_2012-01-30_10-06-45'),(1259,2,'2012-02-13 07:27:30','47714_tt_2012-02-13_07-16-52'),(1260,2,'2012-02-13 07:27:30','47714_tt_2012-02-13_07-18-53'),(1261,2,'2012-02-13 07:27:30','53925_tt_2012-02-13_07-02-30'),(1262,2,'2012-02-13 07:27:30','53929_tt_2012-02-13_07-13-07'),(1263,2,'2012-02-13 07:27:30','53957_tt_2012-02-13_07-05-47'),(1264,2,'2012-02-13 07:37:30','35037_tt_2012-02-06_07-22-52'),(1265,2,'2012-02-13 07:37:30','35037_tt_2012-02-06_07-31-18'),(1266,2,'2012-02-13 07:37:30','40547_tt_2012-02-13_07-08-53'),(1267,2,'2012-02-13 07:37:30','41620_tt_2012-02-13_07-17-57'),(1268,2,'2012-02-13 07:37:30','42470_tt_2012-02-13_07-17-25'),(1269,2,'2012-02-13 07:37:30','46772_tt_2012-02-13_07-23-35'),(1270,2,'2012-02-13 07:37:30','47274_tt_2012-02-13_07-21-23'),(1271,2,'2012-02-13 07:37:30','48199_tt_2012-02-06_15-00-51'),(1272,2,'2012-02-13 07:37:30','48222_tt_2012-02-13_07-15-37'),(1273,2,'2012-02-13 07:37:30','48222_tt_2012-02-13_07-17-35'),(1274,2,'2012-02-13 07:37:30','48386_tt_2012-02-13_06-59-34'),(1275,2,'2012-02-13 07:37:30','49996_tt_2012-02-13_07-02-49'),(1276,2,'2012-02-13 07:37:30','50191_tt_2012-02-13_07-25-27'),(1277,2,'2012-02-13 07:37:30','50277_tt_2012-02-06_08-17-47'),(1278,2,'2012-02-13 07:37:30','50322_tt_2012-02-13_07-23-34'),(1279,2,'2012-02-13 07:37:30','51410_tt_2012-02-13_07-04-33'),(1280,2,'2012-02-13 07:37:30','53009_tt_2012-02-13_07-11-58'),(1281,2,'2012-02-13 07:37:30','53013_tt_2012-01-23_07-34-27'),(1282,2,'2012-02-13 07:37:30','53013_tt_2012-01-23_07-45-38'),(1283,2,'2012-02-13 07:37:30','53925_tt_2012-01-31_08-07-51'),(1284,2,'2012-02-13 07:37:30','53929_tt_2012-01-31_07-59-49'),(1285,2,'2012-02-13 07:37:30','53950_tt_2012-02-13_07-21-30'),(1286,2,'2012-02-13 07:37:30','55605_tt_2012-02-13_07-18-57'),(1287,2,'2012-02-13 07:37:30','55610_tt_2012-02-13_07-15-50'),(1288,2,'2012-02-13 07:37:30','55611_tt_2012-02-06_07-37-35'),(1289,2,'2012-02-13 07:37:30','55611_tt_2012-02-13_07-13-55'),(1290,2,'2012-02-13 07:37:30','55615_tt_2012-02-13_07-14-11'),(1291,2,'2012-02-13 07:37:30','55623_tt_2012-02-06_07-44-51'),(1292,2,'2012-02-13 07:37:30','55623_tt_2012-02-13_07-20-15'),(1293,2,'2012-02-13 07:37:30','55631_tt_2012-02-06_07-51-14'),(1294,2,'2012-02-13 07:37:30','55631_tt_2012-02-13_07-05-26'),(1295,2,'2012-02-13 07:47:30','39163_tt_2012-02-13_07-24-56'),(1296,2,'2012-02-13 07:47:30','47285_tt_2012-02-13_07-17-37'),(1297,2,'2012-02-13 07:47:30','49166_tt_2012-02-13_07-32-59'),(1298,2,'2012-02-13 07:47:30','49180_tt_2012-02-13_07-33-14'),(1299,2,'2012-02-13 07:47:30','49685_tt_2012-02-13_07-37-22'),(1300,2,'2012-02-13 07:47:30','51458_tt_2012-02-13_07-21-22'),(1301,2,'2012-02-13 07:47:30','53013_tt_2012-02-13_07-27-29'),(1302,2,'2012-02-13 07:47:30','53013_tt_2012-02-13_07-28-54'),(1303,2,'2012-02-13 07:57:30','40903_tt_2012-02-13_07-47-12'),(1304,2,'2012-02-13 07:57:30','41138_tt_2012-02-13_07-22-47'),(1305,2,'2012-02-13 07:57:30','46969_tt_2012-02-13_07-44-04'),(1306,2,'2012-02-13 07:57:30','47902_tt_2012-02-13_07-46-42'),(1307,2,'2012-02-13 08:07:30','47976_tt_2012-01-30_13-38-00'),(1308,2,'2012-02-13 08:07:30','48359_tt_2012-01-24_13-39-02'),(1309,2,'2012-02-13 08:07:30','48359_tt_2012-02-13_07-42-39'),(1310,2,'2012-02-13 08:07:30','49681_tt_2012-01-24_13-43-30'),(1311,2,'2012-02-13 08:07:30','50219_tt_2012-02-13_07-21-17'),(1312,2,'2012-02-13 08:07:30','52453_tt_2012-02-02_12-58-18'),(1313,2,'2012-02-13 08:07:30','52453_tt_2012-02-02_13-01-09'),(1314,2,'2012-02-13 08:07:30','55587_tt_2012-02-13_07-55-09'),(1315,2,'2012-02-13 08:57:30','53953_tt_2012-02-13_07-50-57'),(1316,2,'2012-02-13 09:17:30','49100_tt_2012-02-13_08-58-53'),(1318,2,'2012-02-13 09:57:30','52164_tt_2012-02-13_07-27-21'),(1319,2,'2012-02-13 09:57:30','54039_tt_2012-02-13_07-37-15'),(1320,2,'2012-02-13 10:17:30','43368_tt_2012-02-13_08-33-28'),(1321,2,'2012-02-13 10:17:30','50711_tt_2012-02-13_10-07-21'),(1322,2,'2012-02-13 10:27:30','47026_tt_2012-02-13_10-04-48'),(1323,2,'2012-02-13 11:57:30','49060_tt_2012-02-13_11-40-53'),(1324,2,'2012-02-13 11:57:30','49824_tt_2012-02-06_09-59-00'),(1325,2,'2012-02-13 11:57:30','49824_tt_2012-02-09_14-01-21'),(1326,2,'2012-02-13 11:57:30','55498_tt_2012-02-13_11-49-10'),(1327,2,'2012-02-13 12:17:30','46885_tt_2012-02-13_11-42-59'),(1328,2,'2012-02-13 12:17:30','47560_tt_2012-02-13_11-35-04'),(1329,2,'2012-02-13 12:17:30','52700_tt_2012-02-13_11-28-03'),(1330,2,'2012-02-13 12:57:30','47706_tt_2012-02-13_08-28-39'),(1331,2,'2012-02-13 13:47:30','46896_tt_2012-02-07_11-00-39'),(1333,2,'2012-02-13 13:47:30','52694_tt_2012-02-13_13-30-53'),(1334,2,'2012-02-13 13:47:30','52694_tt_2012-02-13_13-33-45'),(1335,2,'2012-02-13 13:47:30','55442_tt_2012-02-13_13-27-15'),(1336,2,'2012-02-13 13:57:30','47928_tt_2012-02-13_13-42-09'),(1337,2,'2012-02-13 13:57:30','48841_tt_2012-02-13_13-46-47'),(1338,2,'2012-02-13 14:57:30','52112_tt_2012-02-13_14-34-13'),(1339,2,'2012-02-13 15:07:30','50287_tt_2012-02-13_14-52-46'),(1340,2,'2012-02-13 15:07:30','52453_tt_2012-02-13_14-29-22'),(1341,2,'2012-02-13 15:07:30','52453_tt_2012-02-13_14-55-09'),(1342,2,'2012-02-13 15:17:30','48441_tt_2012-02-13_12-46-29'),(1343,2,'2012-02-13 15:17:30','48560_tt_2012-02-13_13-53-04'),(1344,2,'2012-02-13 15:17:30','49190_tt_2012-02-13_14-42-34'),(1345,2,'2012-02-13 15:17:30','52631_tt_2012-02-13_07-49-52'),(1346,2,'2012-02-13 15:27:30','38815_tt_2012-02-13_15-14-53'),(1347,2,'2012-02-13 15:37:30','43599_tt_2012-02-13_06-50-12'),(1348,2,'2012-02-13 15:37:30','47022_tt_2012-01-30_07-55-06'),(1349,2,'2012-02-13 15:37:30','47031_tt_2012-02-12_14-53-40'),(1350,2,'2012-02-13 15:37:30','47031_tt_2012-02-12_14-55-10'),(1351,2,'2012-02-13 15:37:30','47807_tt_2012-02-13_07-22-17'),(1352,2,'2012-02-13 15:37:30','47807_tt_2012-02-13_15-03-37'),(1353,2,'2012-02-13 15:37:30','50273_tt_2012-02-05_13-37-43'),(1354,2,'2012-02-13 15:37:30','50273_tt_2012-02-05_13-39-00'),(1355,2,'2012-02-13 15:37:30','50273_tt_2012-02-13_07-19-55'),(1356,2,'2012-02-13 15:37:30','50273_tt_2012-02-13_07-45-10'),(1357,2,'2012-02-13 15:37:30','50273_tt_2012-02-13_07-48-05'),(1358,2,'2012-02-13 15:37:30','50289_tt_2012-02-06_08-30-48'),(1359,2,'2012-02-13 15:37:30','50289_tt_2012-02-13_07-42-01'),(1360,2,'2012-02-13 15:37:30','50708_tt_2012-02-02_06-57-45'),(1361,2,'2012-02-13 15:37:30','50708_tt_2012-02-08_12-30-20'),(1362,2,'2012-02-13 15:37:30','51376_tt_2012-02-09_07-21-45'),(1363,2,'2012-02-13 15:37:30','51391_tt_2012-02-13_07-08-03'),(1364,2,'2012-02-13 15:37:30','51391_tt_2012-02-13_07-09-45'),(1365,2,'2012-02-13 15:37:30','51395_tt_2012-02-08_09-26-15'),(1366,2,'2012-02-13 15:37:30','51395_tt_2012-02-08_21-17-59'),(1367,2,'2012-02-13 15:37:30','51395_tt_2012-02-13_07-14-21'),(1368,2,'2012-02-13 15:37:30','51395_tt_2012-02-13_07-17-13'),(1369,2,'2012-02-13 15:37:30','52614_tt_2012-02-03_14-57-45'),(1370,2,'2012-02-13 15:37:30','52614_tt_2012-02-09_07-13-05'),(1371,2,'2012-02-13 15:37:30','52626_tt_2012-02-12_15-03-22'),(1372,2,'2012-02-13 15:37:30','52626_tt_2012-02-12_15-08-21'),(1373,2,'2012-02-13 15:37:30','52626_tt_2012-02-12_15-10-44'),(1374,2,'2012-02-13 15:37:30','52645_tt_2012-02-11_18-38-09'),(1375,2,'2012-02-13 15:37:30','52645_tt_2012-02-12_07-17-56'),(1376,2,'2012-02-14 07:17:30','41457_tt_2012-02-14_07-05-18'),(1377,2,'2012-02-14 07:17:30','50270_tt_2012-02-07_07-05-41'),(1378,2,'2012-02-14 07:17:30','50270_tt_2012-02-14_07-05-53'),(1379,2,'2012-02-14 07:47:30','40916_tt_2012-02-06_07-56-16'),(1380,2,'2012-02-14 07:47:30','40916_tt_2012-02-06_08-00-19'),(1381,2,'2012-02-14 07:47:30','49156_tt_2012-02-13_18-59-50'),(1382,2,'2012-02-14 08:17:30','47713_tt_2012-02-14_07-59-58'),(1383,2,'2012-02-14 08:17:30','47713_tt_2012-02-14_08-01-14'),(1384,2,'2012-02-14 08:17:30','47713_tt_2012-02-14_08-02-24'),(1385,2,'2012-02-14 08:17:30','47713_tt_2012-02-14_08-03-25'),(1386,2,'2012-02-14 08:17:30','52808_tt_2012-02-14_07-50-59'),(1387,2,'2012-02-14 08:17:30','53946_tt_2012-02-14_07-39-02'),(1388,2,'2012-02-14 08:17:30','53946_tt_2012-02-14_07-40-27'),(1389,2,'2012-02-14 08:17:30','53946_tt_2012-02-14_07-41-45'),(1390,2,'2012-02-14 09:37:30','42460_tt_2012-02-13_08-02-18'),(1391,2,'2012-02-14 09:37:30','50059_tt_2012-02-06_08-02-40'),(1392,2,'2012-02-14 09:37:30','50059_tt_2012-02-14_09-14-25'),(1393,2,'2012-02-14 09:37:30','54063_tt_2012-02-06_08-08-37'),(1394,2,'2012-02-14 09:37:30','54063_tt_2012-02-14_09-17-39'),(1395,2,'2012-02-14 10:27:30','48149_tt_2012-02-14_07-31-45'),(1396,2,'2012-02-14 10:37:30','47965_tt_2012-02-13_07-03-07'),(1397,2,'2012-02-14 10:57:30','48788_tt_2012-02-14_10-27-52'),(1398,2,'2012-02-14 11:37:30','44072_tt_2012-02-14_11-17-15'),(1399,2,'2012-02-14 11:37:30','52683_tt_2012-02-14_11-09-54'),(1400,2,'2012-02-14 13:17:30','52634_tt_2012-02-14_13-14-09'),(1401,2,'2012-02-14 13:37:30','53950_tt_2012-02-14_08-17-46'),(1402,2,'2012-02-14 13:37:30','53950_tt_2012-02-14_08-18-53'),(1403,2,'2012-02-14 13:37:30','53950_tt_2012-02-14_08-20-15'),(1404,2,'2012-02-14 13:37:30','53950_tt_2012-02-14_08-21-56'),(1405,2,'2012-02-14 13:37:30','53950_tt_2012-02-14_08-22-51'),(1406,2,'2012-02-14 13:57:30','40257_tt_2012-02-14_13-43-20'),(1407,2,'2012-02-14 13:57:30','40257_tt_2012-02-14_13-45-02'),(1408,2,'2012-02-14 14:17:30','42460_tt_2012-02-14_13-54-33'),(1409,2,'2012-02-14 15:07:30','41072_tt_2012-02-13_10-14-41'),(1410,2,'2012-02-14 15:07:30','47900_tt_2012-02-13_15-25-00'),(1411,2,'2012-02-14 15:07:30','49743_tt_2012-02-13_15-22-34'),(1412,2,'2012-02-14 15:07:30','51414_tt_2012-02-04_14-29-02'),(1413,2,'2012-02-14 15:07:30','51414_tt_2012-02-11_14-08-09'),(1414,2,'2012-02-14 15:07:30','52149_tt_2012-02-04_14-31-57'),(1415,2,'2012-02-14 15:07:30','55622_tt_2012-02-13_12-48-32'),(1416,2,'2012-02-14 15:07:30','55622_tt_2012-02-13_12-50-15'),(1417,2,'2012-02-14 15:07:30','55627_tt_2012-02-13_14-35-11'),(1418,2,'2012-02-14 15:07:30','55627_tt_2012-02-13_14-37-59'),(1419,2,'2012-02-14 15:07:30','55629_tt_2012-02-13_13-18-29'),(1420,2,'2012-02-14 15:07:30','55629_tt_2012-02-13_13-21-10'),(1421,2,'2012-02-14 15:07:30','55629_tt_2012-02-13_14-40-31'),(1422,2,'2012-02-14 15:07:30','55632_tt_2012-02-13_12-57-22'),(1423,2,'2012-02-14 15:07:30','55632_tt_2012-02-13_12-59-58'),(1424,2,'2012-02-14 15:17:30','49747_tt_2012-02-14_13-52-06'),(1425,2,'2012-02-14 15:17:30','49747_tt_2012-02-14_13-53-15'),(1426,2,'2012-02-14 15:17:30','49747_tt_2012-02-14_13-54-42'),(1427,2,'2012-02-14 15:17:30','51380_tt_2012-02-14_15-01-25'),(1428,2,'2012-02-14 15:47:30','42643_tt_2012-02-14_15-35-09'),(1429,2,'2012-02-15 06:17:30','38949_tt_2012-02-06_07-32-48'),(1430,2,'2012-02-15 06:27:30','38949_tt_2012-02-14_06-24-38'),(1431,2,'2012-02-15 06:27:30','38949_tt_2012-02-14_08-05-34'),(1432,2,'2012-02-15 06:37:30','52166_tt_2012-02-14_07-19-37'),(1433,2,'2012-02-15 06:47:30','52117_tt_2012-02-14_16-39-50'),(1434,2,'2012-02-15 06:57:30','50225_tt_2012-02-14_10-23-45'),(1435,2,'2012-02-15 06:57:30','52115_tt_2012-02-14_10-02-07'),(1436,2,'2012-02-15 06:57:30','54045_tt_2012-02-14_10-16-17'),(1437,2,'2012-02-15 06:57:30','54081_tt_2012-01-30_14-45-20'),(1438,2,'2012-02-15 07:17:30','46462_tt_2012-02-15_06-49-15'),(1439,2,'2012-02-15 07:37:30','41241_tt_2012-02-06_07-19-13'),(1440,2,'2012-02-15 07:37:30','41241_tt_2012-02-14_07-21-32'),(1441,2,'2012-02-15 07:47:30','54056_tt_2012-02-06_07-08-26'),(1442,2,'2012-02-15 08:07:30','49075_tt_2012-02-13_07-21-16'),(1443,2,'2012-02-15 08:47:30','41433_tt_2012-02-15_08-37-45'),(1444,2,'2012-02-15 08:47:30','50196_tt_2012-02-13_07-09-56'),(1445,2,'2012-02-15 09:07:30','47894_tt_2012-02-13_07-52-33'),(1446,2,'2012-02-15 09:07:30','47894_tt_2012-02-13_07-54-45'),(1447,2,'2012-02-15 10:17:30','50160_tt_2012-02-07_14-32-48'),(1448,2,'2012-02-15 10:17:30','50160_tt_2012-02-15_09-06-35'),(1449,2,'2012-02-15 10:17:30','50170_tt_2012-01-18_13-59-02'),(1450,2,'2012-02-15 10:37:30','46303_tt_2012-02-14_08-13-46'),(1451,2,'2012-02-15 10:37:30','49092_tt_2012-02-14_08-06-22'),(1452,2,'2012-02-15 11:57:30','41406_tt_2012-01-30_07-25-26'),(1453,2,'2012-02-15 12:07:30','41406_tt_2012-02-15_11-57-28'),(1454,2,'2012-02-15 12:27:30','48807_tt_2012-02-11_12-45-13'),(1455,2,'2012-02-15 12:47:30','48200_tt_2012-02-14_07-04-29'),(1456,2,'2012-02-15 12:47:30','50708_tt_2012-02-14_07-17-52'),(1457,2,'2012-02-15 12:47:30','51376_tt_2012-02-14_07-11-26'),(1458,2,'2012-02-15 14:37:30','40980_tt_2012-02-15_11-20-30'),(1459,2,'2012-02-15 14:57:30','35211_tt_2012-02-10_07-19-41'),(1460,2,'2012-02-15 14:57:30','35211_tt_2012-02-10_08-45-35'),(1461,2,'2012-02-15 14:57:30','35211_tt_2012-02-13_12-03-13'),(1462,2,'2012-02-15 14:57:30','48378_tt_2012-02-15_07-42-32'),(1463,2,'2012-02-15 14:57:30','48378_tt_2012-02-15_07-46-14'),(1464,2,'2012-02-15 14:57:30','53926_tt_2012-02-10_09-08-30'),(1465,2,'2012-02-15 14:57:30','53926_tt_2012-02-15_08-45-00'),(1466,2,'2012-02-15 15:07:30','49119_tt_2012-02-15_14-52-45'),(1467,2,'2012-02-15 15:07:30','52651_tt_2012-02-15_14-22-15'),(1468,2,'2012-02-15 15:07:30','52651_tt_2012-02-15_14-24-39'),(1469,2,'2012-02-15 15:07:30','53955_tt_2012-02-10_09-13-31'),(1470,2,'2012-02-15 15:07:30','53955_tt_2012-02-15_08-48-27'),(1471,2,'2012-02-15 15:07:30','53956_tt_2012-02-15_09-36-08'),(1472,2,'2012-02-15 15:07:30','53963_tt_2012-02-15_08-54-50'),(1473,2,'2012-02-15 15:07:30','55614_tt_2012-02-07_09-31-16'),(1474,2,'2012-02-15 15:07:30','55619_tt_2012-02-07_12-05-05'),(1475,2,'2012-02-15 15:17:30','48723_tt_2012-02-13_06-47-00'),(1476,2,'2012-02-15 15:17:30','50855_tt_2012-02-13_06-43-22'),(1477,2,'2012-02-15 15:17:30','51380_tt_2012-02-15_14-56-37'),(1478,2,'2012-02-15 21:27:30','48604_tt_2012-02-15_21-22-28'),(1479,2,'2012-02-16 06:47:30','48293_tt_2012-02-16_06-40-29'),(1480,2,'2012-02-16 07:07:30','49696_tt_2012-02-16_06-45-31'),(1481,2,'2012-02-16 07:07:30','51469_tt_2012-02-16_07-00-12'),(1482,2,'2012-02-16 07:07:30','52150_tt_2012-02-16_07-04-46'),(1483,2,'2012-02-16 07:17:30','47827_tt_2012-02-16_07-02-54'),(1484,2,'2012-02-16 07:47:30','43249_tt_2012-02-11_11-24-43'),(1485,2,'2012-02-16 07:47:30','47934_tt_2012-02-11_11-08-12'),(1486,2,'2012-02-16 07:47:30','55601_tt_2012-02-10_08-07-47'),(1487,2,'2012-02-16 07:47:30','55601_tt_2012-02-11_11-15-46'),(1488,2,'2012-02-16 07:47:30','55602_tt_2012-02-10_07-39-34'),(1489,2,'2012-02-16 07:47:30','55602_tt_2012-02-11_10-56-58'),(1490,2,'2012-02-16 07:47:30','55602_tt_2012-02-14_13-53-49'),(1491,2,'2012-02-16 07:47:30','55604_tt_2012-02-10_07-54-57'),(1492,2,'2012-02-16 07:47:30','55604_tt_2012-02-11_11-18-13'),(1493,2,'2012-02-16 07:47:30','55606_tt_2012-02-10_08-15-49'),(1494,2,'2012-02-16 07:47:30','55606_tt_2012-02-11_11-11-53'),(1495,2,'2012-02-16 07:47:30','55606_tt_2012-02-14_13-57-45'),(1496,2,'2012-02-16 07:57:30','47676_tt_2012-02-13_07-18-50'),(1497,2,'2012-02-16 08:07:30','46362_tt_2012-02-16_07-54-55'),(1498,2,'2012-02-16 08:17:30','40578_tt_2012-02-16_07-57-19'),(1499,2,'2012-02-16 08:17:30','49745_tt_2012-02-16_07-43-35'),(1500,2,'2012-02-16 08:17:30','50275_tt_2012-02-13_14-57-24'),(1501,2,'2012-02-16 08:17:30','50603_tt_2012-02-13_15-01-25'),(1502,2,'2012-02-16 08:17:30','50603_tt_2012-02-13_15-04-03'),(1503,2,'2012-02-16 08:17:30','51394_tt_2012-02-14_07-49-04'),(1504,2,'2012-02-16 08:47:30','48189_tt_2012-02-06_07-32-19'),(1505,2,'2012-02-16 08:47:30','48211_tt_2012-02-15_07-43-46'),(1506,2,'2012-02-16 08:47:30','48216_tt_2012-02-06_07-35-19'),(1507,2,'2012-02-16 08:47:30','49681_tt_2012-02-15_07-53-28'),(1508,2,'2012-02-16 08:47:30','51367_tt_2012-02-13_09-03-35'),(1509,2,'2012-02-16 08:57:30','51456_tt_2012-02-16_08-45-09'),(1510,2,'2012-02-16 13:47:30','47144_tt_2012-02-13_07-09-45'),(1511,2,'2012-02-16 13:47:30','50055_tt_2012-02-16_13-31-11'),(1512,2,'2012-02-16 13:47:30','52641_tt_2012-02-13_07-13-16'),(1513,2,'2012-02-16 15:17:30','47465_tt_2012-02-16_07-07-27'),(1514,2,'2012-02-16 15:47:30','48357_tt_2012-01-25_14-33-53');

--
-- Table structure for table `traveltime_delegations`
--

CREATE TABLE `traveltime_delegations` (
  `id` int(11) NOT NULL AUTO_INCREMENT,
  `delegator` int(11) NOT NULL,
  `delegatee` int(11) NOT NULL,
  `date_from` date DEFAULT NULL,
  `date_to` date DEFAULT NULL,
  `active` bit(1) DEFAULT b'1',
  PRIMARY KEY (`id`),
  KEY `fk_users_delegator` (`delegator`),
  KEY `fk_users_delegatee` (`delegatee`),
  KEY `idx_date_from` (`date_from`),
  KEY `idx_date_to` (`date_to`),
  CONSTRAINT `traveltime_delegations_ibfk_1` FOREIGN KEY (`delegator`) REFERENCES `users` (`service_number`),
  CONSTRAINT `traveltime_delegations_ibfk_2` FOREIGN KEY (`delegatee`) REFERENCES `users` (`service_number`)
) ENGINE=InnoDB AUTO_INCREMENT=99 DEFAULT CHARSET=utf8;

--
-- Dumping data for table `traveltime_delegations`
--

INSERT INTO `traveltime_delegations` VALUES (1,39073,24747,NULL,NULL,''),(2,34475,24747,NULL,NULL,''),(3,35680,24747,NULL,NULL,''),(4,35880,24747,NULL,NULL,''),(5,34474,24747,NULL,NULL,''),(6,35087,24747,NULL,NULL,''),(7,33423,24747,NULL,NULL,''),(8,47571,24747,NULL,NULL,''),(9,48035,24784,NULL,NULL,''),(10,30004,24784,NULL,NULL,'\0'),(11,46955,24784,NULL,NULL,'\0'),(12,47498,24784,NULL,NULL,''),(13,43788,24784,NULL,NULL,''),(14,40154,24784,NULL,NULL,''),(15,28598,24784,NULL,NULL,'\0'),(16,42357,24784,NULL,NULL,''),(17,46351,24784,NULL,NULL,''),(18,50527,24784,NULL,NULL,''),(19,46360,24784,NULL,NULL,''),(20,40253,38242,NULL,NULL,''),(21,30270,38242,NULL,NULL,''),(22,42024,38242,NULL,NULL,''),(23,29478,38242,NULL,NULL,''),(24,33514,38242,NULL,NULL,''),(25,39713,38242,NULL,NULL,''),(26,37827,38242,NULL,NULL,''),(27,42731,38242,NULL,NULL,''),(28,36592,38242,NULL,NULL,''),(29,37805,38242,NULL,NULL,''),(30,34969,38242,NULL,NULL,''),(31,47573,38242,NULL,NULL,''),(32,47255,38177,NULL,NULL,''),(33,26654,38177,NULL,NULL,''),(34,21900,38177,NULL,NULL,''),(35,38886,38177,NULL,NULL,''),(36,54170,38177,NULL,NULL,''),(37,31582,38177,NULL,NULL,''),(38,40864,38177,NULL,NULL,''),(39,39725,38177,NULL,NULL,''),(40,21389,38177,NULL,NULL,''),(41,47255,43183,NULL,NULL,''),(42,40055,43183,NULL,NULL,'\0'),(43,38050,43183,NULL,NULL,'\0'),(44,41040,43183,NULL,NULL,'\0'),(45,41122,43183,NULL,NULL,'\0'),(46,31582,43183,NULL,NULL,''),(47,40864,43183,NULL,NULL,''),(48,39725,43183,NULL,NULL,''),(49,36759,43183,NULL,NULL,''),(50,47311,43183,NULL,NULL,'\0'),(51,45381,47075,NULL,NULL,''),(52,45580,47075,NULL,NULL,''),(53,48253,47075,NULL,NULL,''),(54,45196,47075,NULL,NULL,''),(55,46056,47075,NULL,NULL,''),(56,46229,47075,NULL,NULL,''),(57,45289,47075,NULL,NULL,''),(58,49448,47075,NULL,NULL,''),(59,45971,47075,NULL,NULL,''),(60,45931,47075,NULL,NULL,''),(61,43720,47075,NULL,NULL,''),(62,45898,47075,NULL,NULL,''),(63,44804,47075,NULL,NULL,''),(64,45921,47075,NULL,NULL,''),(65,46010,47075,NULL,NULL,''),(66,47344,47344,NULL,NULL,''),(67,46175,47344,NULL,NULL,''),(68,47070,47344,NULL,NULL,''),(69,45907,47344,NULL,NULL,''),(70,46524,47344,NULL,NULL,''),(71,46113,47344,NULL,NULL,''),(72,46202,47344,NULL,NULL,''),(73,39713,44390,'2011-11-07','2011-11-11','\0'),(74,29478,42840,'2011-11-22',NULL,''),(75,39580,42840,'2011-10-10',NULL,''),(76,34882,35508,'2011-12-12','2012-03-30',''),(77,34882,35508,'2011-12-12','2012-03-30',''),(79,56372,44782,'2011-12-15','2012-01-31',''),(80,45150,45421,NULL,NULL,''),(81,45241,41437,NULL,NULL,''),(82,39825,41437,NULL,NULL,''),(83,43352,42840,NULL,NULL,''),(84,34882,35508,'2011-12-22','2012-03-31',''),(86,45150,45545,NULL,NULL,''),(87,45150,46208,NULL,NULL,''),(88,39713,43858,'2012-01-14','2012-02-03',''),(89,47498,51105,'2012-01-19','2012-02-05','\0'),(90,30004,40174,'2012-01-23',NULL,''),(91,53342,38242,NULL,NULL,''),(92,30004,40174,NULL,NULL,''),(93,34383,55576,'2012-01-24',NULL,''),(94,44079,40174,'2012-01-22','2012-03-01',''),(95,51783,45150,NULL,NULL,''),(96,40731,54170,NULL,NULL,''),(97,40731,54170,NULL,NULL,''),(98,46955,47498,NULL,NULL,'');

--
-- Table structure for table `traveltime_duty_types`
--

CREATE TABLE `traveltime_duty_types` (
  `id` int(11) NOT NULL AUTO_INCREMENT,
  `name` varchar(255) NOT NULL,
  `acronym` varchar(16) NOT NULL,
  PRIMARY KEY (`id`),
  UNIQUE KEY `name` (`name`),
  UNIQUE KEY `acronym` (`acronym`)
) ENGINE=InnoDB AUTO_INCREMENT=5 DEFAULT CHARSET=utf8;

--
-- Dumping data for table `traveltime_duty_types`
--

INSERT INTO `traveltime_duty_types` VALUES (1,'Normal Shift','NS'),(2,'Normal Shift + OT','NS+OT'),(3,'Call Out','CO'),(4,'OT Only','OTO');

--
-- Table structure for table `traveltime_managers`
--

CREATE TABLE `traveltime_managers` (
  `service_number` int(11) NOT NULL,
  `cost_centre` varchar(5) NOT NULL DEFAULT '',
  PRIMARY KEY (`service_number`,`cost_centre`),
  KEY `idx_cost_centre` (`cost_centre`)
) ENGINE=InnoDB DEFAULT CHARSET=utf8;

--
-- Dumping data for table `traveltime_managers`
--

INSERT INTO `traveltime_managers` VALUES (49929,'1005'),(30538,'101'),(46444,'1010'),(39803,'104'),(49411,'104'),(45667,'108'),(44967,'111'),(48520,'114'),(50092,'114'),(43852,'115'),(30710,'1501'),(30001,'1602'),(42002,'1602'),(39074,'1604'),(28598,'1606'),(30004,'1606'),(43709,'1606'),(43788,'1606'),(44079,'1606'),(46955,'1606'),(47498,'1606'),(47748,'1606'),(48035,'1606'),(40154,'1607'),(42357,'1609'),(47032,'1609'),(42181,'1610'),(44599,'1610'),(46351,'1610'),(21900,'1615'),(26654,'1615'),(31582,'1615'),(36759,'1615'),(38050,'1615'),(38886,'1615'),(39725,'1615'),(40055,'1615'),(40864,'1615'),(41040,'1615'),(41122,'1615'),(47255,'1615'),(54170,'1615'),(27700,'1617'),(46307,'1624'),(30270,'1628'),(40253,'1628'),(42024,'1628'),(53342,'1628'),(29478,'1629'),(39580,'1629'),(43352,'1629'),(33514,'1630'),(34936,'1630'),(39713,'1631'),(36592,'1632'),(37827,'1633'),(42731,'1634'),(37805,'1636'),(34969,'1637'),(39073,'1638'),(49599,'1638'),(49748,'1638'),(34475,'1639'),(39734,'1639'),(35680,'1640'),(37779,'1640'),(40026,'1640'),(35880,'1641'),(35997,'1641'),(34474,'1642'),(35087,'1643'),(33423,'1644'),(44235,'1646'),(45289,'1646'),(45364,'1646'),(45381,'1646'),(45580,'1646'),(46056,'1646'),(48724,'1646'),(49448,'1646'),(47760,'1650'),(48253,'1651'),(45196,'1652'),(46010,'1653'),(43720,'1659'),(44804,'1659'),(45898,'1659'),(45921,'1659'),(45931,'1659'),(45971,'1659'),(28274,'1663'),(47573,'1666'),(39730,'1667'),(47571,'1667'),(46229,'1668'),(47311,'1669'),(43051,'1701'),(43818,'1701'),(44639,'1701'),(40348,'1706'),(42013,'1707'),(43439,'1707'),(28577,'1709'),(32544,'1715'),(41399,'1716'),(24712,'1717'),(45140,'1718'),(36820,'1719'),(34383,'1724'),(45183,'1725'),(47761,'1726'),(45261,'1730'),(46447,'1730'),(45212,'1731'),(45151,'1732'),(45213,'1733'),(45164,'1734'),(42148,'1740'),(40580,'1741'),(30719,'1742'),(33196,'1743'),(46696,'1744'),(41963,'1750'),(29956,'1751'),(33057,'1760'),(27732,'1761'),(44067,'1761'),(27256,'1762'),(31563,'1762'),(47745,'1762'),(44706,'1805'),(46665,'1805'),(22706,'1809'),(55892,'1809'),(30993,'1812'),(45685,'1812'),(22169,'1821'),(39810,'1821'),(43944,'1821'),(46448,'1821'),(51783,'1821'),(48069,'1831'),(49303,'1831'),(21393,'1832'),(29026,'1832'),(42150,'1836'),(47815,'1836'),(51950,'1836'),(45247,'1837'),(54900,'1837'),(54901,'1837'),(44436,'1838'),(44425,'1839'),(39085,'1842'),(48868,'1843'),(44164,'1901'),(29980,'1911'),(40368,'1911'),(44285,'1911'),(31584,'1912'),(47055,'1913'),(47750,'1913'),(42027,'1915'),(24727,'1916'),(30396,'1926'),(47014,'1926'),(50916,'1926'),(41870,'1931'),(50488,'1931'),(40860,'1940'),(53241,'1940'),(44106,'2001'),(47344,'2001'),(46175,'2005'),(47070,'2006'),(45907,'2011'),(46079,'2011'),(46113,'2011'),(46524,'2011'),(34158,'2101'),(39887,'2101'),(43880,'2101'),(46845,'2101'),(47187,'2101'),(47802,'2101'),(44035,'2106'),(44778,'2106'),(37062,'2111'),(18713,'2116'),(28654,'2117'),(24747,'2118'),(24784,'2118'),(33908,'2118'),(38177,'2118'),(38242,'2118'),(43183,'2118'),(47075,'2118'),(44679,'2119'),(41466,'2124'),(47135,'2124'),(28505,'2129'),(30844,'2129'),(42226,'2129'),(42017,'2211'),(44384,'2222'),(47333,'2222'),(28638,'2223'),(30755,'2223'),(38289,'2223'),(47785,'2224'),(50024,'2224'),(33630,'2225'),(46109,'2225'),(50970,'2225'),(16148,'2303'),(35058,'2303'),(36301,'2303'),(39798,'2303'),(45737,'2303'),(31609,'2502'),(39076,'2502'),(39885,'2502'),(47111,'2503'),(29985,'2504'),(41393,'2504'),(43861,'2504'),(46836,'2504'),(42141,'2505'),(47399,'2506'),(42143,'2507'),(43098,'2507'),(46713,'2507'),(48392,'2507'),(34081,'2508'),(34511,'2508'),(46751,'2508'),(47293,'2508'),(46360,'2509'),(50527,'2509'),(21389,'2512'),(22166,'2514'),(28607,'2514'),(43129,'2514'),(34187,'2516'),(44943,'2517'),(42046,'2530'),(42140,'2530'),(45701,'2530'),(47012,'2530'),(47672,'2530'),(48355,'2530'),(22971,'2801'),(32357,'2801'),(48908,'2805'),(49417,'2805'),(50000,'2805'),(44102,'2901'),(38775,'3101'),(50394,'311'),(43926,'315'),(47878,'315'),(49859,'315'),(53247,'315'),(53262,'315'),(49029,'325'),(50078,'325'),(51768,'325'),(34573,'3306'),(45270,'3311'),(33259,'3401'),(50632,'3401'),(33482,'3403'),(34778,'3403'),(45511,'3404'),(31002,'3405'),(38908,'3405'),(33459,'3406'),(45281,'3406'),(21014,'3511'),(46525,'3518'),(26765,'3523'),(32304,'3601'),(40339,'3607'),(48372,'3607'),(41058,'3615'),(42318,'3615'),(49953,'3701'),(51162,'3701'),(43785,'3710'),(34882,'3712'),(45150,'3714'),(45545,'3714'),(39584,'3715'),(39820,'3715'),(43319,'3715'),(47015,'3716'),(47263,'3716'),(26809,'3717'),(34992,'3717'),(39825,'3717'),(40731,'3717'),(41437,'3717'),(44393,'3717'),(45241,'3717'),(55386,'3718'),(44429,'3801'),(46703,'402'),(51532,'402'),(44336,'4301'),(44684,'4301'),(44924,'4301'),(45820,'4301'),(45821,'4301'),(46390,'4301'),(46537,'4301'),(46997,'4301'),(47437,'4301'),(48878,'4301'),(51531,'4301'),(51795,'4301'),(53578,'4301'),(54715,'4301'),(55783,'4301'),(40212,'4302'),(40904,'4302'),(42707,'4302'),(44892,'4305'),(47797,'4306'),(48364,'4307'),(50738,'4309'),(53622,'4309'),(44134,'4310'),(44616,'4310'),(48857,'4310'),(48886,'4310'),(52872,'4310'),(53674,'4310'),(54230,'4310'),(44013,'4315'),(46940,'4315'),(44424,'4318'),(51007,'4322'),(53513,'4322'),(47495,'4331'),(36982,'4505'),(31451,'4508'),(32384,'4508'),(41440,'4508'),(47095,'4508'),(46526,'4509'),(47090,'4509'),(39921,'4510'),(47201,'4510'),(49423,'4510'),(46748,'4511'),(55998,'4511'),(30717,'4520'),(38194,'4521'),(46419,'4521'),(48046,'4521'),(47396,'4522'),(45738,'4605'),(50421,'4605'),(41789,'4606'),(44084,'4606'),(46828,'4606'),(47363,'4606'),(48020,'4606'),(48027,'4606'),(44050,'4608'),(45029,'4608'),(45730,'4608'),(47170,'4608'),(50568,'4608'),(48421,'4610'),(30753,'4611'),(40723,'4611'),(40727,'4611'),(42631,'4611'),(42652,'4611'),(43063,'4611'),(43466,'4611'),(45290,'4611'),(43407,'4613'),(47591,'4613'),(49412,'4613'),(53900,'4613'),(54398,'4613'),(28149,'4618'),(34001,'4618'),(43731,'4618'),(45654,'4618'),(34062,'4621'),(42156,'4621'),(40395,'4622'),(40644,'4634'),(40808,'4634'),(43423,'4701'),(40382,'4702'),(52460,'4702'),(44942,'4707'),(40863,'4708'),(36815,'4709'),(30158,'4710'),(51121,'4710'),(44430,'4711'),(46666,'4715'),(48142,'4715'),(28606,'4716'),(32588,'4717'),(51265,'4717'),(29535,'4718'),(27459,'4719'),(33629,'4720'),(46747,'4803'),(44590,'4804'),(51972,'4805'),(46918,'4806'),(56372,'4806'),(44051,'4808'),(49664,'4809'),(24774,'4810'),(53198,'4810'),(44463,'4811'),(48660,'4811'),(44572,'4813'),(51013,'4815'),(46726,'4907'),(44014,'4909'),(44446,'4909'),(44783,'4909'),(46924,'4909'),(46932,'4909'),(47309,'4909'),(47381,'4909'),(46926,'4930'),(47360,'4930'),(47801,'4930'),(52981,'4930'),(41068,'4941'),(43014,'4950'),(48388,'4950'),(34132,'4951'),(44955,'4951'),(45007,'4951'),(46393,'4951'),(46797,'4951'),(46912,'4951'),(20750,'5001'),(33219,'5002'),(26012,'5003'),(50991,'5003'),(51912,'5003'),(30724,'5004'),(46715,'5005'),(49019,'5010'),(49523,'504'),(51080,'504'),(38599,'506'),(43094,'5101'),(46202,'5102'),(45358,'5103'),(43391,'5105'),(46123,'5110'),(37853,'5211'),(47124,'5211'),(47125,'5211'),(47347,'5211'),(47375,'5211'),(47597,'5211'),(47861,'5211'),(49367,'5211'),(45422,'5212'),(45768,'5212'),(45814,'5212'),(47126,'5212'),(47127,'5212'),(47133,'5212'),(45770,'5213'),(36974,'5300'),(40735,'5300'),(44781,'5300'),(44786,'5300'),(46545,'5300'),(48334,'5300'),(48521,'5300'),(48616,'5300'),(49808,'5300'),(41525,'6501'),(51834,'6501'),(33596,'6601'),(55874,'6601'),(35064,'6603'),(48697,'6603'),(45292,'6606'),(48042,'6606'),(49649,'6607'),(50608,'6607'),(39075,'6701'),(32410,'6710'),(34168,'6711'),(40032,'6711'),(45383,'6711'),(48822,'6711'),(49245,'6711'),(53489,'6711'),(46591,'6801'),(31607,'6809'),(32411,'6809'),(32414,'6809'),(33606,'6809'),(43416,'6809'),(46440,'6809'),(46724,'6809'),(46989,'6809'),(49033,'6809'),(49267,'6809'),(49711,'6809'),(52396,'6809'),(54132,'6809'),(48327,'6810'),(31564,'6811'),(34060,'6811'),(39045,'6811'),(39678,'6811'),(39727,'6811'),(44517,'6811'),(44609,'6811'),(45792,'6811'),(47320,'6811'),(48147,'6811'),(48423,'6811'),(34074,'6812'),(46621,'6812'),(50081,'6813'),(50818,'6814'),(54124,'6814'),(49574,'6815'),(30703,'6901'),(47351,'6901'),(52849,'6901'),(54713,'6901'),(49916,'6902'),(32412,'6906'),(45158,'6906'),(46429,'6906'),(49271,'6906'),(48374,'6907'),(43336,'6908'),(51568,'6908'),(46739,'6909'),(50810,'6909'),(33593,'6923'),(45324,'6923'),(51527,'6923'),(48358,'6924'),(44331,'6925'),(51062,'6925'),(51835,'6925'),(47321,'6926'),(47500,'6926'),(48905,'6926'),(49795,'6926'),(50436,'6926'),(51109,'6926'),(51115,'6926'),(51160,'6926'),(53197,'6926'),(53544,'6926'),(53788,'6926'),(53789,'6926'),(54510,'6926'),(54703,'6926'),(54807,'6926'),(55229,'6926'),(55393,'6926'),(55433,'6926'),(55506,'6926'),(56090,'6926'),(56367,'6926'),(44092,'7015'),(45436,'7017'),(49956,'7017'),(54639,'7017'),(38087,'7018'),(43666,'7101'),(46738,'7101'),(33689,'7102'),(44673,'7102'),(45669,'7102'),(34769,'7111'),(47422,'7111'),(53796,'7111'),(45628,'7112'),(53916,'7112'),(43426,'7201'),(47136,'7301'),(51740,'7302'),(53271,'7302'),(49647,'7303'),(54575,'7305'),(38369,'7306'),(49710,'7306'),(51758,'7306'),(53495,'7402'),(53875,'7402'),(51529,'7405'),(53294,'7405'),(47203,'7407'),(48990,'7407'),(51552,'7407'),(56084,'7407'),(53212,'7408'),(47840,'7409'),(43028,'7410'),(51060,'7410'),(31672,'7412'),(47343,'7412'),(50922,'7413'),(52385,'7415'),(49421,'7421'),(49923,'7421'),(53696,'7421'),(49924,'7422'),(44091,'7424'),(43526,'7425'),(47058,'7425'),(56302,'7429'),(26013,'7430'),(35129,'7430'),(43761,'7430'),(43776,'7430'),(53251,'7430'),(55182,'7430'),(45011,'7431'),(45121,'7431'),(47145,'7431'),(54880,'7431'),(54966,'7431'),(55094,'7431'),(50913,'7433'),(53770,'7433'),(55948,'7440'),(48328,'7441'),(48698,'7441'),(49926,'7451'),(51106,'7451'),(52058,'7451'),(50587,'7452'),(50618,'7452'),(53567,'7452'),(53798,'7452'),(44492,'7458'),(47876,'7458'),(48546,'7458'),(52488,'7458'),(46745,'7459'),(50308,'7459'),(55889,'7459'),(48400,'7602'),(49361,'7602'),(49453,'7602'),(53913,'7802'),(52836,'7806'),(43632,'7808'),(53181,'7808'),(44975,'7809'),(53471,'7809'),(41803,'7810'),(42815,'7810'),(51710,'7811'),(50838,'7812'),(52816,'7814'),(51824,'8004'),(52524,'8004'),(43837,'8501'),(47735,'8503'),(42993,'8504'),(47831,'8504'),(30058,'8506'),(44263,'8508'),(40136,'8518'),(47227,'8519'),(50442,'8519'),(44952,'8524'),(49001,'8524'),(40165,'8526'),(42543,'8526'),(45888,'8526'),(50927,'8526'),(27414,'8528'),(47804,'8528'),(53673,'8528'),(33467,'8531'),(44052,'8532'),(44886,'8538'),(48266,'8542'),(48951,'8543'),(50598,'8543'),(50089,'8546'),(53188,'8548'),(51628,'8707'),(30821,'8713'),(50938,'8713'),(37487,'9001'),(41680,'9001'),(47064,'9001'),(43927,'9101'),(99935,'9102'),(46964,'9103'),(44794,'9201'),(46867,'9201'),(49276,'9301'),(26169,'9303'),(44702,'9502'),(48321,'9502'),(41403,'9801'),(51178,'9801');

--
-- Table structure for table `traveltime_notification_history`
--

CREATE TABLE `traveltime_notification_history` (
  `notification_id` int(11) NOT NULL,
  `service_number` int(11) NOT NULL,
  `sent` timestamp NOT NULL DEFAULT CURRENT_TIMESTAMP ON UPDATE CURRENT_TIMESTAMP,
  KEY `fk_notification` (`notification_id`),
  KEY `idx_service_number` (`service_number`),
  CONSTRAINT `traveltime_notification_history_ibfk_1` FOREIGN KEY (`notification_id`) REFERENCES `traveltime_notifications` (`id`)
) ENGINE=InnoDB DEFAULT CHARSET=latin1;

--
-- Dumping data for table `traveltime_notification_history`
--


--
-- Table structure for table `traveltime_notifications`
--

CREATE TABLE `traveltime_notifications` (
  `id` int(11) NOT NULL AUTO_INCREMENT,
  `name` varchar(255) NOT NULL,
  PRIMARY KEY (`id`),
  UNIQUE KEY `name` (`name`)
) ENGINE=InnoDB AUTO_INCREMENT=2 DEFAULT CHARSET=latin1;

--
-- Dumping data for table `traveltime_notifications`
--

INSERT INTO `traveltime_notifications` VALUES (1,'manager_documentation');

--
-- Table structure for table `traveltime_payroll_exports`
--

CREATE TABLE `traveltime_payroll_exports` (
  `id` int(11) NOT NULL AUTO_INCREMENT,
  `when_requested` datetime NOT NULL,
  `requester` int(11) DEFAULT NULL,
  PRIMARY KEY (`id`),
  KEY `fk_requester` (`requester`),
  CONSTRAINT `traveltime_payroll_exports_ibfk_1` FOREIGN KEY (`requester`) REFERENCES `users` (`service_number`)
) ENGINE=InnoDB AUTO_INCREMENT=18 DEFAULT CHARSET=utf8;

--
-- Dumping data for table `traveltime_payroll_exports`
--

INSERT INTO `traveltime_payroll_exports` VALUES (1,'2011-10-20 14:56:38',42815),(2,'2011-10-25 12:07:11',42815),(3,'2011-11-01 07:41:16',42815),(4,'2011-11-08 14:19:22',42815),(5,'2011-11-24 14:11:48',42815),(6,'2011-12-06 07:45:12',42815),(7,'2011-12-13 07:48:54',42815),(8,'2011-12-19 08:03:15',42815),(9,'2011-12-22 07:39:32',42815),(10,'2012-01-03 07:58:59',42815),(11,'2012-01-10 08:34:17',42815),(12,'2012-01-17 08:05:43',42815),(13,'2012-01-24 08:41:49',42815),(14,'2012-01-31 07:49:26',42815),(15,'2012-02-07 07:47:10',42815),(16,'2012-02-08 14:29:09',42815),(17,'2012-02-14 07:51:26',42815);

--
-- Table structure for table `traveltime_submission_timedetails`
--

CREATE TABLE `traveltime_submission_timedetails` (
  `id` int(11) NOT NULL AUTO_INCREMENT,
  `submission_id` int(11) NOT NULL,
  `travel_day` date NOT NULL,
  `start_time` time NOT NULL,
  `end_time` time NOT NULL,
  `from_suburb` varchar(128) NOT NULL,
  `to_suburb` varchar(128) NOT NULL,
  `transport_type` int(11) NOT NULL,
  `duty_type` int(11) NOT NULL,
  `paygrade` int(11) DEFAULT NULL,
  `paygrade_rate` decimal(8,2) DEFAULT NULL,
  `acting_other_paygrade` bit(1) NOT NULL,
  `status` tinyint(4) DEFAULT NULL,
  `status_changer` int(11) DEFAULT NULL,
  `status_date` datetime DEFAULT NULL,
  `payroll_export_id` int(11) DEFAULT NULL,
  PRIMARY KEY (`id`),
  KEY `fk_users_status_changer` (`status_changer`),
  KEY `fk_paygrade` (`paygrade`),
  KEY `fk_duty_type` (`duty_type`),
  KEY `fk_submission` (`submission_id`),
  KEY `idx_status` (`status`),
  KEY `fk_export` (`payroll_export_id`),
  CONSTRAINT `traveltime_submission_timedetails_ibfk_1` FOREIGN KEY (`status_changer`) REFERENCES `users` (`service_number`),
  CONSTRAINT `traveltime_submission_timedetails_ibfk_2` FOREIGN KEY (`paygrade`) REFERENCES `paygrades` (`id`),
  CONSTRAINT `traveltime_submission_timedetails_ibfk_3` FOREIGN KEY (`duty_type`) REFERENCES `traveltime_duty_types` (`id`),
  CONSTRAINT `traveltime_submission_timedetails_ibfk_4` FOREIGN KEY (`submission_id`) REFERENCES `traveltime_submissions` (`id`),
  CONSTRAINT `traveltime_submission_timedetails_ibfk_5` FOREIGN KEY (`payroll_export_id`) REFERENCES `traveltime_payroll_exports` (`id`)
) ENGINE=InnoDB AUTO_INCREMENT=8726 DEFAULT CHARSET=utf8;

--
-- Dumping data for table `traveltime_submission_timedetails`
--

INSERT INTO `traveltime_submission_timedetails` VALUES (2,1,'2011-10-15','07:00:00','15:00:00','Normanhurst','Balgowlah',1,4,310,49.50,'',1,39713,'2011-10-19 15:00:40',1),(3,1,'2011-10-15','07:00:00','15:00:00','Balgowlah','Normanhurst',1,4,310,49.50,'',1,39713,'2011-10-19 14:45:04',1),(4,2,'2011-10-16','06:00:00','19:00:00','Castle Hill','Castle Hill',1,4,NULL,NULL,'\0',0,39713,'2011-10-18 15:21:16',NULL),(5,3,'2011-10-15','07:00:00','15:00:00','Quakers Hill','Chatswood Depot',1,4,NULL,NULL,'\0',1,39713,'2011-10-18 15:31:02',1),(6,3,'2011-10-15','07:00:00','15:00:00','Davidson','Quakers Hill',1,4,NULL,NULL,'\0',1,39713,'2011-10-18 15:31:02',1),(7,4,'2011-10-15','06:30:00','14:30:00','Wyoming (gosford)','Turramurra',1,4,NULL,NULL,'\0',1,39713,'2011-10-19 14:45:46',1),(8,4,'2011-10-15','06:30:00','14:30:00','Turramurra Zn 1673','Wyoming (gosford)',1,4,NULL,NULL,'\0',1,39713,'2011-10-19 14:45:46',1),(9,5,'2011-10-15','07:00:00','14:00:00','Leumeah','Killarney',1,4,NULL,NULL,'\0',1,39713,'2011-10-18 15:06:39',1),(10,5,'2011-10-15','07:00:00','14:00:00','Killarney','Leumeah',1,4,NULL,NULL,'\0',1,39713,'2011-10-18 15:06:39',1),(11,6,'2011-10-15','07:00:00','13:00:00','Silverdale','Lindfield',1,4,NULL,NULL,'\0',1,39713,'2011-10-18 15:04:50',1),(12,6,'2011-10-15','07:00:00','13:00:00','Chatswood Depot','Silverdale',1,4,NULL,NULL,'\0',1,39713,'2011-10-18 15:04:50',1),(13,7,'2011-10-16','07:00:00','13:00:00','Hornsby','Chatswood',1,4,NULL,NULL,'\0',1,39713,'2011-10-18 15:02:44',1),(14,7,'2011-10-16','07:00:00','13:00:00','Chatswood','Hornsby',1,4,NULL,NULL,'\0',1,39713,'2011-10-18 15:02:44',1),(15,8,'2011-10-15','06:30:00','14:30:00','Dundas Valley','Turramurra Zn 1673',1,4,NULL,NULL,'\0',1,39713,'2011-10-19 14:46:15',1),(16,8,'2011-10-15','06:30:00','14:30:00','Turramurra Zn 1673','Dundas Valley',1,4,NULL,NULL,'\0',1,39713,'2011-10-19 14:46:15',1),(17,9,'2011-10-15','06:30:00','14:30:00','Baulkham Hills','Turramurra Zn 1673',1,4,NULL,NULL,'\0',1,39713,'2011-10-19 14:50:27',1),(18,9,'2011-10-15','06:30:00','14:30:00','Turramurra Zn 1673','Baulkham Hills',1,4,NULL,NULL,'\0',1,39713,'2011-10-19 14:50:27',1),(19,10,'2011-10-15','07:00:00','14:00:00','Terrigal','Turramurra Zn 1673',1,4,NULL,NULL,'\0',1,39713,'2011-10-19 14:46:38',1),(20,10,'2011-10-15','07:00:00','14:00:00','Turramurra Zn 1673','Terrigal',1,4,NULL,NULL,'\0',1,39713,'2011-10-19 14:46:38',1),(21,11,'2011-10-15','07:00:00','15:00:00','Point Clare','Lindfield Bsp',1,4,NULL,NULL,'\0',1,39713,'2011-10-18 15:05:54',1),(22,11,'2011-10-15','07:00:00','15:00:00','Lindfield Bsp','Point Clare',1,4,NULL,NULL,'\0',1,39713,'2011-10-18 15:05:54',1),(23,12,'2011-10-15','07:00:00','14:30:00','Warriewood','Warriewood',1,4,NULL,NULL,'\0',0,39713,'2011-10-19 14:42:52',NULL),(24,13,'2011-10-15','07:00:00','15:00:00','Schofields','East Lindfield',1,4,NULL,NULL,'\0',1,39713,'2011-10-18 15:05:27',1),(25,13,'2011-10-15','07:00:00','15:00:00','East Lindfield','Schofields',1,4,NULL,NULL,'\0',1,39713,'2011-10-18 15:05:27',1),(26,14,'2011-10-15','06:30:00','12:00:00','Narraweena','Turramurra Zn 1673',1,1,358,NULL,'',0,39713,'2011-10-18 15:27:49',NULL),(27,15,'2011-10-15','06:30:00','15:30:00','blackheath','Chatswood Depot',2,4,NULL,NULL,'\0',1,39713,'2011-10-18 15:33:07',1),(28,15,'2011-10-15','06:30:00','15:30:00','Chatswood Depot','blackheath',2,4,NULL,NULL,'\0',1,39713,'2011-10-18 15:33:07',1),(29,16,'2011-10-15','06:30:00','14:30:00','Berala','Chatswood Depot',2,4,NULL,NULL,'\0',1,39713,'2011-10-18 15:31:46',1),(30,17,'2011-10-15','06:30:00','14:30:00','Berala','Chatswood Depot',2,4,NULL,NULL,'\0',0,39713,'2011-10-18 15:31:46',NULL),(31,17,'2011-10-15','06:30:00','14:30:00','Chatswood Depot','Berala',2,4,NULL,NULL,'\0',1,39713,'2011-10-18 15:31:46',1),(32,18,'2011-10-15','05:00:00','19:00:00','Fairfield','Chatswood Depot',1,4,NULL,NULL,'\0',1,39713,'2011-10-18 15:33:34',1),(33,18,'2011-10-15','05:00:00','19:00:00','Chatswood Depot','Fairfield',1,4,NULL,NULL,'\0',1,39713,'2011-10-18 15:33:34',1),(34,19,'2011-10-15','07:00:00','15:00:00','Westleigh','Chatswood Depot',1,4,NULL,NULL,'\0',1,39713,'2011-10-18 15:06:17',1),(35,19,'2011-10-15','07:00:00','15:00:00','Chatswood Depot','Westleigh',1,4,NULL,NULL,'\0',1,39713,'2011-10-18 15:06:17',1),(36,20,'2011-10-15','07:00:00','15:00:00','Plumpton','Lindfield',1,4,NULL,NULL,'\0',1,39713,'2011-10-18 15:32:44',1),(37,20,'2011-10-15','07:00:00','15:00:00','Lindfield','Plumpton',1,4,NULL,NULL,'\0',1,39713,'2011-10-18 15:32:44',1),(38,21,'2011-10-15','06:00:00','15:00:00','Baulkham Hills','Chatswood Depot',1,4,NULL,NULL,'\0',1,39713,'2011-10-18 15:32:18',1),(39,21,'2011-10-15','06:00:00','15:00:00','Chatswood Depot','Baulkham Hills',1,4,NULL,NULL,'\0',1,39713,'2011-10-18 15:32:18',1),(40,22,'2011-10-15','07:00:00','15:00:00','Calga','East Lindfield',1,4,NULL,NULL,'\0',1,39713,'2011-10-18 15:50:27',1),(41,23,'2011-10-15','07:00:00','15:00:00','Mona Vale','Chatswood Depot',1,4,NULL,NULL,'\0',1,39713,'2011-10-18 15:47:54',1),(42,23,'2011-10-15','07:00:00','15:00:00','Chatswood Depot','Mona Vale',1,4,NULL,NULL,'\0',1,39713,'2011-10-18 15:47:54',1),(43,24,'2011-10-15','07:00:00','15:00:00','Calga','East Lindfield',1,4,NULL,NULL,'\0',0,39713,'2011-10-18 15:50:27',NULL),(44,24,'2011-10-15','07:00:00','15:00:00','East Lindfield','Calga',1,4,NULL,NULL,'\0',1,39713,'2011-10-18 15:50:27',1),(45,25,'2011-10-15','07:00:00','12:00:00','Narrabeen','Balgowlah',1,2,NULL,NULL,'\0',1,39713,'2011-10-19 14:53:41',1),(46,25,'2011-10-15','07:00:00','12:00:00','Balgowlah','Narrabeen',1,2,NULL,NULL,'\0',1,39713,'2011-10-19 14:53:56',1),(47,26,'2011-10-15','07:00:00','15:00:00','Brookvale','Killarney',1,4,NULL,NULL,'\0',1,39713,'2011-10-22 11:30:22',2),(48,26,'2011-10-15','07:00:00','15:00:00','Killarney','Brookvale',1,4,NULL,NULL,'\0',1,39713,'2011-10-22 11:30:22',2),(49,27,'2011-10-15','07:00:00','15:00:00','Manly Vale','Killarney',1,4,NULL,NULL,'\0',1,39713,'2011-10-22 11:29:22',2),(50,27,'2011-10-15','07:00:00','15:00:00','Killarney','Manly Vale',1,4,NULL,NULL,'\0',1,39713,'2011-10-22 11:29:22',2),(51,28,'2011-10-10','07:00:00','15:30:00','Hornsby','Killarney',2,1,NULL,NULL,'\0',1,39713,'2011-10-26 06:49:12',3),(52,28,'2011-10-10','07:00:00','15:30:00','Killarney','Hornsby',2,1,NULL,NULL,'\0',1,39713,'2011-10-26 06:49:12',3),(53,28,'2011-10-11','07:00:00','15:30:00','Hornsby','Killarney',2,1,NULL,NULL,'\0',1,39713,'2011-10-26 06:49:12',3),(54,28,'2011-10-11','07:00:00','15:30:00','Killarney','Hornsby',2,1,NULL,NULL,'\0',1,39713,'2011-10-26 06:49:12',3),(55,28,'2011-10-12','07:00:00','15:30:00','Hornsby','Killarney',2,1,NULL,NULL,'\0',1,39713,'2011-10-26 06:49:12',3),(56,28,'2011-10-12','07:00:00','15:30:00','Killarney','Hornsby',2,1,NULL,NULL,'\0',1,39713,'2011-10-26 06:49:12',3),(57,28,'2011-10-13','07:00:00','15:30:00','Hornsby','Killarney',2,1,NULL,NULL,'\0',1,39713,'2011-10-26 06:49:12',3),(58,28,'2011-10-13','07:00:00','15:30:00','Killarney','Hornsby',2,1,NULL,NULL,'\0',1,39713,'2011-10-26 06:49:12',3),(59,28,'2011-10-15','07:00:00','15:00:00','Hornsby','Killarney',2,4,NULL,NULL,'\0',1,39713,'2011-10-26 06:49:12',3),(60,28,'2011-10-15','07:00:00','15:00:00','Killarney','Hornsby',2,4,NULL,NULL,'\0',1,39713,'2011-10-26 06:49:12',3),(61,29,'2011-10-15','06:30:00','14:30:00','glenhaven','Willoughby Bsp',1,4,310,49.50,'',1,39713,'2011-10-22 11:28:05',2),(62,29,'2011-10-15','06:30:00','14:30:00','Willoughby Bsp','glenhaven',1,4,310,49.50,'',1,39713,'2011-10-22 11:28:05',2),(63,30,'2011-10-15','06:30:00','14:30:00','Windsor Downs','Willoughby Bsp',2,4,NULL,NULL,'\0',1,39713,'2011-10-22 11:28:25',2),(64,30,'2011-10-15','06:30:00','14:30:00','Willoughby Bsp','Windsor Downs',2,4,NULL,NULL,'\0',1,39713,'2011-10-22 11:28:25',2),(65,31,'2011-10-16','07:00:00','13:00:00','Mount Colah','Lindfield',1,4,NULL,NULL,'\0',1,39713,'2011-10-22 11:48:43',2),(66,31,'2011-10-16','07:00:00','13:00:00','Lindfield','Mount Colah',1,4,NULL,NULL,'\0',1,39713,'2011-10-22 11:28:53',2),(67,32,'2011-10-20','07:00:00','15:30:00','Haberfield','Wallsend Depot',1,1,NULL,NULL,'\0',1,39713,'2011-10-22 11:32:16',2),(68,32,'2011-10-20','07:00:00','15:30:00','Wallsend Depot','Haberfield',1,1,NULL,NULL,'\0',1,39713,'2011-10-22 11:32:16',2),(69,33,'2011-10-22','07:00:00','15:00:00','Plumpton','Lindfield Bsp',1,4,NULL,NULL,'\0',1,39713,'2011-10-24 10:45:28',2),(70,33,'2011-10-22','07:00:00','15:00:00','Lindfield Bsp','Plumpton',1,4,NULL,NULL,'\0',1,39713,'2011-10-24 10:45:28',2),(71,34,'2011-10-15','06:30:00','14:30:00','East Gosford','Turramurra Zn 1673',1,4,310,49.50,'',1,39713,'2011-10-24 15:07:18',2),(72,34,'2011-10-15','06:30:00','14:30:00','Turramurra Zn 1673','East Gosford',1,4,310,49.50,'',1,39713,'2011-10-24 15:07:18',2),(73,35,'2011-10-23','06:00:00','15:30:00','Baulkham Hills','Chatswood Depot',1,4,NULL,NULL,'\0',1,39713,'2011-10-24 10:47:27',2),(74,35,'2011-10-23','06:00:00','15:30:00','Chatswood Depot','Baulkham Hills',1,4,NULL,NULL,'\0',1,39713,'2011-10-24 10:47:27',2),(75,36,'2011-10-22','07:00:00','15:00:00','Quakers Hill','Chatswood Depot',1,4,NULL,NULL,'\0',1,39713,'2011-10-24 10:48:27',2),(76,36,'2011-10-22','07:00:00','15:00:00','Narrabeen','Quakers Hill',1,4,NULL,NULL,'\0',1,39713,'2011-10-24 10:48:27',2),(77,37,'2011-10-22','07:00:00','15:00:00','South Windsor','Lindfield Bsp',1,4,NULL,NULL,'\0',1,39713,'2011-10-24 10:46:53',2),(78,37,'2011-10-22','07:00:00','15:00:00','Lindfield Bsp','South Windsor',1,4,NULL,NULL,'\0',1,39713,'2011-10-24 10:46:53',2),(79,37,'2011-10-23','07:00:00','18:30:00','South Windsor','Lindfield Bsp',1,4,NULL,NULL,'\0',1,39713,'2011-10-24 10:46:53',2),(80,37,'2011-10-23','07:00:00','18:30:00','Chatswood Depot','South Windsor',1,4,NULL,NULL,'\0',1,39713,'2011-10-24 10:46:53',2),(81,38,'2011-10-22','06:30:00','14:30:00','Terrigal','Turramurra Zn 1673',1,4,NULL,NULL,'\0',1,39713,'2011-10-26 06:42:34',3),(82,38,'2011-10-22','06:30:00','14:30:00','Turramurra Zn 1673','Terrigal',1,4,NULL,NULL,'\0',1,39713,'2011-10-26 06:42:34',3),(83,39,'2011-10-22','06:30:00','16:00:00','Ryde','Chatswood Depot',1,4,NULL,NULL,'\0',1,39713,'2011-10-24 10:48:08',2),(84,39,'2011-10-22','06:30:00','16:00:00','Chatswood Depot','Ryde',1,4,NULL,NULL,'\0',1,39713,'2011-10-24 10:48:08',2),(85,40,'2011-10-22','06:30:00','16:00:00','Berala','Chatswood Depot',2,4,NULL,NULL,'\0',1,39713,'2011-10-24 10:46:14',2),(86,40,'2011-10-22','06:30:00','16:00:00','Chatswood Depot','Berala',2,4,NULL,NULL,'\0',1,39713,'2011-10-24 10:46:14',2),(87,41,'2011-10-22','06:30:00','14:30:00','Fairfield','Turramurra Zn 1673',1,4,NULL,NULL,'\0',1,39713,'2011-10-26 06:44:53',3),(88,41,'2011-10-22','06:30:00','14:30:00','Turramurra Zn 1673','Fairfield',1,4,NULL,NULL,'\0',1,39713,'2011-10-26 06:44:53',3),(89,42,'2011-10-15','06:30:00','12:00:00','Narraweena','Turramurra Zn 1673',1,4,358,56.18,'',1,39713,'2011-10-24 15:08:02',2),(90,42,'2011-10-15','06:30:00','12:00:00','Turramurra Zn 1673','Narraweena',1,4,358,56.18,'',1,39713,'2011-10-24 15:08:02',2),(91,43,'2011-10-22','06:30:00','12:00:00','Narraweena','Turramurra Zn 1673',1,4,358,56.18,'',1,39713,'2011-10-24 10:49:25',2),(92,43,'2011-10-22','06:30:00','12:00:00','Turramurra Zn 1673','Narraweena',1,4,358,56.18,'',1,39713,'2011-10-24 10:49:25',2),(93,44,'2011-10-16','06:30:00','13:30:00','Home Base','Chatswood Depot',1,4,NULL,NULL,'\0',1,39713,'2011-10-24 10:25:22',2),(94,44,'2011-10-16','06:30:00','13:30:00','Chatswood Depot','Home Base',1,4,NULL,NULL,'\0',1,39713,'2011-10-24 10:25:22',2),(95,45,'2011-10-22','07:00:00','15:00:00','Normanhurst','Allambie Heights',1,4,310,49.50,'',1,39713,'2011-10-26 06:43:38',3),(96,45,'2011-10-22','07:00:00','15:00:00','Allambie Heights','Normanhurst',1,4,310,49.50,'',1,39713,'2011-10-26 06:43:38',3),(97,46,'2011-10-23','07:00:00','13:00:00','Wentworthville','Chatswood Depot',1,4,NULL,NULL,'\0',1,39713,'2011-10-24 10:44:50',2),(98,46,'2011-10-23','07:00:00','13:00:00','Chatswood Depot','Wentworthville',1,4,NULL,NULL,'\0',1,39713,'2011-10-24 10:44:50',2),(99,47,'2011-10-23','07:00:00','15:00:00','Leumeah','Chatswood Depot',1,4,NULL,NULL,'\0',1,39713,'2011-10-26 06:43:51',3),(100,47,'2011-10-23','07:00:00','15:00:00','Chatswood Depot','Leumeah',1,4,NULL,NULL,'\0',1,39713,'2011-10-26 06:43:51',3),(101,48,'2011-10-22','07:00:00','15:00:00','Warriewood','Lindfield Bsp',1,4,NULL,NULL,'\0',1,39713,'2011-10-24 14:19:17',2),(102,48,'2011-10-22','07:00:00','15:00:00','Lindfield Bsp','Warriewood',1,4,NULL,NULL,'\0',1,39713,'2011-10-24 14:19:17',2),(103,49,'2011-10-17','07:00:00','15:30:00','Berowra Heights','Balgowlah Zn 15003',2,1,NULL,NULL,'\0',1,39713,'2011-10-28 14:21:03',3),(104,49,'2011-10-17','07:00:00','15:30:00','Balgowlah Zn 15003','Berowra Heights',2,1,NULL,NULL,'\0',1,39713,'2011-10-28 14:21:03',3),(105,49,'2011-10-18','07:00:00','20:30:00','Berowra Heights','Balgowlah Zn 15003',2,2,NULL,NULL,'\0',1,39713,'2011-10-28 14:21:03',3),(106,49,'2011-10-18','07:00:00','20:30:00','Balgowlah Zn 15003','Berowra Heights',2,2,NULL,NULL,'\0',1,39713,'2011-10-28 14:21:03',3),(107,49,'2011-10-19','07:00:00','15:30:00','Berowra Heights','Balgowlah Zn 15003',2,1,NULL,NULL,'\0',1,39713,'2011-10-28 14:21:03',3),(108,49,'2011-10-19','07:00:00','15:30:00','Balgowlah Zn 15003','Berowra Heights',2,1,NULL,NULL,'\0',1,39713,'2011-10-28 14:21:03',3),(109,50,'2011-10-17','07:00:00','15:30:00','Quakers Hill','Mosman Zn 180',2,1,NULL,NULL,'\0',1,39713,'2011-10-28 14:14:15',3),(110,50,'2011-10-17','07:00:00','15:30:00','Mosman Zn 180','Quakers Hill',2,1,NULL,NULL,'\0',1,39713,'2011-10-28 14:14:15',3),(111,50,'2011-10-18','07:00:00','09:30:00','Quakers Hill','Mosman Zn 180',2,1,NULL,NULL,'\0',1,39713,'2011-10-28 14:14:15',3),(112,50,'2011-10-18','09:30:00','15:30:00','Mosman Zn 180','Castle Cove Zn 3425',2,1,NULL,NULL,'\0',1,39713,'2011-10-28 14:14:15',3),(113,50,'2011-10-18','15:30:00','15:30:00','Castle Cove Zn 3425','Quakers Hill',2,1,NULL,NULL,'\0',1,39713,'2011-10-28 14:14:15',3),(114,50,'2011-10-19','07:00:00','15:30:00','Quakers Hill','Castle Cove Zn 3425',2,1,NULL,NULL,'\0',1,39713,'2011-10-28 14:14:15',3),(115,50,'2011-10-19','07:00:00','15:30:00','Castle Cove Zn 3425','Quakers Hill',2,1,NULL,NULL,'\0',1,39713,'2011-10-28 14:14:15',3),(116,50,'2011-10-21','07:00:00','09:30:00','Quakers Hill','Mosman Zn 180',2,1,NULL,NULL,'\0',1,39713,'2011-10-28 14:14:15',3),(117,50,'2011-10-21','09:30:00','15:30:00','Mosman Zn 180','Castle Cove Zn 3425',2,1,NULL,NULL,'\0',1,39713,'2011-10-28 14:14:15',3),(118,50,'2011-10-21','15:30:00','15:30:00','Castle Cove Zn 3425','Quakers Hill',2,1,NULL,NULL,'\0',1,39713,'2011-10-28 14:14:15',3),(119,51,'2011-10-22','06:30:00','15:00:00','Stanhope Gardens','Chatswood Depot',1,4,NULL,NULL,'\0',1,39713,'2011-10-24 14:49:27',2),(120,51,'2011-10-22','06:30:00','15:00:00','East Lindfield','Stanhope Gardens',1,4,NULL,NULL,'\0',1,39713,'2011-10-24 14:49:27',2),(121,52,'2011-10-22','06:30:00','15:30:00','Blackheath','Chatswood Depot',2,4,NULL,NULL,'\0',1,39713,'2011-10-24 14:49:14',2),(122,52,'2011-10-22','06:30:00','15:30:00','Chatswood Depot','Blackheath',2,4,NULL,NULL,'\0',1,39713,'2011-10-24 14:49:14',2),(123,53,'2011-10-17','07:00:00','15:30:00','Hornsby','Killarney',2,1,NULL,NULL,'\0',1,39713,'2011-10-26 06:44:38',3),(124,53,'2011-10-17','07:00:00','15:30:00','Killarney','Hornsby',2,1,NULL,NULL,'\0',1,39713,'2011-10-26 06:44:38',3),(125,53,'2011-10-18','07:00:00','15:30:00','Hornsby','Killarney',2,1,NULL,NULL,'\0',1,39713,'2011-10-26 06:44:38',3),(126,53,'2011-10-18','07:00:00','15:30:00','Killarney','Hornsby',2,1,NULL,NULL,'\0',1,39713,'2011-10-26 06:44:38',3),(127,53,'2011-10-19','07:00:00','15:30:00','Hornsby','Killarney',2,1,NULL,NULL,'\0',1,39713,'2011-10-26 06:44:38',3),(128,53,'2011-10-19','07:00:00','15:30:00','Killarney','Hornsby',2,1,NULL,NULL,'\0',1,39713,'2011-10-26 06:44:38',3),(129,53,'2011-10-20','07:00:00','15:30:00','Hornsby','Killarney',2,1,NULL,NULL,'\0',1,39713,'2011-10-26 06:44:38',3),(130,53,'2011-10-20','07:00:00','15:30:00','Killarney','Hornsby',2,1,NULL,NULL,'\0',1,39713,'2011-10-26 06:44:38',3),(131,53,'2011-10-21','07:00:00','15:30:00','Hornsby','Killarney',2,1,NULL,NULL,'\0',1,39713,'2011-10-26 06:44:38',3),(132,53,'2011-10-21','07:00:00','15:30:00','Killarney','Hornsby',2,1,NULL,NULL,'\0',1,39713,'2011-10-26 06:44:38',3),(133,53,'2011-10-22','07:00:00','15:00:00','Hornsby','Killarney',2,4,NULL,NULL,'\0',1,39713,'2011-10-26 06:44:38',3),(134,53,'2011-10-22','07:00:00','15:00:00','Killarney','Hornsby',2,4,NULL,NULL,'\0',1,39713,'2011-10-26 06:44:38',3),(135,54,'2011-10-22','07:00:00','15:00:00','Newport Beach','Frenchs Forest',2,4,NULL,NULL,'\0',1,39713,'2011-10-28 14:12:21',3),(136,55,'2011-10-22','07:00:00','15:00:00','Mona Vale','Pennant Hills',1,4,NULL,NULL,'\0',1,39713,'2011-10-26 06:41:13',3),(137,55,'2011-10-22','07:00:00','15:00:00','Pennant Hills','Mona Vale',1,4,NULL,NULL,'\0',1,39713,'2011-10-26 06:41:13',3),(138,56,'2011-10-22','07:00:00','15:00:00','Dee Why','Killarney Zn 15012',1,4,NULL,NULL,'\0',1,39713,'2011-10-28 14:12:42',3),(139,57,'2011-10-23','07:00:00','14:00:00','Silverdale','North Sydney',1,4,NULL,NULL,'\0',1,39713,'2011-10-26 06:42:20',3),(140,57,'2011-10-23','07:00:00','14:00:00','North Sydney','Silverdale',1,4,NULL,NULL,'\0',1,39713,'2011-10-26 06:42:20',3),(141,58,'2011-10-22','07:00:00','15:00:00','narrabeen','Chatswood Depot',1,4,NULL,NULL,'\0',1,39713,'2011-10-26 06:40:59',3),(142,58,'2011-10-22','07:00:00','15:00:00','Chatswood Depot','narrabeen',1,4,NULL,NULL,'\0',1,39713,'2011-10-26 06:40:59',3),(143,59,'2011-10-22','06:30:00','15:00:00','Point Clare','Chatswood Depot',1,4,NULL,NULL,'\0',1,38242,'2011-10-31 08:42:34',3),(144,59,'2011-10-22','06:30:00','15:00:00','Chatswood Depot','Point Clare',1,4,NULL,NULL,'\0',1,38242,'2011-10-31 08:42:34',3),(145,60,'2011-10-22','07:00:00','15:30:00','Chatswood Depot','Westleigh',1,4,NULL,NULL,'\0',0,39713,'2011-10-28 14:11:50',NULL),(146,61,'2011-10-10','07:00:00','15:30:00','Belrose','Llandilo',2,1,NULL,NULL,'\0',1,39713,'2011-10-28 14:22:29',3),(147,61,'2011-10-10','07:00:00','15:30:00','Llandilo','Chatswood Depot',2,1,NULL,NULL,'\0',1,39713,'2011-10-28 14:22:29',3),(148,61,'2011-10-11','07:00:00','15:30:00','Llandilo','Chatswood Depot',2,1,NULL,NULL,'\0',1,39713,'2011-10-28 14:22:29',3),(149,61,'2011-10-11','07:00:00','15:30:00','Chatswood Depot','Llandilo',2,1,NULL,NULL,'\0',1,39713,'2011-10-28 14:22:29',3),(150,61,'2011-10-12','07:00:00','15:30:00','Llandilo','Chatswood Depot',2,1,NULL,NULL,'\0',1,39713,'2011-10-28 14:22:29',3),(151,61,'2011-10-12','07:00:00','15:30:00','Chatswood Depot','Llandilo',2,1,NULL,NULL,'\0',1,39713,'2011-10-28 14:22:29',3),(152,61,'2011-10-13','07:00:00','15:30:00','Llandilo','Chatswood Depot',2,1,NULL,NULL,'\0',1,39713,'2011-10-28 14:22:29',3),(153,61,'2011-10-13','07:00:00','15:30:00','Chatswood Depot','Llandilo',2,1,NULL,NULL,'\0',1,39713,'2011-10-28 14:22:29',3),(154,62,'2011-10-17','07:00:00','15:30:00','Llandilo','Chatswood Depot',2,1,NULL,NULL,'\0',1,39713,'2011-10-28 14:15:53',3),(155,62,'2011-10-17','07:00:00','15:30:00','Chatswood Depot','Llandilo',2,1,NULL,NULL,'\0',1,39713,'2011-10-28 14:15:53',3),(156,62,'2011-10-18','07:00:00','15:30:00','Llandilo','Macquarie Park',2,1,NULL,NULL,'\0',1,39713,'2011-10-28 14:15:53',3),(157,62,'2011-10-18','07:00:00','15:30:00','Macquarie Park','Llandilo',2,1,NULL,NULL,'\0',1,39713,'2011-10-28 14:15:53',3),(158,62,'2011-10-19','07:00:00','15:30:00','Llandilo','Chatswood Depot',2,1,NULL,NULL,'\0',1,39713,'2011-10-28 14:15:53',3),(159,62,'2011-10-19','07:00:00','15:30:00','Chatswood Depot','Llandilo',2,1,NULL,NULL,'\0',1,39713,'2011-10-28 14:15:53',3),(160,62,'2011-10-20','07:00:00','15:30:00','Llandilo','Macquarie Park',2,1,NULL,NULL,'\0',1,39713,'2011-10-28 14:15:53',3),(161,62,'2011-10-20','07:00:00','15:30:00','Macquarie Park','Llandilo',2,1,NULL,NULL,'\0',1,39713,'2011-10-28 14:15:53',3),(162,62,'2011-10-21','07:00:00','15:30:00','Llandilo','Epping Zn 2635',2,1,NULL,NULL,'\0',1,39713,'2011-10-28 14:15:53',3),(163,62,'2011-10-21','07:00:00','15:30:00','Epping Zn 2635','Llandilo',2,1,NULL,NULL,'\0',1,39713,'2011-10-28 14:15:53',3),(164,63,'2011-10-22','07:00:00','15:00:00','Narrabeen','St Ives',1,4,NULL,NULL,'\0',1,39713,'2011-10-28 14:17:53',3),(165,63,'2011-10-22','07:00:00','15:00:00','St Ives','Chatswood Depot',1,4,NULL,NULL,'\0',1,39713,'2011-10-28 14:17:53',3),(166,64,'2011-10-03','01:00:00','01:01:00','Chatswood','Chatswood',1,1,NULL,NULL,'\0',0,39713,'2011-10-28 14:10:54',NULL),(167,64,'2011-10-03','01:00:00','01:01:00','Chatswood','Chatswood',1,1,NULL,NULL,'\0',0,39713,'2011-10-28 14:10:54',NULL),(168,65,'2011-10-22','07:00:00','15:00:00','Allambie Heights','Newport',2,4,NULL,NULL,'\0',1,39713,'2011-10-28 14:12:21',3),(169,66,'2011-10-23','07:00:00','14:00:00','Castle Hill','Castle Hill',1,4,NULL,NULL,'\0',0,39713,'2011-10-28 14:23:25',NULL),(170,67,'2011-10-22','07:00:00','15:30:00','Westleigh','Chatswood Depot',1,4,NULL,NULL,'\0',1,39713,'2011-10-28 14:11:50',3),(171,67,'2011-10-22','07:00:00','15:30:00','Chatswood Depot','Westleigh',1,4,NULL,NULL,'\0',1,39713,'2011-10-28 14:11:50',3),(172,68,'2011-10-24','07:00:00','15:30:00','South Wentworthville','Chatswood Depot',2,1,NULL,NULL,'\0',1,38242,'2011-10-31 08:42:55',3),(173,68,'2011-10-24','07:00:00','15:30:00','Chatswood Depot','South Wentworthville',2,1,NULL,NULL,'\0',1,38242,'2011-10-31 08:42:55',3),(174,68,'2011-10-25','07:00:00','15:30:00','South Wentworthville','Chatswood Depot',2,1,NULL,NULL,'\0',1,38242,'2011-10-31 08:42:55',3),(175,68,'2011-10-25','07:00:00','15:30:00','Chatswood Depot','South Wentworthville',2,1,NULL,NULL,'\0',1,38242,'2011-10-31 08:42:55',3),(176,68,'2011-10-26','07:00:00','15:30:00','South Wentworthville','Chatswood Depot',2,1,NULL,NULL,'\0',1,38242,'2011-10-31 08:42:55',3),(177,68,'2011-10-26','07:00:00','15:30:00','Chatswood Depot','South Wentworthville',2,1,NULL,NULL,'\0',1,38242,'2011-10-31 08:42:55',3),(178,68,'2011-10-27','07:00:00','15:30:00','South Wentworthville','Chatswood Depot',2,1,NULL,NULL,'\0',1,38242,'2011-10-31 08:42:55',3),(179,68,'2011-10-27','07:00:00','15:30:00','Chatswood Depot','South Wentworthville',2,1,NULL,NULL,'\0',1,38242,'2011-10-31 08:42:55',3),(180,69,'2011-10-22','07:00:00','15:00:00','Killarney Zn 15012','Dee Why',1,4,NULL,NULL,'\0',1,39713,'2011-10-28 14:12:42',3),(181,70,'2011-10-23','07:00:00','18:30:00','Schofields','East Lindfield',1,4,NULL,NULL,'\0',1,39713,'2011-10-28 14:26:42',3),(182,70,'2011-10-23','07:00:00','18:30:00','Chatswood Depot','Schofields',1,4,NULL,NULL,'\0',1,39713,'2011-10-28 14:26:42',3),(183,71,'2011-10-27','07:30:00','16:00:00','Haberfield','Wallsend Depot',1,1,NULL,NULL,'\0',1,39713,'2011-10-28 14:11:12',3),(184,71,'2011-10-27','07:30:00','16:00:00','Wallsend Depot','Haberfield',1,1,NULL,NULL,'\0',1,39713,'2011-10-28 14:11:12',3),(185,72,'2011-10-17','07:00:00','15:30:00','Llandilo','Chatswood Depot',2,1,NULL,NULL,'\0',1,38242,'2011-10-31 08:42:25',3),(186,72,'2011-10-17','07:00:00','15:30:00','Chatswood Depot','Llandilo',2,1,NULL,NULL,'\0',1,38242,'2011-10-31 08:42:25',3),(187,72,'2011-10-18','07:00:00','15:30:00','Llandilo','Macquarie Park',2,1,NULL,NULL,'\0',1,38242,'2011-10-31 08:42:25',3),(188,72,'2011-10-18','07:00:00','15:30:00','Macquarie Park','Llandilo',2,1,NULL,NULL,'\0',1,38242,'2011-10-31 08:42:25',3),(189,72,'2011-10-19','07:00:00','15:30:00','Llandilo','Chatswood Depot',2,1,NULL,NULL,'\0',1,38242,'2011-10-31 08:42:25',3),(190,72,'2011-10-19','07:00:00','15:30:00','Chatswood Depot','Llandilo',2,1,NULL,NULL,'\0',1,38242,'2011-10-31 08:42:25',3),(191,72,'2011-10-20','07:00:00','15:30:00','Llandilo','Macquarie Park',2,1,NULL,NULL,'\0',1,38242,'2011-10-31 08:42:25',3),(192,72,'2011-10-20','07:00:00','15:30:00','Macquarie Park','Llandilo',2,1,NULL,NULL,'\0',1,38242,'2011-10-31 08:42:25',3),(193,72,'2011-10-21','07:00:00','15:30:00','Llandilo','Epping Zn 2635',2,1,NULL,NULL,'\0',1,38242,'2011-10-31 08:42:25',3),(194,72,'2011-10-21','07:00:00','15:30:00','Epping Zn 2635','Llandilo',2,1,NULL,NULL,'\0',1,38242,'2011-10-31 08:42:25',3),(195,73,'2011-10-10','07:00:00','15:30:00','Belrose','Llandilo',2,1,NULL,NULL,'\0',1,38242,'2011-10-31 08:41:56',3),(196,73,'2011-10-10','07:00:00','15:30:00','Chatswood Depot','Belrose',2,1,NULL,NULL,'\0',1,38242,'2011-10-31 08:41:56',3),(197,73,'2011-10-10','07:00:00','15:30:00','Llandilo','Chatswood Depot',2,1,NULL,NULL,'\0',1,38242,'2011-10-31 08:41:56',3),(198,73,'2011-10-11','07:00:00','15:30:00','Llandilo','Chatswood Depot',2,1,NULL,NULL,'\0',1,38242,'2011-10-31 08:41:56',3),(199,73,'2011-10-11','07:00:00','15:30:00','Chatswood Depot','Llandilo',2,1,NULL,NULL,'\0',1,38242,'2011-10-31 08:41:56',3),(200,73,'2011-10-12','07:00:00','15:30:00','Llandilo','Chatswood Depot',2,1,NULL,NULL,'\0',1,38242,'2011-10-31 08:41:56',3),(201,73,'2011-10-12','07:00:00','15:30:00','Chatswood Depot','Llandilo',2,1,NULL,NULL,'\0',1,38242,'2011-10-31 08:41:56',3),(202,73,'2011-10-13','07:00:00','15:30:00','Llandilo','Chatswood Depot',2,1,NULL,NULL,'\0',1,38242,'2011-10-31 08:41:56',3),(203,73,'2011-10-13','07:00:00','15:30:00','Chatswood Depot','Llandilo',2,1,NULL,NULL,'\0',1,38242,'2011-10-31 08:41:56',3),(204,74,'2011-10-29','07:00:00','15:00:00','Westleigh','Chatswood Depot',1,4,NULL,NULL,'\0',1,38242,'2011-10-31 08:43:34',3),(205,74,'2011-10-29','07:00:00','15:00:00','Chatswood Depot','Westleigh',1,4,NULL,NULL,'\0',1,38242,'2011-10-31 08:43:34',3),(206,75,'2011-10-29','07:00:00','15:30:00','Baulkham Hills','Chatswood Depot',1,4,NULL,NULL,'\0',1,38242,'2011-10-31 08:42:40',3),(207,75,'2011-10-29','07:00:00','15:30:00','Chatswood Depot','Baulkham Hills',1,4,NULL,NULL,'\0',1,38242,'2011-10-31 08:42:40',3),(208,76,'2011-10-29','07:00:00','15:00:00','South Windsor','Chatswood Depot',1,4,NULL,NULL,'\0',1,38242,'2011-10-31 08:43:30',3),(209,76,'2011-10-29','07:00:00','15:00:00','Chatswood Depot','South Windsor',1,4,NULL,NULL,'\0',1,38242,'2011-10-31 08:43:30',3),(210,77,'2011-10-29','07:00:00','15:00:00','Warriewood','Meadowbank',1,4,NULL,NULL,'\0',1,38242,'2011-10-31 08:43:21',3),(211,77,'2011-10-29','07:00:00','15:00:00','Meadowbank','Warriewood',1,4,NULL,NULL,'\0',1,38242,'2011-10-31 08:43:21',3),(212,78,'2011-10-29','07:00:00','15:00:00','North Epping','Meadowbank Zn 4545',1,4,NULL,NULL,'\0',1,38242,'2011-10-31 08:42:43',3),(213,78,'2011-10-29','07:00:00','15:00:00','Meadowbank Zn 4545','North Epping',1,4,NULL,NULL,'\0',1,38242,'2011-10-31 08:42:43',3),(214,79,'2011-10-29','06:30:00','12:00:00','Narraweena','Turramurra Zn 1673',1,4,327,52.25,'',1,38242,'2011-10-31 08:44:56',3),(215,79,'2011-10-29','06:30:00','12:00:00','Turramurra Zn 1673','Narraweena',1,4,327,52.25,'',1,38242,'2011-10-31 08:44:56',3),(216,80,'2011-10-29','06:30:00','14:30:00','Wyoming (gosford)','Turramurra Zn 1673',1,4,NULL,NULL,'\0',1,38242,'2011-10-31 08:43:26',3),(217,80,'2011-10-29','06:30:00','14:30:00','Turramurra Zn 1673','Wyoming (gosford)',1,4,NULL,NULL,'\0',1,38242,'2011-10-31 08:43:26',3),(218,81,'2011-10-29','06:30:00','13:00:00','Dee Why','Turramurra Zn 1673',1,4,NULL,NULL,'\0',1,38242,'2011-10-31 08:42:46',3),(219,82,'2011-10-29','07:00:00','15:00:00','Leumeah','Meadowbank Zn 4545',1,4,NULL,NULL,'\0',1,38242,'2011-10-31 08:43:40',3),(220,82,'2011-10-29','07:00:00','15:00:00','Meadowbank Zn 4545','Leumeah',1,4,NULL,NULL,'\0',1,38242,'2011-10-31 08:43:40',3),(221,82,'2011-10-30','07:00:00','14:00:00','Leumeah','wahroonga',1,4,NULL,NULL,'\0',1,38242,'2011-10-31 08:43:40',3),(222,82,'2011-10-30','07:00:00','14:00:00','wahroonga','Leumeah',1,4,NULL,NULL,'\0',1,38242,'2011-10-31 08:43:40',3),(223,83,'2011-10-29','06:30:00','15:00:00','Stanhope Gardens','Chatswood Depot',1,4,NULL,NULL,'\0',1,38242,'2011-11-03 07:15:19',4),(224,83,'2011-10-29','06:30:00','15:00:00','St Ives Zn 3154','Stanhope Gardens',1,4,NULL,NULL,'\0',1,38242,'2011-11-03 07:15:19',4),(225,84,'2011-10-29','07:00:00','15:00:00','Normanhurst','Allambie Heights',1,4,310,49.50,'',1,38242,'2011-11-03 07:18:17',4),(226,84,'2011-10-29','07:00:00','15:00:00','Allambie Heights','Normanhurst',1,4,310,49.50,'',1,38242,'2011-11-03 07:18:17',4),(227,85,'2011-10-29','07:00:00','15:00:00','Newport','Allambie Heights',2,4,NULL,NULL,'\0',1,38242,'2011-11-03 07:17:38',4),(228,85,'2011-10-29','07:00:00','15:00:00','Allambie Heights','Newport',2,4,NULL,NULL,'\0',1,38242,'2011-11-03 07:17:38',4),(229,86,'2011-10-29','06:30:00','14:30:00','Blackheath','Chatswood Depot',2,4,NULL,NULL,'\0',1,38242,'2011-11-03 07:16:51',4),(230,86,'2011-10-29','06:30:00','14:30:00','Chatswood Depot','Blackheath',2,4,NULL,NULL,'\0',1,38242,'2011-11-03 07:16:51',4),(231,87,'2011-10-30','05:00:00','22:00:00','Macquarie Fields','Chatswood Depot',1,4,NULL,NULL,'\0',1,38242,'2011-11-03 07:17:49',4),(232,88,'2011-10-29','07:00:00','15:00:00','Hornsby','St Ives',2,4,NULL,NULL,'\0',1,38242,'2011-11-03 07:16:35',4),(233,88,'2011-10-29','07:00:00','15:00:00','St Ives','Hornsby',2,4,NULL,NULL,'\0',1,38242,'2011-11-03 07:16:35',4),(234,89,'2011-10-29','07:00:00','15:30:00','Ryde','Chatswood Depot',1,4,NULL,NULL,'\0',1,38242,'2011-11-03 07:17:31',4),(235,89,'2011-10-29','07:00:00','15:30:00','Macquarie Park','Ryde',1,4,NULL,NULL,'\0',1,38242,'2011-11-03 07:17:31',4),(236,90,'2011-10-29','06:30:00','14:30:00','Berala','Chatswood Depot',2,4,NULL,NULL,'\0',1,38242,'2011-11-03 07:15:30',4),(237,90,'2011-10-29','06:30:00','14:30:00','Chatswood Depot','Berala',2,4,NULL,NULL,'\0',1,38242,'2011-11-03 07:15:30',4),(238,91,'2011-10-30','07:00:00','14:00:00','Castle Hill','Wahroonga',1,4,NULL,NULL,'\0',1,38242,'2011-11-03 07:16:41',4),(239,91,'2011-10-30','07:00:00','14:00:00','Wahroonga','Castle Hill',1,4,NULL,NULL,'\0',1,38242,'2011-11-03 07:16:41',4),(240,92,'2011-10-22','07:00:00','15:00:00','Calga','Pennant Hills',2,4,NULL,NULL,'\0',1,38242,'2011-11-03 07:15:10',4),(241,92,'2011-10-22','07:00:00','15:00:00','Pennant Hills','Calga',2,4,NULL,NULL,'\0',1,38242,'2011-11-03 07:15:10',4),(242,93,'2011-10-29','06:30:00','14:30:00','Calga','St Ives Zn 3154',1,4,NULL,NULL,'\0',1,38242,'2011-11-03 07:18:34',4),(243,93,'2011-10-29','06:30:00','14:30:00','St Ives Zn 3154','Calga',1,4,NULL,NULL,'\0',1,38242,'2011-11-03 07:18:34',4),(244,94,'2011-10-29','07:00:00','15:00:00','Silverdale','Chatswood Depot',1,4,NULL,NULL,'\0',1,38242,'2011-11-03 07:17:56',4),(245,94,'2011-10-29','07:00:00','15:00:00','Chatswood Depot','Silverdale',1,4,NULL,NULL,'\0',1,38242,'2011-11-03 07:17:56',4),(246,95,'2011-10-22','06:30:00','14:30:00','glenhaven','Willoughby',1,4,310,49.50,'',1,38242,'2011-11-03 07:14:54',4),(247,95,'2011-10-22','06:30:00','14:30:00','Willoughby','glenhaven',1,4,310,49.50,'',1,38242,'2011-11-03 07:14:54',4),(248,96,'2011-10-29','06:30:00','14:30:00','Glenhaven','Willoughby Bsp',1,4,310,49.50,'',1,38242,'2011-11-03 07:17:19',4),(249,96,'2011-10-29','06:30:00','14:30:00','Willoughby Bsp','Glenhaven',1,4,310,49.50,'',1,38242,'2011-11-03 07:17:19',4),(250,97,'2011-10-22','06:30:00','14:30:00','Glenhaven','Willoughby Bsp',1,4,310,49.50,'',1,38242,'2011-11-03 07:14:54',4),(251,97,'2011-10-22','06:30:00','14:30:00','Willoughby Bsp','Glenhaven',1,4,310,49.50,'',1,38242,'2011-11-03 07:14:54',4),(252,98,'2011-10-29','06:30:00','14:30:00','Dundas Valley','Turramurra Zn 1673',1,4,NULL,NULL,'\0',1,39713,'2011-11-05 09:13:32',4),(253,98,'2011-10-29','06:30:00','14:30:00','Turramurra Zn 1673','Dundas Valley',1,4,NULL,NULL,'\0',1,39713,'2011-11-05 09:13:32',4),(254,99,'2011-10-29','06:30:00','14:30:00','Toukley','Chatswood Depot',1,4,NULL,NULL,'\0',1,39713,'2011-11-05 09:13:04',4),(255,99,'2011-10-29','06:30:00','14:30:00','Toukley','Chatswood Depot',1,4,NULL,NULL,'\0',1,39713,'2011-11-05 09:13:04',4),(256,100,'2011-10-24','07:00:00','15:30:00','Llandilo','Galston',2,1,NULL,NULL,'\0',1,39713,'2011-11-05 09:14:42',4),(257,100,'2011-10-24','07:00:00','15:30:00','Galston','Llandilo',2,1,NULL,NULL,'\0',1,39713,'2011-11-05 09:14:42',4),(258,100,'2011-10-25','07:00:00','15:30:00','Llandilo','galston',2,1,NULL,NULL,'\0',1,39713,'2011-11-05 09:14:42',4),(259,100,'2011-10-25','07:00:00','15:30:00','galston','Llandilo',2,1,NULL,NULL,'\0',1,39713,'2011-11-05 09:14:42',4),(260,100,'2011-10-26','07:00:00','15:30:00','Llandilo','Galston',2,1,NULL,NULL,'\0',1,39713,'2011-11-05 09:14:42',4),(261,100,'2011-10-26','07:00:00','15:30:00','Galston','Llandilo',2,1,NULL,NULL,'\0',1,39713,'2011-11-05 09:14:42',4),(262,100,'2011-10-27','07:00:00','15:30:00','Llandilo','galston',2,1,NULL,NULL,'\0',1,39713,'2011-11-05 09:14:42',4),(263,100,'2011-10-27','07:00:00','15:30:00','galston','Llandilo',2,1,NULL,NULL,'\0',1,39713,'2011-11-05 09:14:42',4),(264,101,'2011-11-05','05:30:00','21:30:00','Plumpton','Chatswood Depot',1,4,NULL,NULL,'\0',1,44390,'2011-11-10 07:20:14',5),(265,101,'2011-11-05','05:30:00','21:30:00','Chatswood Depot','Plumpton',1,4,NULL,NULL,'\0',1,44390,'2011-11-10 07:20:14',5),(266,102,'2011-11-05','07:00:00','15:00:00','South Windsor','Wahroonga',1,4,NULL,NULL,'\0',1,44390,'2011-11-10 08:26:06',5),(267,102,'2011-11-05','07:00:00','15:00:00','St Ives','South Windsor',1,4,NULL,NULL,'\0',1,44390,'2011-11-10 08:26:06',5),(268,103,'2011-10-31','07:00:00','15:30:00','Llandilo','Hornsby Zn 847',2,1,NULL,NULL,'\0',1,44390,'2011-11-10 08:31:53',5),(269,103,'2011-10-31','07:00:00','15:30:00','Hornsby Zn 847','Llandilo',2,1,NULL,NULL,'\0',1,44390,'2011-11-10 08:31:53',5),(270,103,'2011-11-01','07:00:00','15:30:00','Llandilo','Galston',2,1,NULL,NULL,'\0',1,44390,'2011-11-10 08:31:53',5),(271,103,'2011-11-01','07:00:00','15:30:00','Galston','Llandilo',2,1,NULL,NULL,'\0',1,44390,'2011-11-10 08:31:53',5),(272,103,'2011-11-02','07:00:00','15:30:00','Llandilo','Chatswood Depot',2,1,NULL,NULL,'\0',1,44390,'2011-11-10 08:31:53',5),(273,103,'2011-11-02','07:00:00','15:30:00','Chatswood Depot','Llandilo',2,1,NULL,NULL,'\0',1,44390,'2011-11-10 08:31:53',5),(274,103,'2011-11-03','07:00:00','15:30:00','Silverwater (auburn)','Terrey Hills',2,1,NULL,NULL,'\0',1,44390,'2011-11-10 08:31:53',5),(275,103,'2011-11-03','07:00:00','15:30:00','Terrey Hills','Llandilo',2,1,NULL,NULL,'\0',1,44390,'2011-11-10 08:31:53',5),(276,103,'2011-11-03','07:00:00','15:30:00','Llandilo','Silverwater (auburn)',2,1,NULL,NULL,'\0',0,44390,'2011-11-10 08:31:53',NULL),(277,103,'2011-11-04','07:00:00','15:30:00','Llandilo','Macquarie Park',2,1,NULL,NULL,'\0',1,44390,'2011-11-10 08:31:53',5),(278,103,'2011-11-04','07:00:00','15:30:00','Macquarie Park','Llandilo',2,1,NULL,NULL,'\0',1,44390,'2011-11-10 08:31:53',5),(279,103,'2011-11-05','07:00:00','15:00:00','St Ives','Llandilo',2,4,NULL,NULL,'\0',1,44390,'2011-11-10 08:31:53',5),(280,103,'2011-11-05','07:00:00','15:00:00','Llandilo','Wahroonga',2,4,NULL,NULL,'\0',1,44390,'2011-11-10 08:31:53',5),(281,103,'2011-11-05','07:00:00','15:00:00','Wahroonga','St Ives',2,4,NULL,NULL,'\0',1,44390,'2011-11-10 08:31:53',5),(282,104,'2011-10-29','06:30:00','14:30:00','Fairfield','Turramurra Zn 1673',1,4,NULL,NULL,'\0',0,39713,'2011-11-12 10:07:36',NULL),(283,104,'2011-10-29','06:30:00','14:30:00','Turramurra Zn 1673','Fairfield',1,4,NULL,NULL,'\0',0,39713,'2011-11-12 10:07:36',NULL),(284,105,'2011-10-29','06:30:00','14:30:00','Fairfield','Turramurra Zn 1673',1,4,NULL,NULL,'\0',0,39713,'2011-11-12 10:07:36',NULL),(285,105,'2011-10-29','06:30:00','14:30:00','Turramurra Zn 1673','Fairfield',1,4,NULL,NULL,'\0',0,39713,'2011-11-12 10:07:36',NULL),(286,106,'2011-11-05','06:30:00','14:30:00','Fairfield','Narrabeen Zn 15002',1,4,NULL,NULL,'\0',1,44390,'2011-11-10 08:11:14',5),(287,106,'2011-11-05','06:30:00','14:30:00','Narrabeen Zn 15002','Fairfield',1,4,NULL,NULL,'\0',1,44390,'2011-11-10 08:11:14',5),(288,107,'2011-11-01','20:30:00','03:00:00','Berala','Chatswood Depot',2,4,NULL,NULL,'\0',1,44390,'2011-11-10 08:05:30',5),(289,107,'2011-11-02','20:30:00','03:00:00','Chatswood Depot','Berala',2,4,NULL,NULL,'\0',1,44390,'2011-11-10 08:05:30',5),(290,107,'2011-11-05','06:30:00','15:00:00','Berala','Chatswood Depot',2,4,NULL,NULL,'\0',1,44390,'2011-11-10 08:05:30',5),(291,107,'2011-11-05','06:30:00','15:00:00','Chatswood Depot','Berala',2,4,NULL,NULL,'\0',1,44390,'2011-11-10 08:05:30',5),(292,108,'2011-11-05','06:30:00','14:30:00','Glenhaven','Willoughby Bsp',1,4,310,49.50,'',1,44390,'2011-11-10 08:05:04',5),(293,108,'2011-11-05','06:30:00','14:30:00','Willoughby Bsp','Glenhaven',1,4,310,49.50,'',1,44390,'2011-11-10 08:05:04',5),(294,109,'2011-11-05','06:30:00','15:30:00','Blackheath','Chatswood Depot',2,4,NULL,NULL,'\0',1,44390,'2011-11-10 08:06:36',5),(295,109,'2011-11-05','06:30:00','15:30:00','Chatswood Depot','Blackheath',2,4,NULL,NULL,'\0',1,44390,'2011-11-10 08:06:36',5),(296,110,'2011-10-04','07:00:00','15:30:00','North Rocks','Willoughby Bsp',2,1,NULL,NULL,'\0',1,39713,'2011-12-23 07:27:00',10),(297,110,'2011-10-04','07:00:00','15:30:00','Willoughby Bsp','North Rocks',2,1,NULL,NULL,'\0',1,39713,'2011-12-23 07:27:00',10),(298,110,'2011-10-05','07:00:00','15:30:00','North Rocks','Willoughby Bsp',2,1,NULL,NULL,'\0',1,39713,'2011-12-23 07:27:00',10),(299,110,'2011-10-05','07:00:00','15:30:00','Willoughby Bsp','North Rocks',2,1,NULL,NULL,'\0',1,39713,'2011-12-23 07:27:00',10),(300,110,'2011-10-06','07:00:00','15:30:00','North Rocks','Willoughby Bsp',2,1,NULL,NULL,'\0',1,39713,'2011-12-23 07:27:00',10),(301,110,'2011-10-06','07:00:00','15:30:00','Willoughby Bsp','North Rocks',2,1,NULL,NULL,'\0',1,39713,'2011-12-23 07:27:00',10),(302,110,'2011-10-07','07:00:00','15:30:00','North Rocks','Willoughby Bsp',2,1,NULL,NULL,'\0',1,39713,'2011-12-23 07:27:00',10),(303,110,'2011-10-07','07:00:00','15:30:00','Willoughby Bsp','North Rocks',2,1,NULL,NULL,'\0',1,39713,'2011-12-23 07:27:00',10),(304,111,'2011-10-10','07:00:00','15:30:00','North Rocks','Willoughby Bsp',2,1,NULL,NULL,'\0',1,39713,'2011-12-23 07:27:19',10),(305,111,'2011-10-10','07:00:00','15:30:00','Willoughby Bsp','North Rocks',2,1,NULL,NULL,'\0',1,39713,'2011-12-23 07:27:19',10),(306,111,'2011-10-11','07:00:00','15:30:00','North Rocks','Willoughby Bsp',2,1,NULL,NULL,'\0',1,39713,'2011-12-23 07:27:19',10),(307,111,'2011-10-11','07:00:00','15:30:00','Willoughby Bsp','North Rocks',2,1,NULL,NULL,'\0',1,39713,'2011-12-23 07:27:19',10),(308,111,'2011-10-12','07:00:00','15:30:00','North Rocks','Willoughby Bsp',2,1,NULL,NULL,'\0',1,39713,'2011-12-23 07:27:19',10),(309,111,'2011-10-12','07:00:00','15:30:00','Willoughby Bsp','North Rocks',2,1,NULL,NULL,'\0',1,39713,'2011-12-23 07:27:19',10),(310,111,'2011-10-13','07:00:00','15:30:00','North Rocks','Willoughby Bsp',2,1,NULL,NULL,'\0',1,39713,'2011-12-23 07:27:19',10),(311,111,'2011-10-13','07:00:00','15:30:00','Willoughby Bsp','North Rocks',2,1,NULL,NULL,'\0',1,39713,'2011-12-23 07:27:19',10),(312,111,'2011-10-15','07:00:00','15:00:00','North Rocks','Lindfield Bsp',2,4,NULL,NULL,'\0',1,39713,'2011-12-23 07:27:19',10),(313,111,'2011-10-15','07:00:00','15:00:00','Lindfield Bsp','North Rocks',2,4,NULL,NULL,'\0',1,39713,'2011-12-23 07:27:19',10),(314,112,'2011-10-17','07:00:00','15:30:00','North Rocks','Willoughby Bsp',2,1,NULL,NULL,'\0',1,39713,'2011-11-10 09:00:05',5),(315,112,'2011-10-17','07:00:00','15:30:00','Willoughby Bsp','North Rocks',2,1,NULL,NULL,'\0',1,39713,'2011-11-10 09:00:05',5),(316,112,'2011-10-18','07:00:00','15:30:00','North Rocks','Willoughby Bsp',2,1,NULL,NULL,'\0',1,39713,'2011-11-10 09:00:05',5),(317,112,'2011-10-18','07:00:00','15:30:00','Willoughby Bsp','North Rocks',2,1,NULL,NULL,'\0',1,39713,'2011-11-10 09:00:05',5),(318,112,'2011-10-19','07:00:00','15:30:00','North Rocks','Willoughby Bsp',2,1,NULL,NULL,'\0',1,39713,'2011-11-10 09:00:05',5),(319,112,'2011-10-19','07:00:00','15:30:00','Willoughby Bsp','North Rocks',2,1,NULL,NULL,'\0',1,39713,'2011-11-10 09:00:05',5),(320,112,'2011-10-20','07:00:00','15:30:00','North Rocks','Willoughby Bsp',2,1,NULL,NULL,'\0',1,39713,'2011-11-10 09:00:05',5),(321,112,'2011-10-20','07:00:00','15:30:00','Willoughby Bsp','North Rocks',2,1,NULL,NULL,'\0',1,39713,'2011-11-10 09:00:05',5),(322,112,'2011-10-21','07:00:00','15:30:00','North Rocks','Willoughby Bsp',2,1,NULL,NULL,'\0',1,39713,'2011-11-10 09:00:05',5),(323,112,'2011-10-21','07:00:00','15:30:00','Willoughby Bsp','North Rocks',2,1,NULL,NULL,'\0',1,39713,'2011-11-10 09:00:05',5),(324,112,'2011-10-22','06:30:00','14:30:00','North Rocks','Willoughby Bsp',2,4,NULL,NULL,'\0',1,39713,'2011-11-10 09:00:05',5),(325,112,'2011-10-22','06:30:00','14:30:00','Willoughby Bsp','North Rocks',2,4,NULL,NULL,'\0',1,39713,'2011-11-10 09:00:05',5),(326,113,'2011-10-24','07:00:00','15:30:00','North Rocks','Willoughby Bsp',2,1,NULL,NULL,'\0',1,39713,'2011-11-10 09:00:27',5),(327,113,'2011-10-24','07:00:00','15:30:00','Willoughby Bsp','North Rocks',2,1,NULL,NULL,'\0',1,39713,'2011-11-10 09:00:27',5),(328,113,'2011-10-25','07:00:00','15:30:00','North Rocks','Willoughby Bsp',2,1,NULL,NULL,'\0',1,39713,'2011-11-10 09:00:27',5),(329,113,'2011-10-25','07:00:00','15:30:00','Willoughby Bsp','North Rocks',2,1,NULL,NULL,'\0',1,39713,'2011-11-10 09:00:27',5),(330,113,'2011-10-26','07:00:00','15:30:00','North Rocks','Willoughby Bsp',2,1,NULL,NULL,'\0',1,39713,'2011-11-10 09:00:27',5),(331,113,'2011-10-26','07:00:00','15:30:00','Willoughby Bsp','North Rocks',2,1,NULL,NULL,'\0',1,39713,'2011-11-10 09:00:27',5),(332,113,'2011-10-27','07:00:00','15:30:00','North Rocks','Willoughby Bsp',2,1,NULL,NULL,'\0',1,39713,'2011-11-10 09:00:27',5),(333,113,'2011-10-27','07:00:00','15:30:00','Willoughby Bsp','North Rocks',2,1,NULL,NULL,'\0',1,39713,'2011-11-10 09:00:27',5),(334,113,'2011-10-29','06:30:00','14:30:00','North Rocks','Willoughby Bsp',2,4,NULL,NULL,'\0',1,39713,'2011-11-10 09:00:27',5),(335,113,'2011-10-29','06:30:00','14:30:00','Willoughby Bsp','North Rocks',2,4,NULL,NULL,'\0',1,39713,'2011-11-10 09:00:27',5),(336,114,'2011-10-31','07:00:00','15:30:00','North Rocks','Willoughby Bsp',2,1,NULL,NULL,'\0',1,39713,'2011-11-10 09:00:54',5),(337,114,'2011-10-31','07:00:00','15:30:00','Willoughby Bsp','North Rocks',2,1,NULL,NULL,'\0',1,39713,'2011-11-10 09:00:54',5),(338,114,'2011-11-01','07:00:00','15:30:00','North Rocks','Willoughby Bsp',2,1,NULL,NULL,'\0',1,39713,'2011-11-10 09:00:54',5),(339,114,'2011-11-01','07:00:00','15:30:00','Willoughby Bsp','North Rocks',2,1,NULL,NULL,'\0',1,39713,'2011-11-10 09:00:54',5),(340,114,'2011-11-02','07:00:00','15:30:00','North Rocks','Willoughby Bsp',2,1,NULL,NULL,'\0',1,39713,'2011-11-10 09:00:54',5),(341,114,'2011-11-02','07:00:00','15:30:00','Willoughby Bsp','North Rocks',2,1,NULL,NULL,'\0',1,39713,'2011-11-10 09:00:54',5),(342,114,'2011-11-03','07:00:00','15:30:00','North Rocks','Willoughby Bsp',2,1,NULL,NULL,'\0',1,39713,'2011-11-10 09:00:54',5),(343,114,'2011-11-03','07:00:00','15:30:00','Willoughby Bsp','North Rocks',2,1,NULL,NULL,'\0',1,39713,'2011-11-10 09:00:54',5),(344,114,'2011-11-04','07:00:00','15:30:00','North Rocks','Willoughby Bsp',2,1,NULL,NULL,'\0',1,39713,'2011-11-10 09:00:54',5),(345,114,'2011-11-04','07:00:00','15:30:00','Willoughby Bsp','North Rocks',2,1,NULL,NULL,'\0',1,39713,'2011-11-10 09:00:54',5),(346,114,'2011-11-05','06:30:00','14:30:00','North Rocks','Willoughby Bsp',2,4,NULL,NULL,'\0',1,39713,'2011-11-10 09:00:54',5),(347,114,'2011-11-05','06:30:00','14:30:00','Willoughby Bsp','North Rocks',2,4,NULL,NULL,'\0',1,39713,'2011-11-10 09:00:54',5),(348,115,'2011-11-06','06:30:00','14:30:00','St Ives','Narrabeen',1,4,310,49.50,'',1,44390,'2011-11-10 07:01:57',5),(349,115,'2011-11-06','06:30:00','14:30:00','Narrabeen','St Ives',1,4,310,49.50,'',1,44390,'2011-11-10 07:01:57',5),(350,116,'2011-11-05','06:30:00','15:30:00','Toukley','Chatswood Depot',1,4,NULL,NULL,'\0',1,44390,'2011-11-10 08:24:42',5),(351,116,'2011-11-05','06:30:00','15:30:00','Chatswood Depot','Toukley',1,4,NULL,NULL,'\0',1,44390,'2011-11-10 08:24:42',5),(352,117,'2011-11-05','07:00:00','15:00:00','Leumeah','Meadowbank Zn 4545',1,4,310,49.50,'',1,44390,'2011-11-10 07:02:23',5),(353,117,'2011-11-05','07:00:00','15:00:00','Meadowbank Zn 4545','Leumeah',1,4,310,49.50,'',1,44390,'2011-11-10 07:02:23',5),(354,118,'2011-11-05','07:00:00','15:00:00','Warriewood','Meadowbank',1,4,NULL,NULL,'\0',1,44390,'2011-11-10 07:15:46',5),(355,118,'2011-11-05','07:00:00','15:00:00','Meadowbank','Warriewood',1,4,NULL,NULL,'\0',1,44390,'2011-11-10 07:15:46',5),(356,119,'2011-11-05','07:00:00','15:00:00','St Ives Zn 3154','Wentworthville',1,4,NULL,NULL,'\0',1,44390,'2011-11-10 08:10:53',5),(357,119,'2011-11-05','07:00:00','15:00:00','Wentworthville','Wahroonga',1,4,NULL,NULL,'\0',1,44390,'2011-11-10 08:10:53',5),(358,120,'2011-11-05','07:00:00','15:00:00','Newport Beach','Allambie Heights',2,4,NULL,NULL,'\0',1,44390,'2011-11-10 07:46:41',5),(359,120,'2011-11-05','07:00:00','15:00:00','Allambie Heights','Newport Beach',2,4,NULL,NULL,'\0',1,44390,'2011-11-10 07:46:41',5),(360,121,'2011-11-05','07:00:00','15:00:00','Normanhurst','Allambie Heights',1,4,310,49.50,'',1,44390,'2011-11-10 07:48:24',5),(361,121,'2011-11-05','07:00:00','15:00:00','Allambie Heights','Normanhurst',1,4,310,49.50,'',1,44390,'2011-11-10 07:48:24',5),(362,122,'2011-11-05','07:00:00','13:00:00','Epping','Top Ryde',1,4,310,49.50,'',1,44390,'2011-11-10 07:39:37',5),(363,122,'2011-11-05','07:00:00','13:00:00','Top Ryde','Epping',1,4,310,49.50,'',1,44390,'2011-11-10 07:39:37',5),(364,123,'2011-11-05','07:00:00','15:00:00','Baulkham Hills','Chatswood Depot',1,4,NULL,NULL,'\0',1,39713,'2011-11-10 08:47:59',5),(365,123,'2011-11-05','07:00:00','15:00:00','Turramurra Zn 1673','Baulkham Hills',1,4,NULL,NULL,'\0',1,39713,'2011-11-10 08:47:59',5),(366,124,'2011-11-05','06:30:00','12:00:00','Narraweena','Turramurra Zn 1673',1,4,358,56.18,'',1,44390,'2011-11-10 06:59:46',5),(367,124,'2011-11-05','06:30:00','12:00:00','Turramurra Zn 1673','Narraweena',1,4,358,56.18,'',1,44390,'2011-11-10 06:59:46',5),(368,125,'2011-11-01','20:30:00','03:00:00','Stanhope Gardens','Gladesville',1,4,NULL,NULL,'\0',1,44390,'2011-11-10 08:02:25',5),(369,125,'2011-11-02','20:30:00','03:00:00','Gladesville','Stanhope Gardens',1,4,NULL,NULL,'\0',1,44390,'2011-11-10 08:02:25',5),(370,126,'2011-11-05','06:30:00','15:00:00','Stanhope Gardens','Chatswood Depot',1,4,NULL,NULL,'\0',1,44390,'2011-11-10 08:02:25',5),(371,126,'2011-11-05','06:30:00','15:00:00','St Ives','Stanhope Gardens',1,4,NULL,NULL,'\0',1,44390,'2011-11-10 08:02:25',5),(372,127,'2011-11-05','06:30:00','14:30:00','Killarney Vale','Willoughby Bsp',1,4,NULL,NULL,'\0',1,44390,'2011-11-10 08:04:27',5),(373,127,'2011-11-05','06:30:00','14:30:00','Willoughby Bsp','Killarney Vale',1,4,NULL,NULL,'\0',1,44390,'2011-11-10 08:04:27',5),(374,128,'2011-11-05','07:00:00','15:00:00','Silverdale','Chatswood Depot',1,4,NULL,NULL,'\0',1,44390,'2011-11-10 07:16:40',5),(375,128,'2011-11-05','07:00:00','15:00:00','Meadowbank Zn 4545','Silverdale',1,4,NULL,NULL,'\0',1,44390,'2011-11-10 07:16:40',5),(376,129,'2011-10-31','07:00:00','15:30:00','Quakers Hill','Chatswood Depot',2,1,NULL,NULL,'\0',1,44390,'2011-11-10 08:25:51',5),(377,129,'2011-10-31','07:00:00','15:30:00','Chatswood Depot','Quakers Hill',2,1,NULL,NULL,'\0',1,44390,'2011-11-10 08:25:51',5),(378,129,'2011-11-01','07:00:00','15:30:00','Quakers Hill','Pennant Hills Zn 965',2,1,NULL,NULL,'\0',1,44390,'2011-11-10 08:25:51',5),(379,129,'2011-11-01','07:00:00','15:30:00','Pennant Hills Zn 965','Quakers Hill',2,1,NULL,NULL,'\0',1,44390,'2011-11-10 08:25:51',5),(380,129,'2011-11-02','07:00:00','15:30:00','Quakers Hill','Asquith',2,1,NULL,NULL,'\0',1,44390,'2011-11-10 08:25:51',5),(381,129,'2011-11-02','07:00:00','15:30:00','Asquith','Quakers Hill',2,1,NULL,NULL,'\0',1,44390,'2011-11-10 08:25:51',5),(382,129,'2011-11-04','07:00:00','15:30:00','Quakers Hill','Chatswood Depot',2,1,NULL,NULL,'\0',1,44390,'2011-11-10 08:25:51',5),(383,129,'2011-11-04','07:00:00','15:30:00','Chatswood Depot','Quakers Hill',2,1,NULL,NULL,'\0',1,44390,'2011-11-10 08:25:51',5),(384,130,'2011-11-01','21:00:00','03:00:00','Calga','Gladesville',1,4,NULL,NULL,'\0',1,44390,'2011-11-10 07:10:18',5),(385,130,'2011-11-02','21:00:00','03:00:00','Gladesville','Calga',1,4,NULL,NULL,'\0',1,44390,'2011-11-10 07:10:18',5),(386,131,'2011-10-29','06:30:00','14:30:00','Mona Vale','St Ives Zn 3154',1,4,NULL,NULL,'\0',0,39713,'2011-11-12 10:05:46',NULL),(387,131,'2011-10-29','06:30:00','14:30:00','St Ives Zn 3154','Mona Vale',1,4,NULL,NULL,'\0',0,39713,'2011-11-12 10:05:46',NULL),(388,132,'2011-11-05','06:30:00','14:30:00','Ryde','Chatswood Depot',1,4,NULL,NULL,'\0',1,39713,'2011-11-12 10:03:58',5),(389,132,'2011-11-05','06:30:00','14:30:00','Macquarie Park','Ryde',1,4,NULL,NULL,'\0',1,39713,'2011-11-12 10:03:58',5),(390,133,'2011-11-05','06:30:00','14:30:00','Wyoming (gosford)','Turramurra Zn 1673',1,4,NULL,NULL,'\0',1,39713,'2011-11-12 10:05:06',5),(391,133,'2011-11-05','06:30:00','14:30:00','Turramurra Zn 1673','Wyoming (gosford)',1,4,NULL,NULL,'\0',1,39713,'2011-11-12 10:05:06',5),(392,134,'2011-11-12','06:30:00','15:00:00','Blackheath','Chatswood Depot',2,4,NULL,NULL,'\0',1,39713,'2011-11-18 13:31:07',5),(393,134,'2011-11-12','06:30:00','15:00:00','Chatswood Depot','Blackheath',2,4,NULL,NULL,'\0',1,39713,'2011-11-18 13:31:07',5),(394,135,'2011-11-12','06:30:00','15:30:00','Berala','Chatswood Depot',2,4,NULL,NULL,'\0',1,39713,'2011-11-18 13:27:04',5),(395,135,'2011-11-12','06:30:00','15:30:00','Chatswood Depot','Berala',2,4,NULL,NULL,'\0',1,39713,'2011-11-18 13:27:04',5),(396,136,'2011-11-12','07:00:00','15:00:00','Normanhurst','Belrose',1,4,310,49.50,'',1,39713,'2011-11-22 06:11:18',5),(397,136,'2011-11-12','07:00:00','15:00:00','Belrose','Normanhurst',1,4,310,49.50,'',1,39713,'2011-11-22 06:11:18',5),(398,137,'2011-11-12','06:30:00','14:30:00','Lisarow','Chatswood Depot',1,4,310,49.50,'',1,39713,'2011-11-22 06:10:09',5),(399,137,'2011-11-12','06:30:00','14:30:00','Chatswood Depot','Lisarow',1,4,310,49.50,'',1,39713,'2011-11-22 06:10:09',5),(400,138,'2011-11-12','06:30:00','15:30:00','Ryde','Chatswood Depot',1,4,NULL,NULL,'\0',1,39713,'2011-11-18 13:46:09',5),(401,138,'2011-11-12','06:30:00','15:30:00','Chatswood Depot','Ryde',1,4,NULL,NULL,'\0',1,39713,'2011-11-18 13:46:09',5),(402,139,'2011-11-12','06:30:00','14:30:00','Glenhaven','Willoughby Bsp',1,4,310,49.50,'',1,39713,'2011-11-18 13:39:48',5),(403,139,'2011-11-12','06:30:00','14:30:00','Willoughby Bsp','Glenhaven',1,4,310,49.50,'',1,39713,'2011-11-18 13:39:48',5),(404,140,'2011-11-12','07:00:00','15:00:00','Dundas Valley','Belrose',1,4,NULL,NULL,'\0',1,39713,'2011-11-22 06:08:58',5),(405,140,'2011-11-12','07:00:00','15:00:00','Belrose','Dundas Valley',1,4,NULL,NULL,'\0',1,39713,'2011-11-22 06:08:58',5),(406,141,'2011-11-07','07:00:00','15:30:00','North Rocks','Willoughby Bsp',2,1,NULL,NULL,'\0',1,39713,'2011-11-22 06:10:33',5),(407,141,'2011-11-07','07:00:00','15:30:00','Willoughby Bsp','North Rocks',2,1,NULL,NULL,'\0',1,39713,'2011-11-22 06:10:33',5),(408,141,'2011-11-08','07:00:00','15:30:00','North Rocks','Willoughby Bsp',2,1,NULL,NULL,'\0',1,39713,'2011-11-22 06:10:33',5),(409,141,'2011-11-08','07:00:00','15:30:00','Willoughby Bsp','North Rocks',2,1,NULL,NULL,'\0',1,39713,'2011-11-22 06:10:33',5),(410,141,'2011-11-09','07:00:00','15:30:00','North Rocks','Willoughby Bsp',2,1,NULL,NULL,'\0',1,39713,'2011-11-22 06:10:53',5),(411,141,'2011-11-09','07:00:00','15:30:00','Willoughby Bsp','North Rocks',2,1,NULL,NULL,'\0',1,39713,'2011-11-22 06:10:33',5),(412,141,'2011-11-10','07:00:00','15:30:00','North Rocks','Willoughby Bsp',2,1,NULL,NULL,'\0',1,39713,'2011-11-22 06:10:33',5),(413,141,'2011-11-10','07:00:00','15:30:00','Willoughby Bsp','North Rocks',2,1,NULL,NULL,'\0',1,39713,'2011-11-22 06:10:33',5),(414,141,'2011-11-11','07:00:00','15:30:00','North Rocks','Chatswood Depot',2,1,NULL,NULL,'\0',1,39713,'2011-11-22 06:10:33',5),(415,141,'2011-11-11','07:00:00','15:30:00','Chatswood Depot','North Rocks',2,1,NULL,NULL,'\0',1,39713,'2011-11-22 06:10:33',5),(416,141,'2011-11-12','06:30:00','14:30:00','North Rocks','Willoughby Bsp',2,4,NULL,NULL,'\0',1,39713,'2011-11-22 06:10:33',5),(417,141,'2011-11-12','06:30:00','14:30:00','Willoughby Bsp','North Rocks',2,4,NULL,NULL,'\0',1,39713,'2011-11-22 06:10:33',5),(418,142,'2011-10-24','07:00:00','15:30:00','Quakers Hill','Castle Cove Zn 3425',2,1,NULL,NULL,'\0',1,39713,'2011-11-18 13:25:12',5),(419,142,'2011-10-24','07:00:00','15:30:00','Castle Cove Zn 3425','Quakers Hill',2,1,NULL,NULL,'\0',1,39713,'2011-11-18 13:25:12',5),(420,142,'2011-10-25','07:00:00','15:30:00','Quakers Hill','Mosman Zn 180',2,1,NULL,NULL,'\0',1,39713,'2011-11-18 13:25:12',5),(421,142,'2011-10-25','07:00:00','15:30:00','Mosman Zn 180','Quakers Hill',2,1,NULL,NULL,'\0',1,39713,'2011-11-18 13:25:12',5),(422,142,'2011-10-26','07:00:00','15:30:00','Quakers Hill','Mosman Zn 180',2,1,NULL,NULL,'\0',1,39713,'2011-11-18 13:25:12',5),(423,142,'2011-10-26','07:00:00','15:30:00','Mosman Zn 180','Quakers Hill',2,1,NULL,NULL,'\0',1,39713,'2011-11-18 13:25:12',5),(424,142,'2011-10-28','07:00:00','15:30:00','Quakers Hill','Chatswood Depot',2,1,NULL,NULL,'\0',1,39713,'2011-11-18 13:25:12',5),(425,142,'2011-10-28','07:00:00','15:30:00','Chatswood Depot','Quakers Hill',2,1,NULL,NULL,'\0',1,39713,'2011-11-18 13:25:12',5),(426,143,'2011-11-12','07:00:00','15:00:00','North Epping','Belrose',1,4,NULL,NULL,'\0',1,39713,'2011-11-18 13:28:01',5),(427,143,'2011-11-12','07:00:00','15:00:00','Belrose','North Epping',1,4,NULL,NULL,'\0',1,39713,'2011-11-18 13:28:01',5),(428,144,'2011-11-13','07:00:00','15:30:00','narraweena','Turramurra Zn 1673',1,4,358,56.18,'',1,39713,'2011-11-22 06:11:45',5),(429,144,'2011-11-13','07:00:00','15:30:00','Turramurra Zn 1673','narraweena',1,4,358,56.18,'',1,39713,'2011-11-22 06:11:45',5),(430,145,'2011-11-12','06:30:00','14:30:00','Dee Why','Turramurra Zn 1673',1,4,NULL,NULL,'\0',1,39713,'2011-11-18 13:30:43',5),(431,145,'2011-11-12','06:30:00','14:30:00','Turramurra Zn 1673','Dee Why',1,4,NULL,NULL,'\0',1,39713,'2011-11-18 13:30:43',5),(432,146,'2011-11-13','06:00:00','15:30:00','Baulkham Hills','Cromer',1,4,NULL,NULL,'\0',1,39713,'2011-11-18 13:27:32',5),(433,146,'2011-11-13','06:00:00','15:30:00','Chatswood Depot','Baulkham Hills',1,4,NULL,NULL,'\0',1,39713,'2011-11-18 13:27:32',5),(434,147,'2011-11-12','06:30:00','14:30:00','Wyoming (gosford)','Turramurra Zn 1673',1,4,NULL,NULL,'\0',1,39713,'2011-11-22 06:07:37',5),(435,147,'2011-11-12','06:30:00','14:30:00','Turramurra Zn 1673','Wyoming (gosford)',1,4,NULL,NULL,'\0',1,39713,'2011-11-22 06:07:37',5),(436,148,'2011-11-05','07:00:00','15:00:00','Castle Hill','Meadowbank',1,4,NULL,NULL,'\0',1,39713,'2011-11-18 13:25:38',5),(437,148,'2011-11-05','07:00:00','15:00:00','Meadowbank','Castle Hill',1,4,NULL,NULL,'\0',1,39713,'2011-11-18 13:25:38',5),(438,149,'2011-11-12','07:00:00','14:00:00','Castle Hill','Belrose',1,4,NULL,NULL,'\0',1,39713,'2011-11-18 13:27:44',5),(439,149,'2011-11-12','07:00:00','14:00:00','Belrose','Castle Hill',1,4,NULL,NULL,'\0',1,39713,'2011-11-18 13:27:44',5),(440,150,'2011-11-12','06:30:00','14:30:00','Dee Why','Narrabeen Zn 15002',1,4,NULL,NULL,'\0',1,39713,'2011-11-18 13:47:27',5),(441,150,'2011-11-12','06:30:00','14:30:00','Narrabeen Zn 15002','Dee Why',1,4,NULL,NULL,'\0',1,39713,'2011-11-18 13:47:27',5),(442,151,'2011-11-13','06:00:00','10:30:00','Macquarie Fields','Narrabeen',1,4,NULL,NULL,'\0',0,39713,'2011-11-22 06:08:32',NULL),(443,152,'2011-11-12','07:00:00','14:00:00','Hornsby','Belrose',2,4,NULL,NULL,'\0',1,39713,'2011-11-22 06:12:13',5),(444,152,'2011-11-12','07:00:00','14:00:00','Belrose','Hornsby',2,4,NULL,NULL,'\0',1,39713,'2011-11-22 06:12:13',5),(445,153,'2011-11-12','08:00:00','14:00:00','Fairfield','Narrabeen Zn 15002',1,4,NULL,NULL,'\0',1,39713,'2011-11-22 06:12:30',5),(446,153,'2011-11-12','08:00:00','14:00:00','Narrabeen Zn 15002','Fairfield',1,4,NULL,NULL,'\0',1,39713,'2011-11-22 06:12:30',5),(447,154,'2011-11-12','06:30:00','14:30:00','Terrigal','Turramurra Zn 1673',1,4,NULL,NULL,'\0',1,39713,'2011-11-22 06:09:41',5),(448,154,'2011-11-12','06:30:00','14:30:00','Turramurra Zn 1673','Terrigal',1,4,NULL,NULL,'\0',1,39713,'2011-11-22 06:09:41',5),(449,155,'2011-11-12','07:00:00','14:00:00','warriewood','Belrose',1,4,NULL,NULL,'\0',1,39713,'2011-11-18 14:01:09',5),(450,155,'2011-11-12','07:00:00','14:00:00','Belrose','warriewood',1,4,NULL,NULL,'\0',1,39713,'2011-11-18 14:01:09',5),(451,156,'2011-10-22','06:30:00','14:30:00','East Gosford','Turramurra Zn 1673',1,4,310,49.50,'',1,39713,'2012-01-11 07:48:09',12),(452,157,'2011-11-13','07:00:00','15:30:00','East Gosford','Turramurra Zn 1673',1,4,310,NULL,'',0,39713,'2011-11-18 13:30:00',NULL),(453,158,'2011-10-31','07:00:00','15:30:00','South Wentworthville','Chatswood Depot',2,1,NULL,NULL,'\0',1,39713,'2011-11-18 13:26:08',5),(454,158,'2011-10-31','07:00:00','15:30:00','Chatswood Depot','South Wentworthville',2,1,NULL,NULL,'\0',1,39713,'2011-11-18 13:26:08',5),(455,158,'2011-11-01','07:00:00','15:30:00','South Wentworthville','Chatswood Depot',2,1,NULL,NULL,'\0',1,39713,'2011-11-18 13:26:08',5),(456,158,'2011-11-01','07:00:00','15:30:00','Chatswood Depot','South Wentworthville',2,1,NULL,NULL,'\0',1,39713,'2011-11-18 13:26:08',5),(457,158,'2011-11-02','07:00:00','15:30:00','South Wentworthville','Chatswood Depot',2,1,NULL,NULL,'\0',1,39713,'2011-11-18 13:26:08',5),(458,158,'2011-11-02','07:00:00','15:30:00','Chatswood Depot','South Wentworthville',2,1,NULL,NULL,'\0',1,39713,'2011-11-18 13:26:08',5),(459,158,'2011-11-03','07:00:00','15:30:00','South Wentworthville','Chatswood Depot',2,1,NULL,NULL,'\0',1,39713,'2011-11-18 13:26:08',5),(460,158,'2011-11-03','07:00:00','15:30:00','Chatswood Depot','South Wentworthville',2,1,NULL,NULL,'\0',1,39713,'2011-11-18 13:26:08',5),(461,158,'2011-11-04','07:00:00','15:30:00','South Wentworthville','Chatswood Depot',2,1,NULL,NULL,'\0',1,39713,'2011-11-18 13:26:08',5),(462,158,'2011-11-04','07:00:00','15:30:00','Chatswood Depot','South Wentworthville',2,1,NULL,NULL,'\0',1,39713,'2011-11-18 13:26:08',5),(463,159,'2011-11-12','07:00:00','15:00:00','Newport Beach','Belrose Zn 15005',2,4,NULL,NULL,'\0',1,39713,'2011-11-18 14:00:22',5),(464,159,'2011-11-12','07:00:00','15:00:00','Belrose Zn 15005','Newport Beach',2,4,NULL,NULL,'\0',1,39713,'2011-11-18 14:00:22',5),(465,160,'2011-11-15','07:30:00','16:00:00','Haberfield','Wallsend Depot',1,1,NULL,NULL,'\0',2,39713,'2011-11-24 19:07:55',6),(466,160,'2011-11-15','07:30:00','16:00:00','Wallsend Depot','Haberfield',1,1,NULL,NULL,'\0',2,39713,'2011-11-24 19:07:55',6),(467,161,'2011-11-13','06:00:00','11:00:00','Wentworthville','Narrabeen',1,4,NULL,NULL,'\0',1,39713,'2011-11-22 06:07:16',5),(468,161,'2011-11-13','06:00:00','11:00:00','Narrabeen','Wentworthville',1,4,NULL,NULL,'\0',1,39713,'2011-11-22 06:07:16',5),(469,162,'2011-11-12','06:30:00','15:30:00','Calga','St Ives Zn 3154',1,4,NULL,NULL,'\0',1,39713,'2011-11-22 06:12:47',5),(470,162,'2011-11-12','06:30:00','15:30:00','St Ives Zn 3154','Calga',1,4,NULL,NULL,'\0',1,39713,'2011-11-22 06:12:47',5),(471,163,'2011-11-12','06:30:00','15:30:00','Schofields','St Ives Zn 3154',1,4,NULL,NULL,'\0',1,39713,'2011-11-22 06:09:25',5),(472,163,'2011-11-12','06:30:00','15:30:00','St Ives Zn 3154','Schofields',1,4,NULL,NULL,'\0',1,39713,'2011-11-22 06:09:25',5),(473,164,'2011-11-20','14:00:00','19:30:00','South Windsor','Narrabeen',1,4,NULL,NULL,'\0',2,39713,'2011-11-24 19:04:42',6),(474,164,'2011-11-20','14:00:00','19:30:00','Narrabeen','South Windsor',1,4,NULL,NULL,'\0',2,39713,'2011-11-24 19:04:42',6),(475,165,'2011-11-19','07:00:00','14:00:00','Warriewood','Neutral Bay',1,4,NULL,NULL,'\0',2,39713,'2011-11-24 19:03:53',6),(476,165,'2011-11-19','07:00:00','14:00:00','Neutral Bay','Warriewood',1,4,NULL,NULL,'\0',2,39713,'2011-11-24 19:03:53',6),(477,166,'2011-11-19','19:30:00','08:00:00','Fairfield','Chatswood Depot',1,4,NULL,NULL,'\0',2,39713,'2011-11-24 19:11:58',6),(478,166,'2011-11-20','19:30:00','08:00:00','Chatswood Depot','Fairfield',1,4,NULL,NULL,'\0',2,39713,'2011-11-24 19:11:58',6),(479,167,'2011-11-14','07:00:00','07:00:00','Quakers Hill','Chatswood Depot',2,1,NULL,NULL,'\0',2,39713,'2011-11-24 19:10:20',6),(480,167,'2011-11-14','07:00:00','15:30:00','Chatswood Depot','Mosman Zn 180',2,1,NULL,NULL,'\0',2,39713,'2011-11-24 19:10:20',6),(481,167,'2011-11-14','15:30:00','15:30:00','Mosman Zn 180','Quakers Hill',2,1,NULL,NULL,'\0',2,39713,'2011-11-24 19:10:20',6),(482,167,'2011-11-16','07:00:00','07:00:00','Quakers Hill','Chatswood Depot',2,1,NULL,NULL,'\0',2,39713,'2011-11-24 19:10:20',6),(483,167,'2011-11-16','07:00:00','15:00:00','Chatswood Depot','Neutral Bay',2,1,NULL,NULL,'\0',2,39713,'2011-11-24 19:10:20',6),(484,167,'2011-11-16','15:00:00','15:00:00','Neutral Bay','Chatswood Depot',2,1,NULL,NULL,'\0',2,39713,'2011-11-24 19:10:20',6),(485,167,'2011-11-16','15:30:00','15:30:00','Chatswood Depot','Quakers Hill',2,1,NULL,NULL,'\0',2,39713,'2011-11-24 19:10:20',6),(486,167,'2011-11-18','07:00:00','15:30:00','Quakers Hill','Chatswood Depot',2,1,NULL,NULL,'\0',2,39713,'2011-11-24 19:10:20',6),(487,167,'2011-11-18','07:00:00','15:30:00','Chatswood Depot','Quakers Hill',2,1,NULL,NULL,'\0',2,39713,'2011-11-24 19:10:20',6),(488,168,'2011-11-19','06:00:00','14:00:00','Toukley','Chatswood Depot',1,4,NULL,NULL,'\0',2,39713,'2011-11-24 18:59:41',6),(489,168,'2011-11-19','06:00:00','14:00:00','Chatswood Depot','Toukley',1,4,NULL,NULL,'\0',2,39713,'2011-11-24 18:59:41',6),(490,169,'2011-11-19','06:30:00','15:30:00','Berala','Chatswood Depot',2,4,NULL,NULL,'\0',2,39713,'2011-11-24 19:00:01',6),(491,169,'2011-11-19','06:30:00','15:30:00','Chatswood Depot','Berala',2,4,NULL,NULL,'\0',2,39713,'2011-11-24 19:00:01',6),(492,170,'2011-11-19','06:30:00','14:30:00','Wyoming (gosford)','Turramurra Zn 1673',1,4,NULL,NULL,'\0',1,39713,'2011-12-23 08:20:38',10),(493,170,'2011-11-19','06:30:00','14:30:00','Turramurra Zn 1673','Wyoming (gosford)',1,4,NULL,NULL,'\0',1,39713,'2011-12-23 08:20:38',10),(494,171,'2011-11-19','06:00:00','14:00:00','Killarney Vale','Willoughby Bsp',1,4,NULL,NULL,'\0',1,39713,'2011-12-23 08:19:18',10),(495,171,'2011-11-19','06:00:00','14:00:00','Willoughby Bsp','Killarney Vale',1,4,NULL,NULL,'\0',1,39713,'2011-12-23 08:19:18',10),(496,172,'2011-11-19','07:00:00','15:00:00','Dundas Valley','Belrose',1,4,NULL,NULL,'\0',2,39713,'2011-11-24 19:05:14',6),(497,172,'2011-11-19','07:00:00','15:00:00','Belrose','Dundas Valley',1,4,NULL,NULL,'\0',2,39713,'2011-11-24 19:05:14',6),(498,173,'2011-11-19','07:00:00','15:00:00','Westleigh','Chatswood Depot',1,4,NULL,NULL,'\0',2,39713,'2011-11-24 19:10:35',6),(499,173,'2011-11-19','07:00:00','15:00:00','Chatswood Depot','Westleigh',1,4,NULL,NULL,'\0',2,39713,'2011-11-24 19:10:35',6),(500,174,'2011-11-19','06:30:00','15:00:00','Stanhope Gardens','Chatswood Depot',1,4,NULL,NULL,'\0',2,39713,'2011-11-24 18:59:23',6),(501,174,'2011-11-19','06:30:00','15:00:00','Berowra','Stanhope Gardens',1,4,NULL,NULL,'\0',2,39713,'2011-11-24 18:59:23',6),(502,175,'2011-11-19','07:00:00','15:00:00','Normanhurst','Belrose',1,4,310,49.50,'',2,39713,'2011-12-05 13:14:51',6),(503,175,'2011-11-19','07:00:00','15:00:00','Belrose','Normanhurst',1,4,310,49.50,'',2,39713,'2011-12-05 13:14:51',6),(504,176,'2011-11-20','14:00:00','19:30:00','Baulkham Hills','Cromer',1,4,NULL,NULL,'\0',2,39713,'2011-11-24 19:01:00',6),(505,176,'2011-11-20','14:00:00','19:30:00','Cromer','Baulkham Hills',1,4,NULL,NULL,'\0',2,39713,'2011-11-24 19:01:00',6),(506,177,'2011-11-19','06:00:00','14:00:00','Glenhaven','Willoughby Bsp',1,4,310,49.50,'',2,39713,'2011-12-05 13:24:26',6),(507,177,'2011-11-19','06:00:00','14:00:00','Willoughby Bsp','Glenhaven',1,4,310,49.50,'',2,39713,'2011-12-05 13:24:26',6),(508,178,'2011-11-14','07:00:00','15:30:00','North Rocks','Willoughby Bsp',2,1,NULL,NULL,'\0',2,39713,'2011-12-05 13:20:01',6),(509,178,'2011-11-14','07:00:00','15:30:00','Willoughby Bsp','North Rocks',2,1,NULL,NULL,'\0',2,39713,'2011-12-05 13:20:01',6),(510,178,'2011-11-16','07:00:00','15:30:00','North Rocks','Willoughby Bsp',2,1,NULL,NULL,'\0',2,39713,'2011-12-05 13:20:01',6),(511,178,'2011-11-16','07:00:00','15:30:00','Willoughby Bsp','North Rocks',2,1,NULL,NULL,'\0',2,39713,'2011-12-05 13:20:01',6),(512,178,'2011-11-17','07:00:00','15:30:00','North Rocks','Galston',2,1,NULL,NULL,'\0',2,39713,'2011-12-05 13:20:01',6),(513,178,'2011-11-17','07:00:00','15:30:00','Galston','Willoughby Bsp',2,1,NULL,NULL,'\0',2,39713,'2011-12-05 13:20:01',6),(514,178,'2011-11-17','07:00:00','15:30:00','Willoughby Bsp','North Rocks',2,1,NULL,NULL,'\0',2,39713,'2011-12-05 13:20:01',6),(515,178,'2011-11-18','07:00:00','15:30:00','North Rocks','Willoughby Bsp',2,1,NULL,NULL,'\0',2,39713,'2011-12-05 13:20:01',6),(516,178,'2011-11-18','07:00:00','15:30:00','Willoughby Bsp','North Rocks',2,1,NULL,NULL,'\0',2,39713,'2011-12-05 13:20:01',6),(517,178,'2011-11-19','06:30:00','14:30:00','North Rocks','Willoughby Bsp',2,4,NULL,NULL,'\0',2,39713,'2011-12-05 13:20:01',6),(518,178,'2011-11-19','06:30:00','14:30:00','Willoughby Bsp','North Rocks',2,4,NULL,NULL,'\0',2,39713,'2011-12-05 13:20:01',6),(519,179,'2011-11-19','07:00:00','15:00:00','North Epping','Belrose',1,4,NULL,NULL,'\0',2,39713,'2011-11-24 19:02:55',6),(520,179,'2011-11-19','07:00:00','15:00:00','Belrose','North Epping',1,4,NULL,NULL,'\0',2,39713,'2011-11-24 19:02:55',6),(521,180,'2011-11-19','06:30:00','12:00:00','Narraweena','Turramurra Zn 1673',1,4,358,56.18,'',2,39713,'2011-11-24 19:11:19',6),(522,180,'2011-11-19','06:30:00','12:00:00','Turramurra Zn 1673','Narraweena',1,4,358,56.18,'',2,39713,'2011-11-24 19:11:19',6),(523,181,'2011-11-20','14:00:00','19:30:00','Macquarie Fields','Narrabeen',1,4,NULL,NULL,'\0',2,39713,'2011-11-24 19:04:12',6),(524,181,'2011-11-20','14:00:00','19:30:00','Narrabeen','Macquarie Fields',1,4,NULL,NULL,'\0',2,39713,'2011-11-24 19:04:12',6),(525,182,'2011-11-19','07:00:00','14:00:00','Castle Hill','neutral bay',1,4,NULL,NULL,'\0',2,39713,'2011-11-24 19:01:26',6),(526,182,'2011-11-19','07:00:00','14:00:00','neutral bay','Castle Hill',1,4,NULL,NULL,'\0',2,39713,'2011-11-24 19:01:26',6),(527,183,'2011-11-19','07:00:00','15:00:00','Calga','Berowra Heights',1,4,NULL,NULL,'\0',2,39713,'2011-11-24 19:12:26',6),(528,183,'2011-11-19','07:00:00','15:00:00','Berowra Heights','Calga',1,4,NULL,NULL,'\0',2,39713,'2011-11-24 19:12:26',6),(529,184,'2011-11-19','06:00:00','14:00:00','Ryde','Willoughby Bsp',1,1,NULL,NULL,'\0',2,39713,'2011-11-24 19:03:19',6),(530,184,'2011-11-19','06:00:00','14:00:00','Chatswood Depot','Ryde',1,4,NULL,NULL,'\0',2,39713,'2011-11-24 19:03:19',6),(531,185,'2011-11-19','07:00:00','15:00:00','Haberfield','Berowra Heights',1,1,NULL,NULL,'\0',2,39713,'2011-11-24 19:07:55',6),(532,185,'2011-11-19','07:00:00','15:00:00','Berowra Heights','Haberfield',1,1,NULL,NULL,'\0',2,39713,'2011-11-24 19:07:55',6),(533,186,'2011-11-26','07:00:00','15:00:00','Dee Why','Kirribilli',1,4,NULL,NULL,'\0',2,39713,'2011-12-05 13:25:25',6),(534,186,'2011-11-26','07:00:00','15:00:00','Chatswood Depot','dee why',1,4,NULL,NULL,'\0',2,39713,'2011-12-05 13:25:25',6),(535,187,'2011-11-26','06:30:00','14:30:00','Arcadia','Chatswood Depot',2,4,NULL,NULL,'\0',1,39713,'2011-12-23 08:28:27',10),(536,187,'2011-11-26','06:30:00','14:30:00','Chatswood Depot','Arcadia',2,4,NULL,NULL,'\0',1,39713,'2011-12-23 08:28:27',10),(537,188,'2011-11-26','07:00:00','15:00:00','Normanhurst','Belrose Zn 15005',1,4,310,49.50,'',2,39713,'2011-12-05 13:29:05',6),(538,188,'2011-11-26','07:00:00','15:00:00','Belrose Zn 15005','Normanhurst',1,4,310,49.50,'',2,39713,'2011-12-05 13:29:05',6),(539,189,'2011-11-26','07:00:00','15:00:00','Newport Beach','Belrose Zn 15005',2,4,NULL,NULL,'\0',1,39713,'2011-12-23 08:23:21',10),(540,189,'2011-11-26','07:00:00','15:00:00','Belrose Zn 15005','Newport Beach',2,4,NULL,NULL,'\0',1,39713,'2011-12-23 08:23:21',10),(541,190,'2011-11-21','07:00:00','15:30:00','Brooklyn','Belrose Zn 15005',2,1,NULL,NULL,'\0',0,39713,'2011-12-10 07:53:12',NULL),(542,190,'2011-11-21','07:00:00','15:30:00','Belrose Zn 15005','Brooklyn',2,1,NULL,NULL,'\0',0,39713,'2011-12-10 07:53:12',NULL),(543,190,'2011-11-22','07:00:00','15:30:00','Brooklyn','Belrose Zn 15005',2,1,NULL,NULL,'\0',0,39713,'2011-12-10 07:53:12',NULL),(544,190,'2011-11-22','07:00:00','15:30:00','Belrose Zn 15005','Brooklyn',2,1,NULL,NULL,'\0',0,39713,'2011-12-10 07:53:12',NULL),(545,190,'2011-11-23','07:00:00','15:30:00','Brooklyn','Belrose Zn 15005',2,1,NULL,NULL,'\0',0,39713,'2011-12-10 07:53:12',NULL),(546,190,'2011-11-23','07:00:00','15:30:00','Belrose Zn 15005','Brooklyn',2,1,NULL,NULL,'\0',0,39713,'2011-12-10 07:53:12',NULL),(547,190,'2011-11-24','07:00:00','15:30:00','Brooklyn','Belrose Zn 15005',2,1,NULL,NULL,'\0',0,39713,'2011-12-10 07:53:12',NULL),(548,190,'2011-11-24','07:00:00','15:30:00','Belrose Zn 15005','Brooklyn',2,1,NULL,NULL,'\0',0,39713,'2011-12-10 07:53:12',NULL),(549,190,'2011-11-26','07:00:00','15:00:00','Brooklyn','Belrose Zn 15005',2,4,NULL,NULL,'\0',1,39713,'2011-12-10 07:53:12',7),(550,190,'2011-11-26','07:00:00','15:00:00','Belrose Zn 15005','Brooklyn',2,4,NULL,NULL,'\0',1,39713,'2011-12-10 07:53:12',7),(551,191,'2011-11-26','07:00:00','13:30:00','Fairfield','Chatswood Depot',1,4,NULL,NULL,'\0',2,39713,'2011-12-05 13:30:16',6),(552,191,'2011-11-26','07:00:00','13:30:00','Thornleigh','Fairfield',1,4,NULL,NULL,'\0',2,39713,'2011-12-05 13:30:16',6),(553,192,'2011-11-27','07:00:00','15:00:00','Leumeah','Lane Cove Bsp',1,4,NULL,NULL,'\0',2,39713,'2011-12-05 13:29:22',6),(554,192,'2011-11-27','07:00:00','15:00:00','Lane Cove Bsp','Leumeah',1,4,NULL,NULL,'\0',2,39713,'2011-12-05 13:29:22',6),(555,193,'2011-11-26','07:00:00','15:00:00','North Epping','Balgowlah Zn 15003',1,4,NULL,NULL,'\0',1,39713,'2011-12-23 08:23:14',10),(556,193,'2011-11-26','07:00:00','15:00:00','Balgowlah Zn 15003','North Epping',1,4,NULL,NULL,'\0',1,39713,'2011-12-23 08:23:14',10),(557,194,'2011-11-27','07:00:00','15:00:00','Bilgola Plateau','Lane Cove',1,4,NULL,NULL,'\0',2,39713,'2011-12-05 13:26:38',6),(558,194,'2011-11-27','07:00:00','15:00:00','Lane Cove','Bilgola Plateau',1,4,NULL,NULL,'\0',2,39713,'2011-12-05 13:26:38',6),(559,195,'2011-11-26','07:00:00','15:00:00','Plumpton','Chatswood Depot',1,4,NULL,NULL,'\0',2,39713,'2011-12-05 13:21:41',6),(560,195,'2011-11-26','07:00:00','15:00:00','Turramurra Zn 1673','Plumpton',1,4,NULL,NULL,'\0',2,39713,'2011-12-05 13:21:41',6),(561,196,'2011-11-27','07:00:00','15:00:00','st ives','Lane Cove Bsp',1,4,310,49.50,'',1,39713,'2011-12-07 08:30:47',7),(562,196,'2011-11-27','07:00:00','15:00:00','Lane Cove Bsp','st ives',1,4,310,49.50,'',1,39713,'2011-12-07 08:30:47',7),(563,197,'2011-11-27','07:00:00','15:00:00','Castle Hill','North Sydney',1,4,NULL,NULL,'\0',1,39713,'2011-12-23 08:21:26',10),(564,197,'2011-11-27','07:00:00','15:00:00','North Sydney','Castle Hill',1,4,NULL,NULL,'\0',1,39713,'2011-12-23 08:21:26',10),(565,198,'2011-11-27','07:00:00','15:00:00','Terrigal','Lane Cove West',1,4,NULL,NULL,'\0',2,39713,'2011-12-05 13:27:19',6),(566,198,'2011-11-27','07:00:00','15:00:00','Lane Cove West','Terrigal',1,4,NULL,NULL,'\0',2,39713,'2011-12-05 13:27:19',6),(567,199,'2011-11-26','06:30:00','14:30:00','Berala','Chatswood Depot',2,4,NULL,NULL,'\0',2,39713,'2011-12-05 13:21:11',6),(568,199,'2011-11-26','06:30:00','14:30:00','Chatswood Depot','Berala',2,4,NULL,NULL,'\0',2,39713,'2011-12-05 13:21:11',6),(569,200,'2011-11-27','07:00:00','15:00:00','Hornsby','Lane Cove Bsp',1,4,NULL,NULL,'\0',2,39713,'2011-12-05 13:22:03',6),(570,200,'2011-11-27','07:00:00','15:00:00','Lane Cove Bsp','Hornsby',1,4,NULL,NULL,'\0',2,39713,'2011-12-05 13:22:03',6),(571,201,'2011-11-26','06:30:00','14:30:00','Glenhaven','Willoughby Bsp',1,4,310,49.50,'',2,39713,'2011-12-05 13:15:48',6),(572,201,'2011-11-26','06:30:00','14:30:00','Willoughby Bsp','Glenhaven',1,4,310,49.50,'',2,39713,'2011-12-05 13:15:48',6),(573,202,'2011-11-26','06:30:00','13:30:00','Lisarow','Chatswood Depot',1,4,310,49.50,'',1,39713,'2011-12-23 08:15:29',10),(574,202,'2011-11-26','06:30:00','13:30:00','Chatswood Depot','Lisarow',1,4,310,49.50,'',1,39713,'2011-12-23 08:15:29',10),(575,203,'2011-11-19','07:00:00','17:00:00','Mona Vale','St Ives Zn 3154',1,4,NULL,NULL,'\0',0,39713,'2011-12-07 07:43:43',NULL),(576,203,'2011-11-19','07:00:00','17:00:00','St Ives Zn 3154','Mona Vale',1,4,NULL,NULL,'\0',0,39713,'2011-12-07 07:43:43',NULL),(577,204,'2011-11-26','07:00:00','14:30:00','Mona Vale','Chatswood Depot',1,4,NULL,NULL,'\0',1,39713,'2011-12-07 08:31:10',7),(578,204,'2011-11-26','07:00:00','14:30:00','Chatswood Depot','Turramurra Zn 1673',1,4,NULL,NULL,'\0',1,39713,'2011-12-07 08:31:10',7),(579,204,'2011-11-26','07:00:00','14:30:00','Turramurra Zn 1673','Mona Vale',1,4,NULL,NULL,'\0',1,39713,'2011-12-07 08:31:10',7),(580,205,'2011-11-26','06:30:00','14:30:00','Wyoming (gosford)','Turramurra Zn 1673',1,4,NULL,NULL,'\0',1,39713,'2011-12-23 08:23:44',10),(581,205,'2011-11-27','06:30:00','14:30:00','Turramurra Zn 1673','Wyoming (gosford)',1,4,NULL,NULL,'\0',1,39713,'2011-12-23 08:23:44',10),(582,206,'2011-11-27','07:00:00','15:00:00','Narraweena','Turramurra Zn 1673',1,4,358,56.18,'',2,39713,'2011-12-05 13:29:50',6),(583,206,'2011-11-27','07:00:00','15:00:00','Turramurra Zn 1673','Narraweena',1,4,358,56.18,'',2,39713,'2011-12-05 13:29:50',6),(584,207,'2011-11-26','06:30:00','14:30:00','Dee Why','Turramurra Zn 1673',1,4,NULL,NULL,'\0',2,39713,'2011-12-05 13:23:37',6),(585,207,'2011-11-26','06:30:00','14:30:00','Turramurra Zn 1673','Dee Why',1,4,NULL,NULL,'\0',2,39713,'2011-12-05 13:23:37',6),(586,208,'2011-11-26','07:00:00','15:00:00','Kincumber','Top Ryde',1,4,NULL,NULL,'\0',2,39713,'2011-12-05 13:26:58',6),(587,208,'2011-11-26','07:00:00','15:00:00','Top Ryde','Kincumber',1,4,NULL,NULL,'\0',2,39713,'2011-12-05 13:26:58',6),(588,209,'2011-11-26','07:00:00','15:00:00','Calga','Top Ryde',1,4,NULL,NULL,'\0',1,39713,'2011-12-23 08:29:41',10),(589,209,'2011-11-26','07:00:00','15:00:00','Top Ryde','Calga',1,4,NULL,NULL,'\0',1,39713,'2011-12-23 08:29:41',10),(590,210,'2011-11-26','06:30:00','15:00:00','Stanhope Gardens','Chatswood Depot',1,4,NULL,NULL,'\0',1,39713,'2011-12-17 08:46:46',8),(591,210,'2011-11-26','06:30:00','15:00:00','Macquarie Park','Stanhope Gardens',1,4,NULL,NULL,'\0',1,39713,'2011-12-17 08:46:46',8),(592,211,'2011-11-21','07:00:00','15:30:00','Quakers Hill','Chatswood Depot',2,1,NULL,NULL,'\0',1,39713,'2011-12-23 08:29:20',10),(593,211,'2011-11-21','07:00:00','15:30:00','Chatswood Depot','Quakers Hill',2,1,NULL,NULL,'\0',1,39713,'2011-12-23 08:29:20',10),(594,211,'2011-11-22','07:00:00','15:30:00','Quakers Hill','Chatswood Depot',2,1,NULL,NULL,'\0',1,39713,'2011-12-23 08:29:20',10),(595,211,'2011-11-22','07:00:00','15:30:00','Chatswood Depot','Quakers Hill',2,1,NULL,NULL,'\0',1,39713,'2011-12-23 08:29:20',10),(596,211,'2011-11-23','07:00:00','15:30:00','Quakers Hill','Chatswood Depot',2,1,NULL,NULL,'\0',1,39713,'2011-12-23 08:29:20',10),(597,211,'2011-11-23','07:00:00','15:30:00','Chatswood Depot','Quakers Hill',2,1,NULL,NULL,'\0',1,39713,'2011-12-23 08:29:20',10),(598,211,'2011-11-25','07:00:00','07:30:00','Quakers Hill','Chatswood Depot',2,1,NULL,NULL,'\0',1,39713,'2011-12-23 08:29:20',10),(599,211,'2011-11-25','07:30:00','15:30:00','Chatswood Depot','Pennant Hills Zn 965',2,1,NULL,NULL,'\0',1,39713,'2011-12-23 08:29:20',10),(600,211,'2011-11-25','15:30:00','15:30:00','Pennant Hills Zn 965','Quakers Hill',2,1,NULL,NULL,'\0',1,39713,'2011-12-23 08:29:20',10),(601,211,'2011-11-26','07:00:00','15:30:00','Quakers Hill','Balgowlah Zn 15003',2,4,NULL,NULL,'\0',1,39713,'2011-12-23 08:29:20',10),(602,211,'2011-11-26','07:00:00','15:30:00','Balgowlah Zn 15003','Quakers Hill',2,4,NULL,NULL,'\0',1,39713,'2011-12-23 08:29:20',10),(603,212,'2011-11-27','07:00:00','13:00:00','ryde','Lane Cove West',1,4,NULL,NULL,'\0',2,39713,'2011-12-05 13:25:05',6),(604,212,'2011-11-27','07:00:00','13:00:00','Lane Cove West','ryde',1,4,NULL,NULL,'\0',2,39713,'2011-12-05 13:25:05',6),(605,213,'2011-11-26','07:00:00','15:00:00','Quakers Hill','Chatswood Depot',1,4,NULL,NULL,'\0',2,39713,'2011-12-05 13:26:15',6),(606,213,'2011-11-26','07:00:00','15:00:00','Chatswood Depot','Quakers Hill',1,4,NULL,NULL,'\0',2,39713,'2011-12-05 13:26:15',6),(607,214,'2011-11-26','07:00:00','15:00:00','Hornsby','Chatswood Depot',2,4,NULL,NULL,'\0',1,39713,'2011-12-07 08:32:39',7),(608,214,'2011-11-26','07:00:00','15:00:00','Chatswood Depot','Hornsby',2,4,NULL,NULL,'\0',1,39713,'2011-12-07 08:32:39',7),(609,215,'2011-11-21','07:00:00','15:30:00','North Rocks','Willoughby Bsp',2,1,NULL,NULL,'\0',2,39713,'2011-12-05 13:28:35',6),(610,215,'2011-11-21','07:00:00','15:30:00','Willoughby Bsp','North Rocks',2,1,NULL,NULL,'\0',2,39713,'2011-12-05 13:28:35',6),(611,215,'2011-11-22','07:00:00','15:30:00','North Rocks','Willoughby Bsp',2,1,NULL,NULL,'\0',2,39713,'2011-12-05 13:28:35',6),(612,215,'2011-11-22','07:00:00','15:30:00','Willoughby Bsp','North Rocks',2,1,NULL,NULL,'\0',2,39713,'2011-12-05 13:28:35',6),(613,215,'2011-11-23','07:00:00','15:30:00','North Rocks','Willoughby Bsp',2,1,NULL,NULL,'\0',2,39713,'2011-12-05 13:28:35',6),(614,215,'2011-11-23','07:00:00','15:30:00','Willoughby Bsp','North Rocks',2,1,NULL,NULL,'\0',2,39713,'2011-12-05 13:28:35',6),(615,215,'2011-11-24','07:00:00','15:30:00','North Rocks','Willoughby Bsp',2,1,NULL,NULL,'\0',2,39713,'2011-12-05 13:28:35',6),(616,215,'2011-11-24','07:00:00','15:30:00','Willoughby Bsp','North Rocks',2,1,NULL,NULL,'\0',2,39713,'2011-12-05 13:28:35',6),(617,215,'2011-11-25','07:00:00','15:30:00','North Rocks','Chatswood Depot',2,1,NULL,NULL,'\0',2,39713,'2011-12-05 13:28:35',6),(618,215,'2011-11-25','07:00:00','15:30:00','Chatswood Depot','Mosman Zn 180',2,1,NULL,NULL,'\0',2,39713,'2011-12-05 13:28:35',6),(619,215,'2011-11-25','07:00:00','15:30:00','Mosman Zn 180','North Rocks',2,1,NULL,NULL,'\0',2,39713,'2011-12-05 13:28:35',6),(620,215,'2011-11-26','06:30:00','14:30:00','North Rocks','Willoughby Bsp',2,4,NULL,NULL,'\0',2,39713,'2011-12-05 13:28:35',6),(621,215,'2011-11-26','06:30:00','14:30:00','Willoughby Bsp','North Rocks',2,4,NULL,NULL,'\0',2,39713,'2011-12-05 13:28:35',6),(622,216,'2011-11-13','07:00:00','15:00:00','East Gosford','Turramurra Zn 1673',1,4,310,49.50,'',1,39713,'2011-12-23 08:11:29',10),(623,216,'2011-11-13','07:00:00','15:00:00','Turramurra Zn 1673','East Gosford',1,4,310,49.50,'',1,39713,'2011-12-23 08:11:29',10),(624,217,'2011-11-19','06:30:00','14:30:00','East Gosford','Turramurra Zn 1673',1,4,NULL,NULL,'',0,39713,'2011-12-07 07:44:46',NULL),(625,218,'2011-11-26','06:30:00','14:30:00','East Gosford','Turramurra Zn 1673',1,4,310,49.50,'',2,39713,'2011-12-05 13:23:10',6),(626,218,'2011-11-26','06:30:00','14:30:00','Turramurra Zn 1673','East Gosford',1,4,310,49.50,'',2,39713,'2011-12-05 13:23:10',6),(627,219,'2011-11-26','06:30:00','14:30:00','East Gosford','Turramurra Zn 1673',1,4,310,NULL,'',0,39713,'2011-12-05 13:23:10',NULL),(628,219,'2011-11-26','06:30:00','14:30:00','Turramurra Zn 1673','East Gosford',1,4,310,NULL,'',0,39713,'2011-12-05 13:23:10',NULL),(629,220,'2011-11-19','07:00:00','12:30:00','Epping','top ryde',1,1,NULL,NULL,'\0',0,39713,'2011-12-07 07:43:57',NULL),(630,220,'2011-11-19','07:00:00','12:30:00','top ryde','Epping',1,1,NULL,NULL,'\0',0,39713,'2011-12-07 07:43:57',NULL),(631,221,'2011-11-26','07:00:00','15:00:00','Point Clare','Balgowlah',1,4,NULL,NULL,'\0',0,39713,'2011-12-07 08:32:24',NULL),(632,221,'2011-11-26','07:00:00','15:00:00','Balgowlah','Point Clare',1,4,NULL,NULL,'\0',0,39713,'2011-12-07 08:32:24',NULL),(633,222,'2011-11-28','07:00:00','15:30:00','North Rocks','Willoughby Bsp',2,1,NULL,NULL,'\0',1,39713,'2011-12-10 07:51:08',7),(634,222,'2011-11-28','07:00:00','15:30:00','Willoughby Bsp','North Rocks',2,1,NULL,NULL,'\0',1,39713,'2011-12-10 07:51:08',7),(635,222,'2011-11-29','07:00:00','15:30:00','North Rocks','Willoughby Bsp',2,1,NULL,NULL,'\0',1,39713,'2011-12-10 07:51:08',7),(636,222,'2011-11-29','07:00:00','15:30:00','Willoughby Bsp','North Rocks',2,1,NULL,NULL,'\0',1,39713,'2011-12-10 07:51:08',7),(637,222,'2011-11-30','07:00:00','15:30:00','North Rocks','Willoughby Bsp',2,1,NULL,NULL,'\0',1,39713,'2011-12-10 07:51:08',7),(638,222,'2011-11-30','07:00:00','15:30:00','Willoughby Bsp','North Rocks',2,1,NULL,NULL,'\0',1,39713,'2011-12-10 07:51:08',7),(639,222,'2011-12-01','07:00:00','15:30:00','North Rocks','Willoughby Bsp',2,1,NULL,NULL,'\0',1,39713,'2011-12-10 07:51:08',7),(640,222,'2011-12-01','07:00:00','15:30:00','Willoughby Bsp','North Rocks',2,1,NULL,NULL,'\0',1,39713,'2011-12-10 07:51:08',7),(641,222,'2011-12-02','06:30:00','15:00:00','North Rocks','Willoughby Bsp',2,1,NULL,NULL,'\0',1,39713,'2011-12-10 07:51:08',7),(642,222,'2011-12-02','06:30:00','15:00:00','Willoughby Bsp','North Rocks',2,1,NULL,NULL,'\0',1,39713,'2011-12-10 07:51:08',7),(645,225,'2011-12-04','06:15:00','15:15:00','Asquith','Head Office Building',3,4,NULL,NULL,'\0',0,41803,'2011-12-05 11:37:31',NULL),(646,225,'2011-12-04','06:15:00','15:15:00','Head Office Building','Asquith',3,4,NULL,NULL,'\0',0,41803,'2011-12-05 11:37:31',NULL),(647,226,'2011-11-28','07:00:00','15:30:00','Chatswood','Hornsby Depot',2,1,NULL,NULL,'',0,38242,'2011-12-08 11:05:19',NULL),(648,226,'2011-11-28','07:00:00','15:30:00','Hornsby Depot','Chatswood',2,1,NULL,NULL,'',0,38242,'2011-12-08 11:05:19',NULL),(649,226,'2011-11-29','07:00:00','15:30:00','Chatswood','Hornsby Depot',2,1,NULL,NULL,'',0,38242,'2011-12-08 11:05:19',NULL),(650,226,'2011-11-29','07:00:00','15:30:00','Hornsby Depot','Chatswood',2,1,NULL,NULL,'',0,38242,'2011-12-08 11:05:19',NULL),(651,226,'2011-11-30','07:00:00','18:00:00','Chatswood','Hornsby Depot',2,2,NULL,NULL,'',0,38242,'2011-12-08 11:05:19',NULL),(652,226,'2011-11-30','07:00:00','18:00:00','Hornsby Depot','Chatswood',2,2,NULL,NULL,'',0,38242,'2011-12-08 11:05:19',NULL),(653,226,'2011-12-01','07:00:00','15:30:00','Chatswood','Hornsby Depot',2,1,NULL,NULL,'\0',1,38242,'2011-12-08 11:00:58',7),(654,226,'2011-12-01','07:00:00','15:30:00','Hornsby Depot','Chatswood',2,1,NULL,NULL,'\0',1,38242,'2011-12-08 11:00:58',7),(655,226,'2011-12-02','07:00:00','15:30:00','Chatswood','Hornsby Depot',2,1,NULL,NULL,'\0',1,38242,'2011-12-08 11:00:58',7),(656,226,'2011-12-02','07:00:00','15:30:00','Hornsby Depot','Chatswood',2,1,NULL,NULL,'\0',1,38242,'2011-12-08 11:00:58',7),(657,226,'2011-12-03','05:30:00','13:30:00','Chatswood','Hornsby Depot',2,4,NULL,NULL,'\0',1,38242,'2011-12-08 11:00:58',7),(658,226,'2011-12-03','05:30:00','13:30:00','Hornsby Depot','Chatswood',2,4,NULL,NULL,'\0',1,38242,'2011-12-08 11:00:58',7),(659,227,'2011-12-03','07:00:00','16:00:00','Hornsby Heights','Chatswood Depot',1,4,NULL,NULL,'\0',2,33514,'2011-12-05 08:57:42',6),(660,227,'2011-12-03','07:00:00','16:00:00','Chatswood Depot','Hornsby Heights',1,4,NULL,NULL,'\0',2,33514,'2011-12-05 08:57:42',6),(661,228,'2011-12-03','07:00:00','16:00:00','wentworthville','Chatswood Depot',1,4,NULL,NULL,'\0',1,33514,'2011-12-08 11:10:38',7),(662,229,'2011-12-04','06:15:00','15:15:00','Asquith','Head Office Building',3,4,NULL,NULL,'\0',2,41803,'2011-12-05 11:37:31',6),(663,229,'2011-12-04','06:15:00','15:15:00','Head Office Building','Asquith',3,4,NULL,NULL,'\0',2,41803,'2011-12-05 11:37:31',6),(664,230,'2011-12-03','06:00:00','15:00:00','Burwood','Gore Hill Depot',1,4,NULL,NULL,'\0',1,53342,'2011-12-08 10:54:03',7),(665,230,'2011-12-03','06:00:00','15:00:00','Gore Hill Depot','Burwood',1,4,NULL,NULL,'\0',1,53342,'2011-12-08 10:54:03',7),(666,231,'2011-12-03','15:00:00','03:00:00','Kogarah','Head Office Building',2,4,NULL,NULL,'\0',2,41803,'2011-12-05 11:53:13',6),(667,231,'2011-12-04','15:00:00','03:00:00','Head Office Building','Kogarah',2,4,NULL,NULL,'\0',2,41803,'2011-12-05 11:53:13',6),(668,232,'2011-12-03','07:00:00','15:00:00','Blaxland','Gore Hill Depot',1,4,NULL,NULL,'\0',1,34969,'2011-12-06 11:20:30',7),(669,232,'2011-12-03','07:00:00','15:00:00','Gore Hill Depot','Blaxland',1,4,NULL,NULL,'\0',1,34969,'2011-12-06 11:20:30',7),(670,233,'2011-11-26','06:30:00','09:30:00','Mount Colah','Gore Hill Depot',1,4,NULL,NULL,'\0',1,42840,'2011-12-06 12:13:56',7),(671,234,'2011-11-26','06:30:00','13:30:00','Mount Colah','Gore Hill Depot',1,4,NULL,NULL,'\0',1,42840,'2011-12-06 12:13:56',7),(672,235,'2011-11-26','06:30:00','11:00:00','Turramurra','Gore Hill Depot',1,4,NULL,NULL,'\0',1,38242,'2011-12-08 11:03:03',7),(673,235,'2011-11-26','06:30:00','11:00:00','Gore Hill Depot','Turramurra',1,4,NULL,NULL,'\0',1,38242,'2011-12-08 11:03:03',7),(674,236,'2011-12-04','07:00:00','14:00:00','Ryde','Chatswood Depot',1,4,NULL,NULL,'\0',1,39713,'2011-12-10 07:50:10',7),(675,236,'2011-12-04','07:00:00','14:00:00','Turramurra Zn 1673','Ryde',1,4,NULL,NULL,'\0',1,39713,'2011-12-10 07:50:10',7),(676,237,'2011-12-04','07:00:00','13:30:00','Terrigal','Turramurra Zn 1673',1,4,NULL,NULL,'\0',1,39713,'2011-12-10 07:50:19',7),(677,237,'2011-12-04','07:00:00','13:30:00','Turramurra Zn 1673','Terrigal',1,4,NULL,NULL,'\0',1,39713,'2011-12-10 07:50:19',7),(678,238,'2011-12-03','07:00:00','16:00:00','Concord West','Chatswood Depot',1,4,NULL,NULL,'\0',2,33514,'2011-12-05 14:26:56',6),(679,238,'2011-12-03','07:00:00','16:00:00','Chatswood Depot','Concord West',1,4,NULL,NULL,'\0',2,33514,'2011-12-05 14:26:56',6),(680,239,'2011-12-03','07:00:00','16:00:00','Wentworthville','Chatswood Depot',1,4,NULL,NULL,'\0',0,33514,'2011-12-08 11:10:38',NULL),(681,239,'2011-12-03','07:00:00','16:00:00','Chatswood Depot','Wentworthville',1,4,NULL,NULL,'\0',1,33514,'2011-12-08 11:10:38',7),(682,240,'2011-11-26','16:00:00','03:00:00','Concord West','Gore Hill Depot',2,2,NULL,NULL,'\0',1,34969,'2011-12-06 11:20:20',7),(683,240,'2011-11-27','16:00:00','03:00:00','Gore Hill Depot','Concord West',2,2,NULL,NULL,'\0',1,34969,'2011-12-06 11:20:20',7),(684,241,'2011-12-03','06:30:00','15:30:00','Dundas Valley','Dee Why Depot',1,4,NULL,NULL,'\0',1,36592,'2011-12-08 11:24:05',7),(685,242,'2011-12-03','06:00:00','16:00:00','Woy Woy','Hornsby Depot',1,4,NULL,NULL,'\0',1,37805,'2011-12-06 10:18:42',7),(686,243,'2011-12-03','06:00:00','16:00:00','Hornsby Depot','Woy Woy',1,4,NULL,NULL,'\0',1,37805,'2011-12-07 11:53:47',7),(687,244,'2011-12-05','09:00:00','17:30:00','Dundas','Sydney Cbd',3,1,40,24.86,'',1,48521,'2011-12-12 12:16:06',7),(688,244,'2011-12-05','09:00:00','17:30:00','Sydney Cbd','Dundas',3,1,40,24.86,'',1,48521,'2011-12-12 12:16:06',7),(689,244,'2011-12-06','09:00:00','17:30:00','Dundas','Sydney Cbd',3,1,40,24.86,'',1,48521,'2011-12-12 12:16:06',7),(690,244,'2011-12-06','09:00:00','17:30:00','Sydney Cbd','Dundas',3,1,40,24.86,'',1,48521,'2011-12-12 12:16:07',7),(691,245,'2011-12-03','06:00:00','11:30:00','Umina Beach','Eastwood',1,4,NULL,NULL,'\0',1,42840,'2011-12-06 14:22:24',7),(692,245,'2011-12-03','06:00:00','11:30:00','Cherrybrook','Umina Beach',1,4,NULL,NULL,'\0',1,42840,'2011-12-06 14:22:24',7),(693,246,'2011-12-03','06:00:00','14:30:00','Blue Bay','Eastwood',1,4,NULL,NULL,'\0',1,42840,'2011-12-06 14:22:43',7),(694,246,'2011-12-03','06:30:00','14:30:00','Eastwood','Blue Bay',1,4,NULL,NULL,'\0',1,42840,'2011-12-06 14:22:43',7),(695,247,'2011-12-03','06:30:00','14:30:00','Woy Woy','Eastwood',3,4,NULL,NULL,'\0',1,42840,'2011-12-06 14:23:06',7),(696,247,'2011-12-03','06:30:00','14:30:00','Eastwood','Woy Woy',3,4,NULL,NULL,'\0',1,42840,'2011-12-06 14:23:06',7),(697,248,'2011-12-03','06:30:00','14:30:00','Davistown','Eastwood',1,4,NULL,NULL,'\0',1,42840,'2011-12-06 14:23:17',7),(698,248,'2011-12-03','06:30:00','14:30:00','Eastwood','Davistown',1,4,NULL,NULL,'\0',1,42840,'2011-12-06 14:23:17',7),(699,249,'2011-12-03','06:30:00','14:30:00','Werrington','Eastwood',2,4,NULL,NULL,'\0',1,42840,'2011-12-06 14:23:34',7),(700,249,'2011-12-03','06:30:00','14:30:00','Eastwood','Werrington',2,4,NULL,NULL,'\0',1,42840,'2011-12-06 14:23:34',7),(701,250,'2011-12-03','06:30:00','14:30:00','Warnervale','Eastwood',1,4,NULL,NULL,'\0',1,42840,'2011-12-06 14:21:35',7),(702,250,'2011-12-03','06:30:00','14:30:00','Eastwood','Warnervale',1,4,NULL,NULL,'\0',1,42840,'2011-12-06 14:21:35',7),(703,251,'2011-12-04','06:30:00','16:30:00','Glenwood','Berowra',1,4,NULL,NULL,'\0',1,42840,'2011-12-06 14:21:56',7),(704,251,'2011-12-04','06:30:00','16:30:00','Berowra','Glenwood',1,4,NULL,NULL,'\0',1,42840,'2011-12-06 14:21:56',7),(705,252,'2011-12-04','06:30:00','16:30:00','Seven Hills','Berowra',1,4,NULL,NULL,'\0',1,42840,'2011-12-06 14:23:48',7),(706,252,'2011-12-04','06:30:00','16:30:00','Berowra','Seven Hills',1,4,NULL,NULL,'\0',1,42840,'2011-12-06 14:23:48',7),(707,253,'2011-12-04','06:30:00','16:30:00','Eastwood','Berowra',1,4,NULL,NULL,'\0',1,42840,'2011-12-06 14:24:05',7),(708,253,'2011-12-04','06:30:00','16:30:00','Berowra','Eastwood',1,4,NULL,NULL,'\0',1,42840,'2011-12-06 14:24:05',7),(709,254,'2011-12-04','06:30:00','16:30:00','Lake Munmorah','Hornsby Depot',1,4,NULL,NULL,'\0',1,42840,'2011-12-06 14:24:20',7),(710,254,'2011-12-04','06:30:00','16:30:00','Hornsby Depot','Lake Munmorah',1,4,NULL,NULL,'\0',1,42840,'2011-12-06 14:24:20',7),(711,255,'2011-12-04','06:30:00','16:30:00','Blue Haven','Hornsby Depot',1,4,NULL,NULL,'\0',1,42840,'2011-12-06 14:21:06',7),(712,255,'2011-12-04','06:30:00','16:30:00','Hornsby Depot','Blue Haven',1,4,NULL,NULL,'\0',1,42840,'2011-12-06 14:21:06',7),(713,256,'2011-12-03','06:30:00','14:30:00','Buff Point','Eastwood',1,4,NULL,NULL,'\0',1,42840,'2011-12-06 14:25:06',7),(714,256,'2011-12-03','06:30:00','14:30:00','Eastwood','Buff Point',1,4,NULL,NULL,'\0',1,42840,'2011-12-06 14:25:06',7),(715,257,'2011-12-04','06:30:00','14:30:00','Dee Why','Gore Hill Depot',1,4,NULL,NULL,'\0',1,42840,'2011-12-06 14:25:23',7),(716,257,'2011-12-04','06:30:00','14:30:00','Gore Hill Depot','Dee Why',1,4,NULL,NULL,'\0',1,42840,'2011-12-06 14:25:23',7),(717,258,'2011-12-04','06:30:00','14:30:00','Seaforth','Gore Hill Depot',1,4,NULL,NULL,'\0',1,42840,'2011-12-06 14:25:40',7),(718,258,'2011-12-04','06:30:00','14:30:00','Gore Hill Depot','Seaforth',1,4,NULL,NULL,'\0',1,42840,'2011-12-06 14:25:40',7),(719,259,'2011-12-04','06:30:00','14:30:00','Gladesville','Lindfield',2,4,NULL,NULL,'\0',1,42840,'2011-12-06 14:25:56',7),(720,259,'2011-12-04','06:30:00','14:30:00','Lindfield','Gladesville',2,4,NULL,NULL,'\0',1,42840,'2011-12-06 14:25:56',7),(721,260,'2011-12-03','06:30:00','15:30:00','Westmead','Gore Hill Depot',3,4,NULL,NULL,'\0',1,42840,'2011-12-06 14:26:09',7),(722,260,'2011-12-03','06:30:00','15:30:00','Gore Hill Depot','Westmead',3,4,NULL,NULL,'\0',1,42840,'2011-12-06 14:26:09',7),(723,261,'2011-12-03','06:30:00','15:30:00','St Clair','Gore Hill Depot',2,4,NULL,NULL,'\0',1,42840,'2011-12-06 14:26:22',7),(724,261,'2011-12-03','06:30:00','15:30:00','Gore Hill Depot','St Clair',2,4,NULL,NULL,'\0',1,42840,'2011-12-06 14:26:22',7),(725,262,'2011-12-03','06:30:00','15:30:00','Gladesville','Gore Hill Depot',2,4,NULL,NULL,'\0',1,42840,'2011-12-06 14:26:39',7),(726,262,'2011-12-03','06:30:00','15:30:00','Gore Hill Depot','Gladesville',2,4,NULL,NULL,'\0',1,42840,'2011-12-06 14:26:39',7),(727,263,'2011-11-28','19:30:00','05:00:00','Merrylands','Gore Hill Depot',1,4,NULL,NULL,'\0',1,42840,'2011-12-06 14:26:56',7),(728,263,'2011-11-29','19:30:00','05:00:00','Gore Hill Depot','Merrylands',1,4,NULL,NULL,'\0',1,42840,'2011-12-06 14:26:56',7),(729,264,'2011-12-03','06:30:00','14:30:00','Warnervale','Gore Hill Depot',1,4,NULL,NULL,'\0',1,42840,'2011-12-06 14:27:14',7),(730,264,'2011-12-03','06:30:00','14:30:00','Gore Hill Depot','Warnervale',1,4,NULL,NULL,'\0',1,42840,'2011-12-06 14:27:14',7),(731,264,'2011-12-04','06:30:00','14:30:00','Warnervale','Gore Hill Depot',1,4,NULL,NULL,'\0',1,42840,'2011-12-06 14:27:14',7),(732,264,'2011-12-04','06:30:00','14:30:00','Gore Hill Depot','Warnervale',1,4,NULL,NULL,'\0',1,42840,'2011-12-06 14:27:14',7),(733,265,'2011-12-03','06:30:00','14:30:00','Wahroonga','Gore Hill Depot',1,4,NULL,NULL,'\0',1,42840,'2011-12-06 14:27:52',7),(734,265,'2011-12-03','06:30:00','14:30:00','Gore Hill Depot','Wahroonga',1,4,NULL,NULL,'\0',1,42840,'2011-12-06 14:27:52',7),(735,265,'2011-12-04','06:30:00','14:30:00','Wahroonga','Gore Hill Depot',1,4,NULL,NULL,'\0',1,42840,'2011-12-06 14:27:52',7),(736,265,'2011-12-04','06:30:00','14:30:00','Gore Hill Depot','Wahroonga',1,4,NULL,NULL,'\0',1,42840,'2011-12-06 14:27:52',7),(737,266,'2011-11-26','07:00:00','15:00:00','Collaroy Plateau','Gore Hill Depot',2,4,NULL,NULL,'\0',1,34969,'2011-12-07 06:42:03',7),(738,266,'2011-11-26','07:00:00','15:00:00','Gore Hill Depot','Collaroy Plateau',2,4,NULL,NULL,'\0',1,34969,'2011-12-07 06:42:03',7),(739,267,'2011-12-03','07:00:00','15:00:00','Collaroy Plateau','Gore Hill Depot',2,4,NULL,NULL,'\0',1,34969,'2011-12-07 06:42:22',7),(740,267,'2011-12-03','07:00:00','15:00:00','Gore Hill Depot','Collaroy Plateau',2,4,NULL,NULL,'\0',1,34969,'2011-12-07 06:42:22',7),(741,268,'2011-11-28','06:30:00','15:00:00','Seven Hills','Gore Hill Depot',1,1,NULL,NULL,'\0',1,42840,'2011-12-07 06:41:13',7),(742,268,'2011-11-28','06:30:00','15:00:00','Gore Hill Depot','Seven Hills',1,1,NULL,NULL,'\0',1,42840,'2011-12-07 06:41:13',7),(743,268,'2011-11-29','06:30:00','15:00:00','Seven Hills','Gore Hill Depot',1,1,NULL,NULL,'\0',1,42840,'2011-12-07 06:41:13',7),(744,268,'2011-11-29','06:30:00','15:00:00','Gore Hill Depot','Seven Hills',1,1,NULL,NULL,'\0',1,42840,'2011-12-07 06:41:13',7),(745,268,'2011-11-30','06:30:00','15:00:00','Seven Hills','Gore Hill Depot',1,1,NULL,NULL,'\0',1,42840,'2011-12-07 06:41:13',7),(746,268,'2011-11-30','06:30:00','15:00:00','Gore Hill Depot','Seven Hills',1,1,NULL,NULL,'\0',1,42840,'2011-12-07 06:41:13',7),(747,268,'2011-12-01','06:30:00','15:00:00','Seven Hills','Gore Hill Depot',1,1,NULL,NULL,'\0',1,42840,'2011-12-07 06:41:13',7),(748,268,'2011-12-01','06:30:00','15:00:00','Gore Hill Depot','Seven Hills',1,1,NULL,NULL,'\0',1,42840,'2011-12-07 06:41:13',7),(749,268,'2011-12-02','06:30:00','15:00:00','Seven Hills','Gore Hill Depot',1,1,NULL,NULL,'\0',1,42840,'2011-12-07 06:41:13',7),(750,268,'2011-12-02','06:30:00','15:00:00','Gore Hill Depot','Seven Hills',1,1,NULL,NULL,'\0',1,42840,'2011-12-07 06:41:13',7),(751,269,'2011-12-03','07:00:00','15:00:00','Concord','Gore Hill Depot',2,4,NULL,NULL,'\0',1,34969,'2011-12-07 12:53:05',7),(752,269,'2011-12-03','07:00:00','15:00:00','Gore Hill Depot','Concord',2,4,NULL,NULL,'\0',1,34969,'2011-12-07 12:53:05',7),(753,270,'2011-12-05','07:30:00','16:00:00','Gymea','Somersby Industrial',1,1,NULL,NULL,'\0',1,35508,'2011-12-22 11:08:45',10),(754,271,'2011-11-28','07:00:00','15:30:00','Chatswood','Hornsby Depot',2,1,325,47.79,'',1,38242,'2011-12-08 11:06:50',7),(755,271,'2011-11-28','07:00:00','15:30:00','Hornsby Depot','Chatswood',2,1,325,47.79,'',1,38242,'2011-12-08 11:06:50',7),(756,271,'2011-11-29','07:00:00','15:30:00','Chatswood','Hornsby Depot',2,1,325,47.79,'',1,38242,'2011-12-08 11:06:50',7),(757,271,'2011-11-29','07:00:00','15:30:00','Hornsby Depot','Chatswood',2,1,325,47.79,'',1,38242,'2011-12-08 11:06:50',7),(758,271,'2011-11-30','07:00:00','18:00:00','Chatswood','Hornsby Depot',2,2,325,47.79,'',1,38242,'2011-12-08 11:06:50',7),(759,271,'2011-11-30','07:00:00','18:00:00','Hornsby Depot','Chatswood',2,2,325,47.79,'',1,38242,'2011-12-08 11:06:50',7),(760,271,'2011-12-01','07:00:00','15:30:00','Chatswood','Hornsby Depot',2,1,NULL,NULL,'\0',0,38242,'2011-12-08 11:00:59',NULL),(761,271,'2011-12-01','07:00:00','15:30:00','Hornsby Depot','Chatswood',2,1,NULL,NULL,'\0',0,38242,'2011-12-08 11:00:59',NULL),(762,271,'2011-12-02','07:00:00','15:30:00','Chatswood','Hornsby Depot',3,1,NULL,NULL,'\0',0,38242,'2011-12-08 11:00:59',NULL),(763,271,'2011-12-02','07:00:00','15:30:00','Hornsby Depot','Chatswood',3,1,NULL,NULL,'\0',0,38242,'2011-12-08 11:00:59',NULL),(764,271,'2011-12-03','05:30:00','13:30:00','Chatswood','Hornsby Depot',2,4,NULL,NULL,'\0',0,38242,'2011-12-08 11:00:59',NULL),(765,271,'2011-12-03','05:30:00','13:30:00','Hornsby Depot','Chatswood',2,4,NULL,NULL,'\0',0,38242,'2011-12-08 11:00:59',NULL),(766,272,'2011-11-26','15:00:00','03:00:00','Burwood','Gore Hill Depot',1,4,NULL,NULL,'\0',1,53342,'2011-12-08 10:53:29',7),(767,272,'2011-11-27','15:00:00','03:00:00','Gore Hill Depot','Burwood',1,4,NULL,NULL,'\0',1,53342,'2011-12-08 10:53:29',7),(768,273,'2011-09-21','07:00:00','21:00:00','Gwandalan','Dee Why Depot',1,2,NULL,NULL,'\0',1,35508,'2011-12-22 11:06:10',10),(769,273,'2011-09-23','07:00:00','15:30:00','Gwandalan','Dee Why Depot',1,1,NULL,NULL,'\0',1,35508,'2011-12-22 11:06:10',10),(770,273,'2011-09-23','07:00:00','15:30:00','Homebush Depot','Gwandalan',1,1,NULL,NULL,'\0',1,35508,'2011-12-22 11:06:10',10),(771,274,'2011-09-28','07:00:00','15:30:00','Gwandalan','Zetland',1,1,NULL,NULL,'\0',1,35508,'2011-12-22 11:06:48',10),(772,274,'2011-09-30','07:00:00','15:30:00','Zetland','Gwandalan',1,1,NULL,NULL,'\0',1,35508,'2011-12-22 11:06:48',10),(773,275,'2011-12-03','06:30:00','14:30:00','Seaforth','Dee Why Depot',1,4,NULL,NULL,'',0,36592,'2011-12-12 07:26:34',NULL),(774,276,'2011-12-04','07:00:00','13:30:00','Narraweena','Turramurra Zn 1673',1,4,358,56.18,'',1,39713,'2011-12-10 07:51:47',7),(775,276,'2011-12-04','07:00:00','13:30:00','Turramurra Zn 1673','Narraweena',1,4,358,56.18,'',1,39713,'2011-12-10 07:51:47',7),(776,277,'2011-11-19','07:00:00','15:00:00','Baulkham Hills','Gore Hill Depot',2,4,NULL,NULL,'\0',1,34969,'2011-12-08 07:04:43',7),(777,277,'2011-11-19','07:00:00','15:00:00','Gore Hill Depot','Baulkham Hills',2,4,NULL,NULL,'\0',1,34969,'2011-12-08 07:04:43',7),(778,278,'2011-11-26','16:00:00','03:00:00','Baulkham Hills','Gore Hill Depot',2,4,NULL,NULL,'\0',1,34969,'2011-12-08 07:04:56',7),(779,279,'2011-11-27','16:00:00','03:00:00','Gore Hill Depot','Baulkham Hills',2,4,NULL,NULL,'\0',1,34969,'2011-12-08 07:04:56',7),(780,280,'2011-12-03','07:00:00','15:00:00','Baulkham Hills','Gore Hill Depot',2,4,NULL,NULL,'\0',1,34969,'2011-12-08 07:05:07',7),(781,280,'2011-12-03','07:00:00','15:00:00','Gore Hill Depot','Baulkham Hills',2,4,NULL,NULL,'\0',1,34969,'2011-12-08 07:05:07',7),(782,281,'2011-12-03','06:30:00','17:00:00','Wentworthville','Collaroy Plateau',1,4,NULL,NULL,'\0',1,39713,'2011-12-10 07:48:33',7),(783,281,'2011-12-03','06:30:00','17:00:00','Collaroy Plateau','Wentworthville',1,4,NULL,NULL,'\0',1,39713,'2011-12-10 07:48:33',7),(784,282,'2011-12-05','22:00:00','05:00:00','Wentworthville','Careel Bay',1,4,NULL,NULL,'\0',1,39713,'2011-12-10 07:48:15',7),(785,282,'2011-12-06','22:00:00','05:00:00','Careel Bay','Wentworthville',1,4,NULL,NULL,'\0',1,39713,'2011-12-10 07:48:15',7),(786,283,'2011-11-27','07:00:00','15:00:00','Point Clare','Lane Cove',1,4,NULL,NULL,'\0',0,39713,'2011-12-23 08:24:11',NULL),(787,283,'2011-11-27','07:00:00','15:00:00','Lane Cove','Point Clare',1,4,NULL,NULL,'\0',0,39713,'2011-12-23 08:24:11',NULL),(788,284,'2011-11-28','07:00:00','15:30:00','Quakers Hill','Chatswood Depot',2,1,NULL,NULL,'\0',1,39713,'2011-12-10 07:51:29',7),(789,284,'2011-11-28','07:00:00','15:30:00','Chatswood Depot','Quakers Hill',2,1,NULL,NULL,'\0',1,39713,'2011-12-10 07:51:29',7),(790,284,'2011-11-29','07:00:00','15:30:00','Quakers Hill','Chatswood Depot',2,1,NULL,NULL,'\0',1,39713,'2011-12-10 07:51:29',7),(791,284,'2011-11-29','07:00:00','15:30:00','Chatswood Depot','Quakers Hill',2,1,NULL,NULL,'\0',1,39713,'2011-12-10 07:51:29',7),(792,284,'2011-11-30','07:00:00','15:30:00','Quakers Hill','Mosman Zn 180',2,1,NULL,NULL,'\0',1,39713,'2011-12-10 07:51:29',7),(793,284,'2011-11-30','07:00:00','15:30:00','Mosman Zn 180','Quakers Hill',2,1,NULL,NULL,'\0',1,39713,'2011-12-10 07:51:29',7),(794,284,'2011-12-02','06:00:00','14:30:00','Quakers Hill','Chatswood Depot',2,1,NULL,NULL,'\0',1,39713,'2011-12-10 07:51:29',7),(795,284,'2011-12-02','06:00:00','14:30:00','Chatswood Depot','Quakers Hill',2,1,NULL,NULL,'\0',1,39713,'2011-12-10 07:51:29',7),(796,285,'2011-12-06','07:30:00','16:30:00','Edgeworth','Berowra',2,3,NULL,NULL,'\0',1,52488,'2011-12-08 14:23:48',7),(797,285,'2011-12-06','07:30:00','16:30:00','Berowra','Edgeworth',2,3,NULL,NULL,'\0',1,52488,'2011-12-08 14:23:48',7),(798,285,'2011-12-06','07:30:00','16:30:00','Berowra','Sydney Town Hall',3,3,NULL,NULL,'\0',1,52488,'2011-12-08 14:23:48',7),(799,285,'2011-12-06','07:30:00','16:30:00','Sydney Town Hall','Berowra',3,3,NULL,NULL,'\0',1,52488,'2011-12-08 14:23:48',7),(800,285,'2011-12-07','07:30:00','15:00:00','Berowra','Sydney Town Hall',3,3,NULL,NULL,'\0',1,52488,'2011-12-08 14:23:48',7),(801,285,'2011-12-07','07:30:00','15:00:00','Berowra','Edgeworth',2,3,NULL,NULL,'\0',1,52488,'2011-12-08 14:23:48',7),(802,285,'2011-12-07','07:30:00','15:00:00','Edgeworth','Berowra',2,3,NULL,NULL,'\0',1,52488,'2011-12-08 14:23:48',7),(803,285,'2011-12-08','07:30:00','14:00:00','Berowra','Sydney Town Hall',3,3,NULL,NULL,'\0',1,52488,'2011-12-08 14:23:48',7),(804,285,'2011-12-08','07:30:00','14:00:00','Sydney Town Hall','Berowra',3,3,NULL,NULL,'\0',1,52488,'2011-12-08 14:23:48',7),(805,285,'2011-12-08','07:30:00','14:00:00','Edgeworth','Berowra',2,3,NULL,NULL,'\0',1,52488,'2011-12-08 14:23:48',7),(806,285,'2011-12-08','07:30:00','14:00:00','Berowra','Edgeworth',2,3,NULL,NULL,'\0',1,52488,'2011-12-08 14:23:48',7),(807,286,'2011-12-07','07:30:00','16:00:00','Copacabana','Maitland Depot',1,1,NULL,NULL,'\0',1,41437,'2011-12-16 10:32:39',8),(808,286,'2011-12-07','07:30:00','16:00:00','Copacabana','Maitland Depot',1,1,NULL,NULL,'\0',0,41437,'2011-12-16 10:32:39',NULL),(809,287,'2011-12-05','07:00:00','15:30:00','Seven Hills','Roden Cutler House',3,1,NULL,NULL,'\0',1,46748,'2011-12-15 09:54:41',8),(810,287,'2011-12-05','07:00:00','15:30:00','Roden Cutler House','Seven Hills',3,1,NULL,NULL,'\0',1,46748,'2011-12-15 09:54:41',8),(811,287,'2011-12-06','07:00:00','15:30:00','Seven Hills','Roden Cutler House',3,1,NULL,NULL,'\0',1,46748,'2011-12-15 09:54:41',8),(812,287,'2011-12-06','07:00:00','15:30:00','Roden Cutler House','Seven Hills',3,1,NULL,NULL,'\0',1,46748,'2011-12-15 09:54:41',8),(813,287,'2011-12-07','07:00:00','15:30:00','Seven Hills','Roden Cutler House',3,1,NULL,NULL,'\0',1,46748,'2011-12-15 09:54:41',8),(814,287,'2011-12-07','07:00:00','15:30:00','Roden Cutler House','Seven Hills',3,1,NULL,NULL,'\0',1,46748,'2011-12-15 09:54:41',8),(815,287,'2011-12-08','07:00:00','15:30:00','Seven Hills','Roden Cutler House',3,1,NULL,NULL,'\0',1,46748,'2011-12-15 09:54:41',8),(816,287,'2011-12-08','07:00:00','15:30:00','Roden Cutler House','Seven Hills',3,1,NULL,NULL,'\0',1,46748,'2011-12-15 09:54:41',8),(817,288,'2011-12-05','07:00:00','14:40:00','Roden Cutler House','Mortdale Zn 10994',3,1,NULL,NULL,'\0',0,56372,'2011-12-09 09:29:22',NULL),(818,288,'2011-12-05','07:00:00','14:40:00','Mortdale','Roden Cutler House',3,1,NULL,NULL,'\0',0,56372,'2011-12-09 09:29:22',NULL),(819,288,'2011-12-06','07:00:00','14:40:00','Roden Cutler House','Mortdale Zn 10994',3,1,NULL,NULL,'\0',0,56372,'2011-12-09 09:29:22',NULL),(820,288,'2011-12-06','07:00:00','14:40:00','Mortdale Zn 10994','Roden Cutler House',3,1,NULL,NULL,'\0',0,56372,'2011-12-09 09:29:22',NULL),(821,288,'2011-12-07','07:00:00','14:40:00','Roden Cutler House','Mortdale Zn 10994',3,1,NULL,NULL,'\0',0,56372,'2011-12-09 09:29:22',NULL),(822,288,'2011-12-07','07:00:00','14:40:00','Mortdale','Roden Cutler House',3,1,NULL,NULL,'\0',0,56372,'2011-12-09 09:29:22',NULL),(823,288,'2011-12-08','07:00:00','14:40:00','Roden Cutler House','Mortdale Zn 10994',3,1,NULL,NULL,'\0',0,56372,'2011-12-09 09:29:22',NULL),(824,288,'2011-12-08','07:00:00','14:40:00','Mortdale Zn 10994','Roden Cutler House',3,1,NULL,NULL,'\0',0,56372,'2011-12-09 09:29:22',NULL),(825,288,'2011-12-09','07:00:00','17:40:00','Mortdale Zn 10994','Roden Cutler House',3,1,NULL,NULL,'\0',0,56372,'2011-12-09 09:29:22',NULL),(826,288,'2011-12-09','07:00:00','14:40:00','Roden Cutler House','Mortdale Zn 10994',3,1,NULL,NULL,'\0',0,56372,'2011-12-09 09:29:22',NULL),(827,289,'2011-12-05','08:30:00','17:00:00','Ingleburn','Roden Cutler House',3,1,NULL,NULL,'\0',1,46748,'2011-12-15 09:54:15',8),(828,289,'2011-12-05','08:30:00','17:00:00','Roden Cutler House','Ingleburn',3,1,NULL,NULL,'\0',1,46748,'2011-12-15 09:54:15',8),(829,289,'2011-12-06','08:30:00','17:00:00','Ingleburn','Roden Cutler House',3,1,NULL,NULL,'\0',1,46748,'2011-12-15 09:54:15',8),(830,289,'2011-12-06','08:30:00','17:00:00','Roden Cutler House','Ingleburn',3,1,NULL,NULL,'\0',1,46748,'2011-12-15 09:54:15',8),(831,289,'2011-12-07','08:30:00','17:00:00','Ingleburn','Roden Cutler House',3,1,NULL,NULL,'\0',1,46748,'2011-12-15 09:54:15',8),(832,289,'2011-12-07','08:30:00','17:00:00','Roden Cutler House','Ingleburn',3,1,NULL,NULL,'\0',1,46748,'2011-12-15 09:54:15',8),(833,289,'2011-12-08','08:30:00','17:00:00','Ingleburn','Roden Cutler House',3,1,NULL,NULL,'\0',1,46748,'2011-12-15 09:54:15',8),(834,289,'2011-12-08','08:30:00','17:00:00','Roden Cutler House','Ingleburn',3,1,NULL,NULL,'\0',1,46748,'2011-12-15 09:54:15',8),(835,289,'2011-12-09','08:30:00','17:00:00','Ingleburn','Roden Cutler House',3,1,NULL,NULL,'\0',1,46748,'2011-12-15 09:54:15',8),(836,289,'2011-12-09','08:30:00','17:00:00','Roden Cutler House','Ingleburn',3,1,NULL,NULL,'\0',1,46748,'2011-12-15 09:54:15',8),(837,290,'2011-12-06','07:00:00','15:30:00','Roden Cutler House','Quakers Hill',3,1,NULL,NULL,'\0',0,56372,'2011-12-09 10:11:30',NULL),(838,290,'2011-12-06','07:00:00','15:30:00','Quakers Hill','Roden Cutler House',3,1,NULL,NULL,'\0',0,56372,'2011-12-09 10:11:30',NULL),(839,290,'2011-12-07','07:00:00','15:30:00','Roden Cutler House','Quakers Hill',3,1,NULL,NULL,'\0',0,56372,'2011-12-09 10:11:30',NULL),(840,290,'2011-12-07','07:00:00','15:30:00','Quakers Hill','Roden Cutler House',3,1,NULL,NULL,'\0',0,56372,'2011-12-09 10:11:30',NULL),(841,290,'2011-12-08','07:00:00','15:30:00','Roden Cutler House','Quakers Hill',3,1,NULL,NULL,'\0',0,56372,'2011-12-09 10:11:30',NULL),(842,290,'2011-12-08','07:00:00','15:30:00','Quakers Hill','Roden Cutler House',3,1,NULL,NULL,'\0',0,56372,'2011-12-09 10:11:30',NULL),(843,290,'2011-12-09','07:00:00','15:30:00','Quakers Hill','Roden Cutler House',3,1,NULL,NULL,'\0',0,56372,'2011-12-09 10:11:30',NULL),(844,290,'2011-12-09','07:00:00','15:30:00','Roden Cutler House','Quakers Hill',3,1,NULL,NULL,'\0',0,56372,'2011-12-09 10:11:30',NULL),(845,291,'2011-12-05','07:00:00','14:40:00','Mortdale Zn 10994','Roden Cutler House',3,1,NULL,NULL,'\0',1,56372,'2011-12-09 11:48:54',7),(846,291,'2011-12-05','07:00:00','14:40:00','Roden Cutler House','Mortdale Zn 10994',3,1,NULL,NULL,'\0',1,56372,'2011-12-09 11:48:54',7),(847,291,'2011-12-06','07:00:00','14:40:00','Mortdale Zn 10994','Roden Cutler House',3,1,NULL,NULL,'\0',1,56372,'2011-12-09 11:48:54',7),(848,291,'2011-12-06','07:00:00','14:40:00','Roden Cutler House','Mortdale Zn 10994',3,1,NULL,NULL,'\0',1,56372,'2011-12-09 11:48:54',7),(849,291,'2011-12-07','07:00:00','14:40:00','Mortdale Zn 10994','Roden Cutler House',3,1,NULL,NULL,'\0',1,56372,'2011-12-09 11:48:54',7),(850,291,'2011-12-07','07:00:00','14:40:00','Roden Cutler House','Mortdale Zn 10994',3,1,NULL,NULL,'\0',1,56372,'2011-12-09 11:48:54',7),(851,291,'2011-12-08','07:00:00','14:40:00','Mortdale Zn 10994','Roden Cutler House',3,1,NULL,NULL,'\0',1,56372,'2011-12-09 11:48:54',7),(852,291,'2011-12-08','07:00:00','14:40:00','Roden Cutler House','Mortdale Zn 10994',3,1,NULL,NULL,'\0',1,56372,'2011-12-09 11:48:54',7),(853,291,'2011-12-09','07:00:00','14:40:00','Mortdale Zn 10994','Roden Cutler House',3,1,NULL,NULL,'\0',1,56372,'2011-12-09 11:48:54',7),(854,291,'2011-12-09','07:00:00','14:40:00','Roden Cutler House','Mortdale Zn 10994',3,1,NULL,NULL,'\0',1,56372,'2011-12-09 11:48:54',7),(855,292,'2011-12-05','07:20:00','15:40:00','Acacia Gardens','Roden Cutler House',3,1,NULL,NULL,'\0',1,56372,'2011-12-09 11:46:50',7),(856,292,'2011-12-05','07:20:00','15:40:00','Roden Cutler House','Acacia Gardens',3,1,NULL,NULL,'\0',1,56372,'2011-12-09 11:46:50',7),(857,292,'2011-12-06','07:20:00','15:40:00','Acacia Gardens','Roden Cutler House',3,1,NULL,NULL,'\0',1,56372,'2011-12-09 11:46:50',7),(858,292,'2011-12-06','07:20:00','15:40:00','Roden Cutler House','Acacia Gardens',3,1,NULL,NULL,'\0',1,56372,'2011-12-09 11:46:50',7),(859,292,'2011-12-07','07:20:00','15:40:00','Acacia Gardens','Roden Cutler House',3,1,NULL,NULL,'\0',1,56372,'2011-12-09 11:46:50',7),(860,292,'2011-12-07','07:20:00','15:40:00','Roden Cutler House','Acacia Gardens',3,1,NULL,NULL,'\0',1,56372,'2011-12-09 11:46:50',7),(861,292,'2011-12-08','07:20:00','15:40:00','Acacia Gardens','Roden Cutler House',3,1,NULL,NULL,'\0',1,56372,'2011-12-09 11:46:50',7),(862,292,'2011-12-08','07:20:00','15:40:00','Roden Cutler House','Acacia Gardens',3,1,NULL,NULL,'\0',1,56372,'2011-12-09 11:46:50',7),(863,292,'2011-12-09','07:20:00','15:40:00','Acacia Gardens','Roden Cutler House',3,1,NULL,NULL,'\0',1,56372,'2011-12-09 11:46:50',7),(864,292,'2011-12-09','07:20:00','15:40:00','Roden Cutler House','Acacia Gardens',3,1,NULL,NULL,'\0',1,56372,'2011-12-09 11:46:50',7),(865,293,'2011-12-05','07:30:00','16:00:00','Erskine Park','Roden Cutler House',3,1,NULL,NULL,'\0',1,56372,'2011-12-09 11:48:04',7),(866,293,'2011-12-05','07:30:00','16:00:00','Roden Cutler House','Erskine Park',3,1,NULL,NULL,'\0',1,56372,'2011-12-09 11:48:04',7),(867,293,'2011-12-06','07:30:00','16:00:00','Erskine Park','Roden Cutler House',3,1,NULL,NULL,'\0',1,56372,'2011-12-09 11:48:04',7),(868,293,'2011-12-06','07:30:00','16:00:00','Roden Cutler House','Erskine Park',3,1,NULL,NULL,'\0',1,56372,'2011-12-09 11:48:04',7),(869,293,'2011-12-08','07:30:00','16:00:00','Erskine Park','Roden Cutler House',3,1,NULL,NULL,'\0',1,56372,'2011-12-09 11:48:04',7),(870,293,'2011-12-08','07:30:00','16:00:00','Roden Cutler House','Erskine Park',3,1,NULL,NULL,'\0',1,56372,'2011-12-09 11:48:04',7),(871,294,'2011-12-05','07:00:00','15:20:00','quakers hill','roden cutler house',3,1,NULL,NULL,'\0',1,56372,'2011-12-09 11:48:25',7),(872,294,'2011-12-05','07:00:00','15:20:00','roden cutler house','quakers hill',3,1,NULL,NULL,'\0',1,56372,'2011-12-09 11:48:25',7),(873,294,'2011-12-06','07:00:00','15:20:00','Quakers Hill','Roden Cutler House',3,1,NULL,NULL,'\0',1,56372,'2011-12-09 11:48:25',7),(874,294,'2011-12-06','07:00:00','15:20:00','Roden Cutler House','Quakers Hill',3,1,NULL,NULL,'\0',1,56372,'2011-12-09 11:48:25',7),(875,294,'2011-12-07','07:00:00','15:20:00','Quakers Hill','Roden Cutler House',3,1,NULL,NULL,'\0',1,56372,'2011-12-09 11:48:25',7),(876,294,'2011-12-07','07:00:00','15:20:00','Roden Cutler House','Quakers Hill',3,1,NULL,NULL,'\0',1,56372,'2011-12-09 11:48:25',7),(877,294,'2011-12-08','07:00:00','15:20:00','Quakers Hill','Roden Cutler House',3,1,NULL,NULL,'\0',1,56372,'2011-12-09 11:48:25',7),(878,294,'2011-12-08','07:00:00','15:20:00','Roden Cutler House','Quakers Hill',3,1,NULL,NULL,'\0',1,56372,'2011-12-09 11:48:25',7),(879,294,'2011-12-09','07:00:00','15:20:00','Quakers Hill','Roden Cutler House',3,1,NULL,NULL,'\0',1,56372,'2011-12-09 11:48:25',7),(880,294,'2011-12-09','07:00:00','15:20:00','Roden Cutler House','Quakers Hill',3,1,NULL,NULL,'\0',1,56372,'2011-12-09 11:48:25',7),(881,295,'2011-12-09','07:30:00','16:00:00','Erskine Park','Roden Cutler House',3,1,NULL,NULL,'\0',1,56372,'2011-12-09 11:48:04',7),(882,295,'2011-12-09','07:30:00','16:00:00','Roden Cutler House','Erskine Park',3,1,NULL,NULL,'\0',1,56372,'2011-12-09 11:48:04',7),(883,296,'2011-12-06','07:00:00','15:30:00','Quakers Hill','Roden Cutler House',3,1,NULL,NULL,'\0',1,56372,'2011-12-09 11:47:41',7),(884,296,'2011-12-06','07:00:00','15:30:00','Roden Cutler House','Quakers Hill',3,1,NULL,NULL,'\0',1,56372,'2011-12-09 11:47:41',7),(885,296,'2011-12-07','07:00:00','15:30:00','Quakers Hill','Roden Cutler House',3,1,NULL,NULL,'\0',1,56372,'2011-12-09 11:47:41',7),(886,296,'2011-12-07','07:00:00','15:30:00','Roden Cutler House','Quakers Hill',3,1,NULL,NULL,'\0',1,56372,'2011-12-09 11:47:41',7),(887,296,'2011-12-08','07:00:00','15:30:00','Quakers Hill','Roden Cutler House',3,1,NULL,NULL,'\0',1,56372,'2011-12-09 11:47:41',7),(888,296,'2011-12-08','07:00:00','15:30:00','Roden Cutler House','Quakers Hill',3,1,NULL,NULL,'\0',1,56372,'2011-12-09 11:47:41',7),(889,296,'2011-12-09','07:00:00','15:30:00','Quakers Hill','Roden Cutler House',3,1,NULL,NULL,'\0',1,56372,'2011-12-09 11:47:41',7),(890,296,'2011-12-09','07:00:00','15:30:00','Roden Cutler House','Quakers Hill',3,1,NULL,NULL,'\0',1,56372,'2011-12-09 11:47:41',7),(891,297,'2011-12-06','08:00:00','16:30:00','Penrith','Sydney Cbd',3,1,252,40.19,'',1,48616,'2011-12-15 11:28:24',8),(892,297,'2011-12-06','08:00:00','16:30:00','Sydney Cbd','Penrith',3,1,252,40.19,'',1,48616,'2011-12-15 11:28:24',8),(893,297,'2011-12-07','08:00:00','16:30:00','Penrith','Sydney Cbd',3,1,252,40.19,'',1,48616,'2011-12-15 11:28:24',8),(894,297,'2011-12-07','08:00:00','16:30:00','Sydney Cbd','Penrith',3,1,252,40.19,'',1,48616,'2011-12-15 11:28:24',8),(895,297,'2011-12-08','08:00:00','16:30:00','Penrith','Sydney Cbd',3,1,252,40.19,'',1,48616,'2011-12-15 11:28:24',8),(896,297,'2011-12-08','08:00:00','16:30:00','Sydney Cbd','Penrith',3,1,252,40.19,'',1,48616,'2011-12-15 11:28:24',8),(897,297,'2011-12-09','08:00:00','16:30:00','Penrith','Sydney Cbd',3,1,252,40.19,'',1,48616,'2011-12-15 11:28:24',8),(898,297,'2011-12-09','08:00:00','16:30:00','Sydney Cbd','Penrith',3,1,252,40.19,'',1,48616,'2011-12-15 11:28:24',8),(899,298,'2011-12-06','06:00:00','14:30:00','Kyeemagh','Wallsend Depot',1,1,NULL,NULL,'\0',1,41437,'2011-12-19 10:10:51',9),(900,298,'2011-12-06','06:00:00','14:30:00','Somersby','Kyeemagh',1,1,NULL,NULL,'\0',1,41437,'2011-12-19 10:10:51',9),(901,298,'2011-12-07','07:00:00','15:30:00','Kyeemagh','Milbrodale',1,1,NULL,NULL,'\0',1,41437,'2011-12-19 10:10:51',9),(902,298,'2011-12-08','07:00:00','15:30:00','Milbrodale','Kyeemagh',1,1,NULL,NULL,'\0',1,41437,'2011-12-19 10:10:51',9),(903,299,'2011-12-02','00:06:00','00:17:00','Dee Why','Tuggerah',2,3,NULL,NULL,'\0',0,34383,'2011-12-23 09:14:46',NULL),(904,300,'2011-12-01','08:00:00','16:30:00','Head Office Building','Wallsend Administration',2,1,251,NULL,'',NULL,NULL,NULL,NULL),(905,301,'2011-11-05','07:00:00','15:00:00','Cardiff','Wallsend Depot',2,4,NULL,NULL,'\0',1,45545,'2012-01-13 08:21:02',12),(906,302,'2011-12-03','09:30:00','15:30:00','Belmont North','Wallsend Administration',2,4,NULL,NULL,'\0',1,43098,'2011-12-16 06:49:05',8),(907,303,'2011-12-05','21:00:00','06:00:00','Manly','Avalon',2,4,NULL,NULL,'\0',1,36592,'2011-12-12 06:50:43',7),(908,304,'2011-12-03','07:00:00','15:30:00','leonay','Eastwood',1,4,NULL,NULL,'',0,37827,'2011-12-12 10:51:41',NULL),(909,305,'2011-12-04','06:30:00','17:30:00','Leonay','Berowra',1,4,NULL,NULL,'',0,37827,'2011-12-12 10:51:41',NULL),(910,306,'2011-12-05','22:00:00','05:00:00','Baulkham Hills','Careel Bay',1,4,NULL,NULL,'\0',1,39713,'2011-12-10 07:47:16',7),(911,306,'2011-12-06','22:00:00','05:00:00','Careel Bay','Baulkham Hills',1,4,NULL,NULL,'\0',1,39713,'2011-12-10 07:47:16',7),(912,307,'2011-10-15','07:00:00','15:30:00','Collaroy (sydney)','Balgowlah',1,4,NULL,NULL,'\0',1,39713,'2011-12-23 08:08:56',10),(913,307,'2011-10-15','07:00:00','15:30:00','Balgowlah','Collaroy (sydney)',1,4,NULL,NULL,'\0',1,39713,'2011-12-23 08:08:56',10),(914,308,'2011-12-10','07:00:00','15:00:00','Collaroy Plateau','Gore Hill Depot',2,4,NULL,NULL,'\0',1,34969,'2011-12-19 06:16:04',8),(915,308,'2011-12-10','07:00:00','15:00:00','Gore Hill Depot','Collaroy Plateau',2,4,NULL,NULL,'\0',1,34969,'2011-12-19 06:16:04',8),(916,308,'2011-12-10','19:00:00','03:00:00','Collaroy Plateau','Gore Hill Depot',2,4,NULL,NULL,'\0',0,34969,'2011-12-19 06:16:04',NULL),(917,308,'2011-12-11','19:00:00','03:00:00','Gore Hill Depot','Collaroy Plateau',2,4,NULL,NULL,'\0',0,34969,'2011-12-19 06:16:04',NULL),(918,309,'2011-12-10','07:00:00','15:00:00','Wadalba','Gore Hill Depot',1,4,NULL,NULL,'\0',1,34969,'2011-12-19 06:14:42',8),(919,309,'2011-12-10','07:00:00','15:00:00','Gore Hill Depot','Wadalba',1,4,NULL,NULL,'\0',1,34969,'2011-12-19 06:14:42',8),(920,310,'2011-12-10','07:00:00','15:00:00','Terrigal','Gore Hill Depot',1,4,NULL,NULL,'\0',1,34969,'2011-12-19 06:14:33',8),(921,310,'2011-12-10','07:00:00','15:00:00','Gore Hill Depot','Terrigal',1,4,NULL,NULL,'\0',1,34969,'2011-12-19 06:14:33',8),(922,311,'2011-12-10','07:30:00','15:30:00','Holgate','Hornsby Depot',1,4,NULL,NULL,'\0',1,53342,'2011-12-12 07:37:13',7),(923,311,'2011-12-10','07:30:00','15:30:00','Hornsby Depot','Holgate',1,4,NULL,NULL,'\0',1,53342,'2011-12-12 07:37:13',7),(924,312,'2011-12-05','07:00:00','15:30:00','Chatswood','Hornsby Depot',2,1,NULL,NULL,'\0',1,38242,'2011-12-19 07:30:49',8),(925,312,'2011-12-05','07:00:00','15:30:00','Hornsby Depot','Chatswood',2,1,NULL,NULL,'\0',1,38242,'2011-12-19 07:30:49',8),(926,312,'2011-12-07','07:00:00','15:30:00','Chatswood','Hornsby Depot',2,1,NULL,NULL,'\0',1,38242,'2011-12-19 07:30:49',8),(927,312,'2011-12-07','07:00:00','15:30:00','Hornsby Depot','Chatswood',2,1,NULL,NULL,'\0',1,38242,'2011-12-19 07:30:49',8),(928,312,'2011-12-08','07:00:00','15:30:00','Chatswood','Hornsby Depot',2,1,NULL,NULL,'\0',1,38242,'2011-12-19 07:30:49',8),(929,312,'2011-12-08','07:00:00','15:30:00','Hornsby Depot','Chatswood',2,1,NULL,NULL,'\0',1,38242,'2011-12-19 07:30:49',8),(930,312,'2011-12-10','05:30:00','13:30:00','Chatswood','Hornsby Depot',2,4,NULL,NULL,'\0',1,38242,'2011-12-19 07:30:49',8),(931,312,'2011-12-10','05:30:00','13:30:00','Hornsby Depot','Chatswood',2,4,NULL,NULL,'\0',1,38242,'2011-12-19 07:30:49',8),(932,313,'2011-12-10','09:00:00','13:00:00','Rutherford','Wallsend Depot',2,4,NULL,NULL,'\0',1,47075,'2011-12-12 10:33:56',7),(933,313,'2011-12-10','09:00:00','13:00:00','Wallsend Depot','Rutherford',2,4,NULL,NULL,'\0',1,47075,'2011-12-12 10:33:56',7),(934,314,'2011-12-10','05:00:00','15:30:00','Bateau Bay','Wallsend Depot',2,4,NULL,NULL,'\0',1,45580,'2012-01-03 09:47:49',11),(935,314,'2011-12-10','05:00:00','15:30:00','Wallsend Depot','Bateau Bay',2,4,NULL,NULL,'\0',1,45580,'2012-01-03 09:47:49',11),(936,315,'2011-12-10','05:00:00','15:30:00','Tumbi Umbi','Wallsend Depot',2,4,NULL,NULL,'\0',0,47075,'2012-01-25 10:24:43',NULL),(937,315,'2011-12-10','05:00:00','15:30:00','Wallsend Depot','Tumbi Umbi',2,4,NULL,NULL,'\0',0,47075,'2012-01-25 10:24:43',NULL),(938,316,'2011-12-10','16:00:00','03:00:00','Hornsby','Gore Hill Depot',1,4,NULL,NULL,'\0',0,34969,'2011-12-10 16:30:38',NULL),(939,317,'2011-12-10','16:00:00','03:00:00','Gore Hill Depot','Hornsby',1,4,NULL,NULL,'\0',0,34969,'2011-12-10 16:30:38',NULL),(940,318,'2011-12-10','08:15:00','18:45:00','Kogarah','Head Office Building',2,4,NULL,NULL,'\0',1,41803,'2011-12-12 14:57:57',7),(941,318,'2011-12-10','08:15:00','18:45:00','Head Office Building','Kogarah',2,4,NULL,NULL,'\0',1,41803,'2011-12-12 14:57:57',7),(942,319,'2011-12-11','07:00:00','17:00:00','Asquith','Head Office Building',3,4,NULL,NULL,'\0',1,41803,'2011-12-12 14:57:29',7),(943,319,'2011-12-11','07:00:00','17:00:00','Head Office Building','Asquith',3,4,NULL,NULL,'\0',1,41803,'2011-12-12 14:57:29',7),(944,320,'2011-11-19','06:30:00','14:30:00','Parklea','Head Office Building',2,4,334,NULL,'',NULL,47187,'2012-04-15 22:19:40',NULL),(945,320,'2011-11-19','06:30:00','14:30:00','Head Office Building','Parklea',2,4,334,NULL,'',NULL,47187,'2012-04-15 22:19:45',NULL),(946,321,'2011-11-30','06:30:00','14:30:00','Parklea','Head Office Building',3,4,NULL,NULL,'\0',1,48697,'2011-12-15 10:53:06',8),(947,321,'2011-11-30','06:30:00','14:30:00','Head Office Building','Parklea',3,4,NULL,NULL,'\0',1,48697,'2011-12-15 10:53:06',8),(948,322,'2011-11-29','06:30:00','14:30:00','Balgowlah Heights','Head Office Building',3,4,NULL,NULL,'\0',1,48697,'2011-12-15 10:52:41',NULL),(949,322,'2011-11-29','06:30:00','14:30:00','Head Office Building','Balgowlah Heights',3,4,NULL,NULL,'\0',1,48697,'2011-12-15 10:52:41',NULL),(950,322,'2011-11-30','07:30:00','16:00:00','Balgowlah Heights','Dee Why Depot',2,4,NULL,NULL,'\0',1,48697,'2011-12-15 10:52:41',NULL),(951,322,'2011-11-30','07:30:00','16:00:00','Dee Why Depot','Balgowlah Heights',2,4,NULL,NULL,'\0',1,48697,'2011-12-15 10:52:41',NULL),(952,322,'2011-12-03','14:30:00','22:30:00','Balgowlah Heights','Head Office Building',2,4,NULL,NULL,'',NULL,48697,'2011-12-16 08:15:37',NULL),(953,322,'2011-12-03','14:30:00','22:30:00','Head Office Building','Balgowlah Heights',2,4,NULL,NULL,'',NULL,48697,'2011-12-16 08:15:40',NULL),(954,323,'2011-12-07','20:00:00','05:00:00','San Remo','Gore Hill Depot',1,4,NULL,NULL,'\0',1,42840,'2011-12-12 07:09:16',7),(955,323,'2011-12-08','20:00:00','05:00:00','Gore Hill Depot','San Remo',1,4,NULL,NULL,'\0',1,42840,'2011-12-12 07:09:16',7),(956,323,'2011-12-10','06:30:00','14:30:00','San Remo','Gore Hill Depot',1,4,NULL,NULL,'\0',1,42840,'2011-12-12 07:09:16',7),(957,323,'2011-12-10','06:30:00','14:30:00','Gore Hill Depot','San Remo',1,4,NULL,NULL,'\0',1,42840,'2011-12-12 07:09:16',7),(958,323,'2011-12-11','06:30:00','14:30:00','San Remo','Gore Hill Depot',1,4,NULL,NULL,'\0',1,42840,'2011-12-12 07:09:16',7),(959,323,'2011-12-11','06:30:00','14:30:00','Gore Hill Depot','San Remo',1,4,NULL,NULL,'\0',1,42840,'2011-12-12 07:09:16',7),(960,324,'2011-12-07','20:00:00','05:00:00','Charmhaven','Gore Hill Depot',1,4,NULL,NULL,'\0',1,42840,'2011-12-12 10:49:38',7),(961,324,'2011-12-08','20:00:00','05:00:00','Gore Hill Depot','Charmhaven',1,4,NULL,NULL,'\0',1,42840,'2011-12-12 10:49:38',7),(962,324,'2011-12-10','06:30:00','14:30:00','Charmhaven','Gore Hill Depot',1,4,NULL,NULL,'\0',1,42840,'2011-12-12 10:49:38',7),(963,324,'2011-12-10','06:30:00','14:30:00','Gore Hill Depot','Charmhaven',1,4,NULL,NULL,'\0',1,42840,'2011-12-12 10:49:38',7),(964,324,'2011-12-11','06:30:00','14:30:00','Charmhaven','Gore Hill Depot',1,4,NULL,NULL,'\0',1,42840,'2011-12-12 10:49:38',7),(965,324,'2011-12-11','06:30:00','14:30:00','Gore Hill Depot','Charmhaven',1,4,NULL,NULL,'\0',1,42840,'2011-12-12 10:49:38',7),(966,325,'2011-12-10','06:30:00','14:30:00','Wahroonga','Gore Hill Depot',1,4,NULL,NULL,'\0',1,42840,'2011-12-12 10:50:08',7),(967,325,'2011-12-10','06:30:00','14:30:00','Gore Hill Depot','Wahroonga',1,4,NULL,NULL,'\0',1,42840,'2011-12-12 10:50:08',7),(968,325,'2011-12-11','06:30:00','16:30:00','Wahroonga','Gore Hill Depot',1,4,NULL,NULL,'\0',1,42840,'2011-12-12 10:50:08',7),(969,325,'2011-12-11','06:30:00','16:30:00','Gore Hill Depot','Wahroonga',1,4,NULL,NULL,'\0',1,42840,'2011-12-12 10:50:08',7),(970,326,'2011-12-11','07:00:00','15:00:00','Kyeemagh','Potts Hill',1,4,NULL,NULL,'\0',1,41437,'2011-12-19 10:10:51',9),(971,327,'2011-12-10','06:30:00','14:30:00','Baulkham Hills','Gore Hill Depot',1,4,NULL,NULL,'\0',1,42840,'2011-12-12 10:47:04',7),(972,327,'2011-12-10','06:30:00','14:30:00','Gore Hill Depot','Baulkham Hills',1,4,NULL,NULL,'\0',1,42840,'2011-12-12 10:47:04',7),(973,327,'2011-12-11','06:30:00','14:30:00','Baulkham Hills','Gore Hill Depot',1,4,NULL,NULL,'\0',1,42840,'2011-12-12 10:47:04',7),(974,327,'2011-12-11','06:30:00','14:30:00','Gore Hill Depot','Baulkham Hills',1,4,NULL,NULL,'\0',1,42840,'2011-12-12 10:47:04',7),(975,328,'2011-12-10','06:30:00','14:30:00','Dee Why','Gore Hill Depot',1,4,NULL,NULL,'\0',1,42840,'2011-12-12 10:50:51',7),(976,328,'2011-12-10','06:30:00','14:30:00','Gore Hill Depot','Dee Why',1,4,NULL,NULL,'\0',1,42840,'2011-12-12 10:50:51',7),(977,328,'2011-12-11','06:30:00','14:30:00','Dee Why','Gore Hill Depot',1,4,NULL,NULL,'\0',1,42840,'2011-12-12 10:50:51',7),(978,328,'2011-12-11','06:30:00','14:30:00','Gore Hill Depot','Dee Why',1,4,NULL,NULL,'\0',1,42840,'2011-12-12 10:50:51',7),(979,329,'2011-12-11','07:00:00','15:00:00','Lakehaven','Dee Why Depot',1,4,NULL,NULL,'\0',1,36592,'2011-12-12 06:51:05',7),(980,329,'2011-12-11','07:00:00','15:00:00','Dee Why Depot','Lakehaven',1,4,NULL,NULL,'\0',1,36592,'2011-12-12 06:51:05',7),(981,330,'2011-12-10','07:00:00','16:00:00','wentworthville','Chatswood Depot',1,4,NULL,NULL,'\0',1,33514,'2011-12-12 11:33:45',7),(982,330,'2011-12-10','07:00:00','16:00:00','Chatswood Depot','wentworthville',1,4,NULL,NULL,'\0',1,33514,'2011-12-12 11:33:45',7),(983,331,'2011-12-10','06:30:00','14:30:00','Canton Beach','Gore Hill Depot',2,4,NULL,NULL,'\0',1,42840,'2011-12-12 07:09:27',7),(984,331,'2011-12-10','06:30:00','14:30:00','Gore Hill Depot','Canton Beach',2,4,NULL,NULL,'\0',1,42840,'2011-12-12 07:09:27',7),(985,332,'2011-12-11','06:30:00','14:30:00','Canton Beach','Gore Hill Depot',2,4,NULL,NULL,'\0',1,42840,'2011-12-12 07:09:27',7),(986,332,'2011-12-11','06:30:00','14:30:00','Gore Hill Depot','Canton Beach',2,4,NULL,NULL,'\0',1,42840,'2011-12-12 07:09:27',7),(987,333,'2011-12-10','07:00:00','16:00:00','Davidson','Chatswood Depot',2,4,NULL,NULL,'\0',1,33514,'2011-12-12 11:32:38',7),(988,333,'2011-12-10','07:00:00','16:00:00','Chatswood Depot','Davidson',2,4,NULL,NULL,'\0',1,33514,'2011-12-12 11:32:38',7),(989,334,'2011-12-10','07:00:00','16:00:00','Hornsby Heights','Chatswood Depot',1,4,NULL,NULL,'\0',1,33514,'2011-12-12 11:33:37',7),(990,334,'2011-12-10','07:00:00','16:00:00','Chatswood Depot','Hornsby Heights',1,4,NULL,NULL,'\0',1,33514,'2011-12-12 11:33:37',7),(991,335,'2011-12-10','07:00:00','16:00:00','Kellyville','Chatswood Depot',1,4,NULL,NULL,'\0',1,33514,'2011-12-15 13:26:45',8),(992,335,'2011-12-10','07:00:00','16:00:00','Chatswood Depot','Kellyville',1,4,NULL,NULL,'\0',1,33514,'2011-12-15 13:26:45',8),(993,336,'2011-12-10','07:00:00','16:00:00','Dee Why Beach','Chatswood Depot',2,4,NULL,NULL,'\0',1,43319,'2012-01-30 10:58:54',14),(994,336,'2011-12-10','07:00:00','16:00:00','Chatswood Depot','Dee Why Beach',2,4,NULL,NULL,'\0',1,43319,'2012-01-30 10:58:54',14),(995,337,'2011-12-10','07:00:00','16:00:00','Georges Hall','Chatswood Depot',1,4,NULL,NULL,'\0',1,33514,'2011-12-12 11:32:49',7),(996,337,'2011-12-10','07:00:00','16:00:00','Chatswood Depot','Georges Hall',1,4,NULL,NULL,'\0',1,33514,'2011-12-12 11:32:49',7),(997,338,'2011-12-10','06:30:00','14:30:00','Mount Colah','Gore Hill Depot',1,4,NULL,NULL,'\0',1,42840,'2011-12-12 07:09:36',7),(998,338,'2011-12-10','06:30:00','14:30:00','Cammeray','Mount Colah',1,4,NULL,NULL,'\0',1,42840,'2011-12-12 07:09:36',7),(999,338,'2011-12-11','06:30:00','14:30:00','Mount Colah','Gore Hill Depot',1,4,NULL,NULL,'\0',1,42840,'2011-12-12 07:09:36',7),(1000,338,'2011-12-11','06:30:00','14:30:00','Neutral Bay','Mount Colah',1,4,NULL,NULL,'\0',1,42840,'2011-12-12 07:09:36',7),(1001,339,'2011-12-07','18:00:00','03:00:00','burwood','Chatswood Depot',2,3,NULL,NULL,'\0',1,33514,'2011-12-12 11:33:27',7),(1002,339,'2011-12-08','18:00:00','03:00:00','Chatswood Depot','burwood',2,3,NULL,NULL,'\0',1,33514,'2011-12-12 11:33:27',7),(1003,339,'2011-12-10','07:00:00','16:00:00','Burwood','Chatswood Depot',2,4,NULL,NULL,'\0',1,33514,'2011-12-12 11:33:27',7),(1004,339,'2011-12-10','07:00:00','16:00:00','Chatswood Depot','Burwood',2,4,NULL,NULL,'\0',1,33514,'2011-12-12 11:33:27',7),(1005,340,'2011-12-10','07:00:00','16:00:00','Concord West','Chatswood Depot',1,4,NULL,NULL,'\0',1,33514,'2011-12-12 11:33:54',7),(1006,340,'2011-12-10','07:00:00','16:00:00','Chatswood Depot','Concord West',1,4,NULL,NULL,'\0',1,33514,'2011-12-12 11:33:54',7),(1007,341,'2011-12-10','07:00:00','15:00:00','Blaxland','Gore Hill Depot',1,4,NULL,NULL,'\0',1,34969,'2011-12-19 06:14:51',8),(1008,341,'2011-12-10','07:00:00','15:00:00','Gore Hill Depot','Blaxland',1,4,NULL,NULL,'\0',1,34969,'2011-12-19 06:14:51',8),(1009,342,'2011-12-10','07:00:00','16:00:00','Glossodia','Chatswood Depot',2,4,NULL,NULL,'\0',1,33514,'2011-12-12 11:33:11',7),(1010,342,'2011-12-10','07:00:00','16:00:00','Chatswood Depot','Glossodia',2,4,NULL,NULL,'\0',1,33514,'2011-12-12 11:33:11',7),(1011,342,'2011-12-11','05:30:00','21:30:00','Glossodia','Chatswood Depot',2,4,NULL,NULL,'\0',1,33514,'2011-12-12 11:33:11',7),(1012,342,'2011-12-11','05:30:00','21:30:00','Chatswood Depot','Glossodia',2,4,NULL,NULL,'\0',1,33514,'2011-12-12 11:33:11',7),(1013,343,'2011-12-11','07:00:00','15:30:00','Scone','Muswellbrook',2,4,NULL,NULL,'\0',1,47344,'2011-12-16 07:03:22',8),(1014,344,'2011-12-11','07:00:00','15:00:00','Frenchs Forest','Dee Why Depot',1,4,NULL,NULL,'\0',1,36592,'2011-12-12 07:23:04',7),(1015,345,'2011-12-10','06:30:00','14:30:00','Merrylands','Gore Hill Depot',1,4,NULL,NULL,'\0',1,42840,'2011-12-12 07:32:50',7),(1016,345,'2011-12-10','06:30:00','14:30:00','Gore Hill Depot','Merrylands',1,4,NULL,NULL,'\0',1,42840,'2011-12-12 07:32:50',7),(1017,346,'2011-12-10','16:00:00','03:00:00','Concord','Gore Hill Depot',2,4,NULL,NULL,'\0',1,34969,'2011-12-19 06:14:59',8),(1018,346,'2011-12-11','16:00:00','03:00:00','Gore Hill Depot','Concord',2,4,NULL,NULL,'\0',1,34969,'2011-12-19 06:14:59',8),(1019,347,'2011-12-11','07:00:00','15:00:00','Home Base','Dee Why Depot',1,4,NULL,NULL,'\0',1,36592,'2011-12-15 09:50:19',8),(1020,348,'2011-12-10','16:00:00','03:00:00','Mona Vale','Gore Hill Depot',2,4,NULL,NULL,'\0',1,34969,'2011-12-19 06:15:06',8),(1021,348,'2011-12-11','16:00:00','03:00:00','Gore Hill Depot','Mona Vale',2,4,NULL,NULL,'\0',1,34969,'2011-12-19 06:15:06',8),(1022,349,'2011-12-10','00:07:00','14:30:00','Cremorne','St Ives',1,4,NULL,NULL,'\0',1,39713,'2011-12-17 08:53:26',8),(1023,349,'2011-12-10','00:07:00','14:30:00','St Ives','Cremorne',1,4,NULL,NULL,'\0',1,39713,'2011-12-17 08:53:26',8),(1024,350,'2011-12-10','07:00:00','15:00:00','Boat Harbour','Wallsend Depot',1,4,NULL,NULL,'\0',1,45150,'2011-12-15 13:37:35',8),(1025,350,'2011-12-10','07:00:00','15:00:00','Wallsend Depot','Boat Harbour',1,4,NULL,NULL,'\0',1,45150,'2011-12-15 13:37:35',8),(1026,351,'2011-12-07','07:00:00','15:30:00','Macquarie Links','Milbrodale',1,1,NULL,NULL,'\0',1,41437,'2011-12-14 10:52:00',8),(1027,351,'2011-12-08','07:00:00','15:30:00','Milbrodale','Macquarie Links',1,1,NULL,NULL,'\0',1,41437,'2011-12-14 10:52:00',8),(1028,352,'2011-12-10','06:30:00','14:30:00','Ettalong Beach','Somersby',1,4,NULL,NULL,'\0',0,34992,'2011-12-14 07:31:54',NULL),(1029,353,'2011-12-10','06:30:00','14:30:00','Ettalong Beach','Somersby',1,4,NULL,NULL,'\0',1,34992,'2011-12-14 07:32:04',8),(1030,353,'2011-12-10','06:30:00','14:30:00','Somersby','Ettalong Beach',1,4,NULL,NULL,'\0',1,34992,'2011-12-14 07:32:04',8),(1031,354,'2011-12-10','06:30:00','14:30:00','Davistown','Somersby',1,4,NULL,NULL,'\0',1,41437,'2011-12-14 10:57:46',8),(1032,354,'2011-12-10','06:30:00','14:30:00','Somersby','Davistown',1,4,NULL,NULL,'\0',1,41437,'2011-12-14 10:57:46',8),(1033,355,'2011-12-10','07:00:00','15:00:00','Cardiff Heights','Wallsend Depot',1,4,NULL,NULL,'\0',1,45150,'2011-12-15 13:48:14',8),(1034,355,'2011-12-10','07:00:00','15:00:00','Wallsend Depot','Cardiff Heights',1,4,NULL,NULL,'\0',1,45150,'2011-12-15 13:48:14',8),(1035,356,'2011-12-10','07:00:00','15:00:00','Buttaba','Wallsend Depot',1,4,NULL,NULL,'\0',0,34992,'2011-12-14 07:45:20',NULL),(1036,357,'2011-11-26','06:00:00','10:00:00','ryde','Hornsby Depot',1,4,NULL,NULL,'\0',1,37805,'2011-12-12 08:22:10',7),(1037,357,'2011-11-26','06:00:00','10:00:00','Hornsby Depot','ryde',1,4,NULL,NULL,'\0',1,37805,'2011-12-12 08:22:10',7),(1038,358,'2011-12-10','06:00:00','16:00:00','ryde','Hornsby Depot',1,4,NULL,NULL,'\0',1,37805,'2011-12-12 08:22:26',7),(1039,358,'2011-12-10','06:00:00','16:00:00','Hornsby Depot','ryde',1,4,NULL,NULL,'\0',1,37805,'2011-12-12 08:22:26',7),(1040,359,'2011-12-10','06:30:00','15:30:00','Leonay','Eastwood',1,4,NULL,NULL,'\0',1,37827,'2011-12-12 10:37:48',7),(1041,360,'2011-11-24','07:00:00','15:30:00','Buttaba','Silverwater (auburn)',1,2,NULL,NULL,'\0',1,34992,'2011-12-14 07:43:52',8),(1042,361,'2011-12-11','07:00:00','15:00:00','Brookvale','Dee Why Depot',1,4,300,43.43,'',1,36592,'2011-12-15 09:50:11',8),(1043,362,'2011-12-10','16:00:00','03:00:00','Hornsby','Gore Hill Depot',1,4,NULL,NULL,'\0',0,34969,'2011-12-19 06:39:20',NULL),(1044,363,'2011-12-10','07:00:00','15:00:00','Fairfield','Chatswood Depot',1,4,NULL,NULL,'\0',1,39713,'2011-12-17 08:50:36',8),(1045,363,'2011-12-10','07:00:00','15:00:00','Frenchs Forest','Fairfield',1,4,NULL,NULL,'\0',1,39713,'2011-12-17 08:50:36',8),(1046,364,'2011-12-10','09:00:00','16:00:00','Home Base','Wallsend Administration',2,4,NULL,NULL,'\0',1,43098,'2011-12-16 06:49:24',8),(1047,365,'2011-12-07','20:40:00','05:00:00','Erina','Hornsby Depot',1,4,181,36.21,'',1,37805,'2011-12-19 07:22:37',8),(1048,365,'2011-12-08','20:40:00','05:00:00','Hornsby Depot','Erina',1,4,181,36.21,'',1,37805,'2011-12-19 07:22:37',8),(1049,366,'2011-12-10','06:00:00','16:00:00','Erina','Hornsby Depot',1,4,181,36.21,'',1,37805,'2011-12-19 07:22:37',8),(1050,366,'2011-12-10','06:00:00','16:00:00','Hornsby Depot','Erina',1,4,181,36.21,'',1,37805,'2011-12-19 07:22:37',8),(1051,367,'2011-12-10','06:00:00','16:00:00','Ingleside','Hornsby Depot',1,4,181,36.21,'',1,37805,'2011-12-19 07:21:23',8),(1052,367,'2011-12-10','06:00:00','16:00:00','Hornsby Depot','Ingleside',1,4,181,36.21,'',1,37805,'2011-12-19 07:21:23',8),(1053,368,'2011-12-11','07:00:00','13:00:00','Ingleside','Hornsby Depot',1,4,181,36.21,'',1,37805,'2011-12-19 07:21:23',8),(1054,368,'2011-12-11','07:00:00','13:00:00','Hornsby Depot','Ingleside',1,4,181,36.21,'',1,37805,'2011-12-19 07:21:23',8),(1055,369,'2011-12-10','06:30:00','15:00:00','Glenwood','Eastwood',1,4,NULL,NULL,'\0',1,42840,'2011-12-12 10:49:14',7),(1056,369,'2011-12-10','06:30:00','15:00:00','Eastwood','Glenwood',1,4,NULL,NULL,'\0',1,42840,'2011-12-12 10:49:14',7),(1057,369,'2011-12-11','07:00:00','08:30:00','Glenwood','St Ives',1,4,NULL,NULL,'\0',1,42840,'2011-12-12 10:49:14',7),(1058,369,'2011-12-11','07:00:00','08:30:00','St Ives','Glenwood',1,4,NULL,NULL,'\0',1,42840,'2011-12-12 10:49:14',7),(1059,370,'2011-12-10','06:30:00','15:00:00','Werrington','Hornsby Depot',2,4,NULL,NULL,'\0',1,42840,'2011-12-12 10:50:37',7),(1060,370,'2011-12-10','06:30:00','15:00:00','Hornsby Depot','Werrington',2,4,NULL,NULL,'\0',1,42840,'2011-12-12 10:50:37',7),(1061,370,'2011-12-11','07:00:00','15:00:00','Werrington','Eastwood',2,4,NULL,NULL,'\0',1,42840,'2011-12-12 10:50:37',7),(1062,370,'2011-12-11','07:00:00','15:00:00','Eastwood','Werrington',2,4,NULL,NULL,'\0',1,42840,'2011-12-12 10:50:37',7),(1063,371,'2011-12-10','06:30:00','15:00:00','Lake Munmorah','Eastwood',1,4,297,46.75,'',1,42840,'2011-12-12 10:48:28',7),(1064,371,'2011-12-10','06:30:00','15:00:00','Eastwood','Lake Munmorah',1,4,297,46.75,'',1,42840,'2011-12-12 10:48:28',7),(1065,371,'2011-12-11','07:00:00','15:00:00','Lake Munmorah','Eastwood',1,4,297,46.75,'',1,42840,'2011-12-12 10:48:28',7),(1066,371,'2011-12-11','07:00:00','15:00:00','Eastwood','Lake Munmorah',1,4,297,46.75,'',1,42840,'2011-12-12 10:48:28',7),(1067,372,'2011-12-10','06:30:00','15:00:00','Buff Point','Eastwood',1,4,NULL,NULL,'\0',1,42840,'2011-12-12 10:49:55',7),(1068,372,'2011-12-10','06:30:00','15:00:00','Eastwood','Buff Point',1,4,NULL,NULL,'\0',1,42840,'2011-12-12 10:49:55',7),(1069,373,'2011-11-30','07:00:00','15:30:00','Kurri Kurri','Wallsend Depot',2,1,NULL,NULL,'\0',1,47075,'2011-12-12 10:47:16',7),(1070,373,'2011-11-30','07:00:00','15:30:00','Wallsend Depot','Kurri Kurri',2,1,NULL,NULL,'\0',1,47075,'2011-12-12 10:47:16',7),(1071,374,'2011-12-10','08:50:00','16:20:00','Green Valley','Sydney Town Hall',2,4,NULL,NULL,'\0',1,49303,'2011-12-15 09:55:42',8),(1072,374,'2011-12-10','08:50:00','16:20:00','Sydney Town Hall','Green Valley',2,4,NULL,NULL,'\0',1,49303,'2011-12-15 09:55:42',8),(1073,375,'2011-12-10','06:30:00','15:00:00','Blue Haven','Eastwood',2,4,NULL,NULL,'\0',1,42840,'2011-12-12 10:47:14',7),(1074,375,'2011-12-10','06:30:00','15:00:00','Eastwood','Blue Haven',2,4,NULL,NULL,'\0',1,42840,'2011-12-12 10:47:14',7),(1075,375,'2011-12-11','07:00:00','15:00:00','Blue Haven','Eastwood',2,4,NULL,NULL,'\0',1,42840,'2011-12-12 10:47:14',7),(1076,375,'2011-12-11','07:00:00','15:00:00','Eastwood','Blue Haven',2,4,NULL,NULL,'\0',1,42840,'2011-12-12 10:47:14',7),(1077,376,'2011-12-07','07:00:00','15:30:00','Kurri Kurri','Wallsend Depot',2,1,NULL,NULL,'\0',1,47075,'2011-12-12 10:47:20',7),(1078,376,'2011-12-07','07:00:00','15:30:00','Wallsend Depot','Kurri Kurri',2,1,NULL,NULL,'\0',1,47075,'2011-12-12 10:47:20',7),(1079,377,'2011-12-10','09:30:00','13:30:00','Merewether Heights','Wallsend Depot',2,4,NULL,NULL,'\0',1,47075,'2011-12-12 10:47:08',7),(1080,377,'2011-12-10','09:30:00','13:30:00','Wallsend Depot','Merewether Heights',2,4,NULL,NULL,'\0',1,47075,'2011-12-12 10:47:08',7),(1081,378,'2011-12-06','20:00:00','04:00:00','Davistown','Castle Hill',1,4,NULL,NULL,'\0',1,42840,'2011-12-12 10:50:25',7),(1082,378,'2011-12-07','20:00:00','04:00:00','Castle Hill','Davistown',1,4,NULL,NULL,'\0',1,42840,'2011-12-12 10:50:25',7),(1083,379,'2011-12-10','16:00:00','03:00:00','Hornsby','Gore Hill Depot',1,4,NULL,NULL,'\0',1,34969,'2011-12-19 06:39:20',8),(1084,379,'2011-12-11','16:00:00','03:00:00','Gore Hill Depot','Hornsby',1,4,NULL,NULL,'\0',1,34969,'2011-12-19 06:39:20',8),(1085,380,'2011-11-18','06:30:00','14:30:00','Chester Hill','Head Office Building',3,4,NULL,NULL,'\0',NULL,NULL,NULL,NULL),(1086,380,'2011-11-18','06:30:00','14:30:00','Head Office Building','Chester Hill',3,4,NULL,NULL,'\0',NULL,NULL,NULL,NULL),(1087,380,'2011-11-19','14:30:00','22:30:00','Chester Hill','Head Office Building',3,4,NULL,NULL,'\0',NULL,NULL,NULL,NULL),(1088,380,'2011-11-19','14:30:00','22:30:00','Head Office Building','Chester Hill',4,4,NULL,NULL,'\0',NULL,NULL,NULL,NULL),(1089,381,'2011-12-10','07:00:00','16:00:00','Denman','Muswellbrook Office',2,4,NULL,NULL,'\0',1,47344,'2011-12-16 07:03:50',8),(1090,381,'2011-12-10','07:00:00','16:00:00','Muswellbrook Office','Denman',2,4,NULL,NULL,'\0',1,47344,'2011-12-16 07:03:50',8),(1091,382,'2011-10-27','14:30:00','22:30:00','Chester Hill','Head Office Building',3,4,NULL,NULL,'\0',NULL,NULL,NULL,NULL),(1092,382,'2011-10-27','14:30:00','22:30:00','Head Office Building','Chester Hill',4,4,NULL,NULL,'\0',NULL,NULL,NULL,NULL),(1093,383,'2011-12-11','07:00:00','14:00:00','DENMAN','Muswellbrook Office',2,4,NULL,NULL,'\0',1,47344,'2011-12-16 07:03:50',8),(1094,383,'2011-12-11','07:00:00','14:00:00','Muswellbrook Office','DENMAN',2,4,NULL,NULL,'\0',1,47344,'2011-12-16 07:03:50',8),(1095,384,'2011-12-10','06:30:00','15:00:00','Warnervale','Eastwood',1,4,NULL,NULL,'\0',1,42840,'2011-12-12 10:56:53',7),(1096,384,'2011-12-10','06:30:00','15:00:00','Eastwood','Warnervale',1,4,NULL,NULL,'\0',1,42840,'2011-12-12 10:56:53',7),(1097,384,'2011-12-11','07:00:00','15:00:00','Warnervale','Eastwood',1,4,NULL,NULL,'\0',1,42840,'2011-12-12 10:56:53',7),(1098,384,'2011-12-11','07:00:00','15:00:00','Eastwood','Warnervale',1,4,NULL,NULL,'\0',1,42840,'2011-12-12 10:56:53',7),(1099,385,'2011-12-03','07:00:00','15:30:00','Leonay','Eastwood',1,4,272,44.26,'',1,37827,'2011-12-12 11:22:09',7),(1100,385,'2011-12-03','07:00:00','15:30:00','Eastwood','Leonay',1,4,272,44.26,'',1,37827,'2011-12-12 11:22:09',7),(1101,386,'2011-12-04','06:30:00','17:30:00','Leonay','Berowra',1,4,272,44.26,'',1,37827,'2011-12-12 11:22:09',7),(1102,386,'2011-12-04','06:30:00','17:30:00','Berowra','Leonay',1,4,272,44.26,'',1,37827,'2011-12-12 11:22:09',7),(1103,387,'2011-12-10','06:30:00','15:30:00','Woodpark','Meadowbank',2,4,NULL,NULL,'\0',1,37827,'2011-12-22 09:48:38',10),(1104,387,'2011-12-10','06:30:00','15:30:00','Meadowbank','Woodpark',2,4,NULL,NULL,'\0',1,37827,'2011-12-22 09:48:38',10),(1105,388,'2011-12-10','06:00:00','15:30:00','Birrong','Meadowbank',2,4,NULL,NULL,'\0',1,37827,'2011-12-15 09:44:14',8),(1106,388,'2011-12-10','06:00:00','15:30:00','Meadowbank','Birrong',2,4,NULL,NULL,'\0',1,37827,'2011-12-15 09:44:14',8),(1107,389,'2011-12-10','06:00:00','15:30:00','Kellyville','Hornsby Depot',2,4,NULL,NULL,'\0',1,37827,'2011-12-15 09:46:08',8),(1108,389,'2011-12-10','06:00:00','15:30:00','Hornsby Depot','Kellyville',2,4,NULL,NULL,'\0',1,37827,'2011-12-15 09:46:08',8),(1109,390,'2011-12-10','07:00:00','15:00:00','Davistown','Wallsend Depot',1,4,NULL,NULL,'\0',1,45150,'2011-12-15 13:48:21',8),(1110,390,'2011-12-10','07:00:00','15:00:00','Wallsend Depot','Davistown',1,4,NULL,NULL,'\0',1,45150,'2011-12-15 13:48:21',8),(1111,391,'2011-12-07','09:00:00','17:30:00','Dundas','Sydney Cbd',3,1,40,24.86,'',1,48521,'2011-12-15 10:16:10',8),(1112,391,'2011-12-07','09:00:00','17:30:00','Sydney Cbd','Dundas',3,1,40,24.86,'',1,48521,'2011-12-15 10:16:10',8),(1113,392,'2011-07-02','22:30:00','06:30:00','Chester Hill','Head Office Building',2,4,422,NULL,'',NULL,NULL,NULL,NULL),(1114,392,'2011-07-03','22:30:00','06:30:00','Head Office Building','Chester Hill',2,4,422,NULL,'',NULL,NULL,NULL,NULL),(1115,393,'2011-07-31','06:30:00','14:30:00','Chester Hill','Head Office Building',2,4,384,NULL,'',NULL,47187,'2012-04-15 22:38:52',NULL),(1116,393,'2011-07-31','06:30:00','14:30:00','Head Office Building','Chester Hill',2,4,393,NULL,'',NULL,47187,'2012-04-15 22:38:57',NULL),(1117,394,'2011-12-11','07:00:00','15:30:00','Point Clare','Chatswood Depot',1,4,NULL,NULL,'\0',1,39713,'2011-12-17 08:43:04',8),(1118,394,'2011-12-11','07:00:00','15:30:00','Chatswood Depot','Point Clare',1,4,NULL,NULL,'\0',1,39713,'2011-12-17 08:43:04',8),(1119,395,'2011-12-10','00:07:00','00:16:00','Woodcroft','Zetland',1,4,NULL,NULL,'\0',1,42357,'2011-12-17 09:41:42',8),(1120,395,'2011-12-11','00:07:00','00:16:00','Woodcroft','Zetland',1,4,NULL,NULL,'\0',1,42357,'2011-12-17 09:41:42',8),(1121,396,'2011-12-11','00:07:00','00:16:00','Rossmore','Zetland',1,4,NULL,NULL,'\0',1,42357,'2011-12-17 09:41:32',8),(1122,397,'2011-12-11','07:00:00','16:00:00','Bidwill','Zetland',1,4,NULL,NULL,'\0',1,42357,'2011-12-17 09:41:54',8),(1123,398,'2011-12-10','06:00:00','15:00:00','Adamstown Heights','Wallsend Depot',2,4,NULL,NULL,'\0',1,48253,'2012-01-03 10:11:23',11),(1124,398,'2011-12-10','06:00:00','15:00:00','Wallsend Depot','Adamstown Heights',2,4,NULL,NULL,'\0',1,48253,'2012-01-03 10:11:23',11),(1125,399,'2011-12-10','06:30:00','14:30:00','Raby','Dee Why Depot',1,4,NULL,NULL,'\0',1,35508,'2011-12-22 11:09:15',10),(1126,400,'2011-11-24','07:00:00','15:30:00','Hamilton South','Silverwater (auburn)',2,1,NULL,NULL,'\0',1,46447,'2011-12-15 12:42:32',8),(1127,400,'2011-11-24','07:00:00','15:30:00','Silverwater (auburn)','Hamilton South',2,1,NULL,NULL,'\0',1,46447,'2011-12-15 12:42:32',8),(1128,401,'2011-12-10','06:00:00','14:00:00','Ermington','Hornsby Depot',2,4,NULL,NULL,'\0',1,38242,'2011-12-19 07:31:15',8),(1129,401,'2011-12-10','06:00:00','14:00:00','Hornsby Depot','Ermington',2,4,NULL,NULL,'\0',1,38242,'2011-12-19 07:31:15',8),(1130,402,'2011-12-10','00:07:00','00:16:00','Dee Why','Zetland',1,4,NULL,NULL,'\0',1,42357,'2011-12-17 09:41:18',8),(1131,403,'2011-12-11','00:07:00','00:16:00','Dee Why','Zetland',1,4,NULL,NULL,'\0',1,42357,'2011-12-17 09:41:18',8),(1132,404,'2011-12-12','07:00:00','15:30:00','Brookvale','Silverwater (auburn)',1,1,294,43.29,'',1,43319,'2012-01-30 11:06:24',14),(1133,405,'2011-12-13','07:00:00','15:30:00','Brookvale','Silverwater (auburn)',1,1,294,43.29,'',1,43319,'2012-01-30 11:06:24',14),(1134,406,'2011-11-26','06:00:00','14:00:00','Home Base','Zetland',1,4,NULL,NULL,'\0',1,35508,'2011-12-22 11:06:59',10),(1135,406,'2011-11-26','06:00:00','14:00:00','Zetland','Home Base',1,4,NULL,NULL,'\0',1,35508,'2011-12-22 11:06:59',10),(1136,407,'2011-12-03','06:00:00','14:00:00','Home Base','Tuggerah',1,4,NULL,NULL,'\0',1,35508,'2011-12-22 11:07:08',10),(1137,407,'2011-12-03','06:00:00','14:00:00','Zetland','Home Base',1,4,NULL,NULL,'\0',1,35508,'2011-12-22 11:07:08',10),(1138,408,'2011-12-10','06:00:00','14:00:00','Home Base','Zetland',1,4,NULL,NULL,'\0',1,35508,'2011-12-22 11:07:20',10),(1139,408,'2011-12-10','06:00:00','14:00:00','Silverwater Oil Terminal','Home Base',1,4,NULL,NULL,'\0',1,35508,'2011-12-22 11:07:20',10),(1140,409,'2011-12-10','06:00:00','14:00:00','Gymea Bay','Zetland',1,4,NULL,NULL,'\0',1,35508,'2011-12-22 11:08:56',10),(1141,410,'2011-12-05','00:08:00','00:03:00','Glenwood','Sydney Cbd',3,1,NULL,NULL,'\0',1,48334,'2011-12-15 12:34:00',8),(1142,410,'2011-12-06','00:08:00','00:03:00','Glenwood','Sydney Cbd',3,1,NULL,NULL,'\0',1,48334,'2011-12-15 12:34:00',8),(1143,411,'2011-12-12','00:08:00','00:03:00','Glenwood','Sydney Cbd',3,1,NULL,NULL,'\0',1,48334,'2011-12-15 12:34:44',8),(1144,411,'2011-12-13','00:08:00','00:03:00','Glenwood','Sydney Cbd',3,1,NULL,NULL,'\0',1,48334,'2011-12-15 12:34:44',8),(1145,412,'2011-12-11','07:30:00','08:30:00','Seven Hills','St Ives',1,4,NULL,NULL,'\0',1,42840,'2011-12-13 14:21:27',8),(1146,412,'2011-12-11','07:30:00','08:30:00','St Ives','Seven Hills',1,4,NULL,NULL,'\0',1,42840,'2011-12-13 14:21:27',8),(1147,413,'2011-12-05','00:07:00','00:04:00','Northmead','Sydney Cbd',3,1,NULL,NULL,'\0',1,51532,'2011-12-15 09:59:19',8),(1148,413,'2011-12-06','00:07:00','00:04:00','Sydney Cbd','Northmead',3,1,NULL,NULL,'\0',1,51532,'2011-12-15 09:59:19',8),(1149,413,'2011-12-06','00:07:00','00:04:00','Northmead','Sydney Cbd',3,1,NULL,NULL,'\0',1,51532,'2011-12-15 09:59:19',8),(1150,413,'2011-12-07','00:07:00','00:04:00','Sydney Cbd','Northmead',3,1,NULL,NULL,'\0',1,51532,'2011-12-15 09:59:19',8),(1151,414,'2011-12-10','06:00:00','14:00:00','Waratah','Wallsend Depot',2,4,NULL,NULL,'\0',1,48253,'2011-12-28 12:00:49',10),(1152,415,'2011-12-10','06:30:00','12:00:00','Narraweena','Turramurra Zn 1673',1,4,358,56.18,'',1,39713,'2011-12-17 09:05:06',8),(1153,415,'2011-12-10','06:30:00','12:00:00','Turramurra Zn 1673','Narraweena',1,4,358,56.18,'',1,39713,'2011-12-17 09:05:06',8),(1154,416,'2011-12-10','06:30:00','15:00:00','Stanhope Gardens','Chatswood Depot',1,4,NULL,NULL,'\0',1,39713,'2011-12-17 08:48:49',8),(1155,416,'2011-12-10','06:30:00','15:00:00','Chatswood Depot','Stanhope Gardens',1,4,NULL,NULL,'\0',1,39713,'2011-12-17 08:48:49',8),(1156,417,'2011-12-11','07:00:00','15:00:00','Dundas Valley','Dee Why Depot',1,4,NULL,NULL,'\0',1,36592,'2011-12-15 09:51:01',8),(1157,418,'2011-12-10','06:00:00','14:00:00','Wallsend','Telarah',2,4,NULL,NULL,'\0',1,45898,'2011-12-16 07:25:01',8),(1158,419,'2011-12-10','07:00:00','15:00:00','Buttaba','Wallsend Depot',1,4,NULL,NULL,'\0',1,34992,'2011-12-14 08:33:19',8),(1159,419,'2011-12-10','07:00:00','15:00:00','Wallsend Depot','Buttaba',1,4,NULL,NULL,'\0',1,34992,'2011-12-14 08:33:19',8),(1160,420,'2011-12-13','07:00:00','15:30:00','Buttaba','Silverwater (auburn)',1,2,NULL,NULL,'\0',1,34992,'2012-01-18 09:10:45',13),(1161,420,'2011-12-13','07:00:00','15:30:00','Silverwater (auburn)','Buttaba',1,2,NULL,NULL,'\0',1,34992,'2012-01-18 09:10:45',13),(1162,421,'2011-12-10','07:00:00','15:30:00','Ermington','Eastwood',1,4,NULL,NULL,'\0',1,37827,'2011-12-15 09:44:31',8),(1163,421,'2011-12-10','07:00:00','15:30:00','Eastwood','Ermington',1,4,NULL,NULL,'\0',1,37827,'2011-12-15 09:44:31',8),(1164,422,'2011-12-11','07:00:00','15:00:00','Bilgola','Dee Why Depot',1,4,NULL,NULL,'\0',1,36592,'2011-12-15 09:52:35',8),(1165,423,'2011-12-11','07:00:00','15:00:00','Narrabeen','Dee Why',1,4,NULL,NULL,'\0',1,36592,'2011-12-15 09:54:02',8),(1166,424,'2011-12-10','00:07:00','15:00:00','Carlingford','Gore Hill',2,4,NULL,NULL,'\0',1,34969,'2011-12-19 06:40:06',8),(1167,424,'2011-12-10','00:07:00','15:00:00','Gore Hill','Carlingford',2,4,NULL,NULL,'\0',1,34969,'2011-12-19 06:40:06',8),(1168,425,'2011-12-10','07:00:00','15:00:00','St Ives','Chatswood Depot',1,4,NULL,NULL,'\0',1,39713,'2011-12-17 08:57:30',8),(1169,425,'2011-12-10','07:00:00','15:00:00','Chatswood Depot','St Ives',1,4,NULL,NULL,'\0',1,39713,'2011-12-17 08:57:30',8),(1170,426,'2011-12-10','06:30:00','15:00:00','Toukley','Chatswood Depot',1,4,NULL,NULL,'\0',1,39713,'2011-12-17 08:51:54',8),(1171,426,'2011-12-10','06:30:00','15:00:00','Chatswood Depot','Toukley',1,4,NULL,NULL,'\0',1,39713,'2011-12-17 08:51:54',8),(1172,427,'2011-12-11','06:30:00','17:30:00','Arcadia','Chatswood Depot',2,4,NULL,NULL,'\0',1,39713,'2011-12-17 09:08:56',8),(1173,427,'2011-12-11','06:30:00','17:30:00','Chatswood Depot','Arcadia',2,4,NULL,NULL,'\0',1,39713,'2011-12-17 09:08:56',8),(1174,428,'2011-12-10','07:00:00','15:00:00','Normanhurst','Belrose Zn 15005',1,4,316,50.39,'',1,39713,'2011-12-17 08:57:59',8),(1175,428,'2011-12-10','07:00:00','15:00:00','Belrose Zn 15005','Normanhurst',1,4,316,50.39,'',1,39713,'2011-12-17 08:57:59',8),(1176,429,'2011-12-11','07:00:00','13:00:00','Erina','Hornsby Depot',1,4,NULL,NULL,'\0',1,37805,'2011-12-19 07:21:44',8),(1177,430,'2011-12-11','07:00:00','15:00:00','Elizabeth Bay (sydney)','Dee Why Depot',1,4,NULL,NULL,'\0',1,36592,'2011-12-15 09:52:56',8),(1178,430,'2011-12-11','07:00:00','15:00:00','Elizabeth Bay (sydney)','Dee Why Depot',1,4,NULL,NULL,'\0',1,36592,'2011-12-15 09:52:56',8),(1179,431,'2011-12-10','16:00:00','03:00:00','Narrabeen','Gore Hill Depot',2,4,NULL,NULL,'\0',1,34969,'2011-12-19 06:39:51',8),(1180,432,'2011-12-10','16:00:00','03:00:00','Narrabeen','Gore Hill Depot',2,4,NULL,NULL,'\0',0,34969,'2011-12-19 06:39:51',NULL),(1181,433,'2011-12-11','16:00:00','03:00:00','Gore Hill Depot','Narrabeen',2,4,NULL,NULL,'\0',1,34969,'2011-12-19 06:39:51',8),(1182,434,'2011-12-10','07:00:00','16:00:00','Telopea','Chatswood Depot',1,4,NULL,NULL,'\0',1,33514,'2011-12-15 10:00:48',8),(1183,434,'2011-12-10','07:00:00','16:00:00','Chatswood Depot','Telopea',1,4,NULL,NULL,'\0',1,33514,'2011-12-15 10:00:48',8),(1184,435,'2011-12-03','07:00:00','16:00:00','Telopea','Chatswood Depot',1,4,NULL,NULL,'\0',1,33514,'2011-12-15 09:59:44',8),(1185,435,'2011-12-03','07:00:00','16:00:00','Chatswood Depot','Telopea',1,4,NULL,NULL,'\0',1,33514,'2011-12-15 09:59:44',8),(1186,436,'2011-12-10','06:30:00','14:30:00','East Gosford','Turramurra Zn 1673',1,4,316,50.39,'',1,39713,'2011-12-17 09:06:12',8),(1187,436,'2011-12-10','06:30:00','14:30:00','Turramurra Zn 1673','East Gosford',1,4,316,50.39,'',1,39713,'2011-12-17 09:06:12',8),(1188,437,'2011-12-11','06:30:00','17:30:00','Ryde','Chatswood Depot',1,4,NULL,NULL,'\0',0,44804,'2011-12-28 06:49:24',NULL),(1189,437,'2011-12-11','06:30:00','17:30:00','Chatswood Depot','Ryde',1,4,NULL,NULL,'\0',0,44804,'2011-12-28 06:49:24',NULL),(1190,438,'2011-12-11','07:00:00','15:00:00','Hornsby','Dee Why Depot',2,4,NULL,NULL,'\0',1,36592,'2011-12-15 09:53:23',8),(1191,438,'2011-12-11','07:00:00','15:00:00','Dee Why Depot','Hornsby',2,4,NULL,NULL,'\0',1,36592,'2011-12-15 09:53:23',8),(1192,439,'2011-12-11','07:00:00','15:00:00','Frenchs Forest','Dee Why Depot',2,4,NULL,NULL,'\0',1,36592,'2011-12-15 09:52:47',8),(1193,439,'2011-12-11','07:00:00','15:00:00','Dee Why Depot','Frenchs Forest',2,4,NULL,NULL,'\0',1,36592,'2011-12-15 09:52:47',8),(1194,440,'2011-12-10','06:30:00','14:00:00','Castle Hill','Mosman Zn 180',1,4,NULL,NULL,'\0',1,39713,'2011-12-17 08:55:20',8),(1195,440,'2011-12-10','06:30:00','14:00:00','Mosman Zn 180','Castle Hill',1,4,NULL,NULL,'\0',1,39713,'2011-12-17 08:55:20',8),(1196,441,'2011-12-10','07:00:00','15:00:00','Newport Beach','Belrose Zn 15005',2,4,NULL,NULL,'\0',1,39713,'2011-12-17 08:58:12',8),(1197,441,'2011-12-10','07:00:00','15:00:00','Belrose Zn 15005','Newport Beach',2,4,NULL,NULL,'\0',1,39713,'2011-12-17 08:58:12',8),(1198,442,'2011-12-10','07:30:00','15:30:00','Bateau Bay','Hornsby Depot',1,4,NULL,NULL,'\0',1,47573,'2011-12-14 09:10:57',8),(1199,442,'2011-12-10','07:30:00','15:30:00','Hornsby Depot','Bateau Bay',1,4,NULL,NULL,'\0',1,47573,'2011-12-14 09:10:57',8),(1200,443,'2011-12-10','07:00:00','16:00:00','Macquarie Park','Chatswood Depot',1,4,NULL,NULL,'\0',1,33514,'2011-12-15 10:00:10',8),(1201,443,'2011-12-10','07:00:00','16:00:00','Chatswood Depot','Macquarie Park',1,4,NULL,NULL,'\0',1,33514,'2011-12-15 10:00:10',8),(1202,444,'2011-12-10','07:00:00','16:00:00','Five Dock','Chatswood Depot',2,4,NULL,NULL,'\0',1,33514,'2011-12-20 08:25:47',9),(1203,445,'2011-12-03','07:00:00','16:00:00','Five Dock','Chatswood Depot',2,4,NULL,NULL,'\0',1,33514,'2011-12-20 08:25:15',9),(1204,446,'2011-12-10','06:30:00','14:30:00','Berala','Chatswood Depot',2,4,NULL,NULL,'\0',1,39713,'2011-12-17 08:56:25',8),(1205,446,'2011-12-10','06:30:00','14:30:00','Chatswood Depot','Berala',2,4,NULL,NULL,'\0',1,39713,'2011-12-17 08:56:25',8),(1206,447,'2011-12-10','07:00:00','15:00:00','Quakers Hill','Mosman Zn 180',1,4,NULL,NULL,'\0',1,39713,'2011-12-17 08:51:32',8),(1207,447,'2011-12-10','07:00:00','15:00:00','Mosman Zn 180','Quakers Hill',1,4,NULL,NULL,'\0',1,39713,'2011-12-17 08:51:32',8),(1208,448,'2011-12-11','07:00:00','15:00:00','North Manly','Dee Why Depot',2,4,NULL,NULL,'\0',1,36592,'2011-12-15 09:50:03',8),(1209,448,'2011-12-11','07:00:00','15:00:00','Dee Why Depot','North Manly',2,4,NULL,NULL,'\0',1,36592,'2011-12-15 09:50:03',8),(1210,449,'2011-12-10','06:30:00','14:30:00','Glenhaven','Willoughby Bsp',1,4,316,50.39,'',1,39713,'2011-12-17 09:00:39',8),(1211,449,'2011-12-10','06:30:00','14:30:00','Willoughby Bsp','Glenhaven',1,4,316,50.39,'',1,39713,'2011-12-17 09:00:39',8),(1212,450,'2011-12-10','06:30:00','14:30:00','Blackheath','Chatswood Depot',2,4,NULL,NULL,'\0',1,39713,'2011-12-17 08:52:23',8),(1213,450,'2011-12-10','06:30:00','14:30:00','Chatswood Depot','Blackheath',2,4,NULL,NULL,'\0',1,39713,'2011-12-17 08:52:23',8),(1214,451,'2011-12-11','07:00:00','15:30:00','Leumeah','North Sydney',1,4,NULL,NULL,'\0',1,39713,'2011-12-17 08:41:06',8),(1215,451,'2011-12-11','07:00:00','15:30:00','North Sydney','Leumeah',1,4,NULL,NULL,'\0',1,39713,'2011-12-17 08:41:06',8),(1216,452,'2011-12-10','06:30:00','14:30:00','Calga','Mosman Zn 180',1,4,NULL,NULL,'\0',1,39713,'2011-12-17 08:53:04',8),(1217,452,'2011-12-10','06:30:00','14:30:00','Mosman Zn 180','Calga',1,4,NULL,NULL,'\0',1,39713,'2011-12-17 08:53:04',8),(1218,453,'2011-12-10','07:00:00','14:00:00','Silverdale','Berowra Heights',1,4,NULL,NULL,'\0',1,39713,'2011-12-17 08:55:49',8),(1219,453,'2011-12-10','07:00:00','14:00:00','Berowra Heights','Silverdale',1,4,NULL,NULL,'\0',1,39713,'2011-12-17 08:55:49',8),(1220,454,'2011-12-10','06:30:00','14:30:00','Killarney Vale','Willoughby Bsp',1,4,NULL,NULL,'\0',1,39713,'2011-12-17 09:03:42',8),(1221,454,'2011-12-10','06:30:00','14:30:00','Willoughby Bsp','Killarney Vale',1,4,NULL,NULL,'\0',1,39713,'2011-12-17 09:03:42',8),(1222,455,'2011-12-10','07:30:00','15:30:00','kanwal','Hornsby Depot',1,4,NULL,NULL,'\0',1,47573,'2011-12-14 09:11:20',8),(1223,455,'2011-12-10','07:30:00','15:30:00','Hornsby Depot','kanwal',1,4,NULL,NULL,'\0',1,47573,'2011-12-14 09:11:20',8),(1224,456,'2011-10-15','06:00:00','16:00:00','Georges Hall','Chatswood Depot',2,4,NULL,NULL,'\0',1,33514,'2012-01-04 07:52:07',11),(1225,457,'2011-10-22','07:00:00','16:00:00','Georges Hall','Chatswood Depot',2,4,NULL,NULL,'\0',1,33514,'2012-01-04 07:52:12',11),(1226,458,'2011-10-29','06:00:00','19:00:00','Georges Hall','Chatswood Depot',2,4,NULL,NULL,'\0',1,33514,'2012-01-04 07:51:58',11),(1227,459,'2011-10-30','06:00:00','23:00:00','Georges Hall','Chatswood Depot',2,4,NULL,NULL,'\0',1,33514,'2012-01-04 07:51:58',11),(1228,460,'2011-11-05','07:00:00','16:00:00','Georges Hall','Chatswood Depot',2,4,NULL,NULL,'\0',1,33514,'2012-01-04 07:52:29',11),(1229,461,'2011-11-12','07:00:00','16:00:00','Georges Hall','Chatswood Depot',2,4,NULL,NULL,'\0',1,33514,'2012-01-04 07:52:52',11),(1230,462,'2011-11-13','07:00:00','18:30:00','Georges Hall','Chatswood Depot',2,4,NULL,NULL,'\0',1,33514,'2012-01-04 07:52:52',11),(1231,463,'2011-12-10','06:30:00','14:30:00','Mona Vale','Mosman Zn 180',1,4,NULL,NULL,'\0',1,39713,'2011-12-17 08:46:20',8),(1232,463,'2011-12-10','06:30:00','14:30:00','Mosman Zn 180','Mona Vale',1,4,NULL,NULL,'\0',1,39713,'2011-12-17 08:46:20',8),(1233,464,'2011-12-10','07:00:00','15:00:00','North Epping','Chatswood Depot',1,4,NULL,NULL,'\0',1,39713,'2011-12-17 08:50:07',8),(1234,464,'2011-12-10','07:00:00','15:00:00','Chatswood Depot','North Epping',1,4,NULL,NULL,'\0',1,39713,'2011-12-17 08:50:07',8),(1235,465,'2011-12-11','07:00:00','16:30:00','South Windsor','Chatswood Depot',1,4,NULL,NULL,'\0',1,39713,'2011-12-17 08:45:12',8),(1236,465,'2011-12-11','07:00:00','16:30:00','Lane Cove West','South Windsor',1,4,NULL,NULL,'\0',1,39713,'2011-12-17 08:45:12',8),(1237,466,'2011-12-11','07:00:00','15:00:00','Malabar','Dee Why Depot',2,4,NULL,NULL,'\0',1,36592,'2011-12-15 09:51:28',8),(1238,466,'2011-12-11','07:00:00','15:00:00','Dee Why Depot','Malabar',2,4,NULL,NULL,'\0',1,36592,'2011-12-15 09:51:28',8),(1239,467,'2011-12-03','06:30:00','14:30:00','Malabar','Dee Why Depot',2,4,NULL,NULL,'\0',1,36592,'2011-12-15 09:46:28',8),(1240,467,'2011-12-03','06:30:00','14:30:00','Dee Why Depot','Malabar',2,4,NULL,NULL,'\0',1,36592,'2011-12-15 09:46:48',8),(1241,468,'2011-12-11','07:00:00','15:30:00','Terrigal','Lane Cove West',1,4,NULL,NULL,'\0',1,39713,'2011-12-17 08:42:27',8),(1242,468,'2011-12-11','07:00:00','15:30:00','Lane Cove West','Terrigal',1,4,NULL,NULL,'\0',1,39713,'2011-12-17 08:42:27',8),(1243,469,'2011-12-10','07:00:00','16:00:00','Avoca (central Coast)','Chatswood Depot',2,4,NULL,NULL,'\0',1,33514,'2011-12-15 10:00:23',8),(1244,469,'2011-12-10','07:00:00','16:00:00','Chatswood Depot','Avoca (central Coast)',2,4,NULL,NULL,'\0',1,33514,'2011-12-15 10:00:23',8),(1245,470,'2011-12-10','07:00:00','16:00:00','Killarney Vale','Chatswood Depot',2,4,NULL,NULL,'\0',1,33514,'2011-12-15 10:00:39',8),(1246,470,'2011-12-10','07:00:00','16:00:00','Chatswood Depot','Killarney Vale',2,4,NULL,NULL,'\0',1,33514,'2011-12-15 10:00:39',8),(1247,471,'2011-11-28','07:00:00','15:30:00','Home-town','Harbord Zn 15008',2,1,NULL,NULL,'\0',0,39713,'2011-12-17 08:59:19',NULL),(1248,471,'2011-11-28','07:00:00','15:30:00','Harbord Zn 15008','Home-town',2,1,NULL,NULL,'\0',0,39713,'2011-12-17 08:59:19',NULL),(1249,471,'2011-11-29','07:00:00','15:30:00','Home-town','Harbord Zn 15008',2,1,NULL,NULL,'\0',0,39713,'2011-12-17 08:59:19',NULL),(1250,471,'2011-11-29','07:00:00','15:30:00','Harbord Zn 15008','Home-town',2,1,NULL,NULL,'\0',0,39713,'2011-12-17 08:59:19',NULL),(1251,471,'2011-11-30','07:00:00','15:30:00','Home-town','Harbord Zn 15008',2,1,NULL,NULL,'\0',0,39713,'2011-12-17 08:59:19',NULL),(1252,471,'2011-11-30','07:00:00','15:30:00','Harbord Zn 15008','Home-town',2,1,NULL,NULL,'\0',0,39713,'2011-12-17 08:59:19',NULL),(1253,471,'2011-12-01','07:00:00','15:30:00','Home-town','Harbord Zn 15008',2,1,NULL,NULL,'\0',0,39713,'2011-12-17 08:59:19',NULL),(1254,471,'2011-12-01','07:00:00','15:30:00','Harbord Zn 15008','Home-town',2,1,NULL,NULL,'\0',0,39713,'2011-12-17 08:59:19',NULL),(1255,471,'2011-12-02','07:00:00','15:30:00','Home-town','Harbord Zn 15008',2,1,NULL,NULL,'\0',0,39713,'2011-12-17 08:59:19',NULL),(1256,471,'2011-12-02','07:00:00','15:30:00','Harbord Zn 15008','Home-town',2,1,NULL,NULL,'\0',0,39713,'2011-12-17 08:59:19',NULL),(1257,472,'2011-12-05','07:00:00','15:30:00','Home-town','Belrose Zn 15005',2,1,NULL,NULL,'\0',0,39713,'2011-12-17 08:58:59',NULL),(1258,472,'2011-12-05','07:00:00','15:30:00','Belrose Zn 15005','Home-town',2,1,NULL,NULL,'\0',0,39713,'2011-12-17 08:58:59',NULL),(1259,472,'2011-12-06','07:00:00','15:30:00','Home-town','Belrose Zn 15005',2,1,NULL,NULL,'\0',0,39713,'2011-12-17 08:58:59',NULL),(1260,472,'2011-12-06','07:00:00','15:30:00','Belrose Zn 15005','Home-town',2,1,NULL,NULL,'\0',0,39713,'2011-12-17 08:58:59',NULL),(1261,472,'2011-12-07','07:00:00','15:30:00','Home-town','North Balgowlah',2,1,NULL,NULL,'\0',0,39713,'2011-12-17 08:58:59',NULL),(1262,472,'2011-12-07','07:00:00','15:30:00','North Balgowlah','Home-town',2,1,NULL,NULL,'\0',0,39713,'2011-12-17 08:58:59',NULL),(1263,472,'2011-12-10','07:00:00','15:00:00','Home-town','Belrose Zn 15005',2,4,NULL,NULL,'\0',1,39713,'2011-12-17 08:58:59',8),(1264,472,'2011-12-10','07:00:00','15:00:00','Belrose Zn 15005','Home-town',2,4,NULL,NULL,'\0',1,39713,'2011-12-17 08:58:59',8),(1265,473,'2011-12-05','07:00:00','15:30:00','Mount Colah','Hunters Hill Zn 129',2,1,NULL,NULL,'\0',0,39713,'2011-12-17 09:09:40',NULL),(1266,473,'2011-12-05','07:00:00','15:30:00','Hunters Hill Zn 129','Mount Colah',2,1,NULL,NULL,'\0',0,39713,'2011-12-17 09:09:40',NULL),(1267,473,'2011-12-06','07:00:00','15:30:00','Mount Colah','Hunters Hill Zn 129',2,1,NULL,NULL,'\0',0,39713,'2011-12-17 09:09:40',NULL),(1268,473,'2011-12-06','07:00:00','15:30:00','Hunters Hill Zn 129','Mount Colah',2,1,NULL,NULL,'\0',0,39713,'2011-12-17 09:09:40',NULL),(1269,473,'2011-12-07','07:00:00','15:30:00','Mount Colah','Hunters Hill Zn 129',2,1,NULL,NULL,'\0',0,39713,'2011-12-17 09:09:40',NULL),(1270,473,'2011-12-07','07:00:00','15:30:00','Hunters Hill Zn 129','Mount Colah',2,1,NULL,NULL,'\0',0,39713,'2011-12-17 09:09:40',NULL),(1271,473,'2011-12-08','07:00:00','15:30:00','Mount Colah','Regents Park',2,1,NULL,NULL,'\0',1,39713,'2011-12-17 09:09:40',8),(1272,473,'2011-12-08','07:00:00','15:30:00','Regents Park','Mount Colah',2,1,NULL,NULL,'\0',1,39713,'2011-12-17 09:09:40',8),(1273,474,'2011-12-11','07:00:00','18:00:00','Bilgola Plateau','North Sydney',1,4,NULL,NULL,'\0',1,39713,'2011-12-17 08:45:56',8),(1274,474,'2011-12-11','07:00:00','18:00:00','North Sydney','Bilgola Plateau',1,4,NULL,NULL,'\0',1,39713,'2011-12-17 08:45:56',8),(1275,475,'2011-12-10','07:00:00','15:00:00','Plumpton','Chatswood Depot',1,4,NULL,NULL,'\0',1,39713,'2011-12-17 08:56:03',8),(1276,475,'2011-12-10','07:00:00','15:00:00','Berowra Heights','Plumpton',1,4,NULL,NULL,'\0',1,39713,'2011-12-17 08:56:03',8),(1277,476,'2011-12-10','07:30:00','15:30:00','Baulkham Hills','Hornsby Depot',1,4,NULL,NULL,'\0',1,47573,'2011-12-14 09:10:06',8),(1278,476,'2011-12-10','07:30:00','15:30:00','Hornsby Depot','Baulkham Hills',1,4,NULL,NULL,'\0',1,47573,'2011-12-14 09:10:06',8),(1279,477,'2011-12-05','07:00:00','15:30:00','Faulconbridge','Meadowbank',2,1,NULL,NULL,'\0',1,43319,'2012-01-30 10:53:50',14),(1280,477,'2011-12-05','07:00:00','15:30:00','Meadowbank','Faulconbridge',2,1,NULL,NULL,'\0',1,43319,'2012-01-30 10:53:50',14),(1281,478,'2011-12-06','07:00:00','15:30:00','Faulconbridge','Meadowbank',2,1,NULL,NULL,'\0',1,43319,'2012-01-30 10:53:50',14),(1282,478,'2011-12-06','07:00:00','15:30:00','Meadowbank','Faulconbridge',2,1,NULL,NULL,'\0',1,43319,'2012-01-30 10:53:50',14),(1283,479,'2011-12-07','07:00:00','15:30:00','Faulconbridge','Meadowbank',2,1,NULL,NULL,'\0',1,43319,'2012-01-30 10:53:50',14),(1284,480,'2011-12-08','07:00:00','15:30:00','Faulconbridge','Meadowbank',2,1,NULL,NULL,'\0',1,43319,'2012-01-30 10:53:50',14),(1285,480,'2011-12-08','07:00:00','15:30:00','Meadowbank','Faulconbridge',2,1,NULL,NULL,'\0',1,43319,'2012-01-30 10:53:50',14),(1286,481,'2011-12-05','07:00:00','15:30:00','North Rocks','Willoughby Bsp',2,1,NULL,NULL,'\0',1,39713,'2011-12-17 09:04:22',8),(1287,481,'2011-12-05','07:00:00','15:30:00','Willoughby Bsp','North Rocks',2,1,NULL,NULL,'\0',1,39713,'2011-12-17 09:04:22',8),(1288,481,'2011-12-06','07:00:00','15:30:00','North Rocks','Willoughby Bsp',2,1,NULL,NULL,'\0',1,39713,'2011-12-17 09:04:22',8),(1289,481,'2011-12-06','07:00:00','15:30:00','Willoughby Bsp','North Rocks',2,1,NULL,NULL,'\0',1,39713,'2011-12-17 09:04:22',8),(1290,481,'2011-12-08','07:00:00','15:30:00','North Rocks','Willoughby Bsp',2,1,NULL,NULL,'\0',1,39713,'2011-12-17 09:04:22',8),(1291,481,'2011-12-08','07:00:00','15:30:00','Willoughby Bsp','North Rocks',2,1,NULL,NULL,'\0',1,39713,'2011-12-17 09:04:22',8),(1292,481,'2011-12-09','07:00:00','15:30:00','North Rocks','Chatswood Depot',2,1,NULL,NULL,'\0',1,39713,'2011-12-17 09:04:22',8),(1293,481,'2011-12-09','07:00:00','15:30:00','Chatswood Depot','North Rocks',2,1,NULL,NULL,'\0',1,39713,'2011-12-17 09:04:22',8),(1294,481,'2011-12-10','06:30:00','14:30:00','North Rocks','Willoughby Bsp',2,4,NULL,NULL,'\0',1,39713,'2011-12-17 09:04:22',8),(1295,481,'2011-12-10','06:30:00','14:30:00','Willoughby Bsp','North Rocks',2,4,NULL,NULL,'\0',1,39713,'2011-12-17 09:04:22',8),(1296,482,'2011-12-06','07:00:00','07:30:00','Quakers Hill','Chatswood Depot',2,1,NULL,NULL,'\0',0,39713,'2011-12-17 09:08:05',NULL),(1297,482,'2011-12-06','07:30:00','15:30:00','Chatswood Depot','Turramurra Zn 1673',2,1,NULL,NULL,'\0',1,39713,'2011-12-17 09:07:31',8),(1298,482,'2011-12-06','15:30:00','15:30:00','Turramurra Zn 1673','Quakers Hill',2,1,NULL,NULL,'\0',1,39713,'2011-12-17 09:07:31',8),(1299,482,'2011-12-08','07:00:00','15:30:00','Quakers Hill','Turramurra Zn 1673',2,1,NULL,NULL,'\0',1,39713,'2011-12-17 09:07:31',8),(1300,482,'2011-12-08','07:00:00','15:30:00','Turramurra Zn 1673','Quakers Hill',2,1,NULL,NULL,'\0',1,39713,'2011-12-17 09:07:31',8),(1301,482,'2011-12-09','07:00:00','15:30:00','Quakers Hill','Chatswood Depot',2,1,NULL,NULL,'\0',1,39713,'2011-12-17 09:07:31',8),(1302,482,'2011-12-09','07:00:00','15:30:00','Chatswood Depot','Quakers Hill',2,1,NULL,NULL,'\0',1,39713,'2011-12-17 09:07:31',8),(1303,483,'2011-12-09','07:00:00','12:00:00','Quakers Hill','Chatswood Depot',2,1,NULL,NULL,'\0',0,39713,'2011-12-17 09:07:31',NULL),(1304,483,'2011-12-09','12:00:00','15:30:00','Chatswood Depot','Ryde Zn 812',2,1,NULL,NULL,'\0',0,39713,'2011-12-17 09:07:31',NULL),(1305,483,'2011-12-09','15:30:00','15:30:00','Ryde Zn 812','Quakers Hill',2,1,NULL,NULL,'\0',0,39713,'2011-12-17 09:07:31',NULL),(1306,483,'2011-12-10','06:30:00','14:30:00','Quakers Hill','Turramurra Zn 1673',2,4,NULL,NULL,'\0',1,39713,'2011-12-17 09:07:31',8),(1307,483,'2011-12-10','06:30:00','14:30:00','Turramurra Zn 1673','Quakers Hill',2,4,NULL,NULL,'\0',1,39713,'2011-12-17 09:07:31',8),(1308,484,'2011-12-10','07:00:00','15:00:00','Hornsby','Mosman Zn 180',2,4,NULL,NULL,'\0',1,39713,'2011-12-17 08:51:03',8),(1309,484,'2011-12-10','07:00:00','15:00:00','Mosman Zn 180','Hornsby',2,4,NULL,NULL,'\0',1,39713,'2011-12-17 08:51:03',8),(1310,485,'2011-12-12','07:00:00','15:30:00','Lambton','Silverwater (auburn)',1,1,NULL,NULL,'\0',1,41437,'2011-12-16 10:41:08',8),(1311,485,'2011-12-13','07:00:00','15:30:00','Silverwater (auburn)','Lambton',1,1,NULL,NULL,'\0',1,41437,'2011-12-16 10:41:08',8),(1312,486,'2011-12-10','07:00:00','16:30:00','Cromer','Chatswood Depot',1,4,NULL,NULL,'\0',0,41399,'2011-12-19 12:19:36',NULL),(1313,487,'2011-12-10','06:00:00','14:00:00','Metford','Metford',2,4,NULL,NULL,'\0',0,45150,'2011-12-15 13:48:00',NULL),(1314,488,'2011-12-14','06:30:00','21:00:00','Head Office Building','Balmoral Village',2,2,NULL,NULL,'\0',1,42543,'2011-12-20 09:51:09',9),(1315,489,'2011-12-05','06:00:00','16:30:00','Roselands','Head Office Building',4,4,NULL,NULL,'\0',1,48697,'2011-12-15 12:03:13',8),(1316,490,'2011-11-19','06:00:00','14:00:00','Arcadia','Chatswood Depot',2,4,NULL,NULL,'\0',0,39713,'2011-12-23 08:21:18',NULL),(1317,490,'2011-11-19','06:00:00','14:00:00','Chatswood Depot','Arcadia',2,4,NULL,NULL,'\0',0,39713,'2011-12-23 08:21:18',NULL),(1318,491,'2011-12-10','06:30:00','16:00:00','Baulkham Hills','Chatswood Depot',1,4,358,56.18,'',1,39713,'2011-12-17 08:49:18',8),(1319,491,'2011-12-10','06:30:00','16:00:00','Chatswood Depot','Baulkham Hills',1,4,358,56.18,'',1,39713,'2011-12-17 08:49:18',8),(1320,492,'2011-12-11','07:00:00','15:00:00','Dundas Valley','Dee Why Depot',1,4,NULL,NULL,'\0',1,36592,'2011-12-22 09:17:47',10),(1321,492,'2011-12-11','07:00:00','15:00:00','Dee Why Depot','Dundas Valley',1,4,NULL,NULL,'\0',1,36592,'2011-12-22 09:17:47',10),(1322,493,'2011-12-05','06:30:00','15:00:00','Seven Hills','Gore Hill Depot',1,1,NULL,NULL,'\0',1,42840,'2011-12-15 11:49:02',8),(1323,493,'2011-12-05','06:30:00','15:00:00','Gore Hill Depot','Seven Hills',1,1,NULL,NULL,'\0',1,42840,'2011-12-15 11:49:02',8),(1324,493,'2011-12-06','06:30:00','15:00:00','Seven Hills','Gore Hill Depot',1,1,NULL,NULL,'\0',1,42840,'2011-12-15 11:49:02',8),(1325,493,'2011-12-06','06:30:00','15:00:00','Gore Hill Depot','Seven Hills',1,1,NULL,NULL,'\0',1,42840,'2011-12-15 11:49:02',8),(1326,493,'2011-12-07','06:30:00','15:00:00','Seven Hills','Gore Hill Depot',1,1,NULL,NULL,'\0',1,42840,'2011-12-15 11:49:02',8),(1327,493,'2011-12-07','06:30:00','15:00:00','Gore Hill Depot','Seven Hills',1,1,NULL,NULL,'\0',1,42840,'2011-12-15 11:49:02',8),(1328,493,'2011-12-11','06:30:00','14:30:00','Seven Hills','Gore Hill Depot',1,4,NULL,NULL,'\0',1,42840,'2011-12-15 11:49:02',8),(1329,493,'2011-12-11','06:30:00','14:30:00','Gore Hill Depot','Seven Hills',1,4,NULL,NULL,'\0',1,42840,'2011-12-15 11:49:02',8),(1330,494,'2011-12-11','06:30:00','14:30:00','Gladesville','Gore Hill Depot',2,4,NULL,NULL,'\0',1,42840,'2011-12-15 11:48:47',8),(1331,494,'2011-12-11','06:30:00','14:30:00','Gore Hill Depot','Gladesville',2,4,NULL,NULL,'\0',1,42840,'2011-12-15 11:48:47',8),(1332,495,'2011-12-14','07:30:00','16:00:00','Copacabana','Silverwater (auburn)',1,1,NULL,NULL,'\0',1,41437,'2011-12-16 10:42:13',8),(1333,496,'2011-12-11','07:00:00','15:00:00','Blue Bay','Eastwood',1,4,NULL,NULL,'\0',1,42840,'2011-12-15 14:25:18',8),(1334,496,'2011-12-11','07:00:00','15:00:00','Eastwood','Blue Bay',1,4,NULL,NULL,'\0',1,42840,'2011-12-15 14:25:18',8),(1335,497,'2011-12-14','08:00:00','16:45:00','Glebe','Tuggerah',2,1,NULL,NULL,'',0,54639,'2012-01-31 12:51:55',NULL),(1336,498,'2011-12-12','07:20:00','15:40:00','Acacia Gardens','Roden Cutler House',3,1,NULL,NULL,'\0',1,44782,'2011-12-16 08:29:45',8),(1337,498,'2011-12-12','07:20:00','15:40:00','Roden Cutler House','Acacia Gardens',3,1,NULL,NULL,'\0',1,44782,'2011-12-16 08:29:45',8),(1338,498,'2011-12-13','07:20:00','15:40:00','Acacia Gardens','Roden Cutler House',3,1,NULL,NULL,'\0',1,44782,'2011-12-16 08:29:45',8),(1339,498,'2011-12-13','07:20:00','15:40:00','Roden Cutler House','Acacia Gardens',3,1,NULL,NULL,'\0',1,44782,'2011-12-16 08:29:45',8),(1340,498,'2011-12-14','07:20:00','15:40:00','Acacia Gardens','Roden Cutler House',3,1,NULL,NULL,'\0',1,44782,'2011-12-16 08:29:45',8),(1341,498,'2011-12-14','07:20:00','15:40:00','Roden Cutler House','Acacia Gardens',3,1,NULL,NULL,'\0',1,44782,'2011-12-16 08:29:45',8),(1342,498,'2011-12-15','07:20:00','15:40:00','Acacia Gardens','Roden Cutler House',3,1,NULL,NULL,'\0',1,44782,'2011-12-16 08:29:45',8),(1343,498,'2011-12-15','07:20:00','15:40:00','Roden Cutler House','Acacia Gardens',3,1,NULL,NULL,'\0',1,44782,'2011-12-16 08:29:45',8),(1344,499,'2011-12-12','09:00:00','17:30:00','Dundas','Sydney Cbd',3,1,40,24.86,'',1,48521,'2011-12-22 14:33:02',10),(1345,499,'2011-12-12','09:00:00','17:30:00','Sydney Cbd','Dundas',3,1,40,24.86,'',1,48521,'2011-12-22 14:33:02',10),(1346,499,'2011-12-13','09:00:00','17:30:00','Dundas','Sydney Cbd',3,1,40,24.86,'',1,48521,'2011-12-22 14:33:02',10),(1347,499,'2011-12-13','09:00:00','17:30:00','Sydney Cbd','Dundas',3,1,40,24.86,'',1,48521,'2011-12-22 14:33:02',10),(1348,499,'2011-12-14','09:00:00','17:30:00','Dundas','Sydney Cbd',3,1,40,24.86,'',1,48521,'2011-12-22 14:33:02',10),(1349,499,'2011-12-15','09:00:00','17:30:00','Dundas','Sydney Cbd',3,1,40,24.86,'',1,48521,'2011-12-22 14:33:02',10),(1350,499,'2011-12-15','09:00:00','17:30:00','Sydney Cbd','Dundas',3,1,40,24.86,'',1,48521,'2011-12-22 14:33:02',10),(1351,500,'2011-12-12','00:08:00','17:00:00','Ingleburn','Roden Cutler House',3,1,NULL,NULL,'\0',1,46748,'2011-12-22 09:17:40',10),(1352,500,'2011-12-12','00:08:00','17:00:00','Roden Cutler House','Ingleburn',3,1,NULL,NULL,'\0',1,46748,'2011-12-22 09:17:40',10),(1353,500,'2011-12-13','08:00:00','16:30:00','Ingleburn','Roden Cutler House',3,1,NULL,NULL,'\0',1,46748,'2011-12-22 09:17:40',10),(1354,500,'2011-12-13','08:00:00','16:30:00','Roden Cutler House','Ingleburn',3,1,NULL,NULL,'\0',1,46748,'2011-12-22 09:17:40',10),(1355,500,'2011-12-14','08:30:00','17:00:00','Ingleburn','Roden Cutler House',3,1,NULL,NULL,'\0',1,46748,'2011-12-22 09:17:40',10),(1356,500,'2011-12-14','08:30:00','17:00:00','Roden Cutler House','Ingleburn',3,1,NULL,NULL,'\0',1,46748,'2011-12-22 09:17:40',10),(1357,500,'2011-12-15','08:30:00','17:00:00','Ingleburn','Roden Cutler House',3,1,NULL,NULL,'\0',1,46748,'2011-12-22 09:17:40',10),(1358,500,'2011-12-15','08:30:00','17:00:00','Roden Cutler House','Ingleburn',3,1,NULL,NULL,'\0',1,46748,'2011-12-22 09:17:40',10),(1359,501,'2011-12-03','07:00:00','13:00:00','Toongabbie','St Peters Zn 2568',1,4,NULL,NULL,'\0',1,31584,'2012-01-23 09:49:19',13),(1360,502,'2011-12-13','07:00:00','15:20:00','Quakers Hill','Roden Cutler House',3,1,NULL,NULL,'\0',1,44782,'2011-12-16 08:31:57',8),(1361,502,'2011-12-13','07:00:00','15:20:00','Roden Cutler House','Quakers Hill',3,1,NULL,NULL,'\0',1,44782,'2011-12-16 08:31:57',8),(1362,502,'2011-12-14','07:00:00','15:20:00','Quakers Hill','Roden Cutler House',3,1,NULL,NULL,'\0',1,44782,'2011-12-16 08:31:57',8),(1363,502,'2011-12-14','07:00:00','15:20:00','Roden Cutler House','Quakers Hill',3,1,NULL,NULL,'\0',1,44782,'2011-12-16 08:31:57',8),(1364,502,'2011-12-15','07:00:00','15:20:00','Quakers Hill','Roden Cutler House',3,1,NULL,NULL,'\0',1,44782,'2011-12-16 08:31:57',8),(1365,502,'2011-12-15','07:00:00','15:20:00','Roden Cutler House','Quakers Hill',3,1,NULL,NULL,'\0',1,44782,'2011-12-16 08:31:57',8),(1366,502,'2011-12-16','07:00:00','15:20:00','Quakers Hill','Roden Cutler House',3,1,NULL,NULL,'\0',1,44782,'2011-12-16 08:31:57',8),(1367,502,'2011-12-16','07:00:00','15:20:00','Roden Cutler House','Quakers Hill',3,1,NULL,NULL,'\0',1,44782,'2011-12-16 08:31:57',8),(1368,503,'2011-12-12','07:00:00','15:30:00','Quakers Hill','Roden Cutler House',3,1,NULL,NULL,'\0',1,44782,'2011-12-16 08:30:30',8),(1369,503,'2011-12-12','07:00:00','15:30:00','Roden Cutler House','Quakers Hill',3,1,NULL,NULL,'\0',1,44782,'2011-12-16 08:30:30',8),(1370,503,'2011-12-13','07:00:00','15:30:00','Quakers Hill','Roden Cutler House',3,1,NULL,NULL,'\0',1,44782,'2011-12-16 08:30:30',8),(1371,503,'2011-12-13','07:00:00','15:30:00','Roden Cutler House','Quakers Hill',3,1,NULL,NULL,'\0',1,44782,'2011-12-16 08:30:30',8),(1372,503,'2011-12-14','07:00:00','15:30:00','Quakers Hill','Roden Cutler House',3,1,NULL,NULL,'\0',1,44782,'2011-12-16 08:30:30',8),(1373,503,'2011-12-14','07:00:00','15:30:00','Roden Cutler House','Quakers Hill',3,1,NULL,NULL,'\0',1,44782,'2011-12-16 08:30:30',8),(1374,503,'2011-12-15','07:00:00','15:30:00','Quakers Hill','Roden Cutler House',3,1,NULL,NULL,'\0',1,44782,'2011-12-16 08:30:30',8),(1375,503,'2011-12-15','07:00:00','15:30:00','Roden Cutler House','Quakers Hill',3,1,NULL,NULL,'\0',1,44782,'2011-12-16 08:30:30',8),(1376,503,'2011-12-16','07:00:00','15:30:00','Quakers Hill','Roden Cutler House',3,1,NULL,NULL,'\0',1,44782,'2011-12-16 08:30:30',8),(1377,503,'2011-12-16','07:00:00','15:30:00','Roden Cutler House','Quakers Hill',3,1,NULL,NULL,'\0',1,44782,'2011-12-16 08:30:30',8),(1378,504,'2011-11-26','07:00:00','15:00:00','Kariong','Gore Hill Depot',2,4,297,46.75,'',1,34969,'2011-12-22 09:05:38',10),(1379,504,'2011-11-26','07:00:00','15:00:00','Gore Hill Depot','Kariong',2,4,297,46.75,'',1,34969,'2011-12-22 09:05:38',10),(1380,505,'2011-12-15','07:00:00','15:30:00','Kyeemagh','Gosford',1,1,NULL,NULL,'\0',1,41437,'2011-12-19 10:13:52',9),(1381,506,'2011-12-03','07:00:00','15:00:00','Kariong','Gore Hill Depot',2,4,NULL,NULL,'\0',1,34969,'2011-12-19 06:14:08',8),(1382,506,'2011-12-03','07:00:00','15:00:00','Gore Hill Depot','Kariong',2,4,NULL,NULL,'\0',1,34969,'2011-12-19 06:14:08',8),(1383,507,'2011-12-12','07:00:00','15:30:00','Chatswood','Hornsby Depot',2,1,NULL,NULL,'\0',1,38242,'2011-12-19 07:31:49',8),(1384,507,'2011-12-12','07:00:00','15:30:00','Hornsby Depot','Chatswood',2,1,NULL,NULL,'\0',1,38242,'2011-12-19 07:31:49',8),(1385,507,'2011-12-13','07:00:00','15:30:00','Chatswood','Hornsby Depot',2,1,NULL,NULL,'\0',1,38242,'2011-12-19 07:31:49',8),(1386,507,'2011-12-13','07:00:00','15:30:00','Hornsby Depot','Chatswood',2,1,NULL,NULL,'\0',1,38242,'2011-12-19 07:31:49',8),(1387,507,'2011-12-14','07:00:00','15:30:00','Chatswood','Hornsby Depot',2,1,NULL,NULL,'\0',1,38242,'2011-12-19 07:31:49',8),(1388,507,'2011-12-14','07:00:00','15:30:00','Hornsby Depot','Chatswood',2,1,NULL,NULL,'\0',1,38242,'2011-12-19 07:31:49',8),(1389,507,'2011-12-15','07:00:00','15:30:00','Chatswood','Hornsby Depot',2,1,NULL,NULL,'\0',1,38242,'2011-12-19 07:31:49',8),(1390,507,'2011-12-15','07:00:00','15:30:00','Hornsby Depot','Chatswood',2,1,NULL,NULL,'\0',1,38242,'2011-12-19 07:31:49',8),(1391,507,'2011-12-16','07:00:00','15:30:00','Chatswood','Hornsby Depot',2,1,NULL,NULL,'\0',1,38242,'2011-12-19 07:31:49',8),(1392,507,'2011-12-16','07:00:00','15:30:00','Hornsby Depot','Chatswood',2,1,NULL,NULL,'\0',1,38242,'2011-12-19 07:31:49',8),(1393,508,'2011-12-12','07:00:00','14:40:00','Mortdale Zn 10994','Roden Cutler House',3,1,NULL,NULL,'\0',1,44782,'2011-12-16 08:32:26',8),(1394,508,'2011-12-12','07:00:00','14:40:00','Roden Cutler House','Mortdale Zn 10994',3,1,NULL,NULL,'\0',1,44782,'2011-12-16 08:32:26',8),(1395,508,'2011-12-13','07:00:00','14:40:00','Mortdale Zn 10994','Roden Cutler House',3,1,NULL,NULL,'\0',1,44782,'2011-12-16 08:32:26',8),(1396,508,'2011-12-13','07:00:00','14:40:00','Roden Cutler House','Mortdale Zn 10994',3,1,NULL,NULL,'\0',1,44782,'2011-12-16 08:32:26',8),(1397,508,'2011-12-14','07:00:00','14:40:00','Mortdale Zn 10994','Roden Cutler House',3,1,NULL,NULL,'\0',1,44782,'2011-12-16 08:32:26',8),(1398,508,'2011-12-14','07:00:00','14:40:00','Roden Cutler House','Mortdale Zn 10994',3,1,NULL,NULL,'\0',1,44782,'2011-12-16 08:32:26',8),(1399,508,'2011-12-15','07:00:00','14:40:00','Mortdale Zn 10994','Roden Cutler House',3,1,NULL,NULL,'\0',1,44782,'2011-12-16 08:32:26',8),(1400,508,'2011-12-15','07:00:00','14:40:00','Roden Cutler House','Mortdale Zn 10994',3,1,NULL,NULL,'\0',1,44782,'2011-12-16 08:32:26',8),(1401,508,'2011-12-16','07:00:00','14:40:00','Mortdale Zn 10994','Roden Cutler House',3,1,NULL,NULL,'\0',1,44782,'2011-12-16 08:32:26',8),(1402,508,'2011-12-16','07:00:00','14:40:00','Roden Cutler House','Mortdale Zn 10994',3,1,NULL,NULL,'\0',1,44782,'2011-12-16 08:32:26',8),(1403,509,'2011-12-12','07:30:00','16:00:00','Erskine Park','Roden Cutler House',3,1,NULL,NULL,'\0',1,44782,'2011-12-16 08:31:26',8),(1404,509,'2011-12-12','07:30:00','16:00:00','Roden Cutler House','Erskine Park',3,1,NULL,NULL,'\0',1,44782,'2011-12-16 08:31:26',8),(1405,509,'2011-12-13','07:30:00','16:00:00','Erskine Park','Roden Cutler House',3,1,NULL,NULL,'\0',1,44782,'2011-12-16 08:31:26',8),(1406,509,'2011-12-13','07:30:00','16:00:00','Roden Cutler House','Erskine Park',3,1,NULL,NULL,'\0',1,44782,'2011-12-16 08:31:26',8),(1407,509,'2011-12-14','07:30:00','16:00:00','Erskine Park','Roden Cutler House',3,1,NULL,NULL,'\0',1,44782,'2011-12-16 08:31:26',8),(1408,509,'2011-12-14','07:30:00','16:00:00','Roden Cutler House','Erskine Park',3,1,NULL,NULL,'\0',1,44782,'2011-12-16 08:31:26',8),(1409,509,'2011-12-15','07:30:00','16:00:00','Erskine Park','Roden Cutler House',3,1,NULL,NULL,'\0',1,44782,'2011-12-16 08:31:26',8),(1410,509,'2011-12-15','07:30:00','16:00:00','Roden Cutler House','Erskine Park',3,1,NULL,NULL,'\0',1,44782,'2011-12-16 08:31:26',8),(1411,509,'2011-12-16','07:30:00','16:00:00','Erskine Park','Roden Cutler House',3,1,NULL,NULL,'\0',1,44782,'2011-12-16 08:31:26',8),(1412,509,'2011-12-16','07:30:00','16:00:00','Roden Cutler House','Erskine Park',3,1,NULL,NULL,'\0',1,44782,'2011-12-16 08:31:26',8),(1413,510,'2011-12-12','07:00:00','15:30:00','Seven Hills','Roden Cutler House',3,1,NULL,NULL,'\0',1,46748,'2011-12-22 09:17:56',10),(1414,510,'2011-12-12','07:00:00','15:30:00','Roden Cutler House','Seven Hills',3,1,NULL,NULL,'\0',1,46748,'2011-12-22 09:17:56',10),(1415,510,'2011-12-13','07:00:00','15:30:00','Seven Hills','Roden Cutler House',3,1,NULL,NULL,'\0',1,46748,'2011-12-22 09:17:56',10),(1416,510,'2011-12-13','07:00:00','15:30:00','Roden Cutler House','Seven Hills',3,1,NULL,NULL,'\0',1,46748,'2011-12-22 09:17:56',10),(1417,510,'2011-12-14','07:00:00','15:30:00','Seven Hills','Roden Cutler House',3,1,NULL,NULL,'\0',1,46748,'2011-12-22 09:17:56',10),(1418,510,'2011-12-14','07:00:00','15:30:00','Roden Cutler House','Seven Hills',3,1,NULL,NULL,'\0',1,46748,'2011-12-22 09:17:56',10),(1419,510,'2011-12-15','07:00:00','15:30:00','Seven Hills','Roden Cutler House',3,1,NULL,NULL,'\0',1,46748,'2011-12-22 09:17:56',10),(1420,510,'2011-12-15','07:00:00','15:30:00','Roden Cutler House','Seven Hills',3,1,NULL,NULL,'\0',1,46748,'2011-12-22 09:17:56',10),(1421,510,'2011-12-16','07:00:00','15:30:00','Seven Hills','Roden Cutler House',3,1,NULL,NULL,'\0',1,46748,'2011-12-22 09:17:56',10),(1422,510,'2011-12-16','07:00:00','15:30:00','Roden Cutler House','Seven Hills',3,1,NULL,NULL,'\0',1,46748,'2011-12-22 09:17:56',10),(1423,511,'2011-12-12','07:00:00','15:30:00','Quakers Hill','Turramurra Zn 1673',2,1,NULL,NULL,'\0',1,39713,'2011-12-21 08:19:10',9),(1424,511,'2011-12-12','07:00:00','15:30:00','Turramurra Zn 1673','Quakers Hill',2,1,NULL,NULL,'\0',1,39713,'2011-12-21 08:19:10',9),(1425,511,'2011-12-13','07:00:00','15:30:00','Quakers Hill','Turramurra Zn 1673',2,1,NULL,NULL,'\0',1,39713,'2011-12-21 08:19:10',9),(1426,511,'2011-12-13','07:00:00','15:30:00','Turramurra Zn 1673','Quakers Hill',2,1,NULL,NULL,'\0',1,39713,'2011-12-21 08:19:10',9),(1427,511,'2011-12-14','07:00:00','15:30:00','Quakers Hill','Hunters Hill Zn 129',2,1,NULL,NULL,'\0',1,39713,'2011-12-21 08:19:10',9),(1428,511,'2011-12-14','07:00:00','15:30:00','Hunters Hill Zn 129','Quakers Hill',2,1,NULL,NULL,'\0',1,39713,'2011-12-21 08:19:10',9),(1429,511,'2011-12-15','07:00:00','15:30:00','Quakers Hill','Hunters Hill Zn 129',2,1,NULL,NULL,'\0',1,39713,'2011-12-21 08:19:10',9),(1430,511,'2011-12-15','07:00:00','15:30:00','Hunters Hill Zn 129','Quakers Hill',2,1,NULL,NULL,'\0',1,39713,'2011-12-21 08:19:10',9),(1431,511,'2011-12-16','07:00:00','15:30:00','Quakers Hill','Hunters Hill Zn 129',2,1,NULL,NULL,'\0',1,39713,'2011-12-21 08:19:10',9),(1432,511,'2011-12-16','07:00:00','15:30:00','Hunters Hill Zn 129','Quakers Hill',2,1,NULL,NULL,'\0',1,39713,'2011-12-21 08:19:10',9),(1433,512,'2011-12-13','07:00:00','15:30:00','Silverwater (auburn)','Fletcher',1,1,NULL,NULL,'\0',1,41437,'2011-12-16 10:35:07',8),(1434,512,'2011-12-15','07:00:00','15:30:00','Fletcher','Silverwater (auburn)',1,1,NULL,NULL,'\0',1,41437,'2011-12-16 10:35:07',8),(1435,513,'2011-12-12','07:00:00','15:30:00','Mount Colah','Regents Park',2,1,NULL,NULL,'\0',1,39713,'2011-12-21 08:18:24',9),(1436,513,'2011-12-12','07:00:00','15:30:00','Regents Park','Mount Colah',2,1,NULL,NULL,'\0',1,39713,'2011-12-21 08:18:24',9),(1437,513,'2011-12-13','07:00:00','15:30:00','Mount Colah','Regents Park',2,1,NULL,NULL,'\0',1,39713,'2011-12-21 08:18:24',9),(1438,513,'2011-12-13','07:00:00','15:30:00','Regents Park','Mount Colah',2,1,NULL,NULL,'\0',1,39713,'2011-12-21 08:18:24',9),(1439,513,'2011-12-14','07:00:00','15:30:00','Mount Colah','Hunters Hill Zn 129',2,1,NULL,NULL,'\0',0,39713,'2011-12-21 08:18:24',NULL),(1440,513,'2011-12-14','07:00:00','15:30:00','Hunters Hill Zn 129','Mount Colah',2,1,NULL,NULL,'\0',0,39713,'2011-12-21 08:18:24',NULL),(1441,513,'2011-12-15','07:00:00','15:30:00','Mount Colah','Hunters Hill Zn 129',2,1,NULL,NULL,'\0',0,39713,'2011-12-21 08:18:24',NULL),(1442,513,'2011-12-15','07:00:00','15:30:00','Hunters Hill Zn 129','Mount Colah',2,1,NULL,NULL,'\0',0,39713,'2011-12-21 08:18:24',NULL),(1443,513,'2011-12-16','07:00:00','15:30:00','Mount Colah','Hunters Hill Zn 129',2,1,NULL,NULL,'\0',0,39713,'2011-12-21 08:18:24',NULL),(1444,513,'2011-12-16','07:00:00','15:30:00','Hunters Hill Zn 129','Mount Colah',2,1,NULL,NULL,'\0',0,39713,'2011-12-21 08:18:24',NULL),(1445,514,'2011-12-08','07:30:00','16:00:00','Copacabana','Maitland Depot',1,1,NULL,NULL,'\0',1,41437,'2011-12-19 10:12:30',9),(1446,515,'2011-12-03','06:30:00','15:30:00','Dee Why Depot','Dundas Valley',1,4,NULL,NULL,'\0',1,36592,'2011-12-22 09:04:23',10),(1447,516,'2011-12-12','08:00:00','16:30:00','Penrith','Sydney Cbd',3,1,251,39.20,'',1,48334,'2011-12-23 10:23:36',10),(1448,516,'2011-12-12','08:00:00','16:30:00','Sydney Cbd','Penrith',3,1,251,39.20,'',1,48334,'2011-12-23 10:23:36',10),(1449,516,'2011-12-13','08:00:00','16:30:00','Penrith','Sydney Cbd',3,1,251,39.20,'',1,48334,'2011-12-23 10:23:36',10),(1450,516,'2011-12-13','08:00:00','16:30:00','Sydney Cbd','Penrith',3,1,251,39.20,'',1,48334,'2011-12-23 10:23:36',10),(1451,516,'2011-12-14','08:00:00','16:30:00','Penrith','Sydney Cbd',3,1,251,39.20,'',1,48334,'2011-12-23 10:23:36',10),(1452,516,'2011-12-14','08:00:00','16:30:00','Sydney Cbd','Penrith',3,1,251,39.20,'',1,48334,'2011-12-23 10:23:36',10),(1453,516,'2011-12-15','08:00:00','16:30:00','Penrith','Sydney Cbd',3,1,251,39.20,'',1,48334,'2011-12-23 10:23:36',10),(1454,516,'2011-12-15','08:00:00','16:30:00','Sydney Cbd','Penrith',3,1,251,39.20,'',1,48334,'2011-12-23 10:23:36',10),(1455,516,'2011-12-16','08:00:00','16:30:00','Penrith','Sydney Cbd',3,1,251,39.20,'',1,48334,'2011-12-23 10:23:36',10),(1456,516,'2011-12-16','08:00:00','16:30:00','Sydney Cbd','Penrith',3,1,251,39.20,'',1,48334,'2011-12-23 10:23:36',10),(1457,517,'2011-12-17','07:00:00','15:00:00','Wadalba','Gore Hill Depot',1,4,NULL,NULL,'\0',1,35508,'2011-12-29 09:15:15',10),(1458,518,'2011-12-17','07:00:00','15:00:00','Wadalba','Gore Hill Depot',1,4,NULL,NULL,'\0',0,34969,'2011-12-19 06:40:24',NULL),(1459,519,'2011-12-17','07:00:00','15:00:00','Hurstville','Gore Hill Depot',2,4,NULL,NULL,'\0',0,34969,'2011-12-19 06:40:54',NULL),(1460,520,'2011-12-17','07:00:00','15:00:00','Concord West','Gore Hill Depot',2,4,NULL,NULL,'\0',1,34969,'2011-12-19 06:40:41',8),(1461,521,'2011-12-17','07:00:00','15:00:00','Concord West','Gore Hill Depot',2,4,NULL,NULL,'\0',0,34969,'2011-12-19 06:40:41',NULL),(1462,521,'2011-12-17','07:00:00','15:00:00','Gore Hill Depot','Concord West',2,4,NULL,NULL,'\0',1,34969,'2011-12-19 06:40:41',8),(1463,522,'2011-12-17','07:00:00','15:00:00','Wadalba','Gore Hill Depot',1,4,NULL,NULL,'\0',1,34969,'2011-12-19 06:40:24',8),(1464,522,'2011-12-17','07:00:00','15:00:00','Gore Hill Depot','Wadalba',1,4,NULL,NULL,'\0',1,34969,'2011-12-19 06:40:24',8),(1465,523,'2011-12-17','07:00:00','15:00:00','Hornsby','Gore Hill Depot',1,4,NULL,NULL,'\0',1,34969,'2011-12-19 06:16:12',8),(1466,523,'2011-12-17','07:00:00','15:00:00','Gore Hill Depot','Hornsby',1,4,NULL,NULL,'\0',1,34969,'2011-12-19 06:16:12',8),(1467,524,'2011-12-17','07:00:00','15:00:00','Collaroy (sydney)','Gore Hill Depot',2,4,NULL,NULL,'\0',1,34969,'2011-12-19 06:17:00',8),(1468,524,'2011-12-17','07:00:00','15:00:00','Gore Hill Depot','Collaroy (sydney)',2,4,NULL,NULL,'\0',1,34969,'2011-12-19 06:17:00',8),(1469,525,'2011-12-17','07:00:00','16:00:00','Gymea','Zetland',1,4,NULL,NULL,'\0',1,42357,'2011-12-17 09:42:06',8),(1470,526,'2011-12-15','07:00:00','15:30:00','Hornsby Depot','Chatswood Depot',2,1,NULL,NULL,'\0',1,38242,'2011-12-19 07:32:10',8),(1471,526,'2011-12-15','07:00:00','15:30:00','Chatswood Depot','Hornsby Depot',2,1,NULL,NULL,'\0',1,38242,'2011-12-19 07:32:10',8),(1472,526,'2011-12-17','06:00:00','14:00:00','Ermington','Hornsby Depot',2,4,NULL,NULL,'\0',1,38242,'2011-12-19 07:32:10',8),(1473,526,'2011-12-17','06:00:00','14:00:00','Hornsby Depot','Ermington',2,4,NULL,NULL,'\0',1,38242,'2011-12-19 07:32:10',8),(1474,527,'2011-12-17','11:00:00','15:00:00','Rutherford','Wallsend Depot',2,1,NULL,NULL,'\0',1,47075,'2011-12-22 10:34:03',10),(1475,527,'2011-12-17','11:00:00','15:00:00','Wallsend Depot','Rutherford',2,1,NULL,NULL,'\0',1,47075,'2011-12-22 10:34:03',10),(1476,528,'2011-12-17','11:15:00','16:00:00','Asquith','Head Office Building',3,4,NULL,NULL,'\0',1,41803,'2011-12-19 07:54:30',8),(1477,528,'2011-12-17','11:15:00','16:00:00','Head Office Building','Asquith',3,4,NULL,NULL,'\0',1,41803,'2011-12-19 07:54:30',8),(1478,529,'2011-12-17','07:30:00','16:00:00','Holgate','Hornsby Depot',1,4,NULL,NULL,'\0',1,53342,'2011-12-19 07:45:09',8),(1479,529,'2011-12-17','07:30:00','16:00:00','Hornsby Depot','Holgate',1,4,NULL,NULL,'\0',1,53342,'2011-12-19 07:45:09',8),(1480,530,'2011-12-18','07:00:00','15:00:00','Ryde','Chatswood Depot',1,4,NULL,NULL,'\0',1,39713,'2011-12-21 08:07:44',9),(1481,530,'2011-12-18','07:00:00','15:00:00','Macquarie Park','Ryde',1,4,NULL,NULL,'\0',1,39713,'2011-12-21 08:07:44',9),(1482,531,'2011-12-18','05:30:00','13:30:00','Charmhaven','Mosman',1,4,NULL,NULL,'\0',1,42840,'2011-12-19 07:07:21',8),(1483,531,'2011-12-18','05:30:00','13:30:00','Mosman','Charmhaven',1,4,NULL,NULL,'\0',1,42840,'2011-12-19 07:07:21',8),(1484,532,'2011-12-17','06:30:00','16:30:00','wahroonga','Gore Hill Depot',1,4,NULL,NULL,'\0',1,42840,'2011-12-19 07:07:11',8),(1485,532,'2011-12-17','06:30:00','16:30:00','Gore Hill Depot','wahroonga',1,4,NULL,NULL,'\0',1,42840,'2011-12-19 07:07:11',8),(1486,533,'2011-12-17','06:30:00','16:00:00','Leonay','Eastwood',1,4,272,44.26,'',1,37827,'2011-12-22 09:53:20',10),(1487,533,'2011-12-17','06:30:00','16:00:00','Eastwood','Leonay',1,4,272,44.26,'',1,37827,'2011-12-22 09:53:20',10),(1488,534,'2011-12-18','07:00:00','11:00:00','Leonay','Cowan',1,4,NULL,NULL,'\0',1,37827,'2011-12-22 09:53:20',10),(1489,534,'2011-12-18','07:00:00','11:00:00','Cowan','Leonay',1,4,NULL,NULL,'\0',1,37827,'2011-12-22 09:53:20',10),(1490,535,'2011-12-17','06:30:00','14:30:00','Blackheath','Chatswood Depot',2,4,NULL,NULL,'\0',1,39713,'2011-12-21 08:09:59',9),(1491,535,'2011-12-17','06:30:00','14:30:00','Chatswood Depot','Blackheath',2,4,NULL,NULL,'\0',1,39713,'2011-12-21 08:09:59',9),(1492,536,'2011-12-17','07:00:00','15:00:00','Lakehaven','Dee Why Depot',1,4,NULL,NULL,'\0',1,36592,'2011-12-22 09:04:01',10),(1493,537,'2011-12-12','07:00:00','15:30:00','Faulconbridge','Meadowbank',2,1,NULL,NULL,'\0',1,43319,'2012-01-30 10:59:40',14),(1494,537,'2011-12-12','07:00:00','15:30:00','Meadowbank','Faulconbridge',2,1,NULL,NULL,'\0',1,43319,'2012-01-30 10:59:40',14),(1495,538,'2011-12-13','07:00:00','15:30:00','Faulconbridge','Meadowbank',2,1,NULL,NULL,'\0',1,43319,'2012-01-30 10:59:40',14),(1496,538,'2011-12-13','07:00:00','15:30:00','Meadowbank','Faulconbridge',2,1,NULL,NULL,'\0',1,43319,'2012-01-30 10:59:40',14),(1497,539,'2011-12-14','07:00:00','15:30:00','Faulconbridge','Meadowbank',2,1,NULL,NULL,'\0',1,43319,'2012-01-30 10:59:40',14),(1498,539,'2011-12-14','07:00:00','15:30:00','Meadowbank','Faulconbridge',2,1,NULL,NULL,'\0',1,43319,'2012-01-30 10:59:40',14),(1499,540,'2011-12-15','07:00:00','15:30:00','Faulconbridge','Meadowbank',2,1,NULL,NULL,'\0',1,43319,'2012-01-30 10:59:40',14),(1500,540,'2011-12-15','07:00:00','15:30:00','Meadowbank','Faulconbridge',2,1,NULL,NULL,'\0',1,43319,'2012-01-30 10:59:40',14),(1501,541,'2011-12-16','07:00:00','15:30:00','Faulconbridge','Meadowbank',2,1,NULL,NULL,'\0',1,43319,'2012-01-30 10:59:40',14),(1502,541,'2011-12-16','07:00:00','15:30:00','Meadowbank','Faulconbridge',2,1,NULL,NULL,'\0',1,43319,'2012-01-30 10:59:40',14),(1503,542,'2011-12-18','07:00:00','15:00:00','Lakehaven','Dee Why Depot',1,4,NULL,NULL,'\0',1,36592,'2011-12-22 09:04:01',10),(1504,543,'2011-12-12','21:00:00','05:00:00','Canton Beach','Spit Junction',2,4,NULL,NULL,'\0',1,42840,'2011-12-19 06:57:05',8),(1505,543,'2011-12-13','21:00:00','05:00:00','Spit Junction','Canton Beach',2,4,NULL,NULL,'\0',1,42840,'2011-12-19 06:57:05',8),(1506,543,'2011-12-13','21:00:00','05:00:00','Canton Beach','Spit Junction',2,4,NULL,NULL,'\0',1,42840,'2011-12-19 06:57:05',8),(1507,543,'2011-12-14','21:00:00','05:00:00','Spit Junction','Canton Beach',2,4,NULL,NULL,'\0',1,42840,'2011-12-19 06:57:05',8),(1508,543,'2011-12-14','21:00:00','05:00:00','Canton Beach','Spit Junction',2,4,NULL,NULL,'\0',1,42840,'2011-12-19 06:57:05',8),(1509,543,'2011-12-15','21:00:00','05:00:00','Spit Junction','Canton Beach',2,4,NULL,NULL,'\0',1,42840,'2011-12-19 06:57:05',8),(1510,543,'2011-12-18','06:30:00','14:30:00','Canton Beach','Mosman',2,4,NULL,NULL,'\0',1,42840,'2011-12-19 06:57:05',8),(1511,543,'2011-12-18','06:30:00','14:30:00','Mosman','Canton Beach',2,4,NULL,NULL,'\0',1,42840,'2011-12-19 06:57:05',8),(1512,544,'2011-12-10','07:00:00','15:30:00','Hinchinbrook','Meadowbank',2,4,NULL,NULL,'\0',1,43319,'2012-01-30 10:59:15',14),(1513,544,'2011-12-10','07:00:00','15:30:00','Meadowbank','Hinchinbrook',2,4,NULL,NULL,'\0',1,43319,'2012-01-30 10:59:15',14),(1514,545,'2011-12-16','07:00:00','15:30:00','Hinchinbrook','Meadowbank',2,1,NULL,NULL,'\0',1,43319,'2012-01-30 11:07:55',14),(1515,545,'2011-12-16','07:00:00','15:30:00','Meadowbank','Hinchinbrook',2,1,NULL,NULL,'\0',1,43319,'2012-01-30 11:07:55',14),(1516,546,'2011-12-17','06:30:00','14:30:00','Dee Why','Gore Hill Depot',1,4,NULL,NULL,'\0',0,42840,'2011-12-19 07:06:49',NULL),(1517,547,'2011-12-17','07:00:00','16:00:00','Hinchinbrook','Meadowbank',2,4,NULL,NULL,'\0',1,43319,'2012-01-30 11:07:55',14),(1518,547,'2011-12-17','07:00:00','16:00:00','Meadowbank','Hinchinbrook',2,4,NULL,NULL,'\0',1,43319,'2012-01-30 11:07:55',14),(1519,548,'2011-12-18','05:30:00','13:30:00','Dee Why','Gore Hill Depot',1,4,NULL,NULL,'\0',0,42840,'2011-12-19 07:06:49',NULL),(1520,549,'2011-12-17','05:00:00','13:00:00','Tumbi Umbi','Wallsend Depot',2,4,NULL,NULL,'\0',1,45545,'2012-01-13 08:30:12',12),(1521,549,'2011-12-17','05:00:00','13:00:00','Wallsend Depot','Tumbi Umbi',2,4,NULL,NULL,'\0',1,45545,'2012-01-13 08:30:12',12),(1522,550,'2011-12-17','05:00:00','13:00:00','Belmont','Wallsend Depot',2,4,NULL,NULL,'\0',1,45545,'2012-01-13 08:29:58',12),(1523,550,'2011-12-17','05:00:00','13:00:00','Wallsend Depot','Belmont',2,4,NULL,NULL,'\0',1,45545,'2012-01-13 08:29:58',12),(1524,551,'2011-12-17','05:00:00','13:00:00','Bateau Bay','Wallsend Depot',2,4,NULL,NULL,'\0',1,45545,'2012-01-13 08:39:40',12),(1525,551,'2011-12-17','05:00:00','13:00:00','Wallsend Depot','Bateau Bay',2,4,NULL,NULL,'\0',1,45545,'2012-01-13 08:39:40',12),(1526,552,'2011-12-17','06:30:00','14:30:00','Berala','Chatswood Depot',2,4,NULL,NULL,'\0',1,39713,'2011-12-21 08:09:24',9),(1527,552,'2011-12-17','06:30:00','14:30:00','Chatswood Depot','Berala',2,4,NULL,NULL,'\0',1,39713,'2011-12-21 08:09:24',9),(1528,553,'2011-12-18','07:00:00','15:00:00','Harbord','Dee Why Depot',1,4,NULL,NULL,'\0',1,36592,'2011-12-22 09:21:59',10),(1529,553,'2011-12-18','07:00:00','15:00:00','Dee Why Depot','Harbord',1,4,NULL,NULL,'\0',1,36592,'2011-12-22 09:21:59',10),(1530,554,'2011-12-17','07:00:00','15:30:00','Brookvale','Hornsby Depot',1,4,297,46.75,'',1,37827,'2011-12-22 09:50:40',10),(1531,555,'2011-12-17','07:00:00','16:00:00','Kellyville','Hornsby Depot',2,4,NULL,NULL,'\0',1,37827,'2011-12-22 09:54:09',10),(1532,555,'2011-12-17','07:00:00','16:00:00','Hornsby Depot','Kellyville',2,4,NULL,NULL,'\0',1,37827,'2011-12-22 09:54:09',10),(1533,555,'2011-12-18','07:00:00','15:00:00','Kellyville','Hornsby Depot',2,4,NULL,NULL,'\0',1,37827,'2011-12-22 09:54:09',10),(1534,555,'2011-12-18','07:00:00','15:00:00','Hornsby Depot','Kellyville',2,4,NULL,NULL,'\0',1,37827,'2011-12-22 09:54:09',10),(1535,556,'2011-12-17','07:00:00','16:00:00','Hornsby Heights','Chatswood Depot',1,4,NULL,NULL,'\0',1,33514,'2011-12-19 13:22:12',9),(1536,556,'2011-12-17','07:00:00','16:00:00','Chatswood Depot','Hornsby Heights',1,4,NULL,NULL,'\0',1,33514,'2011-12-19 13:22:12',9),(1537,557,'2011-12-15','21:30:00','05:30:00','Dee Why','Chatswood Depot',2,4,NULL,NULL,'\0',1,43319,'2012-01-30 11:07:37',14),(1538,557,'2011-12-16','21:30:00','05:30:00','Chatswood Depot','Dee Why',2,4,NULL,NULL,'\0',1,43319,'2012-01-30 11:07:37',14),(1539,558,'2011-12-17','06:30:00','16:00:00','Birrong','Hornsby Depot',2,4,NULL,NULL,'\0',1,37827,'2011-12-22 09:53:58',10),(1540,558,'2011-12-17','06:30:00','16:00:00','Hornsby Depot','Birrong',2,4,NULL,NULL,'\0',1,37827,'2011-12-22 09:53:58',10),(1541,559,'2011-12-18','07:00:00','15:00:00','Dee Why Beach','Dee Why Depot',2,4,NULL,NULL,'\0',1,36592,'2011-12-22 09:22:22',10),(1542,559,'2011-12-18','07:00:00','15:00:00','Dee Why Depot','Dee Why Beach',2,4,NULL,NULL,'\0',1,36592,'2011-12-22 09:22:22',10),(1543,560,'2011-12-17','07:00:00','16:00:00','Dee Why','Chatswood Depot',2,4,NULL,NULL,'\0',1,43319,'2012-01-30 11:07:37',14),(1544,560,'2011-12-17','07:00:00','16:00:00','Chatswood Depot','Dee Why',2,4,NULL,NULL,'\0',1,43319,'2012-01-30 11:07:37',14),(1545,561,'2011-12-18','07:00:00','11:00:00','Birrong','Hornsby Depot',2,4,NULL,NULL,'\0',1,37827,'2011-12-22 09:53:58',10),(1546,561,'2011-12-18','07:00:00','11:00:00','Hornsby Depot','Birrong',2,4,NULL,NULL,'\0',1,37827,'2011-12-22 09:53:58',10),(1547,562,'2011-12-17','06:30:00','14:30:00','Arcadia','Chatswood Depot',2,4,NULL,NULL,'\0',1,39713,'2011-12-21 08:08:51',9),(1548,562,'2011-12-17','06:30:00','14:30:00','Chatswood Depot','Arcadia',2,4,NULL,NULL,'\0',1,39713,'2011-12-21 08:08:51',9),(1549,563,'2011-12-17','07:00:00','15:30:00','Bensville','Hornsby Depot',1,4,297,46.75,'',1,37827,'2011-12-22 09:53:50',10),(1550,564,'2011-12-15','07:00:00','15:30:00','Scone','Wallsend Depot',2,1,NULL,NULL,'\0',1,46208,'2012-01-13 09:30:30',12),(1551,565,'2011-12-12','07:00:00','15:30:00','Ettalong Beach','Silverwater (auburn)',1,1,NULL,NULL,'\0',1,41437,'2011-12-19 10:14:37',9),(1552,565,'2011-12-12','07:00:00','15:30:00','Silverwater (auburn)','Ettalong Beach',1,1,NULL,NULL,'\0',1,41437,'2011-12-19 10:14:37',9),(1553,565,'2011-12-13','07:00:00','15:30:00','Ettalong Beach','Silverwater (auburn)',1,1,NULL,NULL,'\0',1,41437,'2011-12-19 10:14:37',9),(1554,565,'2011-12-13','07:00:00','15:30:00','Silverwater (auburn)','Ettalong Beach',1,1,NULL,NULL,'\0',1,41437,'2011-12-19 10:14:37',9),(1555,566,'2011-12-17','07:00:00','16:00:00','Concord West','Chatswood Depot',1,4,NULL,NULL,'\0',1,33514,'2011-12-19 13:22:19',9),(1556,566,'2011-12-17','07:00:00','16:00:00','Chatswood Depot','Concord West',1,4,NULL,NULL,'\0',1,33514,'2011-12-19 13:22:19',9),(1557,567,'2011-12-17','07:00:00','15:00:00','Boat Harbour','Wallsend Depot',1,4,NULL,NULL,'\0',1,49448,'2012-01-31 11:13:40',15),(1558,567,'2011-12-17','07:00:00','15:00:00','Wallsend Depot','Boat Harbour',1,4,NULL,NULL,'\0',1,49448,'2012-01-31 11:13:40',15),(1559,568,'2011-12-17','07:00:00','16:00:00','Woodpark','Meadowbank',2,4,NULL,NULL,'\0',1,37827,'2011-12-22 09:48:51',10),(1560,569,'2011-12-17','06:30:00','12:30:00','Narraweena','Turramurra Zn 1673',1,4,358,56.18,'',1,39713,'2011-12-21 08:14:52',9),(1561,569,'2011-12-17','06:30:00','12:30:00','Turramurra Zn 1673','Narraweena',1,4,358,56.18,'',1,39713,'2011-12-21 08:14:52',9),(1562,570,'2011-12-12','07:00:00','15:30:00','Willoughby Bsp','Dee Why',2,1,NULL,NULL,'\0',1,41399,'2011-12-28 07:53:55',10),(1563,570,'2011-12-12','07:00:00','15:30:00','Chatswood Depot','Willoughby Bsp',2,1,NULL,NULL,'\0',1,41399,'2011-12-28 07:53:55',10),(1564,570,'2011-12-12','07:00:00','15:30:00','Dee Why','Chatswood Depot',2,1,NULL,NULL,'\0',1,41399,'2011-12-28 07:53:55',10),(1565,570,'2011-12-13','07:00:00','20:00:00','Turramurra Zn 1673','Dee Why',2,2,NULL,NULL,'\0',1,41399,'2011-12-28 07:53:55',10),(1566,570,'2011-12-13','07:00:00','20:00:00','Dee Why','Chatswood Depot',2,2,NULL,NULL,'\0',1,41399,'2011-12-28 07:53:55',10),(1567,570,'2011-12-13','07:00:00','20:00:00','Willoughby Bsp','Turramurra Zn 1673',2,2,NULL,NULL,'\0',1,41399,'2011-12-28 07:53:55',10),(1568,570,'2011-12-13','07:00:00','20:00:00','Chatswood Depot','Willoughby Bsp',2,2,NULL,NULL,'\0',1,41399,'2011-12-28 07:53:55',10),(1569,570,'2011-12-14','07:00:00','19:00:00','Chatswood Depot','Killarney Zn 15012',2,2,NULL,NULL,'\0',1,41399,'2011-12-28 07:53:55',10),(1570,570,'2011-12-14','07:00:00','19:00:00','Dee Why','Chatswood Depot',2,2,NULL,NULL,'\0',1,41399,'2011-12-28 07:53:55',10),(1571,570,'2011-12-14','07:00:00','19:00:00','Killarney Zn 15012','Dee Why',2,2,NULL,NULL,'\0',1,41399,'2011-12-28 07:53:55',10),(1572,570,'2011-12-17','07:00:00','15:30:00','Chatswood Depot','Willoughby Bsp',2,4,NULL,NULL,'\0',1,41399,'2011-12-28 07:53:55',10),(1573,570,'2011-12-17','07:00:00','15:30:00','Dee Why','Chatswood Depot',2,4,NULL,NULL,'\0',1,41399,'2011-12-28 07:53:55',10),(1574,571,'2011-12-17','07:00:00','15:30:00','Willoughby Bsp','Mosman Zn 180',2,4,NULL,NULL,'\0',1,41399,'2011-12-28 07:53:55',10),(1575,571,'2011-12-17','07:00:00','15:30:00','Mosman Zn 180','Chatswood Depot',2,4,NULL,NULL,'\0',1,41399,'2011-12-28 07:53:55',10),(1576,571,'2011-12-17','07:00:00','15:30:00','Chatswood Depot','Dee Why',2,4,NULL,NULL,'\0',1,41399,'2011-12-28 07:53:55',10),(1577,572,'2011-12-18','07:00:00','14:00:00','Lisarow','Chatswood Depot',1,4,310,49.50,'',1,39713,'2011-12-21 08:12:04',9),(1578,572,'2011-12-18','07:00:00','14:00:00','Chatswood Depot','Lisarow',1,4,310,49.50,'',1,39713,'2011-12-21 08:12:04',9),(1579,573,'2011-12-17','06:30:00','16:30:00','Mount Colah','Gore Hill Depot',1,4,373,57.29,'',1,42840,'2011-12-19 07:54:41',8),(1580,573,'2011-12-17','06:30:00','16:30:00','Mosman','Mount Colah',1,4,373,57.29,'',1,42840,'2011-12-19 07:54:41',8),(1581,573,'2011-12-18','05:30:00','13:30:00','Mount Colah','Mosman',1,4,373,57.29,'',1,42840,'2011-12-19 07:54:41',8),(1582,573,'2011-12-18','05:30:00','13:30:00','Mosman','Mount Colah',1,4,373,57.29,'',1,42840,'2011-12-19 07:54:41',8),(1583,574,'2011-12-18','07:00:00','16:00:00','Rossmore','Zetland',1,4,NULL,NULL,'\0',1,42357,'2011-12-22 09:06:35',10),(1584,574,'2011-12-18','07:00:00','16:00:00','Zetland','Rossmore',1,4,NULL,NULL,'\0',1,42357,'2011-12-22 09:06:35',10),(1585,575,'2011-12-18','07:00:00','16:00:00','Woodcroft','Zetland',1,4,NULL,NULL,'\0',1,42357,'2011-12-22 09:06:44',10),(1586,575,'2011-12-18','07:00:00','16:00:00','Zetland','Woodcroft',1,4,NULL,NULL,'\0',1,42357,'2011-12-22 09:06:44',10),(1587,576,'2011-12-17','10:00:00','14:00:00','Home Base','Wallsend Administration',2,4,NULL,NULL,'\0',1,43098,'2011-12-22 09:57:50',10),(1588,577,'2011-12-17','06:30:00','13:30:00','Toongabbie','Homebush',1,4,NULL,NULL,'\0',1,31584,'2012-01-23 09:50:23',13),(1589,578,'2011-12-17','06:00:00','14:00:00','Gymea','Zetland',1,4,NULL,NULL,'\0',1,35508,'2011-12-22 11:10:30',10),(1590,579,'2011-12-17','10:30:00','17:30:00','Heathcote','Head Office Building',3,4,NULL,NULL,'\0',1,41803,'2011-12-19 09:23:53',9),(1591,579,'2011-12-17','10:30:00','17:30:00','Head Office Building','Heathcote',3,4,NULL,NULL,'\0',1,41803,'2011-12-19 09:23:53',9),(1592,580,'2011-12-17','06:30:00','16:30:00','San Remo','Gore Hill Depot',1,4,297,46.75,'',1,42840,'2011-12-19 10:46:29',9),(1593,580,'2011-12-17','06:30:00','16:30:00','Gore Hill Depot','San Remo',1,4,297,46.75,'',1,42840,'2011-12-19 10:46:29',9),(1594,581,'2011-12-06','20:00:00','04:00:00','Umina Beach','Castle Hill',1,4,NULL,NULL,'\0',1,42840,'2011-12-19 10:45:14',9),(1595,581,'2011-12-07','20:00:00','04:00:00','Castle Hill','Umina Beach',1,4,NULL,NULL,'\0',1,42840,'2011-12-19 10:45:14',9),(1596,582,'2011-12-19','07:20:00','15:40:00','Acacia Gardens','Roden Cutler House',3,1,NULL,NULL,'\0',1,44782,'2011-12-21 07:56:58',10),(1597,582,'2011-12-19','07:20:00','15:40:00','Roden Cutler House','Acacia Gardens',3,1,NULL,NULL,'\0',1,44782,'2011-12-21 07:56:58',10),(1598,583,'2011-12-10','07:00:00','16:30:00','Cromer','Chatswood Depot',1,4,NULL,NULL,'\0',1,41399,'2011-12-19 12:19:36',9),(1599,583,'2011-12-10','07:00:00','16:30:00','Chatswood Depot','Cromer',1,4,NULL,NULL,'\0',1,41399,'2011-12-19 12:19:36',9),(1600,584,'2011-12-17','06:30:00','14:30:00','Allambie','Gore Hill Depot',2,4,NULL,NULL,'\0',1,42840,'2011-12-19 10:47:47',9),(1601,584,'2011-12-17','06:30:00','14:30:00','Gore Hill Depot','Kirribilli',2,3,NULL,NULL,'\0',1,42840,'2011-12-19 10:47:47',9),(1602,584,'2011-12-17','14:30:00','16:30:00','Kirribilli','Mosman',2,3,NULL,NULL,'\0',1,42840,'2011-12-19 10:47:47',9),(1603,584,'2011-12-17','14:30:00','16:30:00','Mosman','Allambie',2,4,NULL,NULL,'\0',1,42840,'2011-12-19 10:47:47',9),(1604,585,'2011-12-15','07:00:00','16:00:00','Cronulla','Zetland',2,1,NULL,NULL,'\0',1,33908,'2011-12-22 09:08:02',10),(1605,585,'2011-12-15','07:00:00','16:00:00','Zetland','Cronulla',2,1,NULL,NULL,'\0',1,33908,'2011-12-22 09:08:02',10),(1606,586,'2011-12-12','21:00:00','05:00:00','Seaforth','Mosman',1,4,NULL,NULL,'\0',1,42840,'2011-12-19 10:48:49',9),(1607,586,'2011-12-13','21:00:00','05:00:00','Mosman','Seaforth',1,4,NULL,NULL,'\0',1,42840,'2011-12-19 10:48:49',9),(1608,586,'2011-12-13','21:00:00','05:00:00','Seaforth','Mosman',1,4,NULL,NULL,'\0',1,42840,'2011-12-19 10:48:49',9),(1609,586,'2011-12-14','21:00:00','05:00:00','Seaforth','Mosman',1,4,NULL,NULL,'\0',1,42840,'2011-12-19 10:48:49',9),(1610,586,'2011-12-14','21:00:00','05:00:00','Mosman','Seaforth',1,4,NULL,NULL,'\0',1,42840,'2011-12-19 10:48:49',9),(1611,586,'2011-12-15','21:00:00','05:00:00','Mosman','Seaforth',1,4,NULL,NULL,'\0',1,42840,'2011-12-19 10:48:49',9),(1612,587,'2011-12-17','07:00:00','15:00:00','Killarney Heights','Gore Hill Depot',2,4,NULL,NULL,'\0',1,34969,'2011-12-19 10:27:31',9),(1613,587,'2011-12-17','07:00:00','15:00:00','Gore Hill Depot','Killarney Heights',2,4,NULL,NULL,'\0',1,34969,'2011-12-19 10:27:31',9),(1614,588,'2011-12-03','07:00:00','15:00:00','Killarney Heights','Gore Hill Depot',2,4,NULL,NULL,'\0',1,34969,'2011-12-19 10:26:58',9),(1615,588,'2011-12-03','07:00:00','15:00:00','Gore Hill Depot','Killarney Heights',2,4,NULL,NULL,'\0',1,34969,'2011-12-19 10:26:58',9),(1616,589,'2011-12-17','07:00:00','15:00:00','Concord','Gore Hill Depot',2,4,NULL,NULL,'\0',1,34969,'2011-12-19 10:27:39',9),(1617,589,'2011-12-17','07:00:00','15:00:00','Gore Hill Depot','Concord',2,4,NULL,NULL,'\0',1,34969,'2011-12-19 10:27:39',9),(1618,590,'2011-12-17','07:00:00','15:00:00','Mona Vale','Gore Hill Depot',2,4,NULL,NULL,'\0',1,34969,'2011-12-19 10:27:45',9),(1619,590,'2011-12-17','07:00:00','15:00:00','Gore Hill Depot','Mona Vale',2,4,NULL,NULL,'\0',1,34969,'2011-12-19 10:27:45',9),(1620,591,'2011-11-26','16:00:00','00:00:00','Mona Vale','Gore Hill Depot',2,4,NULL,NULL,'\0',1,34969,'2011-12-22 09:03:01',10),(1621,591,'2011-11-27','00:00:00','03:00:00','Gore Hill Depot','Mona Vale',2,4,NULL,NULL,'\0',1,34969,'2011-12-22 09:03:01',10),(1622,592,'2011-12-03','07:00:00','15:00:00','Mona Vale','Gore Hill Depot',2,4,NULL,NULL,'\0',1,34969,'2011-12-19 10:27:07',9),(1623,592,'2011-12-03','07:00:00','15:00:00','Gore Hill Depot','Mona Vale',2,4,NULL,NULL,'\0',1,34969,'2011-12-19 10:27:07',9),(1624,593,'2011-10-31','00:00:00','01:00:00','Gore Hill Depot','Mona Vale',2,4,NULL,NULL,'\0',1,34969,'2011-12-22 09:01:42',10),(1625,594,'2011-10-29','07:00:00','15:00:00','Mona Vale','Gore Hill Depot',2,4,NULL,NULL,'\0',1,34969,'2011-12-22 09:01:34',10),(1626,594,'2011-10-29','07:00:00','15:00:00','Gore Hill Depot','Mona Vale',2,4,NULL,NULL,'\0',1,34969,'2011-12-22 09:01:34',10),(1627,594,'2011-10-30','19:00:00','00:00:00','Mona Vale','Gore Hill Depot',2,4,NULL,NULL,'\0',1,34969,'2011-12-22 09:01:34',10),(1628,595,'2011-12-10','16:00:00','00:00:00','Concord West','Gore Hill Depot',2,4,NULL,NULL,'\0',1,34969,'2011-12-19 10:27:21',9),(1629,595,'2011-12-11','00:00:00','03:00:00','Gore Hill Depot','Concord West',2,4,NULL,NULL,'\0',1,34969,'2011-12-19 10:27:21',9),(1630,596,'2011-12-17','06:30:00','14:30:00','Gladesville','Kirribilli',2,4,NULL,NULL,'\0',1,42840,'2011-12-19 10:47:15',9),(1631,596,'2011-12-17','06:30:00','14:30:00','Kirribilli','Gladesville',2,4,NULL,NULL,'\0',1,42840,'2011-12-19 10:47:15',9),(1632,597,'2011-12-17','06:30:00','15:30:00','Buff Point','Eastwood',2,4,NULL,NULL,'\0',1,42840,'2011-12-19 10:47:23',9),(1633,597,'2011-12-17','06:30:00','15:30:00','Eastwood','Buff Point',2,4,NULL,NULL,'\0',1,42840,'2011-12-19 10:47:23',9),(1634,598,'2011-12-17','06:30:00','13:30:00','Seven Hills','Eastwood',1,4,NULL,NULL,'\0',1,42840,'2011-12-19 10:48:27',9),(1635,598,'2011-12-17','06:30:00','13:30:00','Eastwood','Seven Hills',1,4,NULL,NULL,'\0',1,42840,'2011-12-19 10:48:27',9),(1636,598,'2011-12-18','06:30:00','13:30:00','Seven Hills','Ryde',1,4,NULL,NULL,'\0',1,42840,'2011-12-19 10:48:27',9),(1637,598,'2011-12-18','06:30:00','13:30:00','Ryde','Seven Hills',1,4,NULL,NULL,'\0',1,42840,'2011-12-19 10:48:27',9),(1638,599,'2011-12-13','20:00:00','00:00:00','Davistown','Macquarie Park',1,4,NULL,NULL,'\0',1,42840,'2011-12-19 10:47:57',9),(1639,599,'2011-12-14','00:00:00','04:00:00','Macquarie Park','Davistown',1,4,NULL,NULL,'\0',1,42840,'2011-12-19 10:47:57',9),(1640,599,'2011-12-17','06:30:00','15:30:00','Davistown','Eastwood',1,4,NULL,NULL,'\0',1,42840,'2011-12-19 10:47:57',9),(1641,599,'2011-12-17','06:30:00','15:30:00','Eastwood','Davistown',1,4,NULL,NULL,'\0',1,42840,'2011-12-19 10:47:57',9),(1642,600,'2011-12-13','20:00:00','00:00:00','Blue Haven','Macquarie Park',2,4,NULL,NULL,'\0',1,42840,'2011-12-19 10:45:27',9),(1643,600,'2011-12-14','00:00:00','04:00:00','Macquarie Park','Blue Haven',2,4,NULL,NULL,'\0',1,42840,'2011-12-19 10:45:27',9),(1644,600,'2011-12-17','06:30:00','15:30:00','Blue Haven','Eastwood',2,4,NULL,NULL,'\0',1,42840,'2011-12-19 10:45:27',9),(1645,600,'2011-12-17','06:30:00','15:30:00','Eastwood','Blue Haven',2,4,NULL,NULL,'\0',1,42840,'2011-12-19 10:45:27',9),(1646,600,'2011-12-18','13:00:00','21:00:00','Blue Haven','Macquarie Park',2,4,NULL,NULL,'\0',1,42840,'2011-12-19 10:45:27',9),(1647,600,'2011-12-18','13:00:00','21:00:00','Macquarie Park','Blue Haven',2,4,NULL,NULL,'\0',1,42840,'2011-12-19 10:45:27',9),(1648,601,'2011-12-13','20:00:00','00:00:00','Glenwood','Macquarie Park',1,4,NULL,NULL,'\0',1,42840,'2011-12-19 10:47:06',9),(1649,601,'2011-12-14','00:00:00','04:00:00','Macquarie Park','Glenwood',1,4,NULL,NULL,'\0',1,42840,'2011-12-19 10:47:06',9),(1650,601,'2011-12-17','06:30:00','15:30:00','Glenwood','Eastwood',1,4,NULL,NULL,'\0',1,42840,'2011-12-19 10:47:06',9),(1651,601,'2011-12-17','06:30:00','15:30:00','Eastwood','Glenwood',1,4,NULL,NULL,'\0',1,42840,'2011-12-19 10:47:06',9),(1652,601,'2011-12-18','06:30:00','21:00:00','Glenwood','Macquarie Park',1,4,NULL,NULL,'\0',1,42840,'2011-12-19 10:47:06',9),(1653,601,'2011-12-18','06:30:00','21:00:00','Macquarie Park','Glenwood',1,4,NULL,NULL,'\0',1,42840,'2011-12-19 10:47:06',9),(1654,602,'2011-12-13','20:00:00','00:00:00','Werrington','Macquarie Park',2,4,NULL,NULL,'\0',1,42840,'2011-12-19 10:48:12',9),(1655,602,'2011-12-14','00:00:00','04:00:00','Macquarie Park','Werrington',2,4,NULL,NULL,'\0',1,42840,'2011-12-19 10:48:12',9),(1656,602,'2011-12-17','06:30:00','15:30:00','Werrington','Hornsby Depot',2,4,NULL,NULL,'\0',1,42840,'2011-12-19 10:48:12',9),(1657,602,'2011-12-17','06:30:00','15:30:00','Hornsby Depot','Werrington',2,4,NULL,NULL,'\0',1,42840,'2011-12-19 10:48:12',9),(1658,602,'2011-12-18','06:30:00','14:30:00','Werrington','Macquarie Park',2,4,NULL,NULL,'\0',1,42840,'2011-12-19 10:48:12',9),(1659,602,'2011-12-18','06:30:00','14:30:00','Macquarie Park','Werrington',2,4,NULL,NULL,'\0',1,42840,'2011-12-19 10:48:12',9),(1660,603,'2011-12-17','06:30:00','15:30:00','Lake Munmorah','Eastwood',1,4,297,46.75,'',1,42840,'2011-12-19 10:46:54',9),(1661,603,'2011-12-17','06:30:00','15:30:00','Eastwood','Lake Munmorah',1,4,297,46.75,'',1,42840,'2011-12-19 10:46:54',9),(1662,603,'2011-12-18','06:30:00','14:30:00','Lake Munmorah','Macquarie Park',1,4,297,46.75,'',1,42840,'2011-12-19 10:46:54',9),(1663,603,'2011-12-18','06:30:00','14:30:00','Macquarie Park','Lake Munmorah',1,4,297,46.75,'',1,42840,'2011-12-19 10:46:54',9),(1664,604,'2011-12-17','07:00:00','11:00:00','Como','Head Office Building',1,4,NULL,NULL,'\0',1,42543,'2011-12-20 09:51:46',9),(1665,604,'2011-12-17','07:00:00','11:00:00','Head Office Building','Como',1,4,NULL,NULL,'\0',1,42543,'2011-12-20 09:51:46',9),(1666,605,'2011-12-17','07:00:00','13:30:00','Balmoral Village','Head Office Building',2,4,NULL,NULL,'\0',1,42543,'2011-12-20 09:51:09',9),(1667,605,'2011-12-17','07:00:00','13:30:00','Head Office Building','Balmoral Village',2,4,NULL,NULL,'\0',1,42543,'2011-12-20 09:51:09',9),(1668,606,'2011-12-17','07:00:00','11:00:00','Como','Head Office Building',1,4,NULL,NULL,'\0',0,42543,'2011-12-20 09:51:46',NULL),(1669,606,'2011-12-17','07:00:00','11:00:00','Head Office Building','Como',1,4,NULL,NULL,'\0',0,42543,'2011-12-20 09:51:46',NULL),(1670,607,'2011-12-12','07:00:00','15:30:00','eleebana','Maitland Depot',2,1,NULL,NULL,'\0',1,45545,'2012-01-13 08:31:10',12),(1671,607,'2011-12-12','07:00:00','15:30:00','Maitland Depot','eleebana',2,1,NULL,NULL,'\0',1,45545,'2012-01-13 08:31:10',12),(1672,607,'2011-12-13','07:00:00','15:30:00','eleebana','Maitland Depot',2,1,NULL,NULL,'\0',1,45545,'2012-01-13 08:31:10',12),(1673,607,'2011-12-13','07:00:00','15:30:00','Maitland Depot','eleebana',2,1,NULL,NULL,'\0',1,45545,'2012-01-13 08:31:10',12),(1674,607,'2011-12-14','07:00:00','15:30:00','eleebana','Maitland Depot',2,1,NULL,NULL,'\0',1,45545,'2012-01-13 08:31:10',12),(1675,607,'2011-12-14','07:00:00','15:30:00','Maitland Depot','eleebana',2,1,NULL,NULL,'\0',1,45545,'2012-01-13 08:31:10',12),(1676,607,'2011-12-15','07:00:00','15:30:00','eleebana','Maitland Depot',2,1,NULL,NULL,'\0',1,45545,'2012-01-13 08:31:10',12),(1677,607,'2011-12-15','07:00:00','15:30:00','Maitland Depot','eleebana',2,1,NULL,NULL,'\0',1,45545,'2012-01-13 08:31:10',12),(1678,607,'2011-12-16','07:00:00','15:30:00','eleebana','Maitland Depot',2,1,NULL,NULL,'\0',1,45545,'2012-01-13 08:31:10',12),(1679,607,'2011-12-16','07:00:00','15:30:00','Maitland Depot','eleebana',2,1,NULL,NULL,'\0',1,45545,'2012-01-13 08:31:10',12),(1680,607,'2011-12-17','06:00:00','14:00:00','eleebana','Maitland Depot',2,4,NULL,NULL,'\0',1,45545,'2012-01-13 08:31:10',12),(1681,607,'2011-12-17','06:00:00','14:00:00','Maitland Depot','eleebana',2,4,NULL,NULL,'\0',1,45545,'2012-01-13 08:31:10',12),(1682,608,'2011-12-12','07:00:00','15:30:00','Belmont','Maitland Depot',2,1,NULL,NULL,'\0',1,45545,'2012-01-13 08:26:20',12),(1683,608,'2011-12-12','07:00:00','15:30:00','Maitland Depot','Belmont',2,1,NULL,NULL,'\0',1,45545,'2012-01-13 08:26:20',12),(1684,608,'2011-12-13','07:00:00','15:30:00','Belmont','Maitland Depot',2,1,NULL,NULL,'\0',1,45545,'2012-01-13 08:26:20',12),(1685,608,'2011-12-13','07:00:00','15:30:00','Maitland Depot','Belmont',2,1,NULL,NULL,'\0',1,45545,'2012-01-13 08:26:20',12),(1686,608,'2011-12-14','07:00:00','15:30:00','Belmont','Maitland Depot',2,1,NULL,NULL,'\0',1,45545,'2012-01-13 08:26:20',12),(1687,608,'2011-12-14','07:00:00','15:30:00','Maitland Depot','Belmont',2,1,NULL,NULL,'\0',1,45545,'2012-01-13 08:26:20',12),(1688,608,'2011-12-15','07:00:00','15:30:00','Belmont','Maitland Depot',2,1,NULL,NULL,'\0',1,45545,'2012-01-13 08:26:20',12),(1689,608,'2011-12-15','07:00:00','15:30:00','Maitland Depot','Belmont',2,1,NULL,NULL,'\0',1,45545,'2012-01-13 08:26:20',12),(1690,608,'2011-12-16','07:00:00','15:30:00','Belmont','Maitland Depot',2,1,NULL,NULL,'\0',1,45545,'2012-01-13 08:26:20',12),(1691,608,'2011-12-16','07:00:00','15:30:00','Maitland Depot','Belmont',2,1,NULL,NULL,'\0',1,45545,'2012-01-13 08:26:20',12),(1692,609,'2011-12-16','07:00:00','15:30:00','Milbrodale','Macquarie Links',1,1,NULL,NULL,'\0',1,41437,'2011-12-23 09:59:21',10),(1693,610,'2011-12-17','07:00:00','11:00:00','Forestville','Head Office Building',1,4,NULL,NULL,'\0',1,45888,'2011-12-22 08:25:18',10),(1694,610,'2011-12-17','07:00:00','11:00:00','Head Office Building','Forestville',1,4,NULL,NULL,'\0',1,45888,'2011-12-22 08:25:18',10),(1695,611,'2011-12-17','06:30:00','14:30:00','Stanhope Gardens','Chatswood Depot',1,4,NULL,NULL,'\0',1,39713,'2011-12-21 08:10:23',9),(1696,611,'2011-12-17','06:30:00','14:30:00','Chatswood Depot','Stanhope Gardens',1,4,NULL,NULL,'\0',1,39713,'2011-12-21 08:10:23',9),(1697,612,'2011-12-17','07:00:00','15:00:00','Cardiff Heights','Wallsend Depot',1,4,NULL,NULL,'\0',1,49448,'2012-01-31 10:10:45',15),(1698,612,'2011-12-17','07:00:00','15:00:00','Wallsend Depot','Cardiff Heights',1,4,NULL,NULL,'\0',1,49448,'2012-01-31 10:10:45',15),(1699,613,'2011-12-17','07:00:00','12:30:00','Home Base','Homebush Depot',1,4,NULL,NULL,'\0',0,42543,'2011-12-20 09:50:42',NULL),(1700,614,'2011-12-19','00:08:00','00:04:00','Glenwood','Sydney Cbd',3,1,NULL,NULL,'\0',1,48334,'2011-12-23 10:21:08',10),(1701,615,'2011-12-10','07:00:00','12:00:00','Balmoral Village','Head Office Building',2,4,NULL,NULL,'\0',1,42543,'2011-12-20 09:49:46',9),(1702,615,'2011-12-10','07:00:00','12:00:00','Head Office Building','Balmoral Village',2,4,NULL,NULL,'\0',1,42543,'2011-12-20 09:49:46',9),(1703,616,'2011-12-17','10:00:00','14:00:00','Liverpool','Oatley',2,4,NULL,NULL,'\0',0,43183,'2011-12-19 16:14:38',NULL),(1704,617,'2011-12-17','10:00:00','14:00:00','Liverpool','Oatley',2,4,NULL,NULL,'\0',1,43183,'2011-12-19 16:19:21',9),(1705,617,'2011-12-17','10:00:00','14:00:00','Oatley','Liverpool',2,4,NULL,NULL,'\0',1,43183,'2011-12-19 16:19:21',9),(1706,618,'2011-12-17','07:00:00','16:00:00','St Ives','Chatswood Depot',1,4,310,49.50,'',1,39713,'2011-12-21 08:16:09',9),(1707,618,'2011-12-17','07:00:00','16:00:00','Hunters Hill Zn 129','St Ives',1,4,310,49.50,'',1,39713,'2011-12-21 08:16:09',9),(1708,619,'2011-12-17','07:00:00','15:00:00','Normanhurst','Belrose Zn 15005',1,4,310,49.50,'',1,39713,'2011-12-21 08:19:48',9),(1709,619,'2011-12-17','07:00:00','15:00:00','Belrose Zn 15005','Normanhurst',1,4,310,49.50,'',1,39713,'2011-12-21 08:19:48',9),(1710,620,'2011-12-17','07:00:00','16:00:00','Telopea','Chatswood Depot',1,4,NULL,NULL,'\0',1,33514,'2011-12-20 08:28:11',9),(1711,620,'2011-12-17','07:00:00','16:00:00','Chatswood Depot','Telopea',1,4,NULL,NULL,'\0',1,33514,'2011-12-20 08:28:11',9),(1712,621,'2011-12-17','06:30:00','14:30:00','East Gosford','Turramurra Zn 1673',1,4,310,49.50,'',1,39713,'2011-12-21 08:15:23',9),(1713,622,'2011-12-17','06:30:00','14:30:00','East Gosford','Turramurra Zn 1673',1,4,310,49.50,'',1,39713,'2011-12-21 08:15:23',9),(1714,623,'2011-12-17','07:00:00','16:00:00','Baulkham Hills','Chatswood Depot',1,4,358,56.18,'',1,39713,'2011-12-21 08:13:00',9),(1715,623,'2011-12-17','07:00:00','16:00:00','Chatswood Depot','Baulkham Hills',1,4,358,56.18,'',1,39713,'2011-12-21 08:13:00',9),(1716,624,'2011-12-17','07:00:00','15:00:00','Newport Beach','Belrose Zn 15005',2,4,NULL,NULL,'\0',1,39713,'2011-12-21 08:19:35',9),(1717,624,'2011-12-17','07:00:00','15:00:00','Belrose Zn 15005','Newport Beach',2,4,NULL,NULL,'\0',1,39713,'2011-12-21 08:19:35',9),(1718,625,'2011-12-17','07:30:00','16:00:00','North Avoca','Hornsby Depot',1,4,310,49.50,'',1,47573,'2011-12-20 15:58:18',9),(1719,625,'2011-12-17','07:30:00','16:00:00','Hornsby Depot','North Avoca',1,4,310,49.50,'',1,47573,'2011-12-20 15:58:18',9),(1720,626,'2011-12-17','07:00:00','15:00:00','Kincumber','Mosman Zn 180',1,4,NULL,NULL,'\0',1,39713,'2011-12-21 08:08:39',9),(1721,626,'2011-12-17','07:00:00','15:00:00','Mosman Zn 180','Kincumber',1,4,NULL,NULL,'\0',1,39713,'2011-12-21 08:08:39',9),(1722,627,'2011-12-17','07:00:00','15:00:00','Dee Why','Kirribilli',1,4,NULL,NULL,'\0',1,39713,'2011-12-21 08:11:36',9),(1723,627,'2011-12-17','07:00:00','15:00:00','Macquarie Park','Dee Why',1,4,NULL,NULL,'\0',1,39713,'2011-12-21 08:11:36',9),(1724,628,'2011-12-10','07:00:00','16:00:00','Five Dock','Chatswood Depot',2,4,NULL,NULL,'\0',0,33514,'2011-12-20 08:26:00',NULL),(1725,628,'2011-12-10','07:00:00','16:00:00','Chatswood Depot','Five Dock',2,4,NULL,NULL,'\0',1,33514,'2011-12-20 08:26:00',9),(1726,629,'2011-12-03','07:00:00','16:00:00','Five Dock','Chatswood Depot',2,4,NULL,NULL,'\0',0,33514,'2011-12-20 08:25:31',NULL),(1727,629,'2011-12-03','07:00:00','16:00:00','Chatswood Depot','Five Dock',2,4,NULL,NULL,'\0',1,33514,'2011-12-20 08:25:31',9),(1728,630,'2011-12-17','07:00:00','16:00:00','Five Dock','Chatswood Depot',2,4,NULL,NULL,'\0',1,33514,'2011-12-20 08:27:51',9),(1729,630,'2011-12-17','07:00:00','16:00:00','Chatswood Depot','Five Dock',2,4,NULL,NULL,'\0',1,33514,'2011-12-20 08:27:51',9),(1730,631,'2011-12-18','06:30:00','16:00:00','Five Dock','Chatswood Depot',2,4,NULL,NULL,'\0',1,33514,'2011-12-20 08:27:51',9),(1731,631,'2011-12-18','06:30:00','16:00:00','Chatswood Depot','Five Dock',2,4,NULL,NULL,'\0',1,33514,'2011-12-20 08:27:51',9),(1732,632,'2011-12-12','06:00:00','12:00:00','Leichhardt','Chatswood Depot',1,1,NULL,NULL,'\0',0,43880,'2011-12-19 16:53:19',NULL),(1733,633,'2011-12-10','07:00:00','16:00:00','Quakers Hill','Chatswood Depot',2,4,NULL,NULL,'\0',1,33514,'2011-12-20 08:24:02',9),(1734,633,'2011-12-10','07:00:00','16:00:00','Chatswood Depot','Quakers Hill',2,4,NULL,NULL,'\0',1,33514,'2011-12-20 08:24:02',9),(1735,633,'2011-12-11','05:30:00','21:30:00','Quakers Hill','Chatswood Depot',2,4,NULL,NULL,'\0',1,33514,'2011-12-20 08:24:02',9),(1736,633,'2011-12-11','05:30:00','21:30:00','Chatswood Depot','Quakers Hill',2,4,NULL,NULL,'\0',1,33514,'2011-12-20 08:24:02',9),(1737,634,'2011-11-26','07:00:00','11:00:00','Burwood','Chatswood Depot',2,4,NULL,NULL,'\0',1,33514,'2012-01-04 07:53:26',11),(1738,634,'2011-11-26','07:00:00','11:00:00','Chatswood Depot','Burwood',2,4,NULL,NULL,'\0',1,33514,'2012-01-04 07:53:26',11),(1739,634,'2011-11-27','05:30:00','09:30:00','Burwood','Chatswood',2,4,NULL,NULL,'\0',1,33514,'2012-01-04 07:53:26',11),(1740,634,'2011-11-27','05:30:00','09:30:00','Chatswood','Burwood',2,4,NULL,NULL,'\0',1,33514,'2012-01-04 07:53:26',11),(1741,634,'2011-11-27','21:30:00','01:30:00','Burwood','Chatswood Depot',2,4,NULL,NULL,'\0',1,33514,'2012-01-04 07:53:26',11),(1742,634,'2011-11-21','21:30:00','01:30:00','Chatswood Depot','Burwood',2,4,NULL,NULL,'\0',1,33514,'2012-01-04 07:53:26',11),(1743,635,'2011-12-03','07:00:00','16:00:00','Burwood','Chatswood Depot',1,4,NULL,NULL,'\0',1,33514,'2011-12-20 08:23:36',9),(1744,635,'2011-12-03','07:00:00','16:00:00','Chatswood Depot','Burwood',1,4,NULL,NULL,'\0',1,33514,'2011-12-20 08:23:36',9),(1745,635,'2011-12-03','18:00:00','01:00:00','Burwood','Chatswood Depot',2,4,NULL,NULL,'\0',1,33514,'2011-12-20 08:23:36',9),(1746,635,'2011-12-04','18:00:00','01:00:00','Chatswood Depot','Burwood',2,4,NULL,NULL,'\0',1,33514,'2011-12-20 08:23:36',9),(1747,636,'2011-12-17','07:00:00','16:00:00','Burwood','Chatswood Depot',2,4,NULL,NULL,'\0',1,33514,'2011-12-20 08:28:22',9),(1748,637,'2011-12-17','07:00:00','15:30:00','Gosford','Hornsby Depot',1,4,NULL,NULL,'\0',1,37827,'2011-12-22 09:52:40',10),(1749,638,'2011-12-10','07:00:00','16:00:00','St Peters','Chatswood Depot',2,4,NULL,NULL,'\0',1,33514,'2011-12-22 11:01:53',10),(1750,638,'2011-12-10','07:00:00','16:00:00','Chatswood Depot','St Peters',2,4,NULL,NULL,'\0',1,33514,'2011-12-22 11:01:53',10),(1751,639,'2011-12-11','05:30:00','21:30:00','St Peters','Chatswood Depot',2,4,NULL,NULL,'\0',1,33514,'2011-12-22 11:01:53',10),(1752,639,'2011-12-11','05:30:00','21:30:00','Chatswood Depot','St Peters',2,4,NULL,NULL,'\0',1,33514,'2011-12-22 11:01:53',10),(1753,640,'2011-12-17','07:00:00','16:00:00','St Peters','Chatswood Depot',2,4,NULL,NULL,'\0',1,33514,'2011-12-20 08:27:04',9),(1754,640,'2011-12-17','07:00:00','16:00:00','Chatswood Depot','St Peters',2,4,NULL,NULL,'\0',1,33514,'2011-12-20 08:27:04',9),(1755,641,'2011-12-17','07:30:00','15:30:00','Kanwal','Hornsby Depot',2,4,NULL,NULL,'\0',1,47573,'2011-12-20 15:43:09',9),(1756,641,'2011-12-17','07:30:00','15:30:00','Hornsby Depot','Kanwal',2,4,NULL,NULL,'\0',1,47573,'2011-12-20 15:43:09',9),(1757,642,'2011-12-17','07:00:00','15:00:00','Marsfield','Kirribilli',1,4,NULL,NULL,'\0',1,39713,'2011-12-21 08:10:34',9),(1758,642,'2011-12-17','07:00:00','15:00:00','Kirribilli','Marsfield',1,4,NULL,NULL,'\0',1,39713,'2011-12-21 08:10:34',9),(1759,643,'2011-12-17','07:00:00','16:00:00','South Windsor','Chatswood Depot',1,4,NULL,NULL,'\0',1,39713,'2011-12-21 08:16:27',9),(1760,643,'2011-12-17','07:00:00','16:00:00','Hunters Hill Zn 129','South Windsor',1,4,NULL,NULL,'\0',1,39713,'2011-12-21 08:16:27',9),(1761,644,'2011-12-17','07:30:00','15:30:00','Harbord','Dee Why Depot',1,4,NULL,NULL,'\0',0,47573,'2011-12-20 15:49:26',NULL),(1762,645,'2011-12-17','07:00:00','16:00:00','Avoca Beach','Chatswood Depot',2,4,NULL,NULL,'\0',1,33514,'2011-12-20 08:26:39',9),(1763,645,'2011-12-17','07:00:00','16:00:00','Chatswood Depot','Avoca Beach',2,4,NULL,NULL,'\0',1,33514,'2011-12-20 08:26:39',9),(1764,645,'2011-12-18','06:30:00','16:00:00','Avoca Beach','Chatswood Depot',2,4,NULL,NULL,'\0',1,33514,'2011-12-20 08:26:39',9),(1765,645,'2011-12-18','06:30:00','16:00:00','Chatswood Depot','Avoca Beach',2,4,NULL,NULL,'\0',1,33514,'2011-12-20 08:26:39',9),(1766,646,'2011-12-17','07:00:00','15:30:00','Kincumber','Hornsby Depot',1,4,NULL,NULL,'\0',1,37827,'2011-12-22 09:54:26',10),(1767,647,'2011-12-17','07:00:00','16:00:00','Avoca (central Coast)','Chatswood Depot',2,4,NULL,NULL,'\0',1,33514,'2011-12-20 08:26:55',9),(1768,647,'2011-12-17','07:00:00','16:00:00','Chatswood Depot','Avoca (central Coast)',2,4,NULL,NULL,'\0',1,33514,'2011-12-20 08:26:55',9),(1769,648,'2011-12-17','07:00:00','15:00:00','Home-town','Belrose Zn 15005',1,4,NULL,NULL,'\0',1,39713,'2011-12-21 08:19:29',9),(1770,648,'2011-12-17','07:00:00','15:00:00','Belrose Zn 15005','Home-town',1,4,NULL,NULL,'\0',1,39713,'2011-12-21 08:19:29',9),(1771,649,'2011-11-26','07:00:00','15:00:00','Warriewood','Chatswood Depot',1,4,NULL,NULL,'\0',0,39713,'2011-12-23 08:24:49',NULL),(1772,649,'2011-11-26','07:00:00','15:00:00','Chatswood Depot','Warriewood',1,4,NULL,NULL,'\0',0,39713,'2011-12-23 08:24:49',NULL),(1773,650,'2011-12-10','07:00:00','15:00:00','Warriewood','St Ives',1,4,NULL,NULL,'\0',1,39713,'2011-12-21 08:17:49',9),(1774,650,'2011-12-10','07:00:00','15:00:00','St Ives','Warriewood',1,4,NULL,NULL,'\0',1,39713,'2011-12-21 08:17:49',9),(1775,651,'2011-12-17','07:00:00','15:00:00','Warriewood','Kirribilli',1,4,NULL,NULL,'\0',1,39713,'2011-12-21 08:11:26',9),(1776,651,'2011-12-17','07:00:00','15:00:00','Macquarie Park','Warriewood',1,4,NULL,NULL,'\0',1,39713,'2011-12-21 08:11:26',9),(1777,652,'2011-12-17','07:00:00','15:30:00','Fairfield','Chatswood Depot',1,4,NULL,NULL,'\0',1,39713,'2011-12-21 08:16:21',9),(1778,652,'2011-12-17','07:00:00','15:30:00','Hunters Hill Zn 129','Fairfield',1,4,NULL,NULL,'\0',1,39713,'2011-12-21 08:16:21',9),(1779,653,'2011-12-10','07:00:00','16:00:00','curl curl','Chatswood Depot',2,4,NULL,NULL,'\0',1,33514,'2011-12-20 08:22:54',9),(1780,654,'2011-12-17','07:00:00','16:00:00','Curl Curl','Chatswood Depot',2,4,NULL,NULL,'\0',1,33514,'2011-12-20 08:23:03',9),(1781,655,'2011-12-17','07:00:00','16:00:00','Davidson','Chatswood Depot',2,4,276,45.39,'',1,33514,'2011-12-22 12:40:56',10),(1782,655,'2011-12-17','07:00:00','16:00:00','Chatswood Depot','Davidson',2,4,276,45.39,'',1,33514,'2011-12-22 12:40:56',10),(1783,656,'2011-12-18','15:45:00','23:45:00','Kogarah','Head Office Building',2,4,NULL,NULL,'\0',1,41803,'2011-12-20 08:16:23',9),(1784,656,'2011-12-18','15:45:00','23:45:00','Head Office Building','Kogarah',2,4,NULL,NULL,'\0',1,41803,'2011-12-20 08:16:23',9),(1785,657,'2011-12-17','07:00:00','16:00:00','wentworthville','Chatswood Depot',1,4,NULL,NULL,'\0',1,33514,'2011-12-20 08:28:18',9),(1786,657,'2011-12-17','07:00:00','16:00:00','Chatswood Depot','wentworthville',1,4,NULL,NULL,'\0',1,33514,'2011-12-20 08:28:18',9),(1787,658,'2011-12-17','07:00:00','16:00:00','Glossodia','Chatswood Depot',2,4,NULL,NULL,'\0',1,33514,'2011-12-20 08:26:10',9),(1788,658,'2011-12-17','07:00:00','16:00:00','Chatswood Depot','Glossodia',2,4,NULL,NULL,'\0',1,33514,'2011-12-20 08:26:10',9),(1789,659,'2011-12-17','06:30:00','16:30:00','Baulkham Hills','Gore Hill Depot',1,4,NULL,NULL,'\0',1,42840,'2011-12-20 07:31:28',9),(1790,659,'2011-12-17','06:30:00','16:30:00','Mosman','Baulkham Hills',1,4,NULL,NULL,'\0',1,42840,'2011-12-20 07:31:28',9),(1791,660,'2011-12-15','06:30:00','15:00:00','Seven Hills West','Gore Hill Depot',1,1,NULL,NULL,'\0',1,42840,'2011-12-20 07:31:35',9),(1792,660,'2011-12-15','06:30:00','15:00:00','Gore Hill Depot','Seven Hills West',1,1,NULL,NULL,'\0',1,42840,'2011-12-20 07:31:35',9),(1793,661,'2011-12-04','06:30:00','13:30:00','Macquarie Fields','Chatswood Depot',1,4,NULL,NULL,'\0',1,39713,'2011-12-21 08:05:42',9),(1794,661,'2011-12-04','06:30:00','13:30:00','Chatswood Depot','Macquarie Fields',1,4,NULL,NULL,'\0',1,39713,'2011-12-21 08:05:42',9),(1795,662,'2011-12-17','06:30:00','14:30:00','Mona Vale','Allambie Heights',1,4,NULL,NULL,'\0',1,39713,'2011-12-21 08:13:53',9),(1796,662,'2011-12-17','06:30:00','14:30:00','Allambie Heights','Mona Vale',1,4,NULL,NULL,'\0',1,39713,'2011-12-21 08:13:53',9),(1797,663,'2011-12-17','07:30:00','15:30:00','Dundas Valley','Hornsby Depot',1,4,NULL,NULL,'\0',1,47573,'2011-12-20 15:48:41',9),(1798,663,'2011-12-17','07:30:00','15:30:00','Hornsby Depot','Dundas Valley',1,4,NULL,NULL,'\0',1,47573,'2011-12-20 15:48:41',9),(1799,664,'2011-12-17','06:00:00','17:00:00','Point Clare','Chatswood Depot',1,4,NULL,NULL,'\0',1,39713,'2011-12-21 08:13:38',9),(1800,664,'2011-12-17','06:00:00','17:00:00','Chatswood Depot','Point Clare',1,4,NULL,NULL,'\0',1,39713,'2011-12-21 08:13:38',9),(1801,665,'2011-12-17','07:30:00','15:30:00','Baulkham Hills','Hornsby Depot',1,4,NULL,NULL,'\0',1,47573,'2011-12-20 15:43:23',9),(1802,665,'2011-12-17','07:30:00','15:30:00','Hornsby Depot','Baulkham Hills',1,4,NULL,NULL,'\0',1,47573,'2011-12-20 15:43:23',9),(1803,666,'2011-12-17','07:00:00','15:00:00','Leumeah','Milsons Point',1,4,NULL,NULL,'\0',1,39713,'2011-12-21 08:12:23',9),(1804,666,'2011-12-17','07:00:00','15:00:00','Milsons Point','Leumeah',1,4,NULL,NULL,'\0',1,39713,'2011-12-21 08:12:23',9),(1805,667,'2011-12-18','07:00:00','16:00:00','Silverdale','Allambie Heights',1,4,NULL,NULL,'\0',1,39713,'2011-12-21 08:07:30',9),(1806,667,'2011-12-18','07:00:00','16:00:00','Allambie Heights','Silverdale',1,4,NULL,NULL,'\0',1,39713,'2011-12-21 08:07:30',9),(1807,668,'2011-12-20','07:20:00','15:40:00','Acacia Gardens','Roden Cutler House',3,1,NULL,NULL,'\0',1,44782,'2011-12-21 07:56:58',10),(1808,668,'2011-12-20','07:20:00','15:40:00','Roden Cutler House','Acacia Gardens',3,1,NULL,NULL,'\0',1,44782,'2011-12-21 07:56:58',10),(1809,669,'2011-12-17','07:00:00','16:00:00','Seven Hills','Meadowbank',2,4,NULL,NULL,'\0',1,37827,'2011-12-22 09:54:36',10),(1810,670,'2011-12-17','07:00:00','15:00:00','Carlingford','Gore Hill Depot',2,4,NULL,NULL,'\0',1,34969,'2011-12-20 11:29:15',9),(1811,670,'2011-12-17','07:00:00','15:00:00','Gore Hill Depot','Carlingford',2,4,NULL,NULL,'\0',1,34969,'2011-12-20 11:29:15',9),(1812,671,'2011-12-20','00:00:00','05:00:00','Carlingford','Gore Hill Depot',2,4,NULL,NULL,'\0',1,34969,'2011-12-20 11:29:52',10),(1813,671,'2011-12-20','00:00:00','05:00:00','Gore Hill Depot','Carlingford',2,4,NULL,NULL,'\0',1,34969,'2011-12-20 11:29:52',10),(1814,672,'2011-12-18','06:00:00','17:00:00','Castle Hill','Chatswood Depot',1,4,NULL,NULL,'\0',1,39713,'2011-12-21 08:07:59',9),(1815,672,'2011-12-18','06:00:00','17:00:00','Chatswood Depot','Castle Hill',1,4,NULL,NULL,'\0',1,39713,'2011-12-21 08:07:59',9),(1816,673,'2011-12-17','05:00:00','13:00:00','Copacabana','Wallsend Depot',1,4,NULL,NULL,'\0',1,45580,'2012-01-03 09:48:12',11),(1817,673,'2011-12-17','05:00:00','13:00:00','Wallsend Depot','Copacabana',1,4,NULL,NULL,'\0',1,45580,'2012-01-03 09:48:12',11),(1818,674,'2011-12-17','06:30:00','14:30:00','Terrigal','Allambie Heights',1,4,NULL,NULL,'\0',1,39713,'2011-12-21 08:14:05',9),(1819,674,'2011-12-17','06:30:00','14:30:00','Allambie Heights','Terrigal',1,4,NULL,NULL,'\0',1,39713,'2011-12-21 08:14:05',9),(1820,675,'2011-12-17','00:07:00','12:30:00','Albion Park','Homebush Depot',1,4,NULL,NULL,'\0',1,42543,'2011-12-20 11:21:31',9),(1821,675,'2011-12-17','00:07:00','12:30:00','Homebush Depot','Albion Park',1,4,NULL,NULL,'\0',1,42543,'2011-12-20 11:21:31',9),(1822,676,'2011-12-17','07:00:00','15:00:00','Quakers Hill','Denistone',1,4,NULL,NULL,'\0',1,39713,'2011-12-21 08:10:11',9),(1823,676,'2011-12-17','07:00:00','15:00:00','Denistone','Quakers Hill',1,4,NULL,NULL,'\0',1,39713,'2011-12-21 08:10:11',9),(1824,677,'2011-12-17','07:00:00','15:00:00','Hornsby','Meadowbank',2,4,NULL,NULL,'\0',1,39713,'2011-12-21 08:09:37',9),(1825,677,'2011-12-17','07:00:00','15:00:00','Meadowbank','Hornsby',2,4,NULL,NULL,'\0',1,39713,'2011-12-21 08:09:37',9),(1826,678,'2011-12-19','17:00:00','21:00:00','Forestville','Hornsby Depot',1,4,NULL,NULL,'\0',1,45888,'2011-12-22 08:25:28',10),(1827,678,'2011-12-19','17:00:00','21:00:00','Hornsby Depot','Forestville',1,4,NULL,NULL,'\0',1,45888,'2011-12-22 08:25:28',10),(1828,679,'2011-12-13','00:07:00','00:04:00','Northmead','Sydney Cbd',3,1,NULL,NULL,'\0',1,51532,'2011-12-22 09:01:55',10),(1829,679,'2011-12-14','00:07:00','00:04:00','Sydney Cbd','Northmead',3,1,NULL,NULL,'\0',1,51532,'2011-12-22 09:01:55',10),(1830,679,'2011-12-14','00:07:00','00:04:00','Northmead','Sydney Cbd',3,1,NULL,NULL,'\0',1,51532,'2011-12-22 09:01:55',10),(1831,679,'2011-12-15','00:07:00','00:04:00','Sydney Cbd','Northmead',3,1,NULL,NULL,'\0',1,51532,'2011-12-22 09:01:55',10),(1832,679,'2011-12-15','00:07:00','00:04:00','Northmead','Sydney Cbd',3,1,NULL,NULL,'\0',1,51532,'2011-12-22 09:01:55',10),(1833,679,'2011-12-16','00:07:00','00:04:00','Sydney Cbd','Northmead',3,1,NULL,NULL,'\0',1,51532,'2011-12-22 09:01:55',10),(1834,679,'2011-12-16','00:07:00','00:04:00','Northmead','Sydney Cbd',3,1,NULL,NULL,'\0',1,51532,'2011-12-22 09:01:55',10),(1835,679,'2011-12-17','00:07:00','00:04:00','Sydney Cbd','Northmead',3,1,NULL,NULL,'\0',1,51532,'2011-12-22 09:01:55',10),(1836,680,'2011-12-19','20:00:00','00:00:00','San Remo','Gore Hill',1,4,297,46.75,'',1,42840,'2011-12-21 06:35:30',10),(1837,680,'2011-12-20','20:00:00','00:00:00','Gore Hill','San Remo',1,4,297,46.75,'',1,42840,'2011-12-21 06:35:30',10),(1838,681,'2011-12-17','07:00:00','16:00:00','The Entrance','The Entrance',1,4,NULL,NULL,'\0',1,37827,'2011-12-22 09:51:07',10),(1839,682,'2011-12-17','07:00:00','15:00:00','Calga','Mosman Zn 180',1,4,NULL,NULL,'\0',1,39713,'2011-12-21 08:08:20',9),(1840,682,'2011-12-17','07:00:00','15:00:00','Mosman Zn 180','Calga',1,4,NULL,NULL,'\0',1,39713,'2011-12-21 08:08:20',9),(1841,683,'2011-12-20','07:00:00','15:30:00','Buttaba','Silverwater (auburn)',1,1,NULL,NULL,'\0',1,41437,'2011-12-23 10:06:04',10),(1842,684,'2011-12-07','07:00:00','15:30:00','Revesby','Maitland Depot',1,1,NULL,NULL,'\0',1,41437,'2011-12-23 09:57:00',10),(1843,684,'2011-12-08','07:00:00','15:30:00','Wallsend Depot','Revesby',1,1,NULL,NULL,'\0',1,41437,'2011-12-23 09:57:00',10),(1844,685,'2011-12-14','06:30:00','15:00:00','Revesby','Gosford',1,1,NULL,NULL,'\0',1,41437,'2011-12-23 10:00:12',10),(1845,685,'2011-12-14','06:30:00','15:00:00','Gosford','Revesby',1,1,NULL,NULL,'\0',1,41437,'2011-12-23 10:00:12',10),(1846,685,'2011-12-15','07:00:00','15:30:00','Wallsend Depot','Revesby',1,1,NULL,NULL,'\0',1,41437,'2011-12-23 10:00:12',10),(1847,686,'2011-12-19','07:00:00','15:30:00','Revesby','Gosford',1,1,NULL,NULL,'\0',1,41437,'2011-12-23 10:03:07',10),(1848,686,'2011-12-19','07:00:00','15:30:00','Gosford','Revesby',1,1,NULL,NULL,'\0',1,41437,'2011-12-23 10:03:07',10),(1849,686,'2011-12-20','07:00:00','15:30:00','Revesby','Wallsend Depot',1,1,NULL,NULL,'\0',1,41437,'2011-12-23 10:03:07',10),(1850,686,'2011-12-20','07:00:00','15:30:00','Wallsend Depot','Revesby',1,1,NULL,NULL,'\0',1,41437,'2011-12-23 10:03:07',10),(1851,687,'2011-12-17','06:30:00','14:30:00','East Gosford','Turramurra Zn 1673',1,4,310,NULL,'',0,39713,'2011-12-21 08:15:34',NULL),(1852,687,'2011-12-17','06:30:00','14:30:00','Turramurra Zn 1673','East Gosford',1,4,310,NULL,'',0,39713,'2011-12-21 08:15:34',NULL),(1853,688,'2011-12-20','00:08:00','00:04:00','Glenwood','Sydney Cbd',3,1,NULL,NULL,'\0',1,48334,'2011-12-23 10:21:08',10),(1854,689,'2011-12-18','07:00:00','15:00:00','Frenchs Forest','Dee Why Depot',1,4,NULL,NULL,'\0',1,36592,'2011-12-22 09:22:13',10),(1855,689,'2011-12-18','07:00:00','15:00:00','Dee Why Depot','Frenchs Forest',1,4,NULL,NULL,'\0',1,36592,'2011-12-22 09:22:13',10),(1856,690,'2011-11-12','06:30:00','14:30:00','Lisarow','Chatswood Depot',1,4,NULL,NULL,'',0,39713,'2011-12-23 08:14:54',NULL),(1857,690,'2011-11-12','06:30:00','14:30:00','Chatswood Depot','Lisarow',1,4,NULL,NULL,'',0,39713,'2011-12-23 08:14:54',NULL),(1858,691,'2011-11-26','06:30:00','13:30:00','Lisarow','Chatswood Depot',1,4,310,NULL,'',0,39713,'2011-12-23 08:15:29',NULL),(1859,691,'2011-11-26','06:30:00','13:30:00','Chatswood Depot','Lisarow',1,4,310,NULL,'',0,39713,'2011-12-23 08:15:29',NULL),(1860,692,'2011-12-13','07:00:00','15:30:00','Caves Beach (swansea)','Maitland Depot',2,1,NULL,NULL,'\0',1,45545,'2012-01-13 08:30:50',12),(1861,692,'2011-12-13','07:00:00','15:30:00','Maitland Depot','Caves Beach (swansea)',2,1,NULL,NULL,'\0',1,45545,'2012-01-13 08:30:50',12),(1862,692,'2011-12-14','07:00:00','15:30:00','Caves Beach (swansea)','Maitland Depot',2,1,NULL,NULL,'\0',1,45545,'2012-01-13 08:30:50',12),(1863,692,'2011-12-14','07:00:00','15:30:00','Maitland Depot','Caves Beach (swansea)',2,1,NULL,NULL,'\0',1,45545,'2012-01-13 08:30:50',12),(1864,692,'2011-12-15','07:00:00','15:30:00','Caves Beach (swansea)','Maitland Depot',2,1,NULL,NULL,'\0',1,45545,'2012-01-13 08:30:50',12),(1865,692,'2011-12-15','07:00:00','15:30:00','Maitland Depot','Caves Beach (swansea)',2,1,NULL,NULL,'\0',1,45545,'2012-01-13 08:30:50',12),(1866,692,'2011-12-16','07:00:00','15:30:00','Caves Beach (swansea)','Maitland Depot',2,1,NULL,NULL,'\0',1,45545,'2012-01-13 08:30:50',12),(1867,692,'2011-12-16','07:00:00','15:30:00','Maitland Depot','Caves Beach (swansea)',2,1,NULL,NULL,'\0',1,45545,'2012-01-13 08:30:50',12),(1868,692,'2011-12-17','07:00:00','15:30:00','Caves Beach (swansea)','Maitland Depot',2,4,NULL,NULL,'\0',1,45545,'2012-01-13 08:30:50',12),(1869,692,'2011-12-17','07:00:00','15:30:00','Maitland Depot','Caves Beach (swansea)',2,4,NULL,NULL,'\0',1,45545,'2012-01-13 08:30:50',12),(1870,693,'2011-12-13','07:00:00','15:30:00','Adamstown','Cessnock Depot',2,1,NULL,NULL,'\0',1,45545,'2012-01-13 08:23:32',12),(1871,693,'2011-12-14','07:00:00','15:30:00','Adamstown','Cessnock Depot',2,1,NULL,NULL,'\0',1,45545,'2012-01-13 08:23:32',12),(1872,693,'2011-12-15','07:00:00','15:30:00','Adamstown','Cessnock Depot',2,1,NULL,NULL,'\0',1,45545,'2012-01-13 08:23:32',12),(1873,694,'2011-12-14','07:00:00','15:30:00','Brookvale','Hornsby Depot',1,1,297,46.75,'',1,37827,'2011-12-22 09:50:40',10),(1874,694,'2011-12-15','07:00:00','15:30:00','Brookvale','Hornsby Depot',1,1,297,46.75,'',1,37827,'2011-12-22 09:50:40',10),(1875,694,'2011-12-16','07:00:00','15:30:00','Brookvale','Hornsby Depot',1,1,297,46.75,'',1,37827,'2011-12-22 09:50:40',10),(1876,695,'2011-12-20','07:30:00','16:00:00','Milperra','Wallsend Depot',1,1,NULL,NULL,'\0',1,41437,'2011-12-23 10:01:35',10),(1877,696,'2011-12-17','06:30:00','14:30:00','Toukley','Chatswood Depot',1,4,NULL,NULL,'\0',1,39713,'2011-12-21 08:04:22',9),(1878,696,'2011-12-17','06:30:00','14:30:00','Chatswood Depot','Toukley',1,4,NULL,NULL,'\0',1,39713,'2011-12-21 08:04:22',9),(1879,697,'2011-12-17','06:30:00','14:30:00','Seven Hills','Belrose Zn 15005',2,4,NULL,NULL,'\0',1,39713,'2011-12-21 08:09:08',9),(1880,697,'2011-12-17','06:30:00','14:30:00','Belrose Zn 15005','Seven Hills',2,4,NULL,NULL,'\0',1,39713,'2011-12-21 08:09:08',9),(1881,698,'2011-12-12','07:00:00','15:30:00','Glenmore Park','Willoughby Bsp',2,1,NULL,NULL,'\0',1,41399,'2011-12-21 11:38:40',9),(1882,698,'2011-12-12','07:00:00','15:30:00','Willoughby Bsp','Glenmore Park',2,1,NULL,NULL,'\0',1,41399,'2011-12-21 11:38:40',9),(1883,698,'2011-12-13','07:00:00','15:30:00','Glenmore Park','Ku-ring-gai Bsp',2,1,NULL,NULL,'\0',1,41399,'2011-12-21 11:38:40',9),(1884,698,'2011-12-13','07:00:00','15:30:00','Ku-ring-gai Bsp','Glenmore Park',2,1,NULL,NULL,'\0',1,41399,'2011-12-21 11:38:40',9),(1885,698,'2011-12-14','07:00:00','15:30:00','Glenmore Park','Belrose Zn 15005',2,1,NULL,NULL,'\0',1,41399,'2011-12-21 11:38:40',9),(1886,698,'2011-12-14','07:00:00','15:30:00','Belrose Zn 15005','Glenmore Park',2,1,NULL,NULL,'\0',1,41399,'2011-12-21 11:38:40',9),(1887,698,'2011-12-15','07:00:00','15:30:00','Glenmore Park','Chatswood Depot',2,1,NULL,NULL,'\0',1,41399,'2011-12-21 11:38:40',9),(1888,698,'2011-12-15','07:00:00','15:30:00','Chatswood Depot','Glenmore Park',2,1,NULL,NULL,'\0',1,41399,'2011-12-21 11:38:40',9),(1889,698,'2011-12-16','07:00:00','15:30:00','Glenmore Park','Mosman Zn 180',2,1,NULL,NULL,'\0',1,41399,'2011-12-21 11:38:40',9),(1890,698,'2011-12-16','07:00:00','15:30:00','Mosman Zn 180','Glenmore Park',2,1,NULL,NULL,'\0',1,41399,'2011-12-21 11:38:40',9),(1891,698,'2011-12-17','07:00:00','15:30:00','Glenmore Park','Chatswood Depot',2,4,NULL,NULL,'\0',1,41399,'2011-12-21 11:38:40',9),(1892,698,'2011-12-17','07:00:00','15:30:00','Chatswood Depot','Glenmore Park',2,4,NULL,NULL,'\0',1,41399,'2011-12-21 11:38:40',9),(1893,699,'2011-12-17','07:00:00','15:00:00','Blaxland','Gore Hill Depot',1,4,311,48.50,'',1,34969,'2011-12-22 09:06:11',10),(1894,699,'2011-12-17','07:00:00','15:00:00','Gore Hill Depot','Blaxland',1,4,311,48.50,'',1,34969,'2011-12-22 09:06:11',10),(1895,700,'2011-12-18','05:00:00','15:30:00','Adamstown Heights','Wallsend Depot',2,4,NULL,NULL,'\0',1,45545,'2012-01-13 08:23:49',12),(1896,700,'2011-12-18','05:00:00','15:30:00','Wallsend Depot','Adamstown Heights',2,4,NULL,NULL,'\0',1,45545,'2012-01-13 08:23:49',12),(1897,701,'2011-12-19','20:30:00','23:00:00','Adamstown Heights','Wallsend Depot',2,4,NULL,NULL,'\0',1,45545,'2012-01-13 08:31:46',12),(1898,701,'2011-12-19','20:30:00','23:00:00','Wallsend Depot','Adamstown Heights',2,4,NULL,NULL,'\0',1,45545,'2012-01-13 08:31:46',12),(1899,702,'2011-11-27','06:00:00','14:30:00','Adamstown Heights','Wallsend Depot',2,4,NULL,NULL,'\0',1,45545,'2012-01-13 08:22:18',12),(1900,702,'2011-11-27','06:00:00','14:30:00','Wallsend Depot','Adamstown Heights',2,4,NULL,NULL,'\0',1,45545,'2012-01-13 08:22:18',12),(1901,703,'2011-12-11','07:00:00','15:00:00','Wentworthville','Brookvale',1,4,NULL,NULL,'\0',1,39713,'2011-12-23 08:35:01',10),(1902,703,'2011-12-11','07:00:00','15:00:00','Brookvale','Wentworthville',1,4,NULL,NULL,'\0',1,39713,'2011-12-23 08:35:01',10),(1903,704,'2011-12-18','07:00:00','15:30:00','Wentworthville','Chatswood Depot',1,4,NULL,NULL,'\0',1,39713,'2011-12-23 08:35:08',10),(1904,704,'2011-12-18','07:00:00','15:30:00','Chatswood Depot','Wentworthville',1,4,NULL,NULL,'\0',1,39713,'2011-12-23 08:35:08',10),(1905,705,'2011-12-18','07:00:00','15:00:00','Avalon North','Dee Why Depot',1,4,NULL,NULL,'\0',1,36592,'2011-12-22 09:18:55',10),(1906,706,'2011-12-18','07:00:00','15:00:00','Narrabeen','Dee Why Depot',2,4,NULL,NULL,'\0',1,36592,'2011-12-22 09:22:50',10),(1907,707,'2011-12-18','07:00:00','15:00:00','Malabar','Dee Why Depot',2,4,NULL,NULL,'\0',1,36592,'2011-12-22 09:22:31',10),(1908,707,'2011-12-18','07:00:00','15:00:00','Dee Why Depot','Malabar',2,4,NULL,NULL,'\0',1,36592,'2011-12-22 09:22:31',10),(1909,708,'2011-12-17','06:00:00','14:00:00','Warnervale','Hornsby Depot',1,4,NULL,NULL,'\0',1,35508,'2011-12-22 11:10:43',10),(1910,708,'2011-12-17','06:00:00','14:00:00','Chatswood Depot','Warnervale',1,4,NULL,NULL,'\0',1,35508,'2011-12-22 11:10:43',10),(1911,709,'2011-12-19','07:00:00','15:30:00','Brookvale','Hornsby Depot',1,1,297,46.75,'',1,37827,'2011-12-22 09:55:12',10),(1912,709,'2011-12-20','07:00:00','15:30:00','Brookvale','Hornsby Depot',1,1,297,46.75,'',1,37827,'2011-12-22 09:55:12',10),(1913,709,'2011-12-21','07:00:00','15:30:00','Brookvale','Hornsby Depot',1,1,297,46.75,'',1,37827,'2011-12-22 09:55:12',10),(1914,709,'2011-12-22','07:00:00','15:30:00','Brookvale','Hornsby Depot',1,1,297,46.75,'',1,37827,'2011-12-22 09:55:12',10),(1915,710,'2011-12-20','07:00:00','15:30:00','Kyeemagh','Milbrodale',1,1,NULL,NULL,'\0',1,41437,'2011-12-23 10:03:49',10),(1916,710,'2011-12-21','07:00:00','15:30:00','Milbrodale','Kyeemagh',1,1,NULL,NULL,'\0',1,41437,'2011-12-23 10:03:49',10),(1917,711,'2011-12-18','07:00:00','15:00:00','Narrabeen','Dee Why Depot',1,4,NULL,NULL,'\0',1,43319,'2012-01-30 11:07:17',14),(1918,711,'2011-12-18','07:00:00','15:00:00','Dee Why Depot','Narrabeen',1,4,NULL,NULL,'\0',1,43319,'2012-01-30 11:07:17',14),(1919,712,'2011-12-17','07:00:00','14:30:00','Cremorne','West Ryde',1,4,NULL,NULL,'\0',1,39713,'2011-12-23 08:31:32',10),(1920,712,'2011-12-17','07:00:00','14:30:00','West Ryde','Cremorne',1,4,NULL,NULL,'\0',1,39713,'2011-12-23 08:31:32',10),(1921,713,'2011-11-28','07:00:00','15:30:00','Kemps Creek','Chatswood Depot',2,1,NULL,NULL,'\0',1,43319,'2012-01-30 08:32:31',14),(1922,713,'2011-11-28','07:00:00','15:30:00','Chatswood Depot','Kemps Creek',2,1,NULL,NULL,'\0',1,43319,'2012-01-30 08:32:31',14),(1923,713,'2011-11-29','07:00:00','15:30:00','Kemps Creek','Chatswood Depot',2,1,NULL,NULL,'\0',1,43319,'2012-01-30 08:32:31',14),(1924,713,'2011-11-29','07:00:00','15:30:00','Chatswood Depot','Kemps Creek',2,1,NULL,NULL,'\0',1,43319,'2012-01-30 08:32:31',14),(1925,713,'2011-11-30','07:00:00','15:30:00','Kemps Creek','Chatswood Depot',2,1,NULL,NULL,'\0',1,43319,'2012-01-30 08:32:31',14),(1926,713,'2011-11-30','07:00:00','15:30:00','Chatswood Depot','Kemps Creek',2,1,NULL,NULL,'\0',1,43319,'2012-01-30 08:32:31',14),(1927,713,'2011-12-01','07:00:00','15:30:00','Kemps Creek','Chatswood Depot',2,1,NULL,NULL,'\0',1,43319,'2012-01-30 08:32:31',14),(1928,713,'2011-12-01','07:00:00','15:30:00','Chatswood Depot','Kemps Creek',2,1,NULL,NULL,'\0',1,43319,'2012-01-30 08:32:31',14),(1929,713,'2011-12-02','07:00:00','15:30:00','Kemps Creek','Chatswood Depot',2,1,NULL,NULL,'\0',1,43319,'2012-01-30 08:32:31',14),(1930,713,'2011-12-02','07:00:00','15:30:00','Chatswood Depot','Kemps Creek',2,1,NULL,NULL,'\0',1,43319,'2012-01-30 08:32:31',14),(1931,714,'2011-12-05','07:00:00','15:30:00','Kemps Creek','Chatswood Depot',2,1,NULL,NULL,'\0',1,43319,'2012-01-30 10:54:40',14),(1932,714,'2011-12-05','07:00:00','15:30:00','Chatswood Depot','Kemps Creek',2,1,NULL,NULL,'\0',1,43319,'2012-01-30 10:54:40',14),(1933,714,'2011-12-06','07:00:00','15:30:00','Kemps Creek','Chatswood Depot',2,1,NULL,NULL,'\0',1,43319,'2012-01-30 10:54:40',14),(1934,714,'2011-12-06','07:00:00','15:30:00','Chatswood Depot','Kemps Creek',2,1,NULL,NULL,'\0',1,43319,'2012-01-30 10:54:40',14),(1935,714,'2011-12-07','07:00:00','15:30:00','Kemps Creek','Chatswood Depot',2,1,NULL,NULL,'\0',1,43319,'2012-01-30 10:54:40',14),(1936,714,'2011-12-07','07:00:00','15:30:00','Chatswood Depot','Kemps Creek',2,1,NULL,NULL,'\0',1,43319,'2012-01-30 10:54:40',14),(1937,715,'2011-12-18','05:00:00','16:30:00','Picnic Point','Oatley',1,4,NULL,NULL,'\0',1,41122,'2011-12-28 08:29:55',10),(1938,715,'2011-12-18','05:00:00','16:30:00','Oatley','Picnic Point',1,4,NULL,NULL,'\0',1,41122,'2011-12-28 08:29:55',10),(1939,716,'2011-12-12','07:00:00','15:30:00','Chatswood Depot','Willoughby',2,1,NULL,NULL,'\0',1,41399,'2011-12-22 10:13:33',10),(1940,716,'2011-12-12','07:00:00','15:30:00','Willoughby','Chatswood Depot',2,1,NULL,NULL,'\0',1,41399,'2011-12-22 10:13:33',10),(1941,716,'2011-12-13','07:00:00','17:00:00','Chatswood Depot','Sydney East Substation',2,2,NULL,NULL,'\0',1,41399,'2011-12-22 10:13:33',10),(1942,716,'2011-12-13','07:00:00','17:00:00','Sydney East Substation','North Rocks',2,2,NULL,NULL,'\0',1,41399,'2011-12-22 10:13:33',10),(1943,716,'2011-12-14','07:00:00','19:00:00','Chatswood Depot','Killarney Zn 15012',2,2,NULL,NULL,'\0',1,41399,'2011-12-22 10:13:33',10),(1944,716,'2011-12-14','07:00:00','19:00:00','Killarney Zn 15012','North Rocks',2,2,NULL,NULL,'\0',1,41399,'2011-12-22 10:13:33',10),(1945,716,'2011-12-15','07:00:00','15:30:00','Chatswood Depot','Mosman Zn 180',2,1,NULL,NULL,'\0',1,41399,'2011-12-22 10:13:33',10),(1946,716,'2011-12-15','07:00:00','15:30:00','Mosman Zn 180','Chatswood Depot',2,1,NULL,NULL,'\0',1,41399,'2011-12-22 10:13:33',10),(1947,716,'2011-12-16','07:00:00','15:30:00','Chatswood Depot','Mosman Zn 180',2,1,NULL,NULL,'\0',1,41399,'2011-12-22 10:13:33',10),(1948,716,'2011-12-16','07:00:00','15:30:00','Mosman Zn 180','Chatswood Depot',2,1,NULL,NULL,'\0',1,41399,'2011-12-22 10:13:33',10),(1949,717,'2011-12-04','06:30:00','14:30:00','Mount Colah','Gore Hill Depot',1,4,NULL,NULL,'\0',1,42840,'2011-12-22 09:08:59',10),(1950,717,'2011-12-04','06:30:00','14:30:00','Gore Hill Depot','Mount Colah',1,4,NULL,NULL,'\0',1,42840,'2011-12-22 09:08:59',10),(1951,718,'2011-12-17','06:30:00','14:30:00','Glenhaven','Willoughby Bsp',1,4,NULL,NULL,'',0,39713,'2011-12-23 07:10:34',NULL),(1952,718,'2011-12-17','06:30:00','14:30:00','Willoughby Bsp','Glenhaven',1,4,NULL,NULL,'',0,39713,'2011-12-23 07:10:34',NULL),(1953,719,'2011-12-12','07:00:00','15:30:00','North Rocks','Willoughby Bsp',2,1,NULL,NULL,'\0',0,39713,'2011-12-23 07:11:01',NULL),(1954,719,'2011-12-12','07:00:00','15:30:00','Willoughby Bsp','North Rocks',2,1,NULL,NULL,'\0',0,39713,'2011-12-23 07:11:01',NULL),(1955,719,'2011-12-13','07:00:00','15:30:00','North Rocks','Willoughby Bsp',2,1,NULL,NULL,'\0',0,39713,'2011-12-23 07:11:01',NULL),(1956,719,'2011-12-13','07:00:00','15:30:00','Willoughby Bsp','North Rocks',2,1,NULL,NULL,'\0',0,39713,'2011-12-23 07:11:01',NULL),(1957,719,'2011-12-14','07:00:00','15:30:00','North Rocks','Willoughby Bsp',2,1,NULL,NULL,'\0',0,39713,'2011-12-23 07:11:01',NULL),(1958,719,'2011-12-14','07:00:00','15:30:00','Willoughby Bsp','North Rocks',2,1,NULL,NULL,'\0',0,39713,'2011-12-23 07:11:01',NULL),(1959,719,'2011-12-15','07:00:00','15:30:00','North Rocks','Willoughby Bsp',2,1,NULL,NULL,'\0',0,39713,'2011-12-23 07:11:01',NULL),(1960,719,'2011-12-15','07:00:00','15:30:00','Willoughby Bsp','North Rocks',2,1,NULL,NULL,'\0',0,39713,'2011-12-23 07:11:01',NULL),(1961,719,'2011-12-16','07:00:00','15:30:00','North Rocks','Willoughby Bsp',2,1,NULL,NULL,'\0',0,39713,'2011-12-23 07:11:01',NULL),(1962,719,'2011-12-16','07:00:00','15:30:00','Willoughby Bsp','North Rocks',2,1,NULL,NULL,'\0',0,39713,'2011-12-23 07:11:01',NULL),(1963,719,'2011-12-17','06:30:00','14:30:00','North Rocks','Willoughby Bsp',2,4,NULL,NULL,'\0',0,39713,'2011-12-23 07:11:01',NULL),(1964,719,'2011-12-17','06:30:00','14:30:00','Willoughby Bsp','North Rocks',2,4,NULL,NULL,'\0',0,39713,'2011-12-23 07:11:01',NULL),(1965,720,'2011-12-17','06:30:00','14:30:00','Baulkham Hills','Homebush',2,4,336,52.21,'',1,38177,'2011-12-28 08:41:43',10),(1966,720,'2011-12-17','06:30:00','14:30:00','Homebush','Baulkham Hills',2,4,336,52.21,'',1,38177,'2011-12-28 08:41:43',10),(1967,721,'2011-12-10','06:30:00','14:30:00','Baulkham Hills','Homebush Depot',2,4,336,52.21,'',1,38177,'2011-12-28 08:41:13',10),(1968,721,'2011-12-10','06:30:00','14:30:00','Homebush Depot','Baulkham Hills',2,4,336,52.21,'',1,38177,'2011-12-28 08:41:13',10),(1969,722,'2011-12-17','06:00:00','14:00:00','Illawong','Homebush Depot',1,4,373,57.29,'',1,38177,'2011-12-28 08:42:47',10),(1970,722,'2011-12-17','06:00:00','14:00:00','Homebush Depot','Illawong',1,4,373,57.29,'',1,38177,'2011-12-28 08:42:47',10),(1971,723,'2011-12-21','08:00:00','16:30:00','Medowie','Maitland Depot',2,1,NULL,NULL,'\0',1,33908,'2011-12-28 10:13:42',10),(1972,723,'2011-12-21','08:00:00','16:30:00','Maitland Depot','Swansea',2,1,NULL,NULL,'\0',1,33908,'2011-12-28 10:13:42',10),(1973,723,'2011-12-21','08:00:00','16:30:00','Swansea','Wallsend Depot',2,1,NULL,NULL,'\0',1,33908,'2011-12-28 10:13:42',10),(1974,724,'2011-12-19','07:00:00','15:30:00','Greystanes','Tuggerah',1,1,NULL,NULL,'\0',1,41437,'2011-12-23 10:05:20',10),(1975,724,'2011-12-19','07:00:00','15:30:00','Somersby','Greystanes',1,1,NULL,NULL,'\0',1,41437,'2011-12-23 10:05:20',10),(1976,725,'2011-12-20','07:00:00','15:30:00','Macquarie Links','Milbrodale',1,1,NULL,NULL,'\0',1,41437,'2011-12-23 10:02:22',10),(1977,725,'2011-12-21','07:00:00','15:30:00','Milbrodale','Macquarie Links',1,1,NULL,NULL,'\0',1,41437,'2011-12-23 10:02:22',10),(1978,726,'2011-12-19','07:00:00','15:30:00','Seven Hills','Roden Cutler House',3,1,NULL,NULL,'\0',1,46748,'2011-12-29 21:04:04',10),(1979,726,'2011-12-19','07:00:00','15:30:00','Roden Cutler House','Seven Hills',3,1,NULL,NULL,'\0',1,46748,'2011-12-29 21:04:04',10),(1980,726,'2011-12-20','07:00:00','15:30:00','Seven Hills','Roden Cutler House',3,1,NULL,NULL,'\0',1,46748,'2011-12-29 21:04:04',10),(1981,726,'2011-12-20','07:00:00','15:30:00','Roden Cutler House','Seven Hills',3,1,NULL,NULL,'\0',1,46748,'2011-12-29 21:04:04',10),(1982,726,'2011-12-21','07:00:00','15:30:00','Seven Hills','Roden Cutler House',3,1,NULL,NULL,'\0',1,46748,'2011-12-29 21:04:04',10),(1983,726,'2011-12-21','07:00:00','15:30:00','Roden Cutler House','Seven Hills',3,1,NULL,NULL,'\0',1,46748,'2011-12-29 21:04:05',10),(1984,726,'2011-12-22','07:00:00','15:30:00','Seven Hills','Roden Cutler House',3,1,NULL,NULL,'\0',1,46748,'2011-12-29 21:04:05',10),(1985,726,'2011-12-22','07:00:00','15:30:00','Roden Cutler House','Seven Hills',3,1,NULL,NULL,'\0',1,46748,'2011-12-29 21:04:05',10),(1986,727,'2011-12-20','19:30:00','23:30:00','Woronora Heights','Head Office Building',2,3,NULL,NULL,'\0',1,50927,'2011-12-28 08:33:15',10),(1987,728,'2011-12-20','06:30:00','14:30:00','Parklea','Head Office Building',3,4,NULL,NULL,'\0',NULL,NULL,NULL,NULL),(1988,728,'2011-12-20','06:30:00','14:30:00','Head Office Building','Parklea',3,4,NULL,NULL,'\0',NULL,NULL,NULL,NULL),(1989,729,'2011-12-12','06:30:00','14:30:00','Parklea','Head Office Building',3,4,NULL,NULL,'\0',NULL,NULL,NULL,NULL),(1990,729,'2011-12-12','06:30:00','14:30:00','Head Office Building','Parklea',3,4,NULL,NULL,'\0',NULL,NULL,NULL,NULL),(1991,729,'2011-12-13','06:30:00','11:00:00','Parklea','Head Office Building',3,4,NULL,NULL,'\0',NULL,NULL,NULL,NULL),(1992,729,'2011-12-13','06:30:00','11:00:00','Head Office Building','Parklea',3,4,NULL,NULL,'\0',NULL,NULL,NULL,NULL),(1993,730,'2011-12-10','06:00:00','16:00:00','Hornsby Depot','Toongabbie',2,4,NULL,NULL,'\0',1,37805,'2011-12-22 13:07:45',10),(1994,730,'2011-12-10','06:00:00','16:00:00','Toongabbie','Hornsby Depot',2,4,NULL,NULL,'\0',1,37805,'2011-12-22 13:07:45',10),(1995,731,'2011-12-11','07:00:00','13:00:00','Toongabbie','Hornsby Depot',2,4,NULL,NULL,'\0',1,37805,'2011-12-22 13:09:19',10),(1996,731,'2011-12-11','07:00:00','13:00:00','Hornsby Depot','Toongabbie',2,4,NULL,NULL,'\0',1,37805,'2011-12-22 13:09:19',10),(1997,731,'2011-12-11','07:00:00','13:00:00','Toongabbie','Hornsby Depot',2,4,NULL,NULL,'\0',0,37805,'2011-12-22 13:09:19',NULL),(1998,731,'2011-12-11','07:00:00','13:00:00','Hornsby Depot','Toongabbie',2,4,NULL,NULL,'\0',0,37805,'2011-12-22 13:09:19',NULL),(1999,732,'2011-12-14','07:00:00','15:30:00','Toongabbie','Dee Why Depot',2,1,NULL,NULL,'\0',1,37805,'2011-12-22 13:09:51',10),(2000,732,'2011-12-14','07:00:00','15:30:00','Dee Why Depot','Toongabbie',2,1,NULL,NULL,'\0',1,37805,'2011-12-22 13:09:51',10),(2001,733,'2011-12-05','07:00:00','15:30:00','Beresfield','Cessnock Depot',2,1,NULL,NULL,'\0',1,45545,'2012-01-13 08:23:09',12),(2002,733,'2011-12-06','07:00:00','15:30:00','Beresfield','Cessnock Depot',2,1,NULL,NULL,'\0',1,45545,'2012-01-13 08:23:09',12),(2003,733,'2011-12-07','07:00:00','15:30:00','Beresfield','Cessnock Depot',2,1,NULL,NULL,'\0',1,45545,'2012-01-13 08:23:09',12),(2004,733,'2011-12-08','07:00:00','15:30:00','Beresfield','Cessnock Depot',2,1,NULL,NULL,'\0',1,45545,'2012-01-13 08:23:09',12),(2005,733,'2011-12-09','07:00:00','15:30:00','Beresfield','Cessnock Depot',2,1,NULL,NULL,'\0',1,45545,'2012-01-13 08:23:09',12),(2006,733,'2011-12-10','06:00:00','12:30:00','Beresfield','Cessnock Depot',2,4,NULL,NULL,'\0',1,45545,'2012-01-13 08:23:09',12),(2007,734,'2011-12-14','06:00:00','16:00:00','Beresfield','Cessnock Depot',2,2,NULL,NULL,'\0',1,45545,'2012-01-13 08:24:06',12),(2008,734,'2011-12-15','07:00:00','15:30:00','Beresfield','Cessnock Depot',2,1,NULL,NULL,'\0',1,45545,'2012-01-13 08:24:06',12),(2009,734,'2011-12-17','06:00:00','14:00:00','Beresfield','Cessnock Depot',2,4,NULL,NULL,'\0',1,45545,'2012-01-13 08:24:06',12),(2010,735,'2011-12-19','22:00:00','02:00:00','Charmhaven','Mosman',1,4,NULL,NULL,'\0',1,42840,'2011-12-28 06:31:46',10),(2011,735,'2011-12-20','22:00:00','02:00:00','Mosman','Charmhaven',1,4,NULL,NULL,'\0',1,42840,'2011-12-28 06:31:46',10),(2012,736,'2011-12-19','22:00:00','02:00:00','Merrylands West','Mosman',1,4,NULL,NULL,'\0',1,42840,'2011-12-28 06:31:54',10),(2013,736,'2011-12-20','22:00:00','02:00:00','Mosman','Merrylands West',1,4,NULL,NULL,'\0',1,42840,'2011-12-28 06:31:54',10),(2014,737,'2011-12-17','09:30:00','13:30:00','Merewether Heights','Wallsend Depot',2,4,NULL,NULL,'\0',1,47075,'2011-12-28 08:58:17',10),(2015,737,'2011-12-17','09:30:00','13:30:00','Wallsend Depot','Merewether Heights',2,4,NULL,NULL,'\0',1,47075,'2011-12-28 08:58:17',10),(2016,738,'2011-12-22','07:30:00','16:00:00','Milperra','Somersby',1,1,NULL,NULL,'\0',1,41437,'2011-12-23 10:01:35',10),(2017,738,'2011-12-22','07:30:00','16:00:00','Somersby','Milperra',1,1,NULL,NULL,'\0',1,41437,'2011-12-23 10:01:35',10),(2018,739,'2011-12-21','19:30:00','23:30:00','Dee Why','North Sydney',1,4,NULL,NULL,'\0',1,39713,'2011-12-23 08:31:15',10),(2019,739,'2011-12-21','19:30:00','23:30:00','North Sydney','Dee Why',1,4,NULL,NULL,'\0',1,39713,'2011-12-23 08:31:15',10),(2020,740,'2011-12-20','07:00:00','15:30:00','Glenmore Park','Warringah Bsp',2,1,NULL,NULL,'\0',1,41399,'2011-12-28 07:53:39',10),(2021,740,'2011-12-20','07:00:00','15:30:00','Warringah Bsp','Glenmore Park',2,1,NULL,NULL,'\0',1,41399,'2011-12-28 07:53:39',10),(2022,740,'2011-12-21','07:00:00','15:30:00','Glenmore Park','Warringah Bsp',2,1,NULL,NULL,'\0',1,41399,'2011-12-28 07:53:39',10),(2023,740,'2011-12-21','07:00:00','15:30:00','Warringah Bsp','Glenmore Park',2,1,NULL,NULL,'\0',1,41399,'2011-12-28 07:53:39',10),(2024,740,'2011-12-22','07:00:00','15:30:00','Glenmore Park','Mosman Zn 180',2,1,NULL,NULL,'\0',1,41399,'2011-12-28 07:53:39',10),(2025,740,'2011-12-22','07:00:00','15:30:00','Mosman Zn 180','Glenmore Park',2,1,NULL,NULL,'\0',1,41399,'2011-12-28 07:53:39',10),(2026,741,'2011-12-21','19:30:00','23:30:00','Wentworthville','North Sydney',1,4,NULL,NULL,'\0',1,39713,'2011-12-23 08:31:09',10),(2027,741,'2011-12-21','19:30:00','23:30:00','North Sydney','Wentworthville',1,4,NULL,NULL,'\0',1,39713,'2011-12-23 08:31:09',10),(2028,742,'2011-12-17','07:00:00','16:00:00','Zetland','Gymea',1,4,NULL,NULL,'\0',1,42357,'2011-12-22 14:42:08',10),(2029,743,'2011-12-13','07:00:00','15:30:00','glendale','Maitland Depot',2,1,NULL,NULL,'\0',1,45545,'2012-01-13 08:29:50',12),(2030,743,'2011-12-13','07:00:00','15:30:00','Maitland Depot','glendale',2,1,NULL,NULL,'\0',1,45545,'2012-01-13 08:29:50',12),(2031,743,'2011-12-14','07:00:00','15:30:00','Glendale','Maitland Depot',2,1,NULL,NULL,'\0',1,45545,'2012-01-13 08:29:50',12),(2032,743,'2011-12-14','07:00:00','15:30:00','Maitland Depot','Glendale',2,1,NULL,NULL,'\0',1,45545,'2012-01-13 08:29:50',12),(2033,743,'2011-12-15','07:00:00','15:30:00','Glendale','Maitland Depot',2,1,NULL,NULL,'\0',1,45545,'2012-01-13 08:29:50',12),(2034,743,'2011-12-15','07:00:00','15:30:00','Maitland Depot','Glendale',2,1,NULL,NULL,'\0',1,45545,'2012-01-13 08:29:50',12),(2035,743,'2011-12-17','06:00:00','14:00:00','Glendale','Maitland Depot',2,4,NULL,NULL,'\0',1,45545,'2012-01-13 08:29:50',12),(2036,743,'2011-12-17','06:00:00','14:00:00','Maitland Depot','Glendale',2,4,NULL,NULL,'\0',1,45545,'2012-01-13 08:29:50',12),(2037,744,'2011-09-21','07:00:00','21:00:00','Gwandalan','Dee Why Depot',1,2,NULL,NULL,'\0',1,34882,'2011-12-23 10:27:32',10),(2038,744,'2011-09-23','07:00:00','15:30:00','Gwandalan','Dee Why Depot',1,1,NULL,NULL,'\0',1,34882,'2011-12-23 10:27:32',10),(2039,744,'2011-09-23','07:00:00','15:30:00','Homebush Depot','Gwandalan',1,1,NULL,NULL,'\0',1,34882,'2011-12-23 10:27:32',10),(2040,745,'2011-09-28','07:00:00','15:30:00','Gwandalan','Zetland',1,1,NULL,NULL,'\0',1,35508,'2011-12-28 08:22:08',10),(2041,745,'2011-09-30','07:00:00','15:30:00','Zetland','Gwandalan',1,1,NULL,NULL,'\0',1,35508,'2011-12-28 08:22:08',10),(2042,746,'2011-10-05','07:00:00','15:30:00','Gwandalan','Silverwater (auburn)',1,1,NULL,NULL,'\0',1,35508,'2011-12-28 08:23:42',10),(2043,746,'2011-10-05','07:00:00','15:30:00','Zetland','Gwandalan',1,1,NULL,NULL,'\0',1,35508,'2011-12-28 08:23:42',10),(2044,747,'2011-10-14','07:00:00','15:30:00','Zetland','Gwandalan',1,1,308,45.04,'',1,35508,'2011-12-29 09:16:44',10),(2045,748,'2011-10-20','07:00:00','17:00:00','Wallsend Depot','Denman',1,2,311,48.50,'',1,35508,'2011-12-29 09:15:31',10),(2046,748,'2011-10-21','07:00:00','15:30:00','Muswellbrook','Gwandalan',1,1,311,48.50,'',1,35508,'2011-12-29 09:15:31',10),(2047,749,'2011-12-20','07:00:00','15:30:00','Quakers Hill','Roden Cutler House',3,1,NULL,NULL,'\0',1,44782,'2011-12-28 07:30:51',10),(2048,749,'2011-12-20','07:00:00','15:30:00','Roden Cutler House','Quakers Hill',3,1,NULL,NULL,'\0',1,44782,'2011-12-28 07:30:51',10),(2049,749,'2011-12-21','07:00:00','15:30:00','Quakers Hill','Roden Cutler House',3,1,NULL,NULL,'\0',1,44782,'2011-12-28 07:30:51',10),(2050,749,'2011-12-21','07:00:00','15:30:00','Roden Cutler House','Quakers Hill',3,1,NULL,NULL,'\0',1,44782,'2011-12-28 07:30:51',10),(2051,749,'2011-12-22','07:00:00','15:30:00','Quakers Hill','Roden Cutler House',3,1,NULL,NULL,'\0',1,44782,'2011-12-28 07:30:51',10),(2052,749,'2011-12-22','07:00:00','15:30:00','Roden Cutler House','Quakers Hill',3,1,NULL,NULL,'\0',1,44782,'2011-12-28 07:30:51',10),(2053,749,'2011-12-23','07:00:00','15:30:00','Quakers Hill','Roden Cutler House',3,1,NULL,NULL,'\0',1,44782,'2011-12-28 07:30:51',10),(2054,749,'2011-12-23','07:00:00','15:30:00','Roden Cutler House','Quakers Hill',3,1,NULL,NULL,'\0',1,44782,'2011-12-28 07:30:51',10),(2055,750,'2011-12-19','07:00:00','14:40:00','Mortdale Zn 10994','Roden Cutler House',3,1,NULL,NULL,'\0',1,44782,'2011-12-28 07:33:11',10),(2056,750,'2011-12-19','07:00:00','14:40:00','Roden Cutler House','Mortdale Zn 10994',3,1,NULL,NULL,'\0',1,44782,'2011-12-28 07:33:11',10),(2057,750,'2011-12-20','07:00:00','14:40:00','Mortdale Zn 10994','Roden Cutler House',3,1,NULL,NULL,'\0',1,44782,'2011-12-28 07:33:11',10),(2058,750,'2011-12-20','07:00:00','14:40:00','Roden Cutler House','Mortdale Zn 10994',3,1,NULL,NULL,'\0',1,44782,'2011-12-28 07:33:11',10),(2059,750,'2011-12-21','07:00:00','14:40:00','Mortdale Zn 10994','Roden Cutler House',3,1,NULL,NULL,'\0',1,44782,'2011-12-28 07:33:11',10),(2060,750,'2011-12-21','07:00:00','14:40:00','Roden Cutler House','Mortdale Zn 10994',3,1,NULL,NULL,'\0',1,44782,'2011-12-28 07:33:11',10),(2061,750,'2011-12-22','07:00:00','14:40:00','Mortdale Zn 10994','Roden Cutler House',3,1,NULL,NULL,'\0',1,44782,'2011-12-28 07:33:11',10),(2062,750,'2011-12-22','07:00:00','14:40:00','Roden Cutler House','Mortdale Zn 10994',3,1,NULL,NULL,'\0',1,44782,'2011-12-28 07:33:11',10),(2063,750,'2011-12-23','07:00:00','14:40:00','Mortdale Zn 10994','Roden Cutler House',3,1,NULL,NULL,'\0',1,44782,'2011-12-28 07:33:11',10),(2064,750,'2011-12-23','07:00:00','14:40:00','Roden Cutler House','Mortdale Zn 10994',3,1,NULL,NULL,'\0',1,44782,'2011-12-28 07:33:11',10),(2065,751,'2011-12-19','07:00:00','15:30:00','eleebana','Maitland Depot',2,1,NULL,NULL,'\0',1,45545,'2012-01-13 08:33:18',12),(2066,751,'2011-12-19','07:00:00','15:30:00','Maitland Depot','eleebana',2,1,NULL,NULL,'\0',1,45545,'2012-01-13 08:33:18',12),(2067,751,'2011-12-20','07:00:00','15:30:00','eleebana','Maitland Depot',2,1,NULL,NULL,'\0',1,45545,'2012-01-13 08:33:18',12),(2068,751,'2011-12-20','07:00:00','15:30:00','Maitland Depot','eleebana',2,1,NULL,NULL,'\0',1,45545,'2012-01-13 08:33:18',12),(2069,751,'2011-12-21','07:00:00','15:30:00','eleebana','Maitland Depot',2,1,NULL,NULL,'\0',1,45545,'2012-01-13 08:33:18',12),(2070,751,'2011-12-21','07:00:00','15:30:00','Maitland Depot','eleebana',2,1,NULL,NULL,'\0',1,45545,'2012-01-13 08:33:18',12),(2071,751,'2011-12-22','07:00:00','15:30:00','eleebana','Maitland Depot',2,1,NULL,NULL,'\0',1,45545,'2012-01-13 08:33:18',12),(2072,751,'2011-12-22','07:00:00','15:30:00','Maitland Depot','eleebana',2,1,NULL,NULL,'\0',1,45545,'2012-01-13 08:33:18',12),(2073,751,'2011-12-23','07:00:00','15:30:00','eleebana','Maitland Depot',2,1,NULL,NULL,'\0',1,45545,'2012-01-13 08:33:18',12),(2074,751,'2011-12-23','07:00:00','15:30:00','Maitland Depot','eleebana',2,1,NULL,NULL,'\0',1,45545,'2012-01-13 08:33:18',12),(2075,752,'2011-12-19','07:00:00','15:30:00','Belmont','Maitland Depot',2,1,NULL,NULL,'\0',1,45545,'2012-01-13 08:32:16',12),(2076,752,'2011-12-19','07:00:00','15:30:00','Maitland Depot','Belmont',2,1,NULL,NULL,'\0',1,45545,'2012-01-13 08:32:16',12),(2077,752,'2011-12-20','07:00:00','15:30:00','Belmont','Maitland Depot',2,1,NULL,NULL,'\0',1,45545,'2012-01-13 08:32:16',12),(2078,752,'2011-12-20','07:00:00','15:30:00','Maitland Depot','Belmont',2,1,NULL,NULL,'\0',1,45545,'2012-01-13 08:32:16',12),(2079,752,'2011-12-21','07:00:00','15:30:00','Belmont','Maitland Depot',2,1,NULL,NULL,'\0',1,45545,'2012-01-13 08:32:16',12),(2080,752,'2011-12-21','07:00:00','15:30:00','Maitland Depot','Belmont',2,1,NULL,NULL,'\0',1,45545,'2012-01-13 08:32:16',12),(2081,752,'2011-12-22','07:00:00','15:30:00','Belmont','Maitland Depot',2,1,NULL,NULL,'\0',1,45545,'2012-01-13 08:32:16',12),(2082,752,'2011-12-22','07:00:00','15:30:00','Maitland Depot','Belmont',2,1,NULL,NULL,'\0',1,45545,'2012-01-13 08:32:16',12),(2083,752,'2011-12-23','07:00:00','15:30:00','Belmont','Maitland Depot',2,1,NULL,NULL,'\0',1,45545,'2012-01-13 08:32:16',12),(2084,752,'2011-12-23','07:00:00','15:30:00','Maitland Depot','Belmont',2,1,NULL,NULL,'\0',1,45545,'2012-01-13 08:32:16',12),(2085,753,'2011-12-17','07:30:00','15:30:00','Harbord','Dee Why Depot',1,4,NULL,NULL,'\0',1,47573,'2011-12-23 08:50:05',10),(2086,753,'2011-12-17','07:30:00','15:30:00','Dee Why Depot','Harbord',1,4,NULL,NULL,'\0',1,47573,'2011-12-23 08:50:05',10),(2087,754,'2011-12-17','06:30:00','14:30:00','Westleigh','Allambie Heights',1,4,NULL,NULL,'\0',1,39713,'2011-12-23 08:31:22',10),(2088,754,'2011-12-17','06:30:00','14:30:00','Allambie Heights','Westleigh',1,4,NULL,NULL,'\0',1,39713,'2011-12-23 08:31:22',10),(2089,755,'2011-12-10','06:00:00','12:00:00','Bateau Bay','Rathmines',2,4,NULL,NULL,'\0',1,45151,'2012-02-09 09:11:31',17),(2090,755,'2011-12-10','06:00:00','12:00:00','Rathmines','Bateau Bay',2,4,NULL,NULL,'\0',1,45151,'2012-02-09 09:11:31',17),(2091,756,'2011-12-17','06:00:00','14:00:00','Bateau Bay','Rathmines',2,4,NULL,NULL,'\0',1,45151,'2012-02-06 13:37:18',15),(2092,756,'2011-12-17','06:00:00','14:00:00','Rathmines','Bateau Bay',2,4,NULL,NULL,'\0',1,45151,'2012-02-06 13:37:18',15),(2093,757,'2011-12-19','07:00:00','15:20:00','QUAKERS HILL','Roden Cutler House',3,1,NULL,NULL,'\0',1,44782,'2011-12-28 07:32:24',10),(2094,757,'2011-12-19','07:00:00','15:20:00','Roden Cutler House','QUAKERS HILL',3,1,NULL,NULL,'\0',1,44782,'2011-12-28 07:32:24',10),(2095,757,'2011-12-20','07:00:00','15:20:00','QUAKERS HILL','RODEN CUTLER HOUSE',3,1,NULL,NULL,'\0',1,44782,'2011-12-28 07:32:24',10),(2096,757,'2011-12-20','07:00:00','15:20:00','RODEN CUTLER HOUSE','QUAKERS HILL',3,1,NULL,NULL,'\0',1,44782,'2011-12-28 07:32:24',10),(2097,757,'2011-12-21','07:00:00','15:20:00','QUAKERS HILL','Roden Cutler House',3,1,NULL,NULL,'\0',1,44782,'2011-12-28 07:32:24',10),(2098,757,'2011-12-21','07:00:00','15:20:00','Roden Cutler House','QUAKERS HILL',3,1,NULL,NULL,'\0',1,44782,'2011-12-28 07:32:24',10),(2099,757,'2011-12-22','07:00:00','15:20:00','QUAKERS HILL','RODEN CUTLER HOUSE',3,1,NULL,NULL,'\0',1,44782,'2011-12-28 07:32:24',10),(2100,757,'2011-12-22','07:00:00','15:20:00','RODEN CUTLER HOUSE','QUAKERS HILL',3,1,NULL,NULL,'\0',1,44782,'2011-12-28 07:32:24',10),(2101,757,'2011-12-23','07:00:00','15:20:00','QUAKERS HILL','RODEN CUTLER HOUSE',3,1,NULL,NULL,'\0',1,44782,'2011-12-28 07:32:24',10),(2102,757,'2011-12-23','07:00:00','15:20:00','RODEN CUTLER HOUSE','QUAKERS HILL',3,1,NULL,NULL,'\0',1,44782,'2011-12-28 07:32:24',10),(2103,758,'2011-12-19','07:30:00','16:00:00','Penrith','Sydney Cbd',3,1,251,39.20,'',1,48521,'2012-01-03 11:03:38',11),(2104,758,'2011-12-19','07:30:00','16:00:00','Sydney Cbd','Penrith',3,1,251,39.20,'',1,48521,'2012-01-03 11:03:38',11),(2105,758,'2011-12-20','07:30:00','16:00:00','Penrith','Sydney Cbd',3,1,251,39.20,'',1,48521,'2012-01-03 11:03:38',11),(2106,758,'2011-12-20','07:30:00','16:00:00','Sydney Cbd','Penrith',3,1,251,39.20,'',1,48521,'2012-01-03 11:03:38',11),(2107,758,'2011-12-21','07:30:00','16:00:00','Penrith','Sydney Cbd',3,1,251,39.20,'',1,48521,'2012-01-03 11:03:38',11),(2108,758,'2011-12-21','07:30:00','16:00:00','Sydney Cbd','Penrith',3,1,251,39.20,'',1,48521,'2012-01-03 11:03:38',11),(2109,758,'2011-12-22','07:30:00','16:00:00','Penrith','Sydney Cbd',3,1,251,39.20,'',1,48521,'2012-01-03 11:03:38',11),(2110,758,'2011-12-22','07:30:00','16:00:00','Sydney Cbd','Penrith',3,1,251,39.20,'',1,48521,'2012-01-03 11:03:38',11),(2111,758,'2011-12-23','07:30:00','16:00:00','Penrith','Sydney Cbd',3,1,251,39.20,'',1,48521,'2012-01-03 11:03:38',11),(2112,758,'2011-12-23','07:30:00','16:00:00','Sydney Cbd','Penrith',3,1,251,39.20,'',1,48521,'2012-01-03 11:03:38',11),(2113,759,'2011-12-19','07:30:00','16:00:00','Erskine Park','Roden Cutler House',3,1,NULL,NULL,'\0',1,44782,'2011-12-28 07:31:29',10),(2114,759,'2011-12-19','07:30:00','16:00:00','Roden Cutler House','Erskine Park',3,1,NULL,NULL,'\0',1,44782,'2011-12-28 07:31:29',10),(2115,759,'2011-12-20','07:30:00','16:00:00','Erskine Park','Roden Cutler House',3,1,NULL,NULL,'\0',1,44782,'2011-12-28 07:31:29',10),(2116,759,'2011-12-20','07:30:00','16:00:00','Roden Cutler House','Erskine Park',3,1,NULL,NULL,'\0',1,44782,'2011-12-28 07:31:29',10),(2117,759,'2011-12-22','07:30:00','16:00:00','Erskine Park','Roden Cutler House',3,1,NULL,NULL,'\0',1,44782,'2011-12-28 07:31:29',10),(2118,759,'2011-12-22','07:30:00','16:00:00','Roden Cutler House','Erskine Park',3,1,NULL,NULL,'\0',1,44782,'2011-12-28 07:31:29',10),(2119,759,'2011-12-23','07:30:00','16:00:00','Erskine Park','Roden Cutler House',3,1,NULL,NULL,'\0',1,44782,'2011-12-28 07:31:29',10),(2120,759,'2011-12-23','07:30:00','16:00:00','Roden Cutler House','Erskine Park',3,1,NULL,NULL,'\0',1,44782,'2011-12-28 07:31:29',10),(2121,760,'2011-12-19','07:00:00','18:00:00','New Lambton','Cessnock Depot',2,2,NULL,NULL,'\0',1,45545,'2012-01-13 08:33:40',12),(2122,760,'2011-12-20','07:00:00','18:30:00','New Lambton','Cessnock Depot',2,2,NULL,NULL,'\0',1,45545,'2012-01-13 08:33:40',12),(2123,760,'2011-12-21','07:00:00','15:30:00','New Lambton','Cessnock Depot',2,1,NULL,NULL,'\0',1,45545,'2012-01-13 08:33:40',12),(2124,760,'2011-12-22','07:00:00','15:30:00','New Lambton','Cessnock Depot',2,1,NULL,NULL,'\0',1,45545,'2012-01-13 08:33:40',12),(2125,760,'2011-12-23','07:00:00','15:30:00','New Lambton','Cessnock Depot',2,1,NULL,NULL,'\0',1,45545,'2012-01-13 08:33:40',12),(2126,761,'2011-12-17','07:00:00','15:00:00','Davistown','Wallsend Depot',1,4,NULL,NULL,'\0',1,49448,'2012-01-31 11:13:30',15),(2127,761,'2011-12-17','07:00:00','15:00:00','Wallsend Depot','Davistown',1,4,NULL,NULL,'\0',1,49448,'2012-01-31 11:13:30',15),(2128,762,'2011-11-14','07:30:00','16:00:00','Wyee','Homebush Bay',1,1,NULL,NULL,'\0',1,35508,'2011-12-28 08:27:01',10),(2129,763,'2011-11-15','07:30:00','16:00:00','Wyee','Homebush Bay',1,1,NULL,NULL,'\0',1,35508,'2011-12-28 08:27:01',10),(2130,764,'2011-11-07','07:30:00','16:00:00','Wyee','Homebush Depot',1,1,NULL,NULL,'\0',1,35508,'2011-12-28 08:26:36',10),(2131,765,'2011-12-01','07:30:00','16:00:00','Wyee','Oatley',1,1,NULL,NULL,'\0',1,35508,'2011-12-28 08:27:14',10),(2132,766,'2011-12-08','07:30:00','16:00:00','Wyee','Homebush Depot',1,1,NULL,NULL,'\0',1,35508,'2011-12-28 08:27:24',10),(2133,767,'2011-12-13','07:30:00','16:00:00','Wyee','Silverwater (auburn)',1,1,NULL,NULL,'\0',1,35508,'2011-12-28 08:28:04',10),(2134,768,'2011-12-20','07:30:00','16:00:00','Wyee','Chatswood Depot',1,1,NULL,NULL,'\0',1,35508,'2011-12-28 08:28:11',10),(2135,769,'2011-12-19','07:00:00','15:30:00','Chatswood','Hornsby Depot',2,1,NULL,NULL,'\0',1,38242,'2011-12-28 08:03:01',10),(2136,769,'2011-12-19','07:00:00','15:30:00','Hornsby Depot','Chatswood',2,1,NULL,NULL,'\0',1,38242,'2011-12-28 08:03:01',10),(2137,769,'2011-12-20','07:00:00','15:30:00','Chatswood','Hornsby Depot',2,1,NULL,NULL,'\0',1,38242,'2011-12-28 08:03:01',10),(2138,769,'2011-12-20','07:00:00','15:30:00','Hornsby Depot','Chatswood',2,1,NULL,NULL,'\0',1,38242,'2011-12-28 08:03:01',10),(2139,769,'2011-12-21','07:00:00','15:30:00','Chatswood','Hornsby Depot',2,1,NULL,NULL,'\0',1,38242,'2011-12-28 08:03:01',10),(2140,769,'2011-12-21','07:00:00','15:30:00','Hornsby Depot','Chatswood',2,1,NULL,NULL,'\0',1,38242,'2011-12-28 08:03:01',10),(2141,769,'2011-12-22','07:00:00','15:30:00','Chatswood','Hornsby Depot',1,1,NULL,NULL,'\0',1,38242,'2011-12-28 08:03:01',10),(2142,769,'2011-12-22','07:00:00','15:30:00','Hornsby Depot','Chatswood',1,1,NULL,NULL,'\0',1,38242,'2011-12-28 08:03:02',10),(2143,769,'2011-12-24','06:00:00','14:00:00','Chatswood','Hornsby Depot',2,4,NULL,NULL,'\0',1,38242,'2011-12-28 08:03:02',10),(2144,769,'2011-12-24','06:00:00','14:00:00','Hornsby Depot','Chatswood',2,4,NULL,NULL,'\0',1,38242,'2011-12-28 08:03:02',10),(2145,770,'2011-12-22','21:00:00','02:00:00','West Gosford','Hornsby Depot',1,4,NULL,NULL,'\0',1,37805,'2011-12-28 15:30:46',10),(2146,770,'2011-12-23','21:00:00','02:00:00','Hornsby Depot','West Gosford',1,4,NULL,NULL,'\0',1,37805,'2011-12-28 15:30:46',10),(2147,770,'2011-12-24','06:00:00','14:00:00','West Gosford','Hornsby Depot',1,4,NULL,NULL,'\0',1,37805,'2011-12-28 15:30:46',10),(2148,770,'2011-12-24','06:00:00','14:00:00','Hornsby Depot','West Gosford',1,4,NULL,NULL,'\0',1,37805,'2011-12-28 15:30:46',10),(2149,771,'2011-12-24','06:00:00','14:00:00','Toongabbie','Hornsby Depot',2,4,NULL,NULL,'\0',1,37805,'2011-12-28 15:31:16',10),(2150,771,'2011-12-24','06:00:00','14:00:00','Hornsby Depot','Toongabbie',2,4,NULL,NULL,'\0',1,37805,'2011-12-28 15:31:16',10),(2151,772,'2011-12-24','06:00:00','14:00:00','Hornsby Depot','Ingleside',1,4,181,36.21,'',1,37805,'2011-12-28 15:32:35',10),(2152,773,'2011-12-22','21:00:00','02:00:00','Toongabbie','Hornsby Depot',2,4,NULL,NULL,'\0',1,37805,'2011-12-28 15:31:16',10),(2153,773,'2011-12-23','21:00:00','02:00:00','Hornsby Depot','Toongabbie',2,4,NULL,NULL,'\0',1,37805,'2011-12-28 15:31:16',10),(2154,774,'2011-12-18','07:00:00','16:00:00','Waterfall','Zetland',1,4,NULL,NULL,'\0',1,42357,'2011-12-29 10:41:18',10),(2155,775,'2011-12-17','07:00:00','16:00:00','Georges Hall','Chatswood Depot',1,4,276,45.39,'',1,33514,'2012-01-04 08:15:27',11),(2156,775,'2011-12-17','07:00:00','16:00:00','Chatswood Depot','Georges Hall',1,4,276,45.39,'',1,33514,'2012-01-04 08:15:27',11),(2157,776,'2011-12-19','07:00:00','15:30:00','Kemps Creek','Chatswood Depot',2,1,NULL,NULL,'\0',1,33514,'2012-01-04 08:15:57',11),(2158,776,'2011-12-19','07:00:00','15:30:00','Chatswood Depot','Kemps Creek',2,1,NULL,NULL,'\0',1,33514,'2012-01-04 08:15:57',11),(2159,776,'2011-12-20','07:00:00','15:30:00','Kemps Creek','Chatswood Depot',2,1,NULL,NULL,'\0',1,33514,'2012-01-04 08:15:57',11),(2160,776,'2011-12-20','07:00:00','15:30:00','Chatswood Depot','Kemps Creek',2,1,NULL,NULL,'\0',1,33514,'2012-01-04 08:15:57',11),(2161,776,'2011-12-21','07:00:00','15:30:00','Kemps Creek','Chatswood Depot',2,1,NULL,NULL,'\0',1,33514,'2012-01-04 08:15:57',11),(2162,776,'2011-12-21','07:00:00','15:30:00','Kemps Creek','Chatswood Depot',2,1,NULL,NULL,'\0',1,33514,'2012-01-04 08:15:57',11),(2163,776,'2011-12-21','07:00:00','15:30:00','Chatswood Depot','Kemps Creek',2,1,NULL,NULL,'\0',1,33514,'2012-01-04 08:15:57',11),(2164,776,'2011-12-22','07:00:00','15:30:00','Kemps Creek','Chatswood Depot',2,1,NULL,NULL,'\0',1,33514,'2012-01-04 08:15:57',11),(2165,776,'2011-12-22','07:00:00','15:30:00','Chatswood Depot','Kemps Creek',2,1,NULL,NULL,'\0',1,33514,'2012-01-04 08:15:57',11),(2166,777,'2011-12-24','06:00:00','14:00:00','Illawong','Homebush Depot',1,4,373,57.29,'',1,38177,'2011-12-29 12:56:23',10),(2167,777,'2011-12-24','06:00:00','14:00:00','Homebush Depot','Illawong',1,4,373,57.29,'',1,38177,'2011-12-29 12:56:23',10),(2168,778,'2011-12-22','20:30:00','03:00:00','Woronora Heights','Regents Park',1,4,NULL,NULL,'\0',1,54170,'2011-12-29 10:49:33',10),(2169,778,'2011-12-23','20:30:00','03:00:00','Regents Park','Woronora Heights',1,4,NULL,NULL,'\0',1,54170,'2011-12-29 10:49:33',10),(2170,779,'2011-12-18','06:30:00','12:30:00','North Parramatta','Homebush Depot',1,4,NULL,NULL,'\0',1,54170,'2011-12-29 10:48:19',10),(2171,779,'2011-12-18','06:30:00','12:30:00','Homebush Depot','North Parramatta',1,4,NULL,NULL,'\0',1,54170,'2011-12-29 10:48:19',10),(2172,780,'2011-12-20','22:00:00','02:30:00','Hurlstone Park','Homebush Depot',1,4,NULL,NULL,'\0',1,54170,'2011-12-29 10:49:15',10),(2173,780,'2011-12-21','22:00:00','02:30:00','Homebush Depot','Hurlstone Park',1,4,NULL,NULL,'\0',1,54170,'2011-12-29 10:49:15',10),(2174,781,'2011-12-17','06:30:00','14:30:00','The Entrance North','Homebush Depot',2,4,NULL,NULL,'\0',1,54170,'2011-12-29 10:49:53',10),(2175,781,'2011-12-17','06:30:00','14:30:00','Homebush Depot','The Entrance North',2,4,NULL,NULL,'\0',1,54170,'2011-12-29 10:49:53',10),(2176,781,'2011-12-18','06:30:00','12:30:00','The Entrance North','Homebush Depot',2,4,NULL,NULL,'\0',1,54170,'2011-12-29 10:49:53',10),(2177,781,'2011-12-18','06:30:00','12:30:00','Homebush Depot','The Entrance North',2,4,NULL,NULL,'\0',1,54170,'2011-12-29 10:49:53',10),(2178,782,'2011-12-21','21:00:00','00:00:00','Buff Point','Macquarie Park',1,4,NULL,NULL,'\0',1,42840,'2011-12-28 11:38:24',10),(2179,782,'2011-12-22','00:00:00','05:00:00','Macquarie Park','Buff Point',1,4,NULL,NULL,'\0',1,42840,'2011-12-28 11:38:24',10),(2180,783,'2011-12-21','21:00:00','00:00:00','Davistown','Macquarie Park',1,4,NULL,NULL,'\0',1,42840,'2011-12-28 11:38:30',10),(2181,783,'2011-12-22','00:00:00','05:00:00','Macquarie Park','Davistown',1,4,NULL,NULL,'\0',1,42840,'2011-12-28 11:38:30',10),(2182,784,'2011-12-21','21:00:00','00:00:00','Lake Munmorah','Macquarie Park',1,4,NULL,NULL,'\0',1,42840,'2011-12-28 11:38:16',10),(2183,784,'2011-12-22','00:00:00','05:00:00','Macquarie Park','Lake Munmorah',1,4,NULL,NULL,'\0',1,42840,'2011-12-28 11:38:16',10),(2184,785,'2011-12-21','21:00:00','00:00:00','Long Jetty','Macquarie Park',1,4,NULL,NULL,'\0',1,42840,'2011-12-28 11:38:42',10),(2185,785,'2011-12-22','00:00:00','05:00:00','Macquarie Park','Long Jetty',1,4,NULL,NULL,'\0',1,42840,'2011-12-28 11:38:42',10),(2186,786,'2011-12-21','20:15:00','00:00:00','Umina Beach','Macquarie Park',1,4,NULL,NULL,'\0',1,42840,'2011-12-28 11:38:10',10),(2187,786,'2011-12-22','00:00:00','04:15:00','Macquarie Park','Umina Beach',1,4,NULL,NULL,'\0',1,42840,'2011-12-28 11:38:10',10),(2188,787,'2011-12-03','06:00:00','14:00:00','Broadmeadow','wallsend',2,4,NULL,NULL,'\0',1,45421,'2012-01-23 11:47:16',13),(2189,787,'2011-12-03','06:00:00','14:00:00','wallsend','Broadmeadow',2,4,NULL,NULL,'\0',1,45421,'2012-01-23 11:47:16',13),(2190,788,'2011-12-10','06:00:00','14:00:00','Broadmeadow','Wallsend Depot',2,4,NULL,NULL,'\0',1,45421,'2012-01-23 12:48:19',13),(2191,788,'2011-12-10','06:00:00','14:00:00','Wallsend Depot','Broadmeadow',2,4,NULL,NULL,'\0',1,45421,'2012-01-23 12:48:19',13),(2192,789,'2011-12-21','21:00:00','05:00:00','Blue Haven','Macquarie Park',2,4,NULL,NULL,'\0',1,42840,'2011-12-28 14:14:30',10),(2193,789,'2011-12-22','00:00:00','05:00:00','Macquarie Park','Blue Haven',2,4,NULL,NULL,'\0',1,42840,'2011-12-28 14:14:30',10),(2194,790,'2011-12-10','06:00:00','16:00:00','Woy Woy','Hornsby Depot',1,4,NULL,NULL,'\0',1,37805,'2011-12-30 07:56:52',10),(2195,790,'2011-12-10','06:00:00','16:00:00','Hornsby Depot','Woy Woy',1,4,NULL,NULL,'\0',1,37805,'2011-12-30 07:56:52',10),(2196,791,'2011-12-17','06:00:00','16:00:00','Woy Woy','Hornsby Depot',1,4,NULL,NULL,'\0',1,37805,'2011-12-30 07:57:00',10),(2197,791,'2011-12-17','06:00:00','16:00:00','Hornsby Depot','Woy Woy',1,4,NULL,NULL,'\0',1,37805,'2011-12-30 07:57:00',10),(2198,792,'2011-12-17','06:00:00','14:00:00','Bensville','Hornsby Depot',1,4,NULL,NULL,'',NULL,NULL,NULL,NULL),(2199,793,'2011-12-28','07:00:00','15:30:00','Seven Hills','Roden Cutler House',3,1,NULL,NULL,'\0',1,46748,'2012-01-03 14:12:48',11),(2200,793,'2011-12-28','07:00:00','15:30:00','Roden Cutler House','Seven Hills',3,1,NULL,NULL,'\0',1,46748,'2012-01-03 14:12:48',11),(2201,793,'2011-12-29','07:00:00','15:30:00','Seven Hills','Roden Cutler House',3,1,NULL,NULL,'\0',1,46748,'2012-01-03 14:12:48',11),(2202,793,'2011-12-29','07:00:00','15:30:00','Roden Cutler House','Seven Hills',3,1,NULL,NULL,'\0',1,46748,'2012-01-03 14:12:48',11),(2203,793,'2011-12-30','07:00:00','11:00:00','Seven Hills','Roden Cutler House',3,1,NULL,NULL,'\0',1,46748,'2012-01-03 14:12:48',11),(2204,793,'2011-12-30','07:00:00','11:00:00','Roden Cutler House','Seven Hills',3,1,NULL,NULL,'\0',1,46748,'2012-01-03 14:12:48',11),(2205,794,'2011-12-10','16:00:00','03:00:00','Narrabeen','Gore Hill Depot',2,4,NULL,NULL,'\0',0,34969,'2012-01-03 08:47:22',NULL),(2206,795,'2011-12-28','09:00:00','17:30:00','Dundas','Sydney Cbd',3,1,40,24.86,'',1,48521,'2012-01-03 10:53:08',11),(2207,795,'2011-12-28','09:00:00','17:30:00','Sydney Cbd','Dundas',3,1,40,24.86,'',1,48521,'2012-01-03 10:53:08',11),(2208,795,'2011-12-29','09:00:00','17:30:00','Dundas','Sydney Cbd',3,1,40,24.86,'',1,48521,'2012-01-03 10:53:08',11),(2209,795,'2011-12-29','09:00:00','17:30:00','Sydney Cbd','Dundas',3,1,40,24.86,'',1,48521,'2012-01-03 10:53:08',11),(2210,795,'2011-12-30','09:00:00','17:30:00','Dundas','Sydney Cbd',3,1,40,24.86,'',1,48521,'2012-01-03 10:53:08',11),(2211,795,'2011-12-30','09:00:00','17:30:00','Sydney Cbd','Dundas',3,1,40,24.86,'',1,48521,'2012-01-03 10:53:08',11),(2212,796,'2011-12-27','04:45:00','13:15:00','Asquith','Head Office Building',3,4,NULL,NULL,'\0',1,41803,'2012-01-02 16:15:30',10),(2213,796,'2011-12-27','04:45:00','13:15:00','Head Office Building','Asquith',3,4,NULL,NULL,'\0',1,41803,'2012-01-02 16:15:30',10),(2214,796,'2011-12-31','04:45:00','13:30:00','Asquith','Head Office Building',2,4,NULL,NULL,'\0',1,41803,'2012-01-02 16:15:30',10),(2215,796,'2011-12-31','04:45:00','13:30:00','Head Office Building','Asquith',2,4,NULL,NULL,'\0',1,41803,'2012-01-02 16:15:30',10),(2216,797,'2011-12-31','06:30:00','14:30:00','Condell Park','Homebush Depot',1,4,NULL,NULL,'\0',1,26654,'2012-01-05 10:19:01',11),(2217,798,'2011-12-15','21:00:00','01:00:00','Kellyville','Chatswood Depot',1,4,NULL,NULL,'\0',1,34936,'2012-01-23 13:35:27',13),(2218,798,'2011-12-16','21:00:00','01:00:00','Chatswood Depot','Kellyville',1,4,NULL,NULL,'\0',1,34936,'2012-01-23 13:35:27',13),(2219,799,'2011-12-21','21:00:00','05:00:00','Davidson','Chatswood Depot',2,4,NULL,NULL,'\0',1,33514,'2012-01-04 08:16:30',11),(2220,799,'2011-12-22','21:00:00','05:00:00','Chatswood Depot','Davidson',2,4,NULL,NULL,'\0',1,33514,'2012-01-04 08:16:30',11),(2221,800,'2011-12-21','21:00:00','00:00:00','Werrington','Macquarie Park',1,4,NULL,NULL,'\0',1,42840,'2012-01-03 07:26:50',10),(2222,800,'2011-12-22','00:00:00','05:00:00','Macquarie Park','Werrington',1,4,NULL,NULL,'\0',1,42840,'2012-01-03 07:26:50',10),(2223,801,'2011-12-13','20:00:00','00:00:00','Warnervale','Macquarie Park',1,4,NULL,NULL,'\0',1,42840,'2012-01-03 07:26:44',10),(2224,801,'2011-12-14','00:00:00','04:00:00','Macquarie Park','Warnervale',1,4,NULL,NULL,'\0',1,42840,'2012-01-03 07:26:44',10),(2225,801,'2011-12-17','06:30:00','15:30:00','Warnervale','West Ryde',1,4,NULL,NULL,'\0',1,42840,'2012-01-03 07:26:44',10),(2226,801,'2011-12-17','06:30:00','15:30:00','West Ryde','Warnervale',1,4,NULL,NULL,'\0',1,42840,'2012-01-03 07:26:44',10),(2227,801,'2011-12-18','06:30:00','14:30:00','Warnervale','Macquarie Park',1,4,NULL,NULL,'\0',1,42840,'2012-01-03 07:26:44',10),(2228,801,'2011-12-18','06:30:00','14:30:00','Macquarie Park','Warnervale',1,4,NULL,NULL,'\0',1,42840,'2012-01-03 07:26:44',10),(2229,802,'2011-12-31','06:00:00','14:00:00','Illawong','Homebush Depot',1,4,373,57.29,'',1,26654,'2012-01-05 10:21:06',11),(2230,802,'2011-12-31','06:00:00','14:00:00','Homebush Depot','Illawong',1,4,373,57.29,'',1,26654,'2012-01-05 10:21:06',11),(2231,803,'2011-12-11','07:00:00','15:00:00','Willoughby','Dee Why Depot',1,4,NULL,NULL,'\0',1,36592,'2012-01-23 12:55:26',13),(2232,804,'2011-12-17','07:00:00','15:00:00','Elizabeth Bay (sydney)','Dee Why Depot',1,4,NULL,NULL,'\0',1,36592,'2012-01-23 12:56:04',13),(2233,805,'2011-12-18','07:00:00','15:00:00','Elizabeth Bay (sydney)','Dee Why Depot',1,4,NULL,NULL,'\0',1,36592,'2012-01-23 12:56:04',13),(2234,806,'2011-12-28','07:00:00','15:30:00','Chatswood','Hornsby Depot',2,1,NULL,NULL,'\0',1,38242,'2012-01-05 07:10:37',11),(2235,806,'2011-12-28','07:00:00','15:30:00','Hornsby Depot','Chatswood',2,1,NULL,NULL,'\0',1,38242,'2012-01-05 07:10:37',11),(2236,806,'2011-12-29','07:00:00','15:30:00','Chatswood','Hornsby Depot',2,1,NULL,NULL,'\0',1,38242,'2012-01-05 07:10:37',11),(2237,806,'2011-12-29','07:00:00','15:30:00','Hornsby Depot','Chatswood',2,1,NULL,NULL,'\0',1,38242,'2012-01-05 07:10:37',11),(2238,806,'2011-12-30','07:00:00','11:00:00','Chatswood','Hornsby Depot',2,1,NULL,NULL,'\0',1,38242,'2012-01-05 07:10:37',11),(2239,806,'2011-12-30','07:00:00','11:00:00','Hornsby Depot','Chatswood',2,1,NULL,NULL,'\0',1,38242,'2012-01-05 07:10:37',11),(2240,807,'2011-11-27','05:30:00','09:30:00','burwood','Chatswood Depot',2,4,NULL,NULL,'\0',1,33514,'2012-01-04 07:53:14',11),(2241,807,'2011-11-27','05:30:00','09:30:00','Chatswood Depot','burwood',2,4,NULL,NULL,'\0',1,33514,'2012-01-04 07:53:14',11),(2242,807,'2011-11-27','21:30:00','01:30:00','burwood','Chatswood Depot',2,4,NULL,NULL,'\0',1,33514,'2012-01-04 07:53:14',11),(2243,807,'2011-11-21','21:30:00','01:30:00','Chatswood Depot','burwood',2,4,NULL,NULL,'\0',1,33514,'2012-01-04 07:53:14',11),(2244,808,'2011-12-19','00:07:00','00:04:00','Northmead','Sydney Cbd',3,1,NULL,NULL,'\0',1,51532,'2012-01-23 12:00:21',13),(2245,808,'2011-12-20','00:07:00','00:04:00','Sydney Cbd','Northmead',3,1,NULL,NULL,'\0',1,51532,'2012-01-23 12:00:21',13),(2246,808,'2011-12-20','00:07:00','00:04:00','Northmead','Sydney Cbd',3,1,NULL,NULL,'\0',1,51532,'2012-01-23 12:00:21',13),(2247,808,'2011-12-21','00:07:00','00:04:00','Sydney Cbd','Northmead',3,1,NULL,NULL,'\0',1,51532,'2012-01-23 12:00:21',13),(2248,808,'2011-12-21','00:07:00','00:04:00','Northmead','Sydney Cbd',3,1,NULL,NULL,'\0',1,51532,'2012-01-23 12:00:21',13),(2249,808,'2011-12-22','00:07:00','00:04:00','Sydney Cbd','Northmead',3,1,NULL,NULL,'\0',1,51532,'2012-01-23 12:00:21',13),(2250,808,'2011-12-22','00:07:00','00:04:00','Northmead','Sydney Cbd',3,1,NULL,NULL,'\0',1,51532,'2012-01-23 12:00:21',13),(2251,808,'2011-12-23','00:07:00','00:04:00','Sydney Cbd','Northmead',3,1,NULL,NULL,'\0',1,51532,'2012-01-23 12:00:21',13),(2252,808,'2011-12-23','00:07:00','00:04:00','Northmead','Sydney Cbd',3,1,NULL,NULL,'\0',1,51532,'2012-01-23 12:00:21',13),(2253,808,'2011-12-24','00:07:00','00:04:00','Sydney Cbd','Northmead',3,1,NULL,NULL,'\0',1,51532,'2012-01-23 12:00:21',13),(2254,809,'2011-12-19','07:00:00','18:00:00','Beresfield','Cessnock Depot',2,2,NULL,NULL,'\0',1,45545,'2012-01-13 08:32:00',12),(2255,809,'2011-12-20','07:00:00','18:30:00','Beresfield','Cessnock Depot',2,2,NULL,NULL,'\0',1,45545,'2012-01-13 08:32:00',12),(2256,809,'2011-12-21','07:00:00','15:30:00','Beresfield','Cessnock Depot',2,1,NULL,NULL,'\0',1,45545,'2012-01-13 08:32:00',12),(2257,809,'2011-12-22','07:00:00','15:30:00','Beresfield','Cessnock Depot',2,1,NULL,NULL,'\0',1,45545,'2012-01-13 08:32:00',12),(2258,809,'2011-12-23','07:00:00','15:30:00','Beresfield','Cessnock Depot',2,1,NULL,NULL,'\0',1,45545,'2012-01-13 08:32:00',12),(2259,810,'2011-11-12','06:00:00','14:00:00','Bensville','Dee Why Depot',1,4,NULL,NULL,'\0',1,49953,'2012-01-23 14:20:08',13),(2260,811,'2011-12-17','06:00:00','14:00:00','Bensville','Hornsby Depot',1,4,NULL,NULL,'\0',1,49953,'2012-01-23 14:20:27',13),(2261,811,'2011-12-17','06:00:00','14:00:00','Hornsby Depot','Bensville',1,4,NULL,NULL,'\0',1,49953,'2012-01-23 14:20:27',13),(2262,812,'2011-11-12','06:00:00','14:00:00','Dee Why Depot','Bensville',1,4,NULL,NULL,'\0',1,49953,'2012-01-23 14:20:08',13),(2263,813,'2011-12-17','07:00:00','15:00:00','Oakhurst','Oakhurst',1,4,NULL,NULL,'\0',1,36592,'2012-01-23 12:55:45',13),(2264,814,'2011-12-17','07:00:00','15:30:00','Shelly Beach','eastwood',1,4,NULL,NULL,'\0',1,37827,'2012-01-05 07:43:49',11),(2265,815,'2012-01-04','19:00:00','23:30:00','Turramurra','Chatswood Depot',2,3,NULL,NULL,'\0',1,38242,'2012-01-05 07:10:57',11),(2266,815,'2012-01-04','19:00:00','23:30:00','Chatswood Depot','Turramurra',2,3,NULL,NULL,'\0',1,38242,'2012-01-05 07:10:57',11),(2267,816,'2011-12-19','07:00:00','15:30:00','Chatswood Depot','Belrose Zn 15005',2,1,NULL,NULL,'\0',1,41399,'2012-01-16 07:22:15',12),(2268,816,'2011-12-19','07:00:00','15:30:00','Belrose Zn 15005','Gore Hill Zn 5868',2,1,NULL,NULL,'\0',1,41399,'2012-01-16 07:22:15',12),(2269,816,'2011-12-20','07:00:00','15:30:00','Warringah Bsp','Chatswood Depot',2,1,NULL,NULL,'\0',1,41399,'2012-01-16 07:22:15',12),(2270,816,'2011-12-20','07:00:00','15:30:00','Chatswood Depot','Warringah Bsp',2,1,NULL,NULL,'\0',1,41399,'2012-01-16 07:22:16',12),(2271,816,'2011-12-21','07:00:00','16:00:00','Chatswood Depot','Warringah Bsp',2,2,NULL,NULL,'\0',1,41399,'2012-01-16 07:22:16',12),(2272,816,'2011-12-21','07:00:00','16:00:00','Warringah Bsp','Chatswood Depot',2,2,NULL,NULL,'\0',1,41399,'2012-01-16 07:22:16',12),(2273,816,'2011-12-22','07:00:00','15:30:00','Chatswood Depot','Mosman Zn 180',2,1,NULL,NULL,'\0',1,41399,'2012-01-16 07:22:16',12),(2274,816,'2011-12-22','07:00:00','15:30:00','Mosman Zn 180','Chatswood Depot',2,1,NULL,NULL,'\0',1,41399,'2012-01-16 07:22:16',12),(2275,816,'2011-12-23','07:00:00','15:00:00','Epping Zn 2635','Galston',2,4,NULL,NULL,'\0',1,41399,'2012-01-16 07:22:16',12),(2276,816,'2011-12-23','07:00:00','15:00:00','Galston','North Rocks',2,4,NULL,NULL,'\0',1,41399,'2012-01-16 07:22:16',12),(2277,816,'2011-12-23','07:00:00','15:00:00','North Rocks','Epping Zn 2635',2,4,NULL,NULL,'\0',1,41399,'2012-01-16 07:22:16',12),(2278,817,'2011-12-03','06:30:00','08:30:00','Seven Hills','Collaroy Plateau',2,4,NULL,NULL,'\0',1,39713,'2012-01-11 07:53:04',12),(2279,817,'2011-12-03','12:00:00','17:00:00','Collaroy Plateau','Seven Hills',2,4,NULL,NULL,'\0',1,39713,'2012-01-11 07:53:04',12),(2280,817,'2011-12-03','08:30:00','12:00:00','Collaroy Plateau','Frenchs Forest',2,3,NULL,NULL,'\0',1,39713,'2012-01-11 07:53:04',12),(2281,817,'2011-12-03','08:30:00','12:00:00','Frenchs Forest','Collaroy Plateau',2,3,NULL,NULL,'\0',1,39713,'2012-01-11 07:53:04',12),(2282,818,'2011-11-27','07:00:00','15:00:00','Seven Hills','North Sydney Zn 2473',2,4,NULL,NULL,'\0',1,39713,'2012-01-11 07:50:29',12),(2283,818,'2011-11-27','07:00:00','15:00:00','North Sydney Zn 2473','Seven Hills',2,4,NULL,NULL,'\0',1,39713,'2012-01-11 07:50:29',12),(2284,819,'2011-11-19','07:00:00','17:00:00','Seven Hills','St Ives Zn 3154',2,4,NULL,NULL,'\0',1,39713,'2012-01-11 07:50:10',12),(2285,819,'2011-11-19','07:00:00','17:00:00','St Ives Zn 3154','Seven Hills',2,4,NULL,NULL,'\0',1,39713,'2012-01-11 07:50:10',12),(2286,820,'2011-12-17','07:00:00','15:30:00','Shelly Beach','Eastwood',1,4,NULL,NULL,'\0',1,37827,'2012-01-23 11:52:08',13),(2287,820,'2011-12-17','07:00:00','15:30:00','Eastwood','Shelly Beach',1,4,NULL,NULL,'\0',1,37827,'2012-01-23 11:52:08',13),(2288,821,'2011-12-11','07:00:00','15:00:00','Potts Hill','Kyeemagh',1,1,NULL,NULL,'\0',1,41437,'2012-01-30 09:11:40',14),(2289,822,'2011-12-10','07:00:00','15:00:00','Point Clare','Chatswood Depot',1,4,NULL,NULL,'\0',1,39713,'2012-01-11 07:55:45',12),(2290,822,'2011-12-10','07:00:00','15:00:00','Belrose','Point Clare',1,4,NULL,NULL,'\0',1,39713,'2012-01-11 07:55:45',12),(2291,823,'2012-01-03','07:00:00','15:30:00','Seven Hills','Roden Cutler House',3,1,NULL,NULL,'\0',1,46748,'2012-01-30 08:46:43',14),(2292,823,'2012-01-03','07:00:00','15:30:00','Roden Cutler House','Seven Hills',3,1,NULL,NULL,'\0',1,46748,'2012-01-30 08:46:43',14),(2293,823,'2012-01-04','07:00:00','15:30:00','Seven Hills','Roden Cutler House',3,1,NULL,NULL,'\0',1,46748,'2012-01-30 08:46:43',14),(2294,823,'2012-01-04','07:00:00','15:30:00','Roden Cutler House','Seven Hills',3,1,NULL,NULL,'\0',1,46748,'2012-01-30 08:46:43',14),(2295,823,'2012-01-05','07:00:00','15:30:00','Seven Hills','Roden Cutler House',3,1,NULL,NULL,'\0',1,46748,'2012-01-30 08:46:43',14),(2296,823,'2012-01-05','07:00:00','15:30:00','Roden Cutler House','Seven Hills',3,1,NULL,NULL,'\0',1,46748,'2012-01-30 08:46:43',14),(2297,824,'2012-01-03','07:00:00','15:20:00','Quakers Hill','Roden Cutler House',3,1,NULL,NULL,'\0',1,44782,'2012-01-09 07:39:59',11),(2298,824,'2012-01-03','07:00:00','15:20:00','Roden Cutler House','Quakers Hill',3,1,NULL,NULL,'\0',1,44782,'2012-01-09 07:39:59',11),(2299,824,'2012-01-04','07:00:00','15:20:00','Quakers Hill','Roden Cutler House',3,1,NULL,NULL,'\0',1,44782,'2012-01-09 07:39:59',11),(2300,824,'2012-01-04','07:00:00','15:20:00','Roden Cutler House','Quakers Hill',3,1,NULL,NULL,'\0',1,44782,'2012-01-09 07:39:59',11),(2301,824,'2012-01-05','07:00:00','15:20:00','Quakers Hill','Roden Cutler House',3,1,NULL,NULL,'\0',1,44782,'2012-01-09 07:39:59',11),(2302,824,'2012-01-05','07:00:00','15:20:00','Roden Cutler House','Quakers Hill',3,1,NULL,NULL,'\0',1,44782,'2012-01-09 07:39:59',11),(2303,824,'2012-01-06','07:00:00','15:20:00','Quakers Hill','Roden Cutler House',3,1,NULL,NULL,'\0',1,44782,'2012-01-09 07:39:59',11),(2304,824,'2012-01-06','07:00:00','15:20:00','Roden Cutler House','Quakers Hill',3,1,NULL,NULL,'\0',1,44782,'2012-01-09 07:39:59',11),(2305,825,'2012-01-03','07:00:00','14:40:00','Mortdale Zn 10994','Roden Cutler House',3,1,NULL,NULL,'\0',1,44782,'2012-01-09 07:40:12',11),(2306,825,'2012-01-03','07:00:00','14:40:00','Roden Cutler House','Mortdale Zn 10994',3,1,NULL,NULL,'\0',1,44782,'2012-01-09 07:40:12',11),(2307,825,'2012-01-04','07:00:00','14:40:00','Mortdale Zn 10994','Roden Cutler House',3,1,NULL,NULL,'\0',1,44782,'2012-01-09 07:40:12',11),(2308,825,'2012-01-04','07:00:00','14:40:00','Roden Cutler House','Mortdale Zn 10994',3,1,NULL,NULL,'\0',1,44782,'2012-01-09 07:40:12',11),(2309,825,'2012-01-06','07:00:00','14:40:00','Mortdale Zn 10994','Roden Cutler House',3,1,NULL,NULL,'\0',1,44782,'2012-01-09 07:40:12',11),(2310,825,'2012-01-06','07:00:00','14:40:00','Roden Cutler House','Mortdale Zn 10994',3,1,NULL,NULL,'\0',1,44782,'2012-01-09 07:40:12',11),(2311,826,'2012-01-04','00:07:00','00:04:00','Northmead','Sydney Cbd',3,1,NULL,NULL,'\0',1,51532,'2012-01-23 12:00:29',13),(2312,826,'2012-01-05','00:07:00','00:04:00','Sydney Cbd','Northmead',3,1,NULL,NULL,'\0',1,51532,'2012-01-23 12:00:29',13),(2313,826,'2012-01-05','00:07:00','00:04:00','Northmead','Sydney Cbd',3,1,NULL,NULL,'\0',1,51532,'2012-01-23 12:00:29',13),(2314,826,'2012-01-06','00:07:00','00:04:00','Sydney Cbd','Northmead',3,1,NULL,NULL,'\0',1,51532,'2012-01-23 12:00:29',13),(2315,826,'2012-01-06','00:07:00','00:04:00','Northmead','Sydney Cbd',3,1,NULL,NULL,'\0',1,51532,'2012-01-23 12:00:29',13),(2316,826,'2012-01-07','00:07:00','00:04:00','Sydney Cbd','Northmead',3,1,NULL,NULL,'\0',1,51532,'2012-01-23 12:00:29',13),(2317,827,'2012-01-03','07:30:00','16:00:00','Erskine Park','Roden Cutler House',3,1,NULL,NULL,'\0',1,44782,'2012-01-09 07:39:19',11),(2318,827,'2012-01-03','07:30:00','16:00:00','Roden Cutler House','Erskine Park',3,1,NULL,NULL,'\0',1,44782,'2012-01-09 07:39:19',11),(2319,827,'2012-01-05','07:30:00','16:00:00','Erskine Park','Roden Cutler House',3,1,NULL,NULL,'\0',1,44782,'2012-01-09 07:39:19',11),(2320,827,'2012-01-05','07:30:00','16:00:00','Roden Cutler House','Erskine Park',3,1,NULL,NULL,'\0',1,44782,'2012-01-09 07:39:19',11),(2321,827,'2012-01-06','07:30:00','16:00:00','Erskine Park','Roden Cutler House',3,1,NULL,NULL,'\0',1,44782,'2012-01-09 07:39:19',11),(2322,827,'2012-01-06','07:30:00','16:00:00','Roden Cutler House','Erskine Park',3,1,NULL,NULL,'\0',1,44782,'2012-01-09 07:39:19',11),(2323,828,'2012-01-04','07:00:00','15:30:00','Quakers Hill','Roden Cutler House',3,1,NULL,NULL,'\0',1,44782,'2012-01-09 07:38:54',11),(2324,828,'2012-01-04','07:00:00','15:30:00','Roden Cutler House','Quakers Hill',3,1,NULL,NULL,'\0',1,44782,'2012-01-09 07:38:54',11),(2325,828,'2012-01-05','07:00:00','15:30:00','Quakers Hill','Roden Cutler House',3,1,NULL,NULL,'\0',1,44782,'2012-01-09 07:38:54',11),(2326,828,'2012-01-05','07:00:00','15:30:00','Roden Cutler House','Quakers Hill',3,1,NULL,NULL,'\0',1,44782,'2012-01-09 07:38:54',11),(2327,828,'2012-01-06','07:00:00','15:30:00','Quakers Hill','Roden Cutler House',3,1,NULL,NULL,'\0',1,44782,'2012-01-09 07:38:54',11),(2328,828,'2012-01-06','07:00:00','15:30:00','Roden Cutler House','Quakers Hill',3,1,NULL,NULL,'\0',1,44782,'2012-01-09 07:38:54',11),(2329,829,'2012-01-06','07:00:00','15:30:00','Kyeemagh','Milbrodale',1,1,338,51.52,'',1,41437,'2012-01-30 09:45:09',14),(2330,830,'2012-01-04','21:00:00','05:00:00','Davidson','Chatswood Depot',2,4,NULL,NULL,'\0',1,33514,'2012-01-09 08:06:01',11),(2331,830,'2012-01-05','21:00:00','05:00:00','Chatswood Depot','Davidson',2,4,NULL,NULL,'\0',1,33514,'2012-01-09 08:06:01',11),(2332,831,'2012-01-03','09:00:00','17:30:00','Dundas','Sydney Cbd',3,1,40,24.86,'',1,48521,'2012-01-23 15:09:48',13),(2333,831,'2012-01-03','09:00:00','17:30:00','Sydney Cbd','Dundas',3,1,40,24.86,'',1,48521,'2012-01-23 15:09:48',13),(2334,831,'2012-01-04','09:00:00','17:30:00','Dundas','Sydney Cbd',3,1,40,24.86,'',1,48521,'2012-01-23 15:09:48',13),(2335,831,'2012-01-04','09:00:00','17:30:00','Sydney Cbd','Dundas',3,1,40,24.86,'',1,48521,'2012-01-23 15:09:48',13),(2336,831,'2012-01-05','09:00:00','17:30:00','Dundas','Sydney Cbd',3,1,40,24.86,'',1,48521,'2012-01-23 15:09:48',13),(2337,831,'2012-01-05','09:00:00','17:30:00','Sydney Cbd','Dundas',3,1,40,24.86,'',1,48521,'2012-01-23 15:09:48',13),(2338,831,'2012-01-06','09:00:00','17:30:00','Dundas','Sydney Cbd',3,1,40,24.86,'',1,48521,'2012-01-23 15:09:48',13),(2339,831,'2012-01-06','09:00:00','17:30:00','Sydney Cbd','Dundas',3,1,40,24.86,'',1,48521,'2012-01-23 15:09:48',13),(2340,832,'2012-01-07','07:30:00','15:30:00','Dundas Valley','Hornsby Depot',1,4,NULL,NULL,'\0',1,47573,'2012-01-07 09:01:16',11),(2341,832,'2012-01-07','07:30:00','15:30:00','Hornsby Depot','Dundas Valley',1,4,NULL,NULL,'\0',1,47573,'2012-01-07 09:01:16',11),(2342,833,'2012-01-07','07:30:00','15:30:00','Harbord','Dee Why Depot',1,4,NULL,NULL,'\0',0,47573,'2012-01-13 15:44:07',NULL),(2343,834,'2012-01-07','07:30:00','15:30:00','Bateau Bay','Hornsby Depot',2,4,NULL,NULL,'\0',1,47573,'2012-01-07 08:59:24',11),(2344,834,'2012-01-07','07:30:00','15:30:00','Hornsby Depot','Bateau Bay',2,4,NULL,NULL,'\0',1,47573,'2012-01-07 08:59:24',11),(2345,835,'2012-01-07','07:30:00','15:30:00','North Avoca','Hornsby Depot',1,4,310,49.50,'',1,47573,'2012-01-07 09:00:29',11),(2346,835,'2012-01-07','07:30:00','15:30:00','Hornsby Depot','North Avoca',1,4,310,49.50,'',1,47573,'2012-01-07 09:00:30',11),(2347,836,'2012-01-07','07:30:00','15:30:00','Holgate','Hornsby Depot',1,4,NULL,NULL,'\0',1,38242,'2012-01-23 15:26:13',13),(2348,836,'2012-01-07','07:30:00','15:30:00','Hornsby Depot','Holgate',1,4,NULL,NULL,'\0',1,38242,'2012-01-23 15:26:13',13),(2349,837,'2012-01-03','07:00:00','15:30:00','Chatswood','Hornsby',2,1,325,47.79,'',1,38242,'2012-01-23 08:20:25',13),(2350,837,'2012-01-03','07:00:00','15:30:00','Hornsby','Chatswood',2,1,325,47.79,'',1,38242,'2012-01-23 08:20:25',13),(2351,837,'2012-01-04','07:00:00','15:30:00','Chatswood','Hornsby',2,1,325,47.79,'',1,38242,'2012-01-23 08:20:25',13),(2352,837,'2012-01-04','07:00:00','15:30:00','Hornsby','Chatswood',2,1,325,47.79,'',1,38242,'2012-01-23 08:20:25',13),(2353,837,'2012-01-05','07:00:00','15:30:00','Chatswood','Hornsby',2,1,NULL,NULL,'\0',1,38242,'2012-01-23 08:20:25',13),(2354,837,'2012-01-05','07:00:00','15:30:00','Hornsby','Chatswood',2,1,NULL,NULL,'\0',1,38242,'2012-01-23 08:20:25',13),(2355,837,'2012-01-07','05:30:00','15:30:00','Chatswood','Hornsby',2,4,NULL,NULL,'\0',1,38242,'2012-01-23 08:20:25',13),(2356,837,'2012-01-07','05:30:00','15:30:00','Hornsby','Chatswood',2,4,NULL,NULL,'\0',1,38242,'2012-01-23 08:20:25',13),(2357,838,'2012-01-07','06:00:00','16:00:00','Toongabbie','Hornsby',2,4,181,36.21,'',1,37805,'2012-01-09 11:23:12',11),(2358,838,'2012-01-07','06:00:00','16:00:00','Hornsby','Toongabbie',2,4,181,36.21,'',1,37805,'2012-01-09 11:23:12',11),(2359,839,'2012-01-07','06:00:00','16:00:00','West Gosford','Hornsby Depot',1,4,NULL,NULL,'\0',1,37805,'2012-01-09 11:23:22',11),(2360,839,'2012-01-07','06:00:00','16:00:00','Hornsby Depot','West Gosford',1,4,NULL,NULL,'\0',1,37805,'2012-01-09 11:23:22',11),(2361,840,'2012-01-07','07:00:00','16:00:00','Tumbi Umbi','Wallsend Depot',2,4,NULL,NULL,'\0',1,45545,'2012-01-13 08:35:12',12),(2362,840,'2012-01-07','07:00:00','16:00:00','Wallsend Depot','Tumbi Umbi',2,4,NULL,NULL,'\0',1,45545,'2012-01-13 08:35:12',12),(2363,841,'2012-01-07','07:00:00','16:00:00','Bateau Bay','Wallsend Depot',2,4,NULL,NULL,'\0',1,45545,'2012-01-13 08:38:19',12),(2364,841,'2012-01-07','07:00:00','16:00:00','Wallsend Depot','Bateau Bay',2,4,NULL,NULL,'\0',1,45545,'2012-01-13 08:38:19',12),(2365,842,'2012-01-07','08:00:00','16:00:00','Belmont North','Wallsend Administration',2,4,NULL,NULL,'\0',1,43098,'2012-01-23 13:00:15',13),(2366,842,'2012-01-07','08:00:00','16:00:00','Wallsend Administration','Belmont North',2,4,NULL,NULL,'\0',1,43098,'2012-01-23 13:00:15',13),(2367,843,'2012-01-08','06:30:00','14:30:00','Avoca Beach','West Gosford',1,4,NULL,NULL,'\0',1,40026,'2012-01-23 12:26:46',13),(2368,844,'2012-01-07','06:30:00','14:30:00','San Remo','Gore Hill Depot',1,4,NULL,NULL,'\0',1,42840,'2012-01-09 08:26:52',11),(2369,844,'2012-01-07','06:30:00','14:30:00','Gore Hill Depot','San Remo',1,4,NULL,NULL,'\0',1,42840,'2012-01-09 08:26:52',11),(2370,845,'2012-01-07','07:00:00','16:00:00','Wentworthville','Chatswood Depot',1,4,NULL,NULL,'\0',1,33514,'2012-01-09 08:06:34',11),(2371,845,'2012-01-07','07:00:00','16:00:00','Chatswood Depot','Wentworthville',1,4,NULL,NULL,'\0',1,33514,'2012-01-09 08:06:34',11),(2372,846,'2012-01-04','21:00:00','05:00:00','Burwood','Chatswood Depot',2,4,NULL,NULL,'\0',1,33514,'2012-01-09 08:06:21',11),(2373,847,'2012-01-07','06:30:00','14:30:00','Lisarow','Chatswood Depot',1,4,310,49.50,'',1,39713,'2012-01-11 07:58:57',12),(2374,847,'2012-01-07','06:30:00','14:30:00','Seaforth','Lisarow',1,4,310,49.50,'',1,39713,'2012-01-11 07:58:57',12),(2375,848,'2012-01-07','07:00:00','16:00:00','Burwood','Chatswood Depot',2,4,NULL,NULL,'\0',1,33514,'2012-01-09 08:06:21',11),(2376,848,'2012-01-07','07:00:00','16:00:00','Chatswood Depot','Burwood',2,4,NULL,NULL,'\0',1,33514,'2012-01-09 08:06:21',11),(2377,849,'2012-01-07','06:30:00','14:30:00','Charmhaven','Gore Hill Depot',1,4,NULL,NULL,'\0',1,42840,'2012-01-09 08:27:01',11),(2378,849,'2012-01-07','06:30:00','14:30:00','Gore Hill Depot','Charmhaven',1,4,NULL,NULL,'\0',1,42840,'2012-01-09 08:27:01',11),(2379,850,'2011-12-22','21:30:00','01:30:00','Quakers Hill','Chatswood Depot',2,4,NULL,NULL,'\0',1,33514,'2012-01-09 08:05:07',11),(2380,850,'2011-12-23','21:30:00','01:30:00','Chatswood Depot','Quakers Hill',2,4,NULL,NULL,'\0',1,33514,'2012-01-09 08:05:07',11),(2381,851,'2012-01-07','06:30:00','14:30:00','Baulkham Hills','Gore Hill Depot',1,4,NULL,NULL,'\0',1,42840,'2012-01-09 08:26:43',11),(2382,851,'2012-01-07','06:30:00','14:30:00','Gore Hill Depot','Baulkham Hills',1,4,NULL,NULL,'\0',1,42840,'2012-01-09 08:26:43',11),(2383,852,'2012-01-07','07:00:00','16:00:00','Merrylands','Chatswood Depot',2,4,NULL,NULL,'\0',1,33514,'2012-01-09 08:06:50',11),(2384,852,'2012-01-07','07:00:00','16:00:00','Chatswood Depot','Merrylands',2,4,NULL,NULL,'\0',1,33514,'2012-01-09 08:06:50',11),(2385,853,'2012-01-07','07:00:00','16:00:00','Hornsby Heights','Chatswood Depot',1,4,NULL,NULL,'\0',1,33514,'2012-01-09 08:06:28',11),(2386,853,'2012-01-07','07:00:00','16:00:00','Chatswood Depot','Hornsby Heights',1,4,NULL,NULL,'\0',1,33514,'2012-01-09 08:06:28',11),(2387,854,'2012-01-07','06:30:00','15:00:00','Toukley','Chatswood Depot',1,4,NULL,NULL,'\0',1,39713,'2012-01-11 07:58:09',12),(2388,854,'2012-01-07','06:30:00','15:00:00','Chatswood Depot','Toukley',1,4,NULL,NULL,'\0',1,39713,'2012-01-11 07:58:09',12),(2389,855,'2012-01-02','07:00:00','15:30:00','Wallsend','Maitland Depot',2,1,NULL,NULL,'\0',1,45545,'2012-01-13 08:37:16',12),(2390,855,'2012-01-02','07:00:00','15:30:00','Maitland Depot','Wallsend',2,1,NULL,NULL,'\0',1,45545,'2012-01-13 08:37:16',12),(2391,855,'2012-01-03','07:00:00','15:30:00','Wallsend','Maitland Depot',2,1,NULL,NULL,'\0',1,45545,'2012-01-13 08:37:16',12),(2392,855,'2012-01-03','07:00:00','15:30:00','Maitland Depot','Wallsend',2,1,NULL,NULL,'\0',1,45545,'2012-01-13 08:37:16',12),(2393,855,'2012-01-04','07:00:00','15:30:00','Wallsend','Maitland Depot',2,1,NULL,NULL,'\0',1,45545,'2012-01-13 08:37:16',12),(2394,855,'2012-01-04','07:00:00','15:30:00','Maitland Depot','Wallsend',2,1,NULL,NULL,'\0',1,45545,'2012-01-13 08:37:16',12),(2395,855,'2012-01-05','07:00:00','15:30:00','Wallsend','Maitland Depot',2,1,NULL,NULL,'\0',1,45545,'2012-01-13 08:37:16',12),(2396,855,'2012-01-05','07:00:00','15:30:00','Maitland Depot','Wallsend',2,1,NULL,NULL,'\0',1,45545,'2012-01-13 08:37:16',12),(2397,855,'2012-01-06','07:00:00','15:30:00','Wallsend','Maitland Depot',2,1,NULL,NULL,'\0',1,45545,'2012-01-13 08:37:16',12),(2398,855,'2012-01-06','07:00:00','15:30:00','Maitland Depot','Wallsend',2,1,NULL,NULL,'\0',1,45545,'2012-01-13 08:37:16',12),(2399,855,'2012-01-07','06:00:00','14:30:00','Wallsend','Maitland Depot',2,4,NULL,NULL,'\0',1,45545,'2012-01-13 08:37:16',12),(2400,855,'2012-01-07','06:00:00','14:30:00','Maitland Depot','Wallsend',2,4,NULL,NULL,'\0',1,45545,'2012-01-13 08:37:16',12),(2401,856,'2012-01-03','07:00:00','15:30:00','Shortland','Maitland Depot',2,1,NULL,NULL,'\0',1,45545,'2012-01-13 08:33:59',12),(2402,856,'2012-01-03','07:00:00','15:30:00','Maitland Depot','Shortland',2,1,NULL,NULL,'\0',1,45545,'2012-01-13 08:33:59',12),(2403,856,'2012-01-04','07:00:00','15:30:00','Shortland','Maitland Depot',2,1,NULL,NULL,'\0',1,45545,'2012-01-13 08:33:59',12),(2404,856,'2012-01-04','07:00:00','15:30:00','Maitland Depot','Shortland',2,1,NULL,NULL,'\0',1,45545,'2012-01-13 08:33:59',12),(2405,856,'2012-01-05','07:00:00','15:30:00','Shortland','Maitland Depot',2,1,NULL,NULL,'\0',1,45545,'2012-01-13 08:33:59',12),(2406,856,'2012-01-05','07:00:00','15:30:00','Maitland Depot','Shortland',2,1,NULL,NULL,'\0',1,45545,'2012-01-13 08:33:59',12),(2407,856,'2012-01-06','07:00:00','15:30:00','Shortland','Maitland Depot',2,1,NULL,NULL,'\0',1,45545,'2012-01-13 08:33:59',12),(2408,856,'2012-01-06','07:00:00','15:30:00','Maitland Depot','Shortland',2,1,NULL,NULL,'\0',1,45545,'2012-01-13 08:33:59',12),(2409,856,'2012-01-07','06:00:00','14:00:00','Shortland','Maitland Depot',2,4,NULL,NULL,'\0',1,45545,'2012-01-13 08:33:59',12),(2410,856,'2012-01-07','06:00:00','14:00:00','Maitland Depot','Shortland',2,4,NULL,NULL,'\0',1,45545,'2012-01-13 08:33:59',12),(2411,857,'2012-01-03','07:00:00','15:30:00','Waratah','Maitland Depot',2,1,NULL,NULL,'\0',1,45545,'2012-01-13 08:34:21',12),(2412,857,'2012-01-03','07:00:00','15:30:00','Maitland Depot','Waratah',2,1,NULL,NULL,'\0',1,45545,'2012-01-13 08:34:21',12),(2413,857,'2012-01-04','07:00:00','15:30:00','Waratah','Maitland Depot',2,1,NULL,NULL,'\0',1,45545,'2012-01-13 08:34:21',12),(2414,857,'2012-01-04','07:00:00','15:30:00','Maitland Depot','Waratah',2,1,NULL,NULL,'\0',1,45545,'2012-01-13 08:34:21',12),(2415,857,'2012-01-05','07:00:00','15:30:00','Waratah','Maitland Depot',2,1,NULL,NULL,'\0',1,45545,'2012-01-13 08:34:21',12),(2416,857,'2012-01-05','07:00:00','15:30:00','Maitland Depot','Waratah',2,1,NULL,NULL,'\0',1,45545,'2012-01-13 08:34:21',12),(2417,857,'2012-01-06','07:00:00','15:30:00','Waratah','Maitland Depot',2,1,NULL,NULL,'\0',1,45545,'2012-01-13 08:34:21',12),(2418,857,'2012-01-06','07:00:00','15:30:00','Maitland Depot','Waratah',2,1,NULL,NULL,'\0',1,45545,'2012-01-13 08:34:21',12),(2419,858,'2012-01-07','07:00:00','15:30:00','Blacktown','Hornsby Depot',2,4,NULL,NULL,'\0',1,37827,'2012-01-23 11:52:58',13),(2420,858,'2012-01-07','07:00:00','15:30:00','Hornsby Depot','Blacktown',2,4,NULL,NULL,'\0',1,37827,'2012-01-23 11:52:58',13),(2421,859,'2012-01-07','06:30:00','15:00:00','Ryde','Chatswood Depot',1,4,NULL,NULL,'\0',1,39713,'2012-01-11 07:56:09',12),(2422,859,'2012-01-07','06:30:00','15:00:00','Chatswood Depot','Ryde',1,4,NULL,NULL,'\0',1,39713,'2012-01-11 07:56:09',12),(2423,860,'2011-12-17','07:00:00','16:00:00','Macquarie Park','Chatswood Depot',1,4,NULL,NULL,'\0',1,33514,'2012-01-09 08:04:42',11),(2424,860,'2011-12-17','07:00:00','16:00:00','Chatswood Depot','Macquarie Park',1,4,NULL,NULL,'\0',1,33514,'2012-01-09 08:04:42',11),(2425,861,'2012-01-07','07:00:00','16:00:00','Curl Curl','Chatswood Depot',2,4,NULL,NULL,'\0',1,33514,'2012-01-09 08:06:09',11),(2426,861,'2012-01-07','07:00:00','16:00:00','Chatswood Depot','Curl Curl',2,4,NULL,NULL,'\0',1,33514,'2012-01-09 08:06:09',11),(2427,862,'2012-01-06','07:00:00','14:30:00','North Rocks','Dee Why West Zn 15006',2,4,NULL,NULL,'\0',1,41399,'2012-01-16 07:22:39',12),(2428,862,'2012-01-06','07:00:00','14:30:00','Dee Why West Zn 15006','Warringah Bsp',2,4,NULL,NULL,'\0',1,41399,'2012-01-16 07:22:39',12),(2429,862,'2012-01-06','07:00:00','14:30:00','Warringah Bsp','North Rocks',2,4,NULL,NULL,'\0',1,41399,'2012-01-16 07:22:39',12),(2430,863,'2011-12-28','07:00:00','15:30:00','Kemps Creek','Chatswood Depot',2,1,NULL,NULL,'\0',1,33514,'2012-01-09 08:05:40',11),(2431,863,'2011-12-28','07:00:00','15:30:00','Chatswood Depot','Kemps Creek',2,1,NULL,NULL,'\0',1,33514,'2012-01-09 08:05:40',11),(2432,863,'2011-12-29','07:00:00','15:30:00','Kemps Creek','Chatswood Depot',2,1,NULL,NULL,'\0',1,33514,'2012-01-09 08:05:40',11),(2433,863,'2011-12-29','07:00:00','15:30:00','Chatswood Depot','Kemps Creek',2,1,NULL,NULL,'\0',1,33514,'2012-01-09 08:05:40',11),(2434,863,'2011-12-30','07:00:00','15:30:00','Kemps Creek','Chatswood Depot',2,1,NULL,NULL,'\0',1,33514,'2012-01-09 08:05:40',11),(2435,863,'2011-12-30','07:00:00','15:30:00','Chatswood Depot','Kemps Creek',2,1,NULL,NULL,'\0',1,33514,'2012-01-09 08:05:40',11),(2436,864,'2012-01-03','07:00:00','15:30:00','Kemps Creek','Chatswood Depot',2,1,NULL,NULL,'\0',1,33514,'2012-01-09 08:05:51',11),(2437,864,'2012-01-03','07:00:00','15:30:00','Chatswood Depot','Kemps Creek',2,1,NULL,NULL,'\0',1,33514,'2012-01-09 08:05:51',11),(2438,864,'2012-01-04','07:00:00','15:30:00','Kemps Creek','Chatswood Depot',2,1,NULL,NULL,'\0',1,33514,'2012-01-09 08:05:51',11),(2439,864,'2012-01-04','07:00:00','15:30:00','Chatswood Depot','Kemps Creek',2,1,NULL,NULL,'\0',1,33514,'2012-01-09 08:05:51',11),(2440,864,'2012-01-05','07:00:00','21:30:00','Kemps Creek','Chatswood Depot',2,2,NULL,NULL,'\0',1,33514,'2012-01-09 08:05:51',11),(2441,864,'2012-01-05','07:00:00','21:30:00','Chatswood Depot','Kemps Creek',2,2,NULL,NULL,'\0',1,33514,'2012-01-09 08:05:51',11),(2442,865,'2012-01-07','06:30:00','14:30:00','Dee Why','Manly',1,4,NULL,NULL,'\0',1,39713,'2012-01-11 07:57:44',12),(2443,865,'2012-01-07','06:30:00','14:30:00','Manly','Dee Why',1,4,NULL,NULL,'\0',1,39713,'2012-01-11 07:57:44',12),(2444,866,'2012-01-07','06:30:00','15:00:00','Blackheath','Chatswood Depot',2,4,NULL,NULL,'\0',1,39713,'2012-01-11 07:58:19',12),(2445,866,'2012-01-07','06:30:00','15:00:00','Chatswood Depot','Blackheath',2,4,NULL,NULL,'\0',1,39713,'2012-01-11 07:58:19',12),(2446,867,'2012-01-07','06:00:00','18:00:00','East Maitland','Maitland Depot',2,4,NULL,NULL,'\0',0,45931,'2012-01-23 12:46:38',NULL),(2447,868,'2011-12-19','07:00:00','16:30:00','Turramurra Zn 1673','Dee Why',2,2,NULL,NULL,'\0',1,41399,'2012-01-16 07:22:26',12),(2448,868,'2011-12-19','07:00:00','16:30:00','Dee Why','Chatswood Depot',2,2,NULL,NULL,'\0',1,41399,'2012-01-16 07:22:26',12),(2449,868,'2011-12-19','07:00:00','16:30:00','Willoughby Bsp','Turramurra Zn 1673',2,2,NULL,NULL,'\0',1,41399,'2012-01-16 07:22:26',12),(2450,868,'2011-12-19','07:00:00','16:30:00','Chatswood Depot','Willoughby Bsp',2,2,NULL,NULL,'\0',1,41399,'2012-01-16 07:22:26',12),(2451,868,'2011-12-22','07:00:00','15:30:00','Chatswood Depot','Mosman Zn 180',2,1,NULL,NULL,'\0',1,41399,'2012-01-16 07:22:26',12),(2452,868,'2011-12-22','07:00:00','15:30:00','Mosman Zn 180','Chatswood Depot',2,1,NULL,NULL,'\0',1,41399,'2012-01-16 07:22:26',12),(2453,868,'2011-12-22','07:00:00','15:30:00','Dee Why','Chatswood Depot',2,1,NULL,NULL,'\0',1,41399,'2012-01-16 07:22:26',12),(2454,868,'2011-12-22','07:00:00','15:30:00','Chatswood Depot','Dee Why',2,1,NULL,NULL,'\0',1,41399,'2012-01-16 07:22:26',12),(2455,869,'2012-01-07','07:00:00','16:00:00','Concord west','Chatswood Depot',1,4,NULL,NULL,'\0',1,33514,'2012-01-09 08:06:41',11),(2456,869,'2012-01-07','07:00:00','16:00:00','Chatswood Depot','Concord west',1,4,NULL,NULL,'\0',1,33514,'2012-01-09 08:06:41',11),(2457,870,'2012-01-03','07:00:00','15:30:00','Dee Why','Chatswood Depot',2,1,NULL,NULL,'\0',1,41399,'2012-01-16 07:22:47',12),(2458,870,'2012-01-03','07:00:00','15:30:00','Chatswood Depot','North Sydney Zn 2473',2,1,NULL,NULL,'\0',1,41399,'2012-01-16 07:22:47',12),(2459,870,'2012-01-03','07:00:00','15:30:00','North Sydney Zn 2473','Ryde Zn 812',2,1,NULL,NULL,'\0',1,41399,'2012-01-16 07:22:47',12),(2460,870,'2012-01-03','07:00:00','15:30:00','Ryde Zn 812','Warringah Bsp',2,1,NULL,NULL,'\0',1,41399,'2012-01-16 07:22:47',12),(2461,870,'2012-01-03','07:00:00','15:30:00','Warringah Bsp','Dee Why',2,1,NULL,NULL,'\0',1,41399,'2012-01-16 07:22:47',12),(2462,871,'2012-01-07','06:00:00','17:00:00','Aberglasslyn','Cessnock Depot',1,4,297,46.75,'',1,47075,'2012-01-25 10:23:25',14),(2463,872,'2012-01-07','07:00:00','15:30:00','Shelly Beach','Melrose Park',1,4,NULL,NULL,'\0',1,37827,'2012-01-23 11:52:42',13),(2464,873,'2012-01-07','06:30:00','14:30:00','Seaforth','Gore Hill Depot',1,4,NULL,NULL,'\0',1,42840,'2012-01-09 08:27:07',11),(2465,873,'2012-01-07','06:30:00','14:30:00','Gore Hill Depot','Seaforth',1,4,NULL,NULL,'\0',1,42840,'2012-01-09 08:27:07',11),(2466,874,'2012-01-07','06:30:00','14:30:00','Merrylands','Gore Hill Depot',1,4,NULL,NULL,'\0',1,42840,'2012-01-09 08:27:13',11),(2467,874,'2012-01-07','06:30:00','14:30:00','Gore Hill Depot','Merrylands',1,4,NULL,NULL,'\0',1,42840,'2012-01-09 08:27:13',11),(2468,875,'2012-01-07','06:30:00','15:00:00','Gosford','Pennant Hills',1,4,NULL,NULL,'\0',1,39713,'2012-01-11 07:58:29',12),(2469,875,'2012-01-07','06:30:00','15:00:00','Pennant Hills','Gosford',1,4,NULL,NULL,'\0',1,39713,'2012-01-11 07:58:29',12),(2470,876,'2012-01-07','06:30:00','14:30:00','Calga','Mosman Zn 180',1,4,NULL,NULL,'\0',1,39713,'2012-01-11 07:57:05',12),(2471,876,'2012-01-07','06:30:00','14:30:00','Mosman Zn 180','Calga',1,4,NULL,NULL,'\0',1,39713,'2012-01-11 07:57:05',12),(2472,877,'2012-01-04','08:00:00','16:30:00','Penrith','Sydney Cbd',3,1,40,24.86,'',1,48521,'2012-01-23 15:07:53',13),(2473,877,'2012-01-04','08:00:00','16:30:00','Sydney Cbd','Penrith',3,1,40,24.86,'',1,48521,'2012-01-23 15:07:53',13),(2474,878,'2012-01-07','06:00:00','14:00:00','Liverpool','Oatley',2,4,NULL,NULL,'\0',1,43183,'2012-01-11 09:36:40',12),(2475,878,'2012-01-07','06:00:00','14:00:00','Oatley','Liverpool',2,4,NULL,NULL,'\0',1,43183,'2012-01-11 09:36:40',12),(2476,879,'2012-01-07','06:00:00','16:00:00','Winston Hills','Hornsby Depot',1,4,298,45.37,'',1,37805,'2012-01-09 11:22:44',11),(2477,879,'2012-01-07','06:00:00','16:00:00','Hornsby Depot','Winston Hills',1,4,298,45.37,'',1,37805,'2012-01-09 11:22:44',11),(2478,880,'2012-01-03','20:30:00','00:00:00','Umina Beach','Hornsby Depot',1,4,NULL,NULL,'\0',1,42840,'2012-01-09 13:12:35',11),(2479,880,'2012-01-04','00:00:00','05:00:00','Epping','Umina Beach',1,4,NULL,NULL,'\0',1,42840,'2012-01-09 13:12:35',11),(2480,880,'2012-01-06','19:30:00','00:00:00','Umina Beach','Macquarie Park',1,4,NULL,NULL,'\0',1,42840,'2012-01-09 13:12:35',11),(2481,880,'2012-01-07','00:00:00','03:00:00','Macquarie Park','Umina Beach',1,4,NULL,NULL,'\0',1,42840,'2012-01-09 13:12:35',11),(2482,881,'2012-01-06','20:30:00','00:00:00','Woy Woy','Macquarie Park',3,4,NULL,NULL,'\0',1,42840,'2012-01-09 13:12:53',11),(2483,881,'2012-01-07','00:00:00','04:30:00','Macquarie Park','Woy Woy',3,4,NULL,NULL,'\0',1,42840,'2012-01-09 13:12:53',11),(2484,882,'2012-01-03','20:30:00','00:00:00','Werrington','Epping',1,4,NULL,NULL,'\0',1,42840,'2012-01-09 13:13:00',11),(2485,882,'2012-01-04','00:00:00','04:30:00','Epping','Werrington',1,4,NULL,NULL,'\0',1,42840,'2012-01-09 13:13:00',11),(2486,882,'2012-01-06','20:30:00','00:00:00','Werrington','Macquarie Park',1,4,NULL,NULL,'\0',1,42840,'2012-01-09 13:13:00',11),(2487,882,'2012-01-07','00:00:00','04:30:00','Macquarie Park','Werrington',1,4,NULL,NULL,'\0',1,42840,'2012-01-09 13:13:00',11),(2488,883,'2012-01-06','20:30:00','00:00:00','Eastwood','Macquarie Park',2,4,NULL,NULL,'\0',1,42840,'2012-01-09 13:12:45',11),(2489,883,'2012-01-07','00:00:00','04:30:00','Macquarie Park','Eastwood',2,4,NULL,NULL,'\0',1,42840,'2012-01-09 13:12:45',11),(2490,884,'2012-01-07','06:30:00','14:30:00','Dee Why','Manly',1,4,NULL,NULL,'\0',1,39713,'2012-01-11 07:58:01',12),(2491,884,'2012-01-07','06:30:00','14:30:00','Manly','Dee Why',1,4,NULL,NULL,'\0',1,39713,'2012-01-11 07:58:01',12),(2492,885,'2011-12-19','07:00:00','15:30:00','Caves Beach (swansea)','Maitland Depot',2,1,NULL,NULL,'\0',1,45545,'2012-01-13 08:32:53',12),(2493,885,'2011-12-19','07:00:00','15:30:00','Maitland Depot','Caves Beach (swansea)',2,1,NULL,NULL,'\0',1,45545,'2012-01-13 08:32:53',12),(2494,885,'2011-12-20','07:00:00','15:30:00','Caves Beach (swansea)','Maitland Depot',2,1,NULL,NULL,'\0',1,45545,'2012-01-13 08:32:53',12),(2495,885,'2011-12-20','07:00:00','15:30:00','Maitland Depot','Caves Beach (swansea)',2,1,NULL,NULL,'\0',1,45545,'2012-01-13 08:32:53',12),(2496,885,'2011-12-21','07:00:00','15:30:00','Caves Beach (swansea)','Maitland Depot',2,1,NULL,NULL,'\0',1,45545,'2012-01-13 08:32:53',12),(2497,885,'2011-12-21','07:00:00','15:30:00','Maitland Depot','Caves Beach (swansea)',2,1,NULL,NULL,'\0',1,45545,'2012-01-13 08:32:53',12),(2498,885,'2011-12-22','07:00:00','15:30:00','Caves Beach (swansea)','Maitland Depot',2,1,NULL,NULL,'\0',1,45545,'2012-01-13 08:32:53',12),(2499,885,'2011-12-22','07:00:00','15:30:00','Maitland Depot','Caves Beach (swansea)',2,1,NULL,NULL,'\0',1,45545,'2012-01-13 08:32:53',12),(2500,885,'2011-12-23','07:00:00','15:30:00','Caves Beach (swansea)','Maitland Depot',2,1,NULL,NULL,'\0',1,45545,'2012-01-13 08:32:53',12),(2501,885,'2011-12-23','07:00:00','15:30:00','Maitland Depot','Caves Beach (swansea)',2,1,NULL,NULL,'\0',1,45545,'2012-01-13 08:32:53',12),(2502,886,'2012-01-07','07:00:00','16:00:00','Belmont','Wallsend Depot',2,4,NULL,NULL,'\0',1,45545,'2012-01-13 08:37:53',12),(2503,886,'2012-01-07','07:00:00','16:00:00','Wallsend Depot','Belmont',2,4,NULL,NULL,'\0',1,45545,'2012-01-13 08:37:53',12),(2504,887,'2012-01-03','07:00:00','15:30:00','Hurstville','Chatswood Depot',2,1,NULL,NULL,'\0',1,33514,'2012-01-10 07:06:12',11),(2505,887,'2012-01-04','07:00:00','15:30:00','Hurstville','Chatswood Depot',2,1,NULL,NULL,'\0',1,33514,'2012-01-10 07:06:12',11),(2506,887,'2012-01-05','07:00:00','23:00:00','Hurstville','Chatswood Depot',3,2,NULL,NULL,'\0',1,33514,'2012-01-10 07:06:12',11),(2507,887,'2012-01-07','07:00:00','16:00:00','Hurstville','Chatswood Depot',2,4,NULL,NULL,'\0',1,33514,'2012-01-10 07:06:12',11),(2508,888,'2012-01-03','07:30:00','16:00:00','Kings Langley','Artarmon',2,1,NULL,NULL,'\0',1,24727,'2012-01-30 09:42:57',14),(2509,888,'2012-01-03','07:30:00','16:00:00','Artarmon','Kings Langley',2,1,NULL,NULL,'\0',1,24727,'2012-01-30 09:42:57',14),(2510,888,'2012-01-04','07:30:00','16:00:00','Kings Langley','Artarmon',2,1,NULL,NULL,'\0',1,24727,'2012-01-30 09:42:57',14),(2511,888,'2012-01-04','07:30:00','16:00:00','Artarmon','Kings Langley',2,1,NULL,NULL,'\0',1,24727,'2012-01-30 09:42:57',14),(2512,888,'2012-01-05','07:30:00','16:00:00','Kings Langley','Artarmon',2,1,NULL,NULL,'\0',1,24727,'2012-01-30 09:42:57',14),(2513,888,'2012-01-05','07:30:00','16:00:00','Artarmon','Kings Langley',2,1,NULL,NULL,'\0',1,24727,'2012-01-30 09:42:57',14),(2514,889,'2012-01-03','07:30:00','16:00:00','Westleigh','Artarmon',2,1,NULL,NULL,'\0',1,24727,'2012-01-30 09:44:55',14),(2515,889,'2012-01-03','07:30:00','16:00:00','Artarmon','Westleigh',2,1,NULL,NULL,'\0',1,24727,'2012-01-30 09:44:55',14),(2516,889,'2012-01-04','07:30:00','16:00:00','Westleigh','Chatswood Depot',2,1,NULL,NULL,'\0',1,24727,'2012-01-30 09:44:55',14),(2517,889,'2012-01-04','07:30:00','16:00:00','Chatswood Depot','Westleigh',2,1,NULL,NULL,'\0',1,24727,'2012-01-30 09:44:55',14),(2518,889,'2012-01-05','07:30:00','16:00:00','Westleigh','Chatswood Depot',2,1,NULL,NULL,'\0',1,24727,'2012-01-30 09:44:55',14),(2519,889,'2012-01-05','07:30:00','16:00:00','Chatswood Depot','Westleigh',2,1,NULL,NULL,'\0',1,24727,'2012-01-30 09:44:55',14),(2520,890,'2012-01-07','08:00:00','16:00:00','St Ives','Hunters Hill Zn 129',1,4,310,49.50,'',1,39713,'2012-01-11 08:00:09',12),(2521,890,'2012-01-07','08:00:00','16:00:00','Hunters Hill Zn 129','St Ives',1,4,310,49.50,'',1,39713,'2012-01-11 08:00:09',12),(2522,891,'2012-01-07','08:00:00','16:00:00','Baulkham Hills','Hunters Hill Zn 129',1,4,358,56.18,'',1,39713,'2012-01-11 07:59:49',12),(2523,891,'2012-01-07','08:00:00','16:00:00','Hunters Hill Zn 129','Baulkham Hills',1,4,358,56.18,'',1,39713,'2012-01-11 07:59:49',12),(2524,892,'2012-01-07','08:00:00','16:00:00','South Windsor','Hunters Hill Zn 129',1,4,NULL,NULL,'\0',1,39713,'2012-01-11 08:00:18',12),(2525,892,'2012-01-07','08:00:00','16:00:00','Hunters Hill Zn 129','South Windsor',1,4,NULL,NULL,'\0',1,39713,'2012-01-11 08:00:18',12),(2526,893,'2012-01-03','07:00:00','15:30:00','Quakers Hill','Hunters Hill Zn 129',2,1,NULL,NULL,'\0',1,39713,'2012-01-11 08:00:55',12),(2527,893,'2012-01-03','07:00:00','15:30:00','Hunters Hill Zn 129','Quakers Hill',2,1,NULL,NULL,'\0',1,39713,'2012-01-11 08:00:55',12),(2528,893,'2012-01-04','07:00:00','15:30:00','Quakers Hill','Hunters Hill Zn 129',2,1,NULL,NULL,'\0',1,39713,'2012-01-11 08:00:55',12),(2529,893,'2012-01-04','07:00:00','15:30:00','Hunters Hill Zn 129','Quakers Hill',2,1,NULL,NULL,'\0',1,39713,'2012-01-11 08:00:55',12),(2530,893,'2012-01-05','07:00:00','15:30:00','Quakers Hill','Hunters Hill Zn 129',2,1,NULL,NULL,'\0',1,39713,'2012-01-11 08:00:55',12),(2531,893,'2012-01-05','07:00:00','15:30:00','Hunters Hill Zn 129','Quakers Hill',2,1,NULL,NULL,'\0',1,39713,'2012-01-11 08:00:55',12),(2532,894,'2012-01-03','07:00:00','15:30:00','Kellyville','Hunters Hill Zn 129',2,1,NULL,NULL,'\0',1,39713,'2012-01-11 08:00:35',12),(2533,894,'2012-01-03','07:00:00','15:30:00','Hunters Hill Zn 129','Kellyville',2,1,NULL,NULL,'\0',1,39713,'2012-01-11 08:00:35',12),(2534,894,'2012-01-04','07:00:00','15:30:00','Kellyville','Hunters Hill Zn 129',2,1,NULL,NULL,'\0',1,39713,'2012-01-11 08:00:35',12),(2535,894,'2012-01-04','07:00:00','15:30:00','Hunters Hill Zn 129','Kellyville',2,1,NULL,NULL,'\0',1,39713,'2012-01-11 08:00:35',12),(2536,894,'2012-01-05','07:00:00','15:30:00','Kellyville','Hunters Hill Zn 129',2,1,NULL,NULL,'\0',1,39713,'2012-01-11 08:00:35',12),(2537,894,'2012-01-05','07:00:00','15:30:00','Hunters Hill Zn 129','Kellyville',2,1,NULL,NULL,'\0',1,39713,'2012-01-11 08:00:35',12),(2538,894,'2012-01-07','08:00:00','16:00:00','Kellyville','Hunters Hill Zn 129',2,4,NULL,NULL,'\0',1,39713,'2012-01-11 08:00:35',12),(2539,894,'2012-01-07','08:00:00','16:00:00','Hunters Hill Zn 129','Kellyville',2,4,NULL,NULL,'\0',1,39713,'2012-01-11 08:00:35',12),(2540,895,'2012-01-07','07:00:00','15:00:00','Point Clare','Warringah Bsp',1,4,NULL,NULL,'\0',1,39713,'2012-01-11 07:56:36',12),(2541,895,'2012-01-07','07:00:00','15:00:00','Chatswood Depot','Point Clare',1,4,NULL,NULL,'\0',1,39713,'2012-01-11 07:56:36',12),(2542,896,'2012-01-07','07:00:00','16:00:00','Georges Hall','Chatswood Depot',1,4,271,45.25,'',1,33514,'2012-01-10 07:03:35',11),(2543,896,'2012-01-07','07:00:00','16:00:00','Chatswood Depot','Georges Hall',1,4,271,45.25,'',1,33514,'2012-01-10 07:03:35',11),(2544,897,'2012-01-07','07:00:00','15:00:00','Narraweena','Chatswood Depot',1,4,NULL,NULL,'\0',1,39713,'2012-01-11 07:59:14',12),(2545,897,'2012-01-07','07:00:00','15:00:00','Chatswood Depot','Narraweena',1,4,NULL,NULL,'\0',1,39713,'2012-01-11 07:59:14',12),(2546,898,'2012-01-07','06:00:00','14:30:00','Bateau Bay','Wallsend Depot',2,4,NULL,NULL,'\0',1,45421,'2012-01-23 12:49:53',13),(2547,898,'2012-01-07','06:00:00','14:30:00','Wallsend Depot','Bateau Bay',2,4,NULL,NULL,'\0',1,45421,'2012-01-23 12:49:53',13),(2548,899,'2012-01-03','14:00:00','22:00:00','West Pennant Hills','St Peters Zn 2568',1,4,NULL,NULL,'\0',1,55576,'2012-02-06 10:30:45',15),(2549,899,'2012-01-03','14:00:00','22:00:00','St Peters Zn 2568','West Pennant Hills',1,4,NULL,NULL,'\0',1,55576,'2012-02-06 10:30:45',15),(2550,900,'2012-01-07','07:00:00','15:00:00','Newport Beach','Allambie Heights',2,4,NULL,NULL,'\0',1,39713,'2012-01-11 07:56:24',12),(2551,900,'2012-01-07','07:00:00','15:00:00','Allambie Heights','Newport Beach',2,4,NULL,NULL,'\0',1,39713,'2012-01-11 07:56:24',12),(2552,901,'2012-01-07','06:00:00','17:00:00','Glendale','Wallsend Depot',2,4,NULL,NULL,'\0',1,45545,'2012-01-13 08:38:03',12),(2553,901,'2012-01-07','06:00:00','17:00:00','Wallsend Depot','Glendale',2,4,NULL,NULL,'\0',1,45545,'2012-01-13 08:38:03',12),(2554,902,'2012-01-07','06:30:00','14:30:00','Mount Colah','Gore Hill Depot',1,4,NULL,NULL,'\0',1,42840,'2012-01-12 10:01:04',12),(2555,902,'2012-01-07','06:30:00','14:30:00','Gore Hill Depot','Mount Colah',1,4,NULL,NULL,'\0',1,42840,'2012-01-12 10:01:04',12),(2556,903,'2012-01-07','00:07:00','00:12:00','Caves Beach (swansea)','Tuggerah',2,4,NULL,NULL,'\0',1,43391,'2012-01-18 14:21:02',13),(2557,903,'2012-01-07','00:07:00','00:12:00','Tuggerah','Caves Beach (swansea)',2,4,NULL,NULL,'\0',1,43391,'2012-01-18 14:21:02',13),(2558,904,'2012-01-04','07:00:00','15:30:00','Caves Beach (swansea)','Maitland Depot',2,1,NULL,NULL,'\0',1,45545,'2012-01-13 08:35:01',12),(2559,904,'2012-01-05','07:00:00','15:30:00','Caves Beach (swansea)','Maitland Depot',2,1,NULL,NULL,'\0',1,45545,'2012-01-13 08:35:02',12),(2560,904,'2012-01-06','07:00:00','15:30:00','Caves Beach (swansea)','Maitland Depot',2,1,NULL,NULL,'\0',1,45545,'2012-01-13 08:35:02',12),(2561,904,'2012-01-07','06:00:00','15:30:00','Caves Beach (swansea)','Maitland Depot',2,4,NULL,NULL,'\0',1,45545,'2012-01-13 08:35:02',12),(2562,905,'2012-01-07','00:06:00','00:10:00','Gosford','Tuggerah',2,4,NULL,NULL,'\0',1,43391,'2012-01-18 14:20:56',13),(2563,905,'2012-01-07','00:06:00','00:10:00','Tuggerah','Gosford',2,4,NULL,NULL,'\0',1,43391,'2012-01-18 14:20:56',13),(2564,906,'2012-01-03','07:00:00','15:30:00','Beresfield','Maitland Depot',2,1,NULL,NULL,'\0',1,45545,'2012-01-13 08:34:39',12),(2565,906,'2012-01-04','07:00:00','15:30:00','Beresfield','Maitland Depot',2,1,NULL,NULL,'\0',1,45545,'2012-01-13 08:34:39',12),(2566,906,'2012-01-05','07:00:00','15:30:00','Beresfield','Maitland Depot',2,1,NULL,NULL,'\0',1,45545,'2012-01-13 08:34:39',12),(2567,906,'2012-01-06','07:00:00','15:30:00','Beresfield','Maitland Depot',2,1,NULL,NULL,'\0',1,45545,'2012-01-13 08:34:39',12),(2568,906,'2012-01-07','06:00:00','15:00:00','Beresfield','Maitland Depot',2,4,NULL,NULL,'\0',1,45545,'2012-01-13 08:34:39',12),(2569,907,'2012-01-07','00:07:00','00:11:00','Charmhaven','Tuggerah',2,4,NULL,NULL,'\0',1,43391,'2012-01-18 14:21:09',13),(2570,907,'2012-01-07','00:07:00','00:11:00','Tuggerah','Charmhaven',2,4,NULL,NULL,'\0',1,43391,'2012-01-18 14:21:09',13),(2571,908,'2012-01-07','00:07:00','00:11:00','Summerland Point','Tuggerah',2,4,NULL,NULL,'\0',1,43391,'2012-01-18 14:21:14',13),(2572,908,'2012-01-07','00:07:00','00:11:00','Tuggerah','Summerland Point',2,4,NULL,NULL,'\0',1,43391,'2012-01-18 14:21:14',13),(2573,909,'2012-01-03','07:00:00','15:30:00','Chatswood Depot','Caringbah',2,1,NULL,NULL,'\0',1,43319,'2012-01-30 11:15:15',14),(2574,909,'2012-01-03','07:00:00','15:30:00','Caringbah','Chatswood Depot',2,1,NULL,NULL,'\0',1,43319,'2012-01-30 11:15:15',14),(2575,909,'2012-01-04','07:00:00','15:30:00','Chatswood Depot','Caringbah',2,1,NULL,NULL,'\0',1,43319,'2012-01-30 11:15:15',14),(2576,909,'2012-01-04','07:00:00','15:30:00','Caringbah','Chatswood Depot',2,1,NULL,NULL,'\0',1,43319,'2012-01-30 11:15:15',14),(2577,909,'2012-01-05','07:00:00','23:00:00','Chatswood Depot','Caringbah',2,2,NULL,NULL,'\0',1,43319,'2012-01-30 11:15:15',14),(2578,909,'2012-01-05','07:00:00','23:00:00','Caringbah','Chatswood Depot',2,2,NULL,NULL,'\0',1,43319,'2012-01-30 11:15:15',14),(2579,909,'2012-01-07','07:00:00','16:00:00','Caringbah','Chatswood Depot',2,4,NULL,NULL,'\0',1,43319,'2012-01-30 11:15:15',14),(2580,909,'2012-01-07','07:00:00','16:00:00','Chatswood Depot','Caringbah',2,4,NULL,NULL,'\0',1,43319,'2012-01-30 11:15:15',14),(2581,910,'2012-01-07','06:30:00','14:30:00','Kincumber','Mosman Zn 180',1,4,NULL,NULL,'\0',1,39713,'2012-01-11 07:56:51',12),(2582,910,'2012-01-07','06:30:00','14:30:00','Mosman Zn 180','Kincumber',1,4,NULL,NULL,'\0',1,39713,'2012-01-11 07:56:51',12),(2583,911,'2012-01-07','07:00:00','15:00:00','Warriewood','North Head Zn 15015',1,1,NULL,NULL,'\0',1,39713,'2012-01-11 07:57:25',12),(2584,911,'2012-01-07','07:00:00','15:00:00','North Head Zn 15015','Warriewood',1,1,NULL,NULL,'\0',1,39713,'2012-01-11 07:57:25',12),(2585,912,'2011-11-14','07:00:00','15:30:00','Chatswood','Hornsby Depot',2,1,NULL,NULL,'\0',0,38242,'2012-01-23 11:49:54',NULL),(2586,912,'2011-11-14','07:00:00','15:30:00','Hornsby Depot','Chatswood',2,1,NULL,NULL,'\0',0,38242,'2012-01-23 11:49:54',NULL),(2587,912,'2011-11-15','07:00:00','15:30:00','Chatswood','Hornsby Depot',2,1,NULL,NULL,'\0',0,38242,'2012-01-23 11:49:54',NULL),(2588,912,'2011-11-15','07:00:00','15:30:00','Hornsby Depot','Chatswood',2,1,NULL,NULL,'\0',0,38242,'2012-01-23 11:49:54',NULL),(2589,912,'2011-11-16','07:00:00','15:30:00','Chatswood','Hornsby Depot',2,1,NULL,NULL,'\0',0,38242,'2012-01-23 11:49:54',NULL),(2590,912,'2011-11-16','07:00:00','15:30:00','Hornsby Depot','Chatswood',2,1,NULL,NULL,'\0',0,38242,'2012-01-23 11:49:54',NULL),(2591,912,'2011-11-17','07:00:00','15:30:00','Chatswood','Hornsby Depot',2,1,NULL,NULL,'\0',0,38242,'2012-01-23 11:49:54',NULL),(2592,912,'2011-11-17','07:00:00','15:30:00','Hornsby Depot','Chatswood',2,1,NULL,NULL,'\0',0,38242,'2012-01-23 11:49:54',NULL),(2593,912,'2011-11-18','07:00:00','15:30:00','Chatswood','Hornsby Depot',2,1,NULL,NULL,'\0',0,38242,'2012-01-23 11:49:54',NULL),(2594,912,'2011-11-18','07:00:00','15:30:00','Hornsby Depot','Chatswood',2,1,NULL,NULL,'\0',0,38242,'2012-01-23 11:49:54',NULL),(2595,913,'2012-01-07','05:00:00','13:00:00','Illawong','Homebush Depot',1,4,333,48.74,'',1,26654,'2012-01-30 08:31:02',14),(2596,913,'2012-01-07','05:00:00','13:00:00','Homebush Depot','Illawong',1,4,333,48.74,'',1,26654,'2012-01-30 08:31:02',14),(2597,914,'2012-01-07','05:00:00','13:00:00','Cronulla','Oatley',2,4,NULL,NULL,'\0',1,33908,'2012-01-23 11:44:23',13),(2598,914,'2012-01-07','05:00:00','13:00:00','Oatley','Cronulla',2,4,NULL,NULL,'\0',1,33908,'2012-01-23 11:44:23',13),(2599,915,'2012-01-04','07:00:00','15:30:00','Home-town','Cessnock Depot',2,1,NULL,NULL,'\0',1,45545,'2012-02-03 08:16:26',15),(2600,915,'2012-01-05','07:00:00','15:30:00','Home-town','Cessnock Depot',2,1,NULL,NULL,'\0',1,45545,'2012-02-03 08:16:26',15),(2601,916,'2012-01-07','06:00:00','12:00:00','Seven Hills','Zetland',1,4,311,48.50,'',1,28598,'2012-01-12 07:22:09',12),(2602,916,'2012-01-07','06:00:00','12:00:00','Zetland','Seven Hills',1,4,311,48.50,'',1,28598,'2012-01-12 07:22:09',12),(2603,917,'2012-01-07','07:00:00','15:00:00','Seven Hills','Meadowbank',3,4,NULL,NULL,'\0',1,37827,'2012-01-23 11:53:11',13),(2604,917,'2012-01-07','07:00:00','15:00:00','Meadowbank','Seven Hills',3,4,NULL,NULL,'\0',1,37827,'2012-01-23 11:53:11',13),(2605,918,'2012-01-07','06:00:00','13:00:00','Scone','Muswellbrook',2,4,NULL,NULL,'\0',1,47344,'2012-01-16 15:22:33',12),(2606,918,'2012-01-07','06:00:00','13:00:00','Muswellbrook','Scone',2,4,NULL,NULL,'\0',1,47344,'2012-01-16 15:22:33',12),(2607,919,'2011-12-19','07:00:00','15:30:00','Minto','Chatswood Depot',2,1,NULL,NULL,'\0',1,43319,'2012-01-30 11:11:17',14),(2608,919,'2011-12-19','07:00:00','15:30:00','Chatswood Depot','Minto',2,1,NULL,NULL,'\0',1,43319,'2012-01-30 11:11:17',14),(2609,919,'2011-12-20','07:00:00','15:30:00','Minto','Chatswood Depot',2,1,NULL,NULL,'\0',1,43319,'2012-01-30 11:11:17',14),(2610,919,'2011-12-20','07:00:00','15:30:00','Chatswood Depot','Minto',2,1,NULL,NULL,'\0',1,43319,'2012-01-30 11:11:17',14),(2611,919,'2011-12-21','07:00:00','15:30:00','Minto','Chatswood Depot',2,1,NULL,NULL,'\0',1,43319,'2012-01-30 11:11:17',14),(2612,919,'2011-12-21','07:00:00','15:30:00','Chatswood Depot','Minto',2,1,NULL,NULL,'\0',1,43319,'2012-01-30 11:11:17',14),(2613,919,'2011-12-22','07:00:00','15:30:00','Minto','Chatswood Depot',2,1,NULL,NULL,'\0',1,43319,'2012-01-30 11:11:17',14),(2614,919,'2011-12-22','07:00:00','15:30:00','Chatswood Depot','Minto',2,1,NULL,NULL,'\0',1,43319,'2012-01-30 11:11:17',14),(2615,920,'2012-01-07','07:00:00','15:00:00','Leumeah','Pennant Hills',1,4,NULL,NULL,'\0',1,39713,'2012-01-14 13:23:51',12),(2616,920,'2012-01-07','07:00:00','15:00:00','Castle Hill','Leumeah',1,4,NULL,NULL,'\0',1,39713,'2012-01-14 13:23:51',12),(2617,921,'2012-01-03','20:30:00','00:00:00','Blue Haven','Epping',1,4,NULL,NULL,'\0',1,42840,'2012-01-12 10:00:46',12),(2618,921,'2012-01-04','00:00:00','04:30:00','Epping','Blue Haven',1,4,NULL,NULL,'\0',1,42840,'2012-01-12 10:00:46',12),(2619,921,'2012-01-06','20:00:00','00:00:00','Blue Haven','Macquarie Park',1,4,NULL,NULL,'\0',1,42840,'2012-01-12 10:00:46',12),(2620,921,'2012-01-07','00:00:00','05:00:00','Macquarie Park','Blue Haven',1,4,NULL,NULL,'\0',1,42840,'2012-01-12 10:00:46',12),(2621,922,'2012-01-08','06:30:00','16:30:00','Caringbah','Homebush Depot',2,4,NULL,NULL,'\0',1,54170,'2012-01-23 11:47:45',13),(2622,922,'2012-01-08','06:30:00','16:30:00','Homebush Depot','Caringbah',2,4,NULL,NULL,'\0',1,54170,'2012-01-23 11:47:59',13),(2623,923,'2012-01-08','06:30:00','14:30:00','Barden Ridge','Homebush Depot',2,4,NULL,NULL,'\0',1,54170,'2012-01-23 11:46:37',13),(2624,923,'2012-01-08','06:30:00','14:30:00','Homebush Depot','Barden Ridge',2,4,NULL,NULL,'\0',1,54170,'2012-01-23 11:46:37',13),(2625,924,'2011-11-12','04:40:00','12:40:00','Towradgi','Oatley',1,4,NULL,NULL,'\0',1,43818,'2012-01-13 09:05:41',12),(2626,925,'2012-01-07','07:00:00','17:00:00','Cardiff','Cessnock Office',2,4,NULL,NULL,'\0',1,45931,'2012-01-23 12:43:02',13),