INSERT INTO `assets` (`id`,`fleet_number`,`make_id`,`model_id`,`rego_number`,`vin`,`figfleet_status_id`,`figfleet_class_id`,`fgo_classification_id`,`vehicle_type_id`,`asset_type_id`,`type_level1`,`type_level2`,`attached`,`cost_centre_id`,`location_id`,`contact_name`,`purchase_date`,`build_year`,`in_service_date`,`last_service_date`,`next_service_date`,`next_service_type_id`,`odometer_reading_date`,`odometer_reading`,`last_service_garage_id`,`service_sheet`,`disposal_date`,`last_electrical_test_date`,`last_ndt_date`,`figfleet_comments`,`scheduler_notes`) VALUES 
 (5141,28558,104,679,'28558','',3,3,5,83,3,'PANEL VANS & UTILITIES','UTILITIES 4X4',NULL,130,12,'S Emanual',NULL,2011,NULL,NULL,NULL,3,NULL,NULL,NULL,'',NULL,NULL,NULL,'',NULL),
 (5142,33053,104,689,'','',3,4,7,80,4,'PANEL VANS & UTILITIES','UTILITIES',NULL,289,9,'J Frare',NULL,2011,NULL,NULL,NULL,3,NULL,NULL,NULL,'',NULL,NULL,NULL,'',NULL),
 (5143,34037,43,680,'','',3,4,7,213,4,'STATION WAGONS','STATION WAGONS 4X4',NULL,225,37,'P Harvey',NULL,2011,NULL,NULL,NULL,3,NULL,NULL,NULL,'',NULL,NULL,NULL,'',NULL),
 (5144,34038,43,697,'','',3,4,7,194,4,'STATION WAGONS','STATION WAGONS',NULL,101,41,'P Gaudron',NULL,2011,NULL,NULL,NULL,3,NULL,NULL,NULL,'',NULL,NULL,NULL,'',NULL),
 (5145,34039,107,413,'','',3,4,7,195,4,'SEDANS','SEDANS',NULL,350,41,'D Waterson',NULL,2011,NULL,NULL,NULL,3,NULL,NULL,NULL,'',NULL,NULL,NULL,'',NULL),
 (5146,34040,43,697,'BN31HQ','',1,4,7,193,4,'STATION WAGONS','STATION WAGONS',NULL,202,3,'J McNamara','2012-01-23',2011,NULL,NULL,NULL,3,NULL,NULL,NULL,'',NULL,NULL,NULL,'',NULL),
 (5147,34041,107,409,'CDV15E','',1,4,7,195,4,'SEDANS','SEDANS',NULL,348,41,'R Caird','2011-12-21',2011,'2011-12-21',NULL,NULL,3,NULL,NULL,NULL,'',NULL,NULL,NULL,'',NULL),
 (5148,41969,46,453,'41969','',3,3,5,90,3,'PANEL VANS & UTILITIES','PANEL VANS',NULL,45,1,'A Aluad',NULL,2011,NULL,NULL,NULL,3,NULL,NULL,NULL,'',NULL,NULL,NULL,'',NULL),
 (5149,41970,46,453,'41970','',3,3,5,90,3,'PANEL VANS & UTILITIES','PANEL VANS',NULL,52,4,'R Hardy',NULL,2011,NULL,NULL,NULL,3,NULL,NULL,NULL,'',NULL,NULL,NULL,'',NULL),
 (5150,41971,46,453,'41971','',3,3,5,90,3,'PANEL VANS & UTILITIES','PANEL VANS',NULL,24,3,'E Neville',NULL,2011,NULL,NULL,NULL,3,NULL,NULL,NULL,'',NULL,NULL,NULL,'',NULL),
 (5151,41972,46,453,'41972','',3,3,5,90,3,'PANEL VANS & UTILITIES','PANEL VANS',NULL,24,3,'D Tomajka',NULL,2011,NULL,NULL,NULL,3,NULL,NULL,NULL,'',NULL,NULL,NULL,'',NULL),
 (5152,41973,46,453,'41973','',3,3,5,90,3,'PANEL VANS & UTILITIES','PANEL VANS',NULL,24,3,'S Hope',NULL,2011,NULL,NULL,NULL,3,NULL,NULL,NULL,'',NULL,NULL,NULL,'',NULL),
 (5153,42313,104,457,'42313','',3,3,5,93,3,'PANEL VANS & UTILITIES','PANEL VANS',NULL,228,8,'D Hedger',NULL,2011,NULL,NULL,NULL,3,NULL,NULL,NULL,'',NULL,NULL,NULL,'',NULL),
 (5154,43162,46,292,'43162','',3,3,5,83,3,'PANEL VANS & UTILITIES','UTILITIES 4X4',NULL,47,12,'C Manwarring',NULL,2011,NULL,NULL,NULL,3,NULL,NULL,NULL,'',NULL,NULL,NULL,'',NULL),
 (5155,44008,61,681,'44008','',3,3,5,83,3,'PANEL VANS & UTILITIES','UTILITIES 4X4',NULL,41,3,'B Bedford',NULL,2011,NULL,NULL,NULL,3,NULL,NULL,NULL,'',NULL,NULL,NULL,'',NULL),
 (5156,46340,46,479,'46340','',3,3,5,86,3,'LIGHT COMMERCIAL CAB/CHASSIS','UNDER 5 TONNE 4X4',NULL,19,17,'M Judge',NULL,2011,NULL,NULL,NULL,3,NULL,NULL,NULL,'',NULL,NULL,NULL,'',NULL),
 (5157,46341,46,479,'46341','',3,3,5,86,3,'LIGHT COMMERCIAL CAB/CHASSIS','UNDER 5 TONNE 4X4',NULL,19,18,'C Power',NULL,2011,NULL,NULL,NULL,3,NULL,NULL,NULL,'',NULL,NULL,NULL,'',NULL),
 (5158,46342,46,479,'46342','',3,3,5,86,3,'LIGHT COMMERCIAL CAB/CHASSIS','UNDER 5 TONNE 4X4',NULL,19,18,'C Power',NULL,2011,NULL,NULL,NULL,3,NULL,NULL,NULL,'',NULL,NULL,NULL,'',NULL),
 (5159,46343,46,479,'46343','',3,3,5,86,3,'LIGHT COMMERCIAL CAB/CHASSIS','UNDER 5 TONNE 4X4',NULL,25,12,'P Steele',NULL,2011,NULL,NULL,NULL,3,NULL,NULL,NULL,'',NULL,NULL,NULL,'',NULL),
 (5160,46344,46,479,'46344','',3,3,5,86,3,'LIGHT COMMERCIAL CAB/CHASSIS','UNDER 5 TONNE 4X4',NULL,19,18,'G Blyth',NULL,2011,NULL,NULL,NULL,3,NULL,NULL,NULL,'MANU SPECS + F106',NULL,NULL,NULL,'',NULL),
 (5161,48073,43,412,'48073','',3,3,5,97,3,'STATION WAGONS','STATION WAGONS 4X4',NULL,296,18,'K Hourigan',NULL,2011,NULL,NULL,NULL,3,NULL,NULL,NULL,'',NULL,NULL,NULL,'',NULL),
 (5162,48074,43,412,'BP40DM','JN1TESY61A0414485',1,3,5,97,3,'STATION WAGONS','STATION WAGONS 4X4',NULL,2,2,'S Everson','2012-01-20',2011,NULL,NULL,NULL,3,NULL,NULL,NULL,'MANUFACTURES SPECS + LOGFLT F106',NULL,NULL,NULL,'',NULL),
 (5163,49118,94,446,'49118','',3,3,5,90,3,'PANEL VANS & UTILITIES','PANEL VANS',NULL,12,19,'G Pryke',NULL,2011,NULL,NULL,NULL,3,NULL,NULL,NULL,'',NULL,NULL,NULL,'',NULL),
 (5164,49119,94,446,'49119','',3,3,5,90,3,'PANEL VANS & UTILITIES','PANEL VANS',NULL,12,19,'D McMillan',NULL,2011,NULL,NULL,NULL,3,NULL,NULL,NULL,'',NULL,NULL,NULL,'',NULL),
 (5165,49120,94,446,'49120','',3,3,5,90,3,'PANEL VANS & UTILITIES','PANEL VANS',NULL,45,1,'T Farrugia',NULL,2011,NULL,NULL,NULL,3,NULL,NULL,NULL,'',NULL,NULL,NULL,'',NULL),
 (5166,49121,94,446,'49121','',3,3,5,90,3,'PANEL VANS & UTILITIES','PANEL VANS',NULL,20,19,'C Geagea',NULL,2011,NULL,NULL,NULL,3,NULL,NULL,NULL,'',NULL,NULL,NULL,'',NULL),
 (5167,49122,94,446,'49122','',3,3,5,90,3,'PANEL VANS & UTILITIES','PANEL VANS',NULL,45,42,'G Bennett',NULL,2011,NULL,NULL,NULL,3,NULL,NULL,NULL,'',NULL,NULL,NULL,'',NULL),
 (5168,65685,61,526,'65685','',3,2,4,120,2,'TRUCKS','TIPPING TRUCKS',98192,12,13,'M Parrott',NULL,2011,NULL,NULL,NULL,3,NULL,NULL,NULL,'',NULL,NULL,NULL,'',NULL),
 (5169,65686,61,526,'65686','',3,2,4,120,2,'TRUCKS','TIPPING TRUCKS',98193,12,13,'M Parrott',NULL,2011,NULL,NULL,NULL,3,NULL,NULL,NULL,'',NULL,NULL,NULL,'',NULL),
 (5170,65687,61,514,'65687','',3,2,4,104,2,'TRUCKS','OVER 5 TONNE',NULL,10,10,'J Fountain',NULL,2011,NULL,NULL,NULL,3,NULL,NULL,NULL,'',NULL,NULL,NULL,'',NULL),
 (5171,65688,61,533,'65688','',3,2,4,110,2,'TRUCKS','OVER 5 TONNE',NULL,18,1,'W Atkins',NULL,2011,NULL,NULL,NULL,3,NULL,NULL,NULL,'',NULL,NULL,NULL,'',NULL),
 (5172,84284,114,582,'84284','',3,2,4,116,2,'TRUCKS','OVER 5 TONNE',9562,45,42,'G Herd',NULL,2011,NULL,NULL,NULL,3,NULL,NULL,NULL,'',NULL,NULL,NULL,'',NULL),
 (5173,97155,153,698,'','',3,1,3,43,1,'CABLE TENSIONING EQUIPMENT','BULLWHEEL TENSIONER',97156,1,1,'B Philliponi',NULL,2011,NULL,NULL,NULL,3,NULL,NULL,NULL,'',NULL,NULL,NULL,'',NULL),
 (5174,97156,153,698,'','',3,1,3,43,1,'CABLE TENSIONING EQUIPMENT','BULLWHEEL TENSIONER',97155,1,1,'B Philliponi',NULL,2011,NULL,NULL,NULL,3,NULL,NULL,NULL,'',NULL,NULL,NULL,'',NULL),
 (5175,98192,13,668,'98192','',3,1,6,12,1,'VLC','VEH. CRANE -UN 1 T/M',65685,12,13,'M Parrott',NULL,2011,NULL,NULL,NULL,3,NULL,NULL,NULL,'',NULL,NULL,NULL,'',NULL),
 (5176,98193,13,668,'98193','',3,1,6,12,1,'VLC','VEH. CRANE -UN 1 T/M',65686,12,13,'M Parrott',NULL,2011,NULL,NULL,NULL,3,NULL,NULL,NULL,'',NULL,NULL,NULL,'',NULL),
 (5177,99000,154,699,'99000','',1,1,3,189,1,'WINCHES','WINCH',65638,35,9,'R North','2011-11-08',2011,NULL,NULL,NULL,3,NULL,NULL,NULL,'',NULL,NULL,NULL,'Winch being depreciated in the vehicle asset',NULL),
 (5178,63,10,700,'63','',3,1,6,1,1,'TRAILERS','TR - POLE EXTENDABLE',NULL,13,14,'C Wilks',NULL,2012,NULL,NULL,NULL,3,NULL,NULL,NULL,'',NULL,NULL,NULL,'',NULL),
 (5179,9559,13,701,'9559','641008',1,1,6,11,1,'VLC','VEH. CRANE - 3-10 T/M',65652,228,8,'G Hedger pool','2012-01-06',2012,NULL,NULL,NULL,3,NULL,NULL,NULL,'LOGFLT-F046',NULL,NULL,NULL,'',NULL),
 (5180,9576,14,187,'9576','',3,1,6,11,1,'VLC','VEH. CRANE - 3-10 T/M',84285,60,13,'B McNaught',NULL,2012,NULL,NULL,NULL,3,NULL,NULL,NULL,'',NULL,NULL,NULL,'',NULL),
 (5181,9578,13,702,'9578','',3,1,6,14,1,'VLC','VEH. CRANE -OV 10 T/M',NULL,19,18,'G Blyth',NULL,2012,NULL,NULL,NULL,3,NULL,NULL,NULL,'',NULL,NULL,NULL,'',NULL),
 (5182,9582,13,703,'9582','',3,1,6,14,1,'VLC','VEH. CRANE -OV 10 T/M',NULL,13,15,'C Wilks',NULL,2012,NULL,NULL,NULL,3,NULL,NULL,NULL,'',NULL,NULL,NULL,'',NULL),
 (5183,11194,100,210,'','',3,4,7,194,4,'STATION WAGONS','STATION WAGONS',NULL,6,40,'R Smith',NULL,2012,NULL,NULL,NULL,3,NULL,NULL,NULL,'',NULL,NULL,NULL,'',NULL),
 (5184,11195,100,206,'','',3,4,7,194,4,'STATION WAGONS','STATION WAGONS',NULL,116,1,'P Hannan',NULL,2012,NULL,NULL,NULL,3,NULL,NULL,NULL,'',NULL,NULL,NULL,'',NULL),
 (5185,11196,100,205,'','',3,4,7,193,4,'STATION WAGONS','STATION WAGONS',NULL,124,61,'T Brinklow',NULL,2012,NULL,NULL,NULL,3,NULL,NULL,NULL,'',NULL,NULL,NULL,'',NULL),
 (5186,16771,101,246,'','',3,4,7,196,4,'SEDANS','SEDANS',NULL,351,7,'M Zamudio',NULL,2012,NULL,NULL,NULL,3,NULL,NULL,NULL,'',NULL,NULL,NULL,'',NULL),
 (5187,16772,101,245,'','',3,4,7,194,4,'STATION WAGONS','STATION WAGONS',NULL,150,41,'T Lampard',NULL,2012,NULL,NULL,NULL,3,NULL,NULL,NULL,'',NULL,NULL,NULL,'',NULL),
 (5188,20217,104,272,'','',3,4,7,194,4,'STATION WAGONS','STATION WAGONS',NULL,135,42,'G Chai',NULL,2012,NULL,NULL,NULL,3,NULL,NULL,NULL,'',NULL,NULL,NULL,'',NULL),
 (5189,20218,104,265,'','',3,4,7,193,4,'STATION WAGONS','STATION WAGONS',NULL,131,1,'P Hosford',NULL,2012,NULL,NULL,NULL,3,NULL,NULL,NULL,'',NULL,NULL,NULL,'',NULL),
 (5190,21731,46,303,'','',3,4,7,194,4,'STATION WAGONS','STATION WAGONS',NULL,131,1,'D Grcev',NULL,2012,NULL,NULL,NULL,3,NULL,NULL,NULL,'',NULL,NULL,NULL,'',NULL),
 (5191,21732,46,289,'','',3,4,7,194,4,'STATION WAGONS','STATION WAGONS',NULL,79,1,'J Mettam',NULL,2012,NULL,NULL,NULL,3,NULL,NULL,NULL,'',NULL,NULL,NULL,'',NULL),
 (5192,21733,46,252,'','',3,4,7,195,4,'SEDANS','SEDANS',NULL,342,61,'G Hastings',NULL,2012,NULL,NULL,NULL,3,NULL,NULL,NULL,'',NULL,NULL,NULL,'',NULL),
 (5193,21736,46,298,'','',3,4,7,205,4,'SEDANS','SEDANS',NULL,219,3,'M Jancek',NULL,2012,NULL,NULL,NULL,3,NULL,NULL,NULL,'',NULL,NULL,NULL,'',NULL),
 (5194,21737,46,298,'','',3,4,7,205,4,'SEDANS','SEDANS',NULL,143,20,'N Austen1',NULL,2012,NULL,NULL,NULL,3,NULL,NULL,NULL,'',NULL,NULL,NULL,'',NULL),
 (5195,21738,46,291,'','',3,4,7,166,4,'SEDANS','SEDANS',NULL,93,61,'S Finigan',NULL,2012,NULL,NULL,NULL,3,NULL,NULL,NULL,'',NULL,NULL,NULL,'',NULL),
 (5196,23302,94,323,'','',3,4,7,194,4,'STATION WAGONS','STATION WAGONS',NULL,293,4,'J Johnston',NULL,2012,NULL,NULL,NULL,3,NULL,NULL,NULL,'',NULL,NULL,NULL,'',NULL),
 (5197,23303,94,321,'','',3,4,7,193,4,'STATION WAGONS','STATION WAGONS',NULL,120,1,'G Kowalski pool',NULL,2012,NULL,NULL,NULL,3,NULL,NULL,NULL,'',NULL,NULL,NULL,'',NULL),
 (5198,23304,94,329,'','',3,4,7,193,4,'STATION WAGONS','STATION WAGONS',NULL,64,8,'G McKelvey2',NULL,2012,NULL,NULL,NULL,3,NULL,NULL,NULL,'',NULL,NULL,NULL,'',NULL),
 (5199,23305,94,329,'','',3,4,7,193,4,'STATION WAGONS','STATION WAGONS',NULL,64,8,'G McKelvey3',NULL,2012,NULL,NULL,NULL,3,NULL,NULL,NULL,'',NULL,NULL,NULL,'',NULL),
 (5200,23306,94,329,'','',3,4,7,193,4,'STATION WAGONS','STATION WAGONS',NULL,64,8,'G McKelvey4',NULL,2012,NULL,NULL,NULL,3,NULL,NULL,NULL,'',NULL,NULL,NULL,'',NULL),
 (5201,23307,94,329,'','',3,4,7,193,4,'STATION WAGONS','STATION WAGONS',NULL,64,8,'G McKelvey5',NULL,2012,NULL,NULL,NULL,3,NULL,NULL,NULL,'',NULL,NULL,NULL,'',NULL),
 (5202,23308,94,321,'','',3,4,7,193,4,'STATION WAGONS','STATION WAGONS',NULL,86,8,'S Rao',NULL,2012,NULL,NULL,NULL,3,NULL,NULL,NULL,'',NULL,NULL,NULL,'',NULL),
 (5203,23309,94,321,'','',3,4,7,193,4,'STATION WAGONS','STATION WAGONS',NULL,92,20,'S Allen',NULL,2012,NULL,NULL,NULL,3,NULL,NULL,NULL,'',NULL,NULL,NULL,'',NULL),
 (5204,28559,104,688,'28559','',3,3,5,84,3,'PANEL VANS & UTILITIES','UTILITIES',NULL,165,26,'J Attard',NULL,2012,NULL,NULL,NULL,3,NULL,NULL,NULL,'',NULL,NULL,NULL,'',NULL),
 (5205,28560,104,688,'28560','',3,3,5,84,3,'PANEL VANS & UTILITIES','UTILITIES',NULL,293,4,'M Sedgwick',NULL,2012,NULL,NULL,NULL,3,NULL,NULL,NULL,'',NULL,NULL,NULL,'',NULL),
 (5206,28561,104,696,'28561','',3,3,5,87,3,'LIGHT COMMERCIAL CAB/CHASSIS','UTILITIES 4X4',NULL,55,12,'R Hill',NULL,2012,NULL,NULL,NULL,3,NULL,NULL,NULL,'',NULL,NULL,NULL,'',NULL),
 (5207,28562,104,696,'28562','',3,3,5,85,3,'PANEL VANS & UTILITIES','UTILITIES 4X4',NULL,27,2,'M Chapman',NULL,2012,NULL,NULL,NULL,3,NULL,NULL,NULL,'',NULL,NULL,NULL,'',NULL),
 (5208,30091,46,355,'','',3,4,7,94,4,'PANEL VANS & UTILITIES','UTILITIES',NULL,20,19,'C Panton',NULL,2012,NULL,NULL,NULL,3,NULL,NULL,NULL,'',NULL,NULL,NULL,'',NULL),
 (5209,30092,46,355,'','',3,4,7,94,4,'PANEL VANS & UTILITIES','UTILITIES',NULL,20,19,'D Lesic',NULL,2012,NULL,NULL,NULL,3,NULL,NULL,NULL,'',NULL,NULL,NULL,'',NULL),
 (5210,30093,46,355,'','',3,4,7,94,4,'PANEL VANS & UTILITIES','UTILITIES',NULL,47,26,'C Crawford',NULL,2012,NULL,NULL,NULL,3,NULL,NULL,NULL,'',NULL,NULL,NULL,'',NULL),
 (5211,34042,107,409,'','',3,4,7,194,4,'STATION WAGONS','STATION WAGONS',NULL,153,41,'J Newbery',NULL,2012,NULL,NULL,NULL,3,NULL,NULL,NULL,'',NULL,NULL,NULL,'',NULL),
 (5212,34043,43,680,'','',3,4,7,97,4,'STATION WAGONS','STATION WAGONS 4X4',NULL,87,14,'P Boyle',NULL,2012,NULL,NULL,NULL,3,NULL,NULL,NULL,'',NULL,NULL,NULL,'',NULL),
 (5213,34044,43,386,'','',3,4,7,211,4,'STATION WAGONS','STATION WAGONS 4X4',NULL,151,14,'J Marselos',NULL,2012,NULL,NULL,NULL,3,NULL,NULL,NULL,'',NULL,NULL,NULL,'',NULL),
 (5214,43163,46,355,'43163','',3,3,5,94,3,'PANEL VANS & UTILITIES','UTILITIES',NULL,55,12,'T Bliss',NULL,2012,NULL,NULL,NULL,3,NULL,NULL,NULL,'',NULL,NULL,NULL,'',NULL),
 (5215,44009,61,681,'44009','',3,3,5,83,3,'PANEL VANS & UTILITIES','UTILITIES 4X4',NULL,295,14,'B Linsley',NULL,2012,NULL,NULL,NULL,3,NULL,NULL,NULL,'',NULL,NULL,NULL,'',NULL),
 (5216,44010,61,681,'44010','',3,3,5,83,3,'PANEL VANS & UTILITIES','UTILITIES 4X4',NULL,295,14,'B Linsley',NULL,2012,NULL,NULL,NULL,3,NULL,NULL,NULL,'',NULL,NULL,NULL,'',NULL),
 (5217,46345,46,479,'46345','',3,3,5,86,3,'LIGHT COMMERCIAL CAB/CHASSIS','UNDER 5 TONNE 4X4',NULL,9,9,'G Sturgess',NULL,2012,NULL,NULL,NULL,3,NULL,NULL,NULL,'',NULL,NULL,NULL,'',NULL),
 (5218,46346,46,479,'46346','',3,3,5,86,3,'LIGHT COMMERCIAL CAB/CHASSIS','UNDER 5 TONNE 4X4',NULL,26,14,'D Wilkinson',NULL,2012,NULL,NULL,NULL,3,NULL,NULL,NULL,'',NULL,NULL,NULL,'',NULL),
 (5219,46347,46,479,'46347','',3,3,5,86,3,'LIGHT COMMERCIAL CAB/CHASSIS','UNDER 5 TONNE 4X4',NULL,26,32,'G Munro',NULL,2012,NULL,NULL,NULL,3,NULL,NULL,NULL,'',NULL,NULL,NULL,'',NULL),
 (5220,46348,46,479,'46348','',3,3,5,86,3,'LIGHT COMMERCIAL CAB/CHASSIS','UNDER 5 TONNE 4X4',NULL,26,16,'G Munro',NULL,2012,NULL,NULL,NULL,3,NULL,NULL,NULL,'',NULL,NULL,NULL,'',NULL),
 (5221,46349,46,479,'46349','',3,3,5,86,3,'LIGHT COMMERCIAL CAB/CHASSIS','UNDER 5 TONNE 4X4',NULL,9,9,'G Sturgess',NULL,2012,NULL,NULL,NULL,3,NULL,NULL,NULL,'',NULL,NULL,NULL,'',NULL),
 (5222,46350,46,479,'46350','',3,3,5,86,3,'LIGHT COMMERCIAL CAB/CHASSIS','UNDER 5 TONNE 4X4',NULL,2,2,'M Campbell',NULL,2012,NULL,NULL,NULL,3,NULL,NULL,NULL,'',NULL,NULL,NULL,'',NULL),
 (5223,47041,107,690,'47041','',3,3,5,90,3,'PANEL VANS & UTILITIES','PANEL VANS',NULL,45,42,'I Templeton',NULL,2012,NULL,NULL,NULL,3,NULL,NULL,NULL,'',NULL,NULL,NULL,'',NULL),
 (5224,49123,94,446,'49123','',3,3,5,90,3,'PANEL VANS & UTILITIES','PANEL VANS',NULL,55,9,'B Kinsey',NULL,2012,NULL,NULL,NULL,3,NULL,NULL,NULL,'',NULL,NULL,NULL,'',NULL),
 (5225,84285,114,582,'84285','',3,2,4,116,2,'TRUCKS','OVER 5 TONNE',9576,60,13,'B McNaught',NULL,2012,NULL,NULL,NULL,3,NULL,NULL,NULL,'',NULL,NULL,NULL,'',NULL);


--
-- Definition of table `cost_centres`
--

CREATE TABLE `cost_centres` (
  `id` int(11) NOT NULL AUTO_INCREMENT,
  `number` varchar(5) DEFAULT NULL,
  PRIMARY KEY (`id`),
  UNIQUE KEY `number` (`number`)
) ENGINE=InnoDB AUTO_INCREMENT=353 DEFAULT CHARSET=utf8;

--
-- Dumping data for table `cost_centres`
--

INSERT INTO `cost_centres` (`id`,`number`) VALUES 
 (175,'1005'),
 (323,'1007'),
 (350,'101'),
 (114,'1010'),
 (267,'104'),
 (344,'107'),
 (234,'108'),
 (321,'111'),
 (203,'114'),
 (108,'115'),
 (242,'1501'),
 (226,'1602'),
 (233,'1604'),
 (49,'1606'),
 (33,'1607'),
 (52,'1608'),
 (4,'1609'),
 (23,'1610'),
 (273,'1611'),
 (104,'1612'),
 (209,'1613'),
 (284,'1614'),
 (121,'1615'),
 (41,'1616'),
 (61,'1617'),
 (73,'1618'),
 (24,'1619'),
 (15,'1620'),
 (3,'1621'),
 (31,'1622'),
 (30,'1623'),
 (99,'1624'),
 (251,'1625'),
 (186,'1626'),
 (77,'1628'),
 (12,'1629'),
 (60,'1630'),
 (54,'1631'),
 (21,'1632'),
 (58,'1633'),
 (145,'1634'),
 (32,'1635'),
 (8,'1636'),
 (50,'1637'),
 (158,'1638'),
 (27,'1639'),
 (2,'1640'),
 (35,'1641'),
 (294,'1642'),
 (211,'1643'),
 (34,'1644'),
 (9,'1645'),
 (155,'1646'),
 (14,'1647'),
 (17,'1648'),
 (13,'1649'),
 (84,'1650'),
 (25,'1651'),
 (133,'1652'),
 (288,'1653'),
 (151,'1659'),
 (26,'1660'),
 (87,'1661'),
 (295,'1662'),
 (159,'1665'),
 (228,'1666'),
 (70,'1667'),
 (301,'1668'),
 (280,'1669'),
 (160,'1701'),
 (219,'1706'),
 (56,'1707'),
 (66,'1709'),
 (154,'1715'),
 (20,'1716'),
 (68,'1717'),
 (322,'1718'),
 (195,'1719'),
 (292,'1724'),
 (338,'1725'),
 (210,'1726'),
 (214,'1730'),
 (28,'1732'),
 (16,'1733'),
 (22,'1734'),
 (5,'1740'),
 (71,'1742'),
 (57,'1743'),
 (51,'1744'),
 (78,'1750'),
 (67,'1751'),
 (217,'1752'),
 (222,'1760'),
 (1,'1761'),
 (45,'1762'),
 (105,'1805'),
 (89,'1812'),
 (178,'1821'),
 (192,'1831'),
 (189,'1832'),
 (138,'1836'),
 (299,'1837'),
 (216,'1838'),
 (252,'1839'),
 (341,'1842'),
 (342,'1843'),
 (127,'1901'),
 (172,'1911'),
 (325,'1912'),
 (62,'1913'),
 (74,'1915'),
 (36,'1916'),
 (100,'1926'),
 (225,'1931'),
 (305,'1940'),
 (265,'2001'),
 (302,'2005'),
 (63,'2006'),
 (19,'2011'),
 (330,'205'),
 (98,'2101'),
 (82,'2106'),
 (185,'2111'),
 (187,'2116'),
 (277,'2117'),
 (179,'2118'),
 (285,'2119'),
 (117,'2124'),
 (176,'2129'),
 (118,'2140'),
 (144,'2211'),
 (221,'2222'),
 (83,'2223'),
 (116,'2224'),
 (162,'2225'),
 (149,'2303'),
 (204,'2501'),
 (169,'2502'),
 (95,'2503'),
 (146,'2504'),
 (65,'2505'),
 (96,'2506'),
 (126,'2507'),
 (131,'2508'),
 (293,'2509'),
 (223,'2512'),
 (79,'2514'),
 (115,'2516'),
 (184,'2520'),
 (282,'2525'),
 (29,'2527'),
 (101,'2530'),
 (352,'2534'),
 (257,'2801'),
 (141,'2805'),
 (227,'2901'),
 (283,'3101'),
 (205,'315'),
 (18,'3306'),
 (298,'3311'),
 (43,'3401'),
 (291,'3403'),
 (290,'3404'),
 (335,'3405'),
 (289,'3406'),
 (123,'3511'),
 (76,'3517'),
 (120,'3518'),
 (198,'3523'),
 (59,'3601'),
 (53,'3606'),
 (39,'3607'),
 (44,'3608'),
 (38,'3609'),
 (10,'3615'),
 (286,'3701'),
 (47,'3704'),
 (46,'3706'),
 (140,'3712'),
 (340,'3714'),
 (274,'3715'),
 (334,'3716'),
 (124,'3717'),
 (278,'3718'),
 (201,'3801'),
 (337,'402'),
 (264,'4305'),
 (193,'4309'),
 (351,'4310'),
 (332,'4315'),
 (180,'4501'),
 (316,'4505'),
 (85,'4508'),
 (258,'4509'),
 (177,'4510'),
 (331,'4511'),
 (181,'4520'),
 (279,'4521'),
 (164,'4605'),
 (249,'4606'),
 (107,'4608'),
 (112,'4610'),
 (55,'4611'),
 (42,'4613'),
 (130,'4618'),
 (48,'4621'),
 (313,'4622'),
 (40,'4634'),
 (148,'4701'),
 (244,'4702'),
 (196,'4707'),
 (170,'4708'),
 (202,'4709'),
 (136,'4710'),
 (212,'4711'),
 (142,'4715'),
 (103,'4716'),
 (281,'4717'),
 (167,'4718'),
 (339,'4719'),
 (197,'4720'),
 (241,'4802'),
 (255,'4803'),
 (224,'4804'),
 (200,'4805'),
 (208,'4806'),
 (259,'4808'),
 (248,'4809'),
 (166,'4810'),
 (157,'4905'),
 (306,'4907'),
 (327,'4909'),
 (111,'4930'),
 (260,'4941'),
 (110,'4951'),
 (349,'4957'),
 (143,'5001'),
 (64,'5002'),
 (236,'5003'),
 (317,'5004'),
 (188,'5005'),
 (86,'5010'),
 (328,'504'),
 (303,'5102'),
 (213,'5103'),
 (125,'5104'),
 (275,'5105'),
 (207,'5106'),
 (300,'5107'),
 (297,'5108'),
 (11,'5109'),
 (296,'5110'),
 (238,'5211'),
 (92,'5212'),
 (190,'5213'),
 (137,'5300'),
 (307,'5307'),
 (308,'6501'),
 (311,'6601'),
 (245,'6603'),
 (271,'6604'),
 (262,'6606'),
 (128,'6607'),
 (250,'6701'),
 (80,'6710'),
 (150,'6711'),
 (333,'6801'),
 (122,'6809'),
 (135,'6810'),
 (6,'6811'),
 (229,'6812'),
 (287,'6813'),
 (194,'6815'),
 (7,'6901'),
 (147,'6902'),
 (315,'6905'),
 (109,'6906'),
 (269,'6907'),
 (93,'6908'),
 (247,'6909'),
 (310,'6921'),
 (173,'6923'),
 (326,'6924'),
 (69,'6925'),
 (231,'6926'),
 (102,'7015'),
 (88,'7017'),
 (347,'7018'),
 (161,'7101'),
 (246,'7102'),
 (318,'7111'),
 (113,'7112'),
 (97,'7201'),
 (304,'7301'),
 (134,'7302'),
 (75,'7303'),
 (256,'7305'),
 (329,'7306'),
 (174,'7402'),
 (314,'7404'),
 (230,'7407'),
 (237,'7409'),
 (220,'7411'),
 (266,'7413'),
 (263,'7421'),
 (119,'7422'),
 (153,'7424'),
 (320,'7425'),
 (156,'7429'),
 (253,'7430'),
 (206,'7431'),
 (94,'7441'),
 (218,'7452'),
 (171,'7458'),
 (312,'7459'),
 (152,'7602'),
 (168,'7802'),
 (91,'7806'),
 (183,'7808'),
 (272,'7809'),
 (81,'7810'),
 (139,'7811'),
 (270,'7812'),
 (199,'7813'),
 (90,'7814'),
 (309,'8501'),
 (324,'8503'),
 (215,'8508'),
 (276,'8520'),
 (240,'8524'),
 (165,'8526'),
 (129,'8528'),
 (268,'8532'),
 (163,'8543'),
 (261,'8546'),
 (72,'8707'),
 (191,'8713'),
 (182,'9001'),
 (336,'9101'),
 (106,'9103'),
 (243,'9201'),
 (232,'9301'),
 (37,'9303'),
 (319,'9502'),
 (346,'9510'),
 (348,'9511'),
 (343,'9512'),
 (345,'9513'),
 (254,'9515'),
 (235,'9516'),
 (132,'9517'),
 (239,'9801');


--
-- Definition of table `fgo_classification_map`
--

CREATE TABLE `fgo_classification_map` (
  `type_level1` varchar(64) DEFAULT NULL,
  `classification_id` int(11) NOT NULL,
  UNIQUE KEY `type_level1` (`type_level1`),
  KEY `fk_classification` (`classification_id`),
  CONSTRAINT `fgo_classification_map_ibfk_1` FOREIGN KEY (`classification_id`) REFERENCES `fgo_classifications` (`id`)
) ENGINE=InnoDB DEFAULT CHARSET=utf8;

--
-- Dumping data for table `fgo_classification_map`
--

INSERT INTO `fgo_classification_map` (`type_level1`,`classification_id`) VALUES 
 ('PANEL VANS & UTILITIES',5),
 ('TRUCKS',4),
 ('TRAILERS',6),
 ('ELEVATING PLATFORM VEHICLE MOUNTED',1),
 ('ELEVATING PLATFORM VEHICLES',1),
 ('STATION WAGONS',5),
 ('VLC (Cranes)',4),
 ('FORKLIFTS',6),
 ('SPECIALS',4),
 ('FEL/BH',6),
 ('PHB/PE VEHICLE MOUNTED',2),
 ('PHB/PE VEHICLES',2),
 ('CABLE DRUM TRAILERS',3),
 ('CABLE TENSIONING EQUIPMENT',3),
 ('MISCELLANEOUS PLANT',6),
 ('AIR COMPRESSORS',6),
 ('ARTICULATED TRAILERS',4),
 ('WINCHES',3),
 ('GENERATING SETS',6),
 ('CARAVANS',6),
 ('DRILL RIG VEHICLE MOUNTED',6),
 ('SEDANS',5),
 ('MG SET VEHICLES',4),
 ('CRANES',6),
 ('WIRE WINDERS',3),
 ('TRECH DIGGER',6),
 ('WOOD CHIPPING UNIT',6),
 ('LIGHT COMMERCIAL CAB/CHASSIS',5),
 ('LEASED VEHICLES',7);


--
-- Definition of table `fgo_classifications`
--

CREATE TABLE `fgo_classifications` (
  `id` int(11) NOT NULL AUTO_INCREMENT,
  `name` varchar(255) DEFAULT NULL,
  PRIMARY KEY (`id`)
) ENGINE=InnoDB AUTO_INCREMENT=8 DEFAULT CHARSET=utf8;

--
-- Dumping data for table `fgo_classifications`
--

INSERT INTO `fgo_classifications` (`id`,`name`) VALUES 
 (1,'EWP Plant & Trucks'),
 (2,'Borer Plant & Trucks'),
 (3,'Cable equipment plant & trucks'),
 (4,'Other trucks'),
 (5,'Light commercials'),
 (6,'Minor Plant'),
 (7,'Leased Vehicles');


--
-- Definition of table `figfleet_classes`
--

CREATE TABLE `figfleet_classes` (
  `id` int(11) NOT NULL AUTO_INCREMENT,
  `class` varchar(255) DEFAULT NULL,
  `acronym` varchar(16) DEFAULT NULL,
  PRIMARY KEY (`id`),
  UNIQUE KEY `class` (`class`),
  UNIQUE KEY `acronym` (`acronym`)
) ENGINE=InnoDB AUTO_INCREMENT=5 DEFAULT CHARSET=utf8;

--
-- Dumping data for table `figfleet_classes`
--

INSERT INTO `figfleet_classes` (`id`,`class`,`acronym`) VALUES 
 (1,'Plant',NULL),
 (2,'Trucks',NULL),
 (3,'Motor Vehicles',NULL),
 (4,'Leased  Vehicles',NULL);


--
-- Definition of table `figfleet_statuses`
--

CREATE TABLE `figfleet_statuses` (
  `id` int(11) NOT NULL AUTO_INCREMENT,
  `name` varchar(255) DEFAULT NULL,
  `acronym` varchar(8) DEFAULT NULL,
  PRIMARY KEY (`id`),
  UNIQUE KEY `name` (`name`),
  UNIQUE KEY `acronym` (`acronym`)
) ENGINE=InnoDB AUTO_INCREMENT=4 DEFAULT CHARSET=utf8;

--
-- Dumping data for table `figfleet_statuses`
--

INSERT INTO `figfleet_statuses` (`id`,`name`,`acronym`) VALUES 
 (1,'Current','C'),
 (2,'Disposed','D'),
 (3,'Outstanding','O');


--
-- Definition of table `garages`
--

CREATE TABLE `garages` (
  `id` int(11) NOT NULL AUTO_INCREMENT,
  `name` varchar(255) DEFAULT NULL,
  PRIMARY KEY (`id`),
  UNIQUE KEY `name` (`name`)
) ENGINE=InnoDB AUTO_INCREMENT=15 DEFAULT CHARSET=utf8;

--
-- Dumping data for table `garages`
--

INSERT INTO `garages` (`id`,`name`) VALUES 
 (1,'Chatswood'),
 (13,'Contractors - North'),
 (14,'Contractors - South'),
 (2,'Dee Why'),
 (3,'Homebush'),
 (4,'Hornsby'),
 (5,'Maitland'),
 (6,'Muswellbrook'),
 (7,'Noraville'),
 (8,'Oatley'),
 (9,'Singleton'),
 (10,'Wallsend'),
 (11,'West Gosford'),
 (12,'Zetland');


--
-- Definition of table `locations`
--

CREATE TABLE `locations` (
  `id` int(11) NOT NULL AUTO_INCREMENT,
  `name` varchar(255) DEFAULT NULL,
  `address` varchar(255) DEFAULT NULL,
  PRIMARY KEY (`id`),
  UNIQUE KEY `name` (`name`),
  UNIQUE KEY `address` (`address`)
) ENGINE=InnoDB AUTO_INCREMENT=63 DEFAULT CHARSET=utf8;

--
-- Dumping data for table `locations`
--

INSERT INTO `locations` (`id`,`name`,`address`) VALUES 
 (1,'Homebush Establishment',NULL),
 (2,'Noraville Depot',NULL),
 (3,'Oatley Depot',NULL),
 (4,'Zetland Depot',NULL),
 (5,'Lane Cove Testing Station',NULL),
 (6,'Somersby Store',NULL),
 (7,'Roden Cutler House',NULL),
 (8,'Hornsby District Est.',NULL),
 (9,'West Gosford Depot',NULL),
 (10,'Potts Hill Depot',NULL),
 (11,'Chullora Warehouse',NULL),
 (12,'Wallsend Depot',NULL),
 (13,'Gore Hill Depot',NULL),
 (14,'Maitland Depot',NULL),
 (15,'Thornton',NULL),
 (16,'Cessnock Depot',NULL),
 (17,'Singleton',NULL),
 (18,'Muswellbrook',NULL),
 (19,'Chatswood Depot',NULL),
 (20,'Dee Why Depot',NULL),
 (21,'Lambert St Depot',NULL),
 (22,'Menai Depot',NULL),
 (23,'Pennant Hills Zone Sub',NULL),
 (24,'Merriwa Depot',NULL),
 (25,'Morrisett Depot',NULL),
 (26,'Silverwater Training School',NULL),
 (27,'Regents Park BC',NULL),
 (28,'Rhodes Training Depot',NULL),
 (29,'Black Wattle Bay Zone Sub',NULL),
 (30,'Camperdown Zone Sub',NULL),
 (31,'Chatswood Zone Sub',NULL),
 (32,'Salt Ash Depot',NULL),
 (33,'Ryde District Est.',NULL),
 (34,'Gwawley Bay Zone Sub',NULL),
 (35,'Sefton Zone Sub',NULL),
 (36,'Tuggerah Depot',NULL),
 (37,'St.David\'s Rd Depot',NULL),
 (38,'Wallsend Office',NULL),
 (39,'Unspecified',NULL),
 (40,'Pymble Depot',NULL),
 (41,'Head Office Building',NULL),
 (42,'Olympic Park Depot',NULL),
 (43,'Meadowbank',NULL),
 (44,'Green St Depot',NULL),
 (45,'Zetland Zone Sub',NULL),
 (46,'Homebush Business Village',NULL),
 (47,'Belmont Depot',NULL),
 (48,'Hornsby Cust.Serv.Centre',NULL),
 (49,'Campsie Depot',NULL),
 (50,'Pyrmont Zone Substation',NULL),
 (51,'Private Address',NULL),
 (52,'Elermore Vale Corp House',NULL),
 (53,'Victoria',NULL),
 (54,'Artarmon Depot',NULL),
 (55,'Charlestown Office',NULL),
 (56,'Brisbane',NULL),
 (57,'Pyrmont Disrict Est.',NULL),
 (58,'Erina Cust Service Centre',NULL),
 (59,'Code Not Yet Entered',NULL),
 (60,'Bryson Street Chatswood',NULL),
 (61,'Somersby Training Centre',NULL),
 (62,'Argenton Zone Sub',NULL);


--
-- Definition of table `login_codes`
--

CREATE TABLE `login_codes` (
  `service_number` int(11) NOT NULL,
  `code` varchar(64) NOT NULL,
  `valid_until` timestamp NOT NULL DEFAULT CURRENT_TIMESTAMP ON UPDATE CURRENT_TIMESTAMP,
  PRIMARY KEY (`service_number`,`code`),
  CONSTRAINT `login_codes_ibfk_1` FOREIGN KEY (`service_number`) REFERENCES `users` (`service_number`) ON DELETE CASCADE
) ENGINE=InnoDB DEFAULT CHARSET=latin1;

--
-- Dumping data for table `login_codes`
--

INSERT INTO `login_codes` (`service_number`,`code`,`valid_until`) VALUES 
 (31002,'1cc4fd8cbae8ac78cc52ce94088f9a81','2011-11-03 17:08:45'),
 (31002,'fd1ed76bc04c3e957c4a8b32bfc0ae8c','2011-12-07 08:26:26'),
 (33259,'a85edbc1dc9bff8e7f9b5792c35b8a16','2011-11-04 09:13:41'),
 (33459,'d92d8ab942ce890969b0a57b32138ac4','2011-11-08 10:24:36'),
 (33482,'548979254a588cab899d8d1dbbe9e0e0','2011-11-07 08:56:35'),
 (33482,'c3e10ec9d031b67a06f16559321c0f97','2011-11-04 11:50:02'),
 (34778,'43dfeecde4c95479c58d8d36f3c9bb4d','2011-11-11 10:29:46'),
 (38908,'ea4a58d349ab4d583373f2ef3a690036','2011-11-07 09:17:42'),
 (39153,'86c43607ba186eaa97170815c3f97e0d','2012-02-01 15:10:32'),
 (39206,'01ec5d6e3a58f2f3b11fc93aa446ec1a','2011-11-07 15:03:12'),
 (39206,'044a64579c523d89dacdfc986168dc5a','2011-11-08 14:33:33'),
 (39206,'2a1bf0b1b1e48e02498b4c43d80177dd','2011-11-07 14:22:55'),
 (39206,'c26403bec0e9ad9ef0eebc246b0db73f','2011-11-08 09:46:25'),
 (39793,'c34f4cf0d3b380f17b8a07b787460401','2011-11-08 13:37:51'),
 (39793,'d5e668154310958e67de6da8ed54e11a','2011-11-08 13:37:57'),
 (39830,'fc755afcf54fdc4c8ff474553e1ca3fb','2011-11-14 08:53:07'),
 (40762,'1a245aeefb2e0c6a6599f0aa39369547','2012-01-03 16:17:02'),
 (41154,'d17298f540ccd2a05b5c3413c5c0d88a','2011-11-07 14:09:27'),
 (41446,'b44b06b8aa9b1480d19551080aabc906','2011-11-17 16:18:04'),
 (43725,'881653cc5a7c16d79addc04a59671cbe','2011-11-17 15:34:35'),
 (44459,'4a6fa04d43872cd9fd03b9b2e66d7d73','2012-01-05 11:11:33'),
 (44459,'9c7572f8522afb6ead243de66b3115db','2012-01-05 11:09:24'),
 (45270,'528189bde736f308ea1b0401d84c1a2e','2011-12-12 11:11:41'),
 (45270,'971f6d9275cd91628630962d1c02d241','2011-12-12 14:10:50'),
 (45270,'a0e0e48ee2df65c0e248f1d61e9305d0','2011-11-04 08:18:31'),
 (45281,'057f788041e347328f41f5f1d0501dbe','2011-11-09 12:42:11'),
 (45281,'2b42eb7e0539e31f306498e6d764e85e','2012-02-01 12:08:53'),
 (45281,'3a7a8d84f37def8050986c4db5a339ee','2011-11-07 11:51:02'),
 (45281,'79aa0793d7ee42ac6a5d1e0fe92217a0','2011-11-07 11:50:48'),
 (45281,'9dca3a088db948080cc7bb6d3bc0e7ab','2012-02-01 09:08:58'),
 (45283,'67d7ed0464537fe8142468976f68f94b','2011-11-07 08:09:14'),
 (45511,'4fe894442572b15ed1ef48acf7b98fbe','2011-11-07 09:41:48'),
 (45582,'2ff7acbee041099c8e832b2b3696c623','2011-11-03 14:05:08'),
 (45582,'a9e98beb134a951199229ca1b000ae09','2011-12-09 12:56:46'),
 (46712,'7c1207d26b903ae17b0926ae2505bd1f','2012-01-24 16:14:40'),
 (46712,'dc672f1e5e22443259630752e08cf777','2012-01-24 16:14:53'),
 (47187,'5a0886d5b9774238fe6062cbfa685d7b','2011-12-06 17:57:31'),
 (47627,'489ef6f82c63de9103f3141937b95fa2','2011-11-18 15:21:37'),
 (49006,'33c9ddc54241af3de6594afc57be22db','2011-11-11 09:11:51'),
 (49006,'972d6a4c2406b43ae63b55e9d09997fa','2012-02-01 15:39:45'),
 (50176,'307382d039ab55c7bde6c166933b40c0','2011-11-07 16:07:20'),
 (50176,'85be28f9a9dbcbc7b8e9c57594b8b715','2012-01-16 10:57:10'),
 (50176,'d6d6ca4500bb14a86d2bba1dc8a0eefa','2012-01-16 10:57:19'),
 (53169,'41b4573804877b915bf8827967d1ac55','2012-01-24 13:40:33'),
 (53169,'b92df64ebbe8356caeb0a358c50e19f7','2011-11-03 12:07:07'),
 (53204,'29872b1c65dcb74b725c57139ca8ca17','2011-11-03 15:39:39'),
 (53206,'2f2f7c7743f7f29361fb8eb799f3b53a','2011-11-16 17:34:08'),
 (53206,'9f7310e899362b746262a9359f41e924','2011-11-16 10:45:19'),
 (53265,'fc21720210c8149e4a17c89549da400f','2011-12-28 08:50:27'),
 (55513,'19130e30e6e701d36c5d2629455f857c','2011-12-07 09:43:32'),
 (55513,'58f38fb5cbc6175e65259a396466b424','2011-12-06 17:58:20'),
 (55999,'3938057257b4946c63d89a3fbbe40975','2011-11-04 09:40:09');


--
-- Definition of table `off_road_reasons`
--

CREATE TABLE `off_road_reasons` (
  `id` int(11) NOT NULL AUTO_INCREMENT,
  `name` varchar(25) NOT NULL,
  PRIMARY KEY (`id`),
  UNIQUE KEY `name` (`name`)
) ENGINE=InnoDB AUTO_INCREMENT=8 DEFAULT CHARSET=latin1;

--
-- Dumping data for table `off_road_reasons`
--

INSERT INTO `off_road_reasons` (`id`,`name`) VALUES 
 (4,'Accident Repair'),
 (2,'Electrical Test'),
 (7,'Fitout'),
 (3,'Mechanical Repair'),
 (6,'Modification'),
 (1,'Scheduled Service');


--
-- Definition of table `permission_resources`
--

CREATE TABLE `permission_resources` (
  `id` int(11) NOT NULL AUTO_INCREMENT,
  `name` varchar(255) DEFAULT NULL,
  `description` text,
  PRIMARY KEY (`id`),
  UNIQUE KEY `idx_name` (`name`)
) ENGINE=InnoDB AUTO_INCREMENT=10 DEFAULT CHARSET=utf8;

--
-- Dumping data for table `permission_resources`
--

INSERT INTO `permission_resources` (`id`,`name`,`description`) VALUES 
 (1,'workorders',NULL),
 (2,'assets',NULL),
 (3,'day_entries',NULL),
 (6,'scheduling_screen',NULL),
 (7,'garage_screen',NULL),
 (8,'reports',NULL),
 (9,'users',NULL);


--
-- Definition of table `permission_roles`
--

CREATE TABLE `permission_roles` (
  `id` int(11) NOT NULL AUTO_INCREMENT,
  `name` varchar(255) DEFAULT NULL,
  `description` text,
  PRIMARY KEY (`id`),
  UNIQUE KEY `idx_name` (`name`)
) ENGINE=InnoDB AUTO_INCREMENT=6 DEFAULT CHARSET=utf8;

--
-- Dumping data for table `permission_roles`
--

INSERT INTO `permission_roles` (`id`,`name`,`description`) VALUES 
 (1,'scheduler',NULL),
 (2,'garage_mechanic',NULL),
 (4,'mechanic_in_charge',NULL),
 (5,'supervisor',NULL);


--
-- Definition of table `permission_rules`
--

CREATE TABLE `permission_rules` (
  `id` int(11) NOT NULL AUTO_INCREMENT,
  `name` varchar(255) DEFAULT NULL,
  `role_id` int(11) NOT NULL,
  `resource_id` int(11) NOT NULL,
  `allowed` bit(1) DEFAULT b'1',
  PRIMARY KEY (`id`),
  KEY `idx_name` (`name`),
  KEY `fk_role_id` (`role_id`),
  KEY `fk_permission_resource_id` (`resource_id`),
  CONSTRAINT `permission_rules_ibfk_1` FOREIGN KEY (`role_id`) REFERENCES `permission_roles` (`id`) ON DELETE CASCADE,
  CONSTRAINT `permission_rules_ibfk_2` FOREIGN KEY (`resource_id`) REFERENCES `permission_resources` (`id`) ON DELETE CASCADE
) ENGINE=InnoDB AUTO_INCREMENT=85 DEFAULT CHARSET=utf8;

--
-- Dumping data for table `permission_rules`
--

INSERT INTO `permission_rules` (`id`,`name`,`role_id`,`resource_id`,`allowed`) VALUES 
 (43,'view',1,6,0x01),
 (44,'view',1,2,0x01),
 (45,'edit',1,2,0x01),
 (46,'view',1,1,0x01),
 (47,'edit',1,1,0x01),
 (48,'create',1,1,0x01),
 (49,'delete',1,1,0x01),
 (50,'edit_garage_notes',1,1,0x01),
 (51,'edit_ready_for_pickup',1,1,0x01),
 (52,'view_booking',1,1,0x01),
 (53,'edit_booking',1,1,0x01),
 (54,'view_garage',1,1,0x01),
 (55,'edit_garage',1,1,0x01),
 (56,'view_final',1,1,0x01),
 (57,'edit_final',1,1,0x01),
 (58,'view',1,7,0x01),
 (59,'view_contractor',1,7,0x01),
 (60,'view',1,3,0x01),
 (61,'create',1,3,0x01),
 (62,'edit',1,3,0x01),
 (63,'view',1,8,0x01),
 (64,'view',1,9,0x01),
 (65,'edit',1,9,0x01),
 (66,'view',4,2,0x01),
 (67,'view',4,1,0x01),
 (68,'edit_ready_for_pickup',4,1,0x01),
 (69,'edit_garage_notes',4,1,0x01),
 (70,'view_booking',4,1,0x01),
 (71,'view_final',4,1,0x01),
 (72,'view',4,7,0x01),
 (73,'view',5,6,0x01),
 (74,'view',5,2,0x01),
 (75,'edit_garage_notes',5,1,0x01),
 (76,'view',5,1,0x01),
 (77,'edit_ready_for_pickup',5,1,0x01),
 (78,'view_booking',5,1,0x01),
 (79,'view_final',5,1,0x01),
 (80,'view',5,7,0x01),
 (81,'view_contractor',5,7,0x01),
 (82,'view',5,3,0x01),
 (83,'view',5,8,0x01),
 (84,'view',5,9,0x01);


--
-- Definition of table `service_types`
--

CREATE TABLE `service_types` (
  `id` int(11) NOT NULL AUTO_INCREMENT,
  `name` varchar(255) DEFAULT NULL,
  PRIMARY KEY (`id`),
  UNIQUE KEY `name` (`name`)
) ENGINE=InnoDB AUTO_INCREMENT=77 DEFAULT CHARSET=utf8;

--
-- Dumping data for table `service_types`
--

INSERT INTO `service_types` (`id`,`name`) VALUES 
 (3,''),
 (38,'-- ***  - Invalid Code ***'),
 (10,'001 -- None'),
 (7,'002 -- Minor Service'),
 (16,'003 -- Major Service'),
 (15,'004 -- M1 Maintenance Service'),
 (12,'005 -- M2 Maintenance Service'),
 (9,'006 -- M3 Maintenance Service'),
 (8,'007 -- M4 Maintenance Service'),
 (1,'008 -- Minor Plant Service M1'),
 (5,'009 -- Minor Plant Service M2'),
 (6,'010 -- Minor Plant Service M1'),
 (4,'010 -- Minor Plant Service M3'),
 (75,'010 -- Minor Plant Service M4'),
 (72,'010-- Minor Plant Service M3'),
 (2,'011 -- Major Plant Service M4'),
 (14,'012 -- Falcon A Service'),
 (13,'013 -- Falcon B Service'),
 (43,'014 -- Landcruiser L1 Service'),
 (42,'015 -- Landcruiser L2 Service'),
 (30,'016 -- Landcruiser L3 Service'),
 (44,'017 -- Landcruiser L4 Service'),
 (54,'021 -- 10K Service'),
 (22,'022 -- 15K Service'),
 (39,'023 -- 20K Service'),
 (21,'025 -- 30K Service'),
 (36,'027 -- 40K Service'),
 (28,'028 -- 45K Service'),
 (35,'029 -- 50K Service'),
 (53,'030 -- 55K Service'),
 (27,'031 -- 60K Service'),
 (33,'033 -- 70K Service'),
 (17,'034 -- 75K Service'),
 (34,'035 -- 80K Service'),
 (51,'036 -- 85K Service'),
 (20,'037 -- 90K Service'),
 (29,'039 -- 100K Service'),
 (26,'040 -- 105K Service'),
 (32,'041 -- 110K Service'),
 (23,'043 -- 120K Service'),
 (47,'044 -- 125K Service'),
 (31,'045 -- 130K Service'),
 (24,'046 -- 135K Service'),
 (52,'047 -- 140K Service'),
 (41,'048 -- L1 Service'),
 (40,'049 -- L2 Service'),
 (61,'050 -- L3 Service'),
 (37,'051 -- L4 Service'),
 (48,'052 -- 145K Service'),
 (69,'053 -- 150K Service'),
 (50,'054 -- 155K Service'),
 (18,'055 -- 160K Service'),
 (11,'056 -- 165K Service'),
 (63,'057 -- 170K Service'),
 (73,'057A -- 175K Service'),
 (25,'058 -- 180K Service'),
 (46,'058A -- 185K Service'),
 (68,'059 -- 190K Service'),
 (59,'060 -- 195K Service'),
 (66,'062 -- 205K Service'),
 (45,'063 -- 210K Service'),
 (74,'064 -- 215K Service'),
 (49,'066 -- 225K Service'),
 (64,'067 -- 230K Service'),
 (67,'068 -- 235K Service'),
 (57,'069 -- 240K Service'),
 (70,'071 -- 250K Service'),
 (58,'074 -- 265K Service'),
 (55,'075 -- 270K Service'),
 (76,'076 -- 275K Service'),
 (60,'086 -- 320K Service'),
 (71,'088 -- 330K Servive'),
 (19,'MAJOR B SERVICE'),
 (62,'MAJOR SERVICE'),
 (65,'MANU SPECS + LOGFLT - F106'),
 (56,'WHAT EVER IS IN THE BOOK');


--
-- Definition of table `user_defaults`
--

CREATE TABLE `user_defaults` (
  `service_number` int(11) NOT NULL,
  `garage_id` int(11) DEFAULT NULL,
  PRIMARY KEY (`service_number`),
  KEY `fk_garage` (`garage_id`),
  CONSTRAINT `user_defaults_ibfk_1` FOREIGN KEY (`service_number`) REFERENCES `users` (`service_number`) ON DELETE CASCADE,
  CONSTRAINT `user_defaults_ibfk_2` FOREIGN KEY (`garage_id`) REFERENCES `garages` (`id`) ON DELETE SET NULL
) ENGINE=InnoDB DEFAULT CHARSET=latin1;

--
-- Dumping data for table `user_defaults`
--

INSERT INTO `user_defaults` (`service_number`,`garage_id`) VALUES 
 (33259,NULL),
 (33482,NULL),
 (34312,NULL),
 (34778,NULL),
 (38908,NULL),
 (39793,NULL),
 (45270,NULL),
 (45511,NULL),
 (49006,NULL),
 (50176,NULL),
 (50632,NULL),
 (53169,NULL),
 (53204,NULL),
 (53206,NULL),
 (41154,1),
 (47187,1),
 (39830,3),
 (43725,5),
 (45582,5),
 (47627,6),
 (55999,6),
 (41446,7),
 (45281,7),
 (55513,7),
 (31002,8),
 (49116,9),
 (45283,10),
 (53265,10),
 (33459,11);


--
-- Definition of table `user_roles`
--

CREATE TABLE `user_roles` (
  `service_number` int(11) NOT NULL,
  `role_id` int(11) NOT NULL,
  PRIMARY KEY (`service_number`,`role_id`),
  KEY `fk_roles_role_id` (`role_id`),
  CONSTRAINT `user_roles_ibfk_1` FOREIGN KEY (`service_number`) REFERENCES `users` (`service_number`) ON DELETE CASCADE,
  CONSTRAINT `user_roles_ibfk_2` FOREIGN KEY (`role_id`) REFERENCES `permission_roles` (`id`) ON DELETE CASCADE
) ENGINE=InnoDB DEFAULT CHARSET=utf8;

--
-- Dumping data for table `user_roles`
--

INSERT INTO `user_roles` (`service_number`,`role_id`) VALUES 
 (34312,1),
 (50632,1),
 (53169,1),
 (53204,1),
 (53206,1),
 (31002,4),
 (33459,4),
 (33482,4),
 (34337,4),
 (34778,4),
 (38908,4),
 (39153,4),
 (39206,4),
 (39793,4),
 (39830,4),
 (40090,4),
 (41154,4),
 (41446,4),
 (43725,4),
 (45281,4),
 (45283,4),
 (45582,4),
 (46312,4),
 (46712,4),
 (47188,4),
 (47627,4),
 (49006,4),
 (49116,4),
 (50176,4),
 (53265,4),
 (55999,4),
 (30715,5),
 (33259,5),
 (40762,5),
 (44459,5),
 (45270,5),
 (45511,5),
 (50617,5),
 (54178,5),
 (55513,5);


--
-- Definition of table `users`
--

CREATE TABLE `users` (
  `service_number` int(11) NOT NULL,
  `first_name` varchar(32) DEFAULT NULL,
  `last_name` varchar(32) DEFAULT NULL,
  `email_addr` varchar(64) DEFAULT NULL,
  `password` varchar(64) DEFAULT NULL,
  PRIMARY KEY (`service_number`),
  KEY `idx_first_name` (`first_name`),
  KEY `idx_last_name` (`last_name`)
) ENGINE=InnoDB DEFAULT CHARSET=utf8;

--
-- Dumping data for table `users`
--

INSERT INTO `users` (`service_number`,`first_name`,`last_name`,`email_addr`,`password`) VALUES 
 (30715,'Garry','O\'Brien','gobrien@ausgrid.com.au',NULL),
 (31002,'Ross','Priday','rpriday@ausgrid.com.au','0a6fae74000fb11789dfe2e69d5673c400e92044d76ea9d536155e08638a4650'),
 (33259,'Steven','Wilkinson','swilkinson@ausgrid.com.au','121e7c72554fac19bdb9299e3ece26dc4e0782cda4c0c80f68fed89e7f667221'),
 (33459,'Joe','Frare','jfrare@ausgrid.com.au','5000e4ca669af38d1808f6e8c4e00898465702da674e4f69da93dbb08c7a3147'),
 (33482,'Mal','Ellis','mellis@ausgrid.com.au','4a5b0131fb364ba2660809f9eeda56f3881fa939753254bc6d041284506ac7d7'),
 (34312,'Gavin','Halls','ghalls@ausgrid.com.au','13e335f32230bda35d06edbd5ddbeaf62b1725db7f58aea71d86866ad3def664'),
 (34337,'William','Crealy','wcrealy@ausgrid.com.au',''),
 (34778,'George','Vella','gvella@ausgrid.com.au','aab2185c5c46526649dec398cf42d7ef930e24fa3e1543a17b73e4bd4a482c2d'),
 (38908,'Robert','O\'Connor','roconnor@ausgrid.com.au','660254c99a13a036dbfe6662414badc7029ab9ba670508e7ea143400177f67e3'),
 (39153,'Craig','Anlezark','canlezark@ausgrid.com.au','83580c15e6d420802545e8a7e9eb0846ce91d07071029a78e508c318794449e8'),
 (39206,'Rick','Callej','rcalleja@ausgrid.com.au','0caa71c3435a95cb449c76497643ddfeeea2b00a0d23c9be3e5b04cf4fdb4492'),
 (39793,'Paul','Agius','pagius@ausgrid.com.au','0803ff695022ed4466e583c37214d5574820070d5937ef147b61b00744752805'),
 (39830,'Robert','Pitich','rpitich@ausgrid.com.au','71100c816bb343f63c936b5ae6ece56855d9342160fd1e56091bbfcc0190f4dc'),
 (40090,'Peter','McNeil','pmcneil@ausgrid.com.au',NULL),
 (40762,'Ross','Hansen','rhansen@ausgrid.com.au','e503cca6a8fc2478e44053bf26105fa8031ceff24dda7a692b0577604b8cda1d'),
 (41154,'David','McCullum','dmccullum@ausgrid.com.au','7898b273b97a11e8c64d74900ee7f22f654f445c5ab44cfba03e0f8309b27139'),
 (41446,'Mark','Ruhan','mruhan@ausgrid.com.au','257c4ade84729ca75aef4afeef12fcb2569686658a4504f1ab279f966e6633d3'),
 (43725,'Mark','Philipse','mphilipse@ausgrid.com.au','84cb00337e5d0e7dde52b023f10a5765935e41a0b7033d2ef26bfa517c6f91af'),
 (44459,'Joanne','Bolton','jbolton@ausgrid.com.au','c1a4db5430efa1c67e6af0098f2715433c860191706b9b38c2f9018eb77f71e8'),
 (45270,'Martin','Reeves','mreeves@ausgrid.com.au','618f2f88331085ab826ae5ad073820f61c6e20471e687edf8cf53a50e8d06dcf'),
 (45281,'Alan','Jones','alan.jones@ausgrid.com.au','dd2646cbc88bee576c7d5716bac74aed12f1f91ec1ae752f3f825ef9d80a6092'),
 (45283,'Stephen','Hill','shill@ausgrid.com.au','7621a0761855939da86b4b62a8e4cebe2ab54b6c2721d5128187c669c01f6914'),
 (45511,'Darrel','Williams','darrelwilliams@ausgrid.com.au','a8c5d15bf2933e7ca820a416136ed432f4e5c8a238b4f2426dde04cd97d892d1'),
 (45582,'Jeff','Saunders','jsaunders@ausgrid.com.au','506db06c14f9ad6d7a1c5ac75919d77a732bf35af5ddd037dfbff6987839adf4'),
 (46312,'Sam','Gribble','sgribble@ausgrid.com.au',NULL),
 (46712,'Peter','Van Der Kolff','pvanderkolff@ausgrid.com.au','136a3ed285797fe6984bc51d0a098d7fc2360ba5bd20525a62158d85a6670403'),
 (47187,'Field','Moe','fmoe@ausgrid.com.au','fb713c21e41eb734eaec5801f9283023512bd941d30fd113cecf3ddc786942f7'),
 (47188,'John','Carr','jcarr@ausgrid.com.au',''),
 (47627,'Neil','Tiedeman','ntiedeman@ausgrid.com.au','3460444ba398ec714929226cbc52e106fd305d98c213275a8c99b8ad0983f2dd'),
 (49006,'Rocco','Zinghini','rzinghini@ausgrid.com.au','69fe08e4002d9047f4ffe313c62bc9c6926604a971c5337dc5a6250c28661412'),
 (49116,'Christopher','Milburn','cmilburn@ausgrid.com.au','52c0ce5efe2eab13323bf7abf24707c033205d6f784c1241bc19cb799c0e3af0'),
 (50176,'Dean','Wilson','dean.wilson@ausgrid.com.au','59a556d0397f7daba7a7846ffd27e2eec410778ed4feb9ff7c3a73535395d761'),
 (50617,'Chris','Paton','cpaton@ausgrid.com.au',NULL),
 (50632,'Corban','Bugg','cbugg@ausgrid.com.au','7c4f28dbbae9465b1b176daaf19f53e2af3bb907e09fd779e0c8bc022bdb0064'),
 (53169,'Clint','Musgrove','cmusgrove@ausgrid.com.au','1ad7f2bce36d558cc088adc1072d0efb7fce164c7de687373ab61e203c82710e'),
 (53204,'Jon','Wiggins','jwiggins@ausgrid.com.au','a6c85c163963bad2c6f8a55aea990bc800cdc22a4b7eb9297ae05f91ef34835f'),
 (53206,'Mark','Powell','mpowell@ausgrid.com.au','2ba130a47c9d24af8fa9631cf641420094b98e5088faa4acc36beb34b4e7432c'),
 (53265,'Les','Shadwell','lshadwell@ausgrid.com.au','7ab2a831dee896f07ef1cfe80108831a74ff85238c28d839d484bcd5110c5a6d'),
 (54178,'Terese','Cullen','tcullen@ausgrid.com.au',NULL),
 (55513,'Jeff','Rogers','jrogers@ausgrid.com.au','adb9c1049ffab37e82fa1a379ce5bc368a878867faef3067affcbe0412200b11'),
 (55999,'Bruce','Mackie','bmackie@ausgrid.com.au','3a88836fbf18fe8c254ab90d5893d1847377d5df0a3f6efc5bd8df8609e89775');


--
-- Definition of table `vehicle_types`
--

CREATE TABLE `vehicle_types` (
  `id` int(11) NOT NULL AUTO_INCREMENT,
  `name` varchar(255) NOT NULL,
  PRIMARY KEY (`id`),
  UNIQUE KEY `name` (`name`)
) ENGINE=InnoDB AUTO_INCREMENT=215 DEFAULT CHARSET=utf8;

--
-- Dumping data for table `vehicle_types`
--

INSERT INTO `vehicle_types` (`id`,`name`) VALUES 
 (17,'Air Comp-(0-45 L/s)'),
 (16,'Air Comp-(45-90 L/s)'),
 (18,'Air Comp-(ovr 90 L/s'),
 (191,'Borer Vertical Lge'),
 (43,'Bullwheel Tensioner'),
 (98,'Bus - Medium'),
 (92,'Bus - Small'),
 (44,'Cable Drum Stand - Multiple Container'),
 (46,'Cable Drum Stand - Single Free Stand'),
 (188,'Cable Drum Transporter'),
 (190,'Cable Laying Equipment'),
 (45,'Cable Pulling Winch'),
 (187,'Cable Recovery Winch'),
 (106,'Cable String.Veh.4x2'),
 (105,'Cable String.Veh.4x4'),
 (129,'Cable String.Veh.6x4'),
 (134,'Cable Tensng Veh.4x4'),
 (199,'Car - Med.Prestige 6'),
 (203,'Car - Med.Prestige 8'),
 (195,'Car - Medi.Prestige 4c'),
 (201,'Car - Medium 4c'),
 (205,'Car - Medium 4c Hybrid'),
 (200,'Car - Medium 6c'),
 (196,'Car - Sm. (prestige)'),
 (198,'Car - Small'),
 (206,'Car - Small (Electric)'),
 (166,'Car - Small (Hybrid)'),
 (42,'Caravan - Large'),
 (27,'Compact Track Loader'),
 (40,'Concrete Mixer-(pet)'),
 (15,'Crane - Tractor Mtd'),
 (41,'Cvan-large (toilet)'),
 (186,'Drill Rig - Veh Mtd'),
 (140,'Drill Rig - Vehicle'),
 (111,'E.P.V.- (6x4) - 18m'),
 (132,'E.P.V.-(4x2) - 10m.'),
 (137,'E.P.V.-(4x2) - 11m.'),
 (139,'E.P.V.-(4x2) - 12m.'),
 (141,'E.P.V.-(4x2) - 13m.'),
 (154,'E.P.V.-(4x2) - 14m.'),
 (152,'E.P.V.-(4x2) - 16m.'),
 (153,'E.P.V.-(4x2) - 8m.'),
 (155,'E.P.V.-(4X4) - 14m.'),
 (107,'E.P.V.-(4x4) - 15m.'),
 (151,'E.P.V.-(4x4) - 16m.'),
 (212,'E.P.V.-(4x4) - 17m.'),
 (112,'E.P.V.-(6x4) - 16m.'),
 (142,'E.P.V.-(6x4) - 17m.'),
 (125,'E.P.V.-(6x4) - 22m.'),
 (156,'E.P.V.-(6x4) - 23m.'),
 (146,'E.P.V.-(6X4) - 28m.'),
 (160,'E.P.V.-(8x8) - 22m.'),
 (161,'E.P.V.-(8x8) - 28m.'),
 (180,'Elev.Platform - 10m.'),
 (184,'Elev.Platform - 12m.'),
 (71,'Elev.Platform - 13m.'),
 (182,'Elev.Platform - 14m.'),
 (178,'Elev.Platform - 16m.'),
 (176,'Elev.Platform - 17m.'),
 (181,'Elev.Platform - 18m.'),
 (183,'Elev.Platform - 22m.'),
 (175,'Elev.Platform - 23m.'),
 (185,'Elev.Platform - 28m.'),
 (179,'Elev.Platform - 8m.V'),
 (72,'Elev.Platform - Narrow Access'),
 (20,'Excavator -Hydr. (< 5t)'),
 (29,'Forklift - Diesel'),
 (34,'Forklift - Electric'),
 (75,'Forklift - Gas'),
 (31,'Forklift - Pet/gas'),
 (74,'Forklift - Reach'),
 (30,'Forklift - Stacker'),
 (26,'Fr.End Loader-winch'),
 (192,'Generator - Container'),
 (36,'Generator - Trailer'),
 (32,'Generator - Vehicle'),
 (163,'Heavy Hv Test Van'),
 (47,'Hydraulic Power Pack'),
 (28,'Lawn Mower- Ride On'),
 (25,'Lg Fr. Loader-back Hoe'),
 (19,'Lg Fr.End Loader'),
 (101,'Medium Hv Test Van'),
 (80,'Medium Utility'),
 (210,'Medium Utility - Prestige'),
 (82,'Medium Utility - RTV'),
 (23,'Mini Loader - StandOn'),
 (136,'Mobile Gen.Set Veh.'),
 (50,'Mobile Substation'),
 (65,'Oil Filteration Unit'),
 (52,'Oil Treatment Veh.'),
 (164,'P\'van - Heavy 4x4'),
 (93,'P\'van - Heavy(ov 2t)'),
 (90,'P\'van - Heavy(to 2t)'),
 (109,'Pantechnicon'),
 (35,'Personnel Carrier'),
 (10,'Phb/pe - Veh.6x4'),
 (177,'Phb/pe - Veh.6x6'),
 (77,'Phb/pe - Veh.8x8'),
 (115,'Phb/pe Veh. (6x4)'),
 (150,'Phb/pe Veh. (6x6)'),
 (159,'Phb/pe Veh. (8x8)'),
 (39,'Pole Extractor'),
 (38,'Pole Loader'),
 (135,'Prime Mover - Heavy'),
 (127,'Prime Mover - Medium'),
 (165,'Prime Mover - Vlc'),
 (22,'Skid Steer Loader'),
 (24,'Sm Fr. Loader-back Hoe'),
 (207,'Sm. Station Wag.4x4'),
 (209,'Sm. Station Wagon (Prestige)'),
 (208,'Staion Wagon - Pres. 4x4 4c'),
 (202,'Station Wagon'),
 (193,'Station Wagon - 4c'),
 (213,'Station Wagon - 4x4'),
 (197,'Station Wagon - 6c'),
 (97,'Station Wagon - Heavy 4x4 4c'),
 (214,'Station Wagon - Heavy 4x4 6c'),
 (194,'Station Wagon - Pres.'),
 (211,'Station Wagon - Pres. 4x4 4c'),
 (204,'Station Wagon - Pres. 4x4 6c'),
 (99,'Station Wagon Heavy- 4x4'),
 (100,'Station Wagon Heavy- 4x4 4c'),
 (96,'Station Wagon Heavy- 4x4 6c'),
 (37,'Tailboard Loader'),
 (162,'Tanker Vehicle (oil)'),
 (64,'Tension Equip - Tr'),
 (73,'Tension Equip - Veh.'),
 (157,'TILT TRAY VEHICLE - VLC'),
 (138,'Tip Truck (10 cu M)'),
 (120,'Tip Truck (2 Cu M)'),
 (145,'Tip Truck (2.5 Cu M)'),
 (122,'Tip Truck (3 Cu M)'),
 (123,'Tip Truck (4 Cu M)'),
 (148,'Tip Truck (4 Cu m) - VLC'),
 (147,'Tip Truck (4 Cu M) 4x4'),
 (117,'Tip Truck-dc(2cu M)'),
 (121,'Tip Truck-dc(3cu M)'),
 (133,'Tip Truck-pln Trans.'),
 (130,'Tipper - Chipper'),
 (57,'Tr - Battery Charger'),
 (54,'Tr - Boat'),
 (49,'Tr - Cable Drum(lge)'),
 (69,'Tr - Cable Drum(med)'),
 (48,'Tr - Cable Drum(sm)'),
 (53,'Tr - Covered Box'),
 (8,'Tr - Dog'),
 (171,'Tr - Fibreglass Pop Top'),
 (174,'Tr - Fire Stopping'),
 (167,'Tr - Fire Tender'),
 (169,'Tr - Flat Tray'),
 (170,'Tr - Heavy Duty Steel'),
 (59,'Tr - L Type'),
 (61,'Tr - Lighting Tower'),
 (172,'Tr - Live Line'),
 (56,'Tr - Low Deck'),
 (3,'Tr - Low Loader Dolly'),
 (51,'Tr - Mobile Switchroom Trailer'),
 (68,'Tr - Oil Spillage'),
 (70,'Tr - Oil Treatment'),
 (55,'Tr - Open Box'),
 (66,'Tr - Open Frame'),
 (9,'Tr - Pig'),
 (60,'Tr - Plant Transport'),
 (1,'Tr - Pole Extendable'),
 (6,'Tr - Pole Jinker'),
 (168,'Tr - Pressure Washer'),
 (63,'Tr - Scaffolding'),
 (5,'Tr - Single Pole'),
 (7,'Tr - Step Deck Semi'),
 (173,'Tr - Storage'),
 (67,'Tr - T Type'),
 (58,'Tr - Tipping'),
 (4,'Tr - Transformer'),
 (21,'Tractor'),
 (62,'Trailer - Communications'),
 (2,'Trailer -semi'),
 (143,'Truck - Cable Winding Vehicle'),
 (95,'Truck - dc 4x4 (under 2t)'),
 (131,'Truck - Plant Trans.'),
 (158,'Truck 8X8'),
 (114,'Truck- Island Cab Heavy'),
 (102,'Truck-(2-3t)'),
 (103,'Truck-(3&4t)'),
 (104,'Truck-(5-9t)'),
 (113,'Truck-(5-9t) Vlc'),
 (110,'Truck-(over 9t)'),
 (116,'Truck-(over 9t) Vlc'),
 (79,'Truck-(under 2t)'),
 (81,'Truck-(under 2t) RTV'),
 (118,'Truck-4x4 (2-3t)'),
 (119,'Truck-4x4 (3&4t)'),
 (108,'Truck-4x4 (over 5t)'),
 (86,'Truck-4x4 (to 2t)'),
 (144,'Truck-6x4 (over 9t)'),
 (128,'Truck-dc (2-3t)'),
 (126,'Truck-dc (3&4t)'),
 (124,'Truck-dc (over 5t)'),
 (89,'Truck-dc (under 2t)'),
 (149,'Truck-dc4x4(over 5t)'),
 (87,'Truck-sc (to 2t)'),
 (88,'Truck-sc 4x4 (to 2t)'),
 (84,'Utility - Dc Heavy'),
 (83,'Utility - Dc Heavy 4x4'),
 (85,'Utility - S\'cab 4x4'),
 (91,'Utility - Single Cab 4x2'),
 (94,'Utility - Space Cab'),
 (11,'Veh. Crane - 3-10 T/m'),
 (14,'Veh. Crane -ov 10 T/m'),
 (12,'Veh. Crane -un 1 T/m'),
 (13,'Veh. Crane -un 3 T/m'),
 (78,'Vertical Borer-veh'),
 (189,'Winch'),
 (33,'Wood Chipping Unit'),
 (76,'Work Platform');


--
-- Definition of table `work_order_day_entries`
--

CREATE TABLE `work_order_day_entries` (
  `work_order_id` int(11) NOT NULL,
  `entry_date` date NOT NULL,
  `off_road_reason_id` int(11) DEFAULT NULL,
  PRIMARY KEY (`work_order_id`,`entry_date`),
  KEY `idx_work_order_id` (`work_order_id`),
  KEY `idx_entry_date` (`entry_date`),
  KEY `idx_off_road_reason_id` (`off_road_reason_id`),
  CONSTRAINT `work_order_day_entries_ibfk_1` FOREIGN KEY (`off_road_reason_id`) REFERENCES `off_road_reasons` (`id`)
) ENGINE=InnoDB DEFAULT CHARSET=latin1;

--
-- Dumping data for table `work_order_day_entries`
--

INSERT INTO `work_order_day_entries` (`work_order_id`,`entry_date`,`off_road_reason_id`) VALUES 
 (2,'2011-11-08',NULL),
 (4,'2011-11-08',NULL),
 (37,'2011-11-10',NULL),
 (82,'2011-11-18',NULL),
 (341,'2011-11-15',NULL),
 (459,'2011-12-07',NULL),
 (460,'2011-12-07',NULL),
 (597,'2011-12-08',NULL),
 (598,'2011-12-09',NULL),
 (696,'2011-12-13',NULL),
 (740,'2011-11-19',NULL),
 (878,'2011-12-05',NULL),
 (976,'2011-12-06',NULL),
 (1027,'2011-11-29',NULL),
 (1031,'2011-12-20',NULL),
 (1115,'2012-01-09',NULL),
 (1116,'2012-01-09',NULL),
 (1202,'2011-12-06',NULL),
 (1209,'2011-12-14',NULL),
 (1260,'2011-12-08',NULL),
 (1266,'2011-12-14',NULL),
 (1281,'2011-12-17',NULL),
 (1284,'2011-12-14',NULL),
 (1290,'2012-01-10',NULL),
 (1291,'2012-01-10',NULL),
 (1302,'2012-01-16',NULL),
 (1304,'2011-12-12',NULL),
 (1305,'2011-12-09',NULL),
 (1306,'2011-12-16',NULL),
 (1307,'2011-12-16',NULL),
 (1354,'2011-12-15',NULL),
 (1407,'2011-12-09',NULL),
 (1408,'2011-12-12',NULL),
 (1467,'2011-12-12',NULL),
 (1481,'2011-12-15',NULL),
 (1587,'2012-01-11',NULL),
 (1664,'2012-01-06',NULL),
 (1691,'2012-01-19',NULL),
 (1693,'2012-02-06',NULL),
 (1699,'2012-01-16',NULL),
 (1780,'2011-12-23',NULL),
 (1955,'2011-12-30',NULL),
 (1978,'2012-01-03',NULL),
 (2171,'2012-01-07',NULL),
 (2178,'2012-01-17',NULL),
 (2210,'2012-01-16',NULL),
 (2323,'2012-01-26',NULL),
 (2323,'2012-02-02',NULL),
 (2334,'2012-01-16',NULL),
 (2335,'2012-01-16',NULL),
 (2486,'2012-01-17',NULL),
 (2574,'2012-01-24',NULL),
 (2641,'2012-01-30',NULL),
 (2734,'2012-02-07',NULL),
 (2736,'2012-02-07',NULL),
 (2858,'2012-02-01',NULL),
 (2863,'2012-01-30',NULL),
 (2865,'2012-02-01',NULL),
 (2866,'2012-02-03',NULL),
 (2868,'2012-02-03',NULL),
 (2919,'2012-02-06',NULL),
 (2930,'2012-01-31',NULL),
 (2987,'2012-02-04',NULL),
 (2988,'2012-02-04',NULL),
 (2991,'2012-02-02',NULL),
 (3021,'2012-01-30',NULL),
 (3064,'2012-01-31',NULL),
 (3239,'2012-02-04',NULL),
 (3305,'2012-02-08',NULL),
 (3447,'2012-02-08',NULL),
 (1,'2011-11-08',1),
 (2,'2011-11-07',1),
 (3,'2011-11-08',1),
 (5,'2011-11-07',1),
 (7,'2011-11-09',1),
 (8,'2011-11-11',1),
 (10,'2011-11-15',1),
 (11,'2011-11-14',1),
 (11,'2011-11-21',1),
 (12,'2011-12-05',1),
 (12,'2011-12-06',1),
 (13,'2011-12-05',1),
 (13,'2011-12-06',1),
 (14,'2011-11-22',1),
 (15,'2011-11-07',1),
 (16,'2011-11-07',1),
 (17,'2011-11-08',1),
 (17,'2011-11-09',1),
 (17,'2011-11-10',1),
 (17,'2011-11-11',1),
 (17,'2011-11-12',1),
 (17,'2011-11-14',1),
 (17,'2011-11-15',1),
 (17,'2011-11-16',1),
 (17,'2011-11-17',1),
 (17,'2011-11-18',1),
 (18,'2011-11-07',1),
 (19,'2011-11-08',1),
 (19,'2011-11-09',1),
 (19,'2011-11-11',1),
 (20,'2011-11-08',1),
 (21,'2011-11-11',1),
 (21,'2011-11-12',1),
 (21,'2011-11-14',1),
 (21,'2011-11-15',1),
 (22,'2011-11-17',1),
 (22,'2011-11-18',1),
 (22,'2011-11-19',1),
 (22,'2011-11-21',1),
 (23,'2011-11-17',1),
 (23,'2011-11-18',1),
 (23,'2011-11-19',1),
 (23,'2011-11-21',1),
 (24,'2011-11-07',1),
 (24,'2011-11-08',1),
 (25,'2011-11-08',1),
 (25,'2011-11-09',1),
 (25,'2011-11-10',1),
 (27,'2011-11-08',1),
 (28,'2011-11-09',1),
 (29,'2011-11-29',1),
 (29,'2011-11-30',1),
 (29,'2011-12-01',1),
 (31,'2011-11-11',1),
 (31,'2011-11-12',1),
 (31,'2011-11-14',1),
 (31,'2011-11-15',1),
 (31,'2011-11-16',1),
 (32,'2011-11-08',1),
 (32,'2011-11-09',1),
 (34,'2011-11-07',1),
 (36,'2011-11-07',1),
 (36,'2011-11-08',1),
 (38,'2011-11-08',1),
 (38,'2011-11-09',1),
 (40,'2011-11-09',1),
 (40,'2011-11-10',1),
 (42,'2011-11-14',1),
 (42,'2011-11-15',1),
 (43,'2011-11-14',1),
 (44,'2011-11-09',1),
 (45,'2011-11-09',1),
 (47,'2011-11-07',1),
 (47,'2011-11-08',1),
 (47,'2011-11-09',1),
 (47,'2011-11-10',1),
 (48,'2011-11-09',1),
 (48,'2011-11-14',1),
 (48,'2011-11-15',1),
 (52,'2011-11-07',1),
 (53,'2011-11-07',1),
 (56,'2011-11-07',1),
 (58,'2011-11-07',1),
 (59,'2011-11-07',1),
 (60,'2011-11-08',1),
 (67,'2011-11-09',1),
 (69,'2011-11-08',1),
 (69,'2011-11-09',1),
 (70,'2011-11-10',1),
 (72,'2011-11-23',1),
 (73,'2011-11-09',1),
 (74,'2011-11-11',1),
 (77,'2011-11-15',1),
 (77,'2011-11-17',1),
 (78,'2011-11-15',1),
 (79,'2011-11-07',1),
 (80,'2011-11-15',1),
 (80,'2011-11-16',1),
 (81,'2011-11-07',1),
 (83,'2011-11-08',1),
 (85,'2011-11-08',1),
 (86,'2011-11-09',1),
 (87,'2011-11-09',1),
 (88,'2011-11-11',1),
 (91,'2011-11-07',1),
 (91,'2011-11-08',1),
 (93,'2011-11-11',1),
 (94,'2011-11-07',1),
 (94,'2011-11-08',1),
 (95,'2011-11-09',1),
 (96,'2011-11-30',1),
 (98,'2011-11-07',1),
 (102,'2011-11-07',1),
 (103,'2011-11-11',1),
 (104,'2011-11-09',1),
 (104,'2011-11-10',1),
 (104,'2011-11-11',1),
 (117,'2011-11-07',1),
 (117,'2011-11-09',1),
 (118,'2011-11-07',1),
 (119,'2011-11-07',1),
 (119,'2011-11-09',1),
 (120,'2011-11-07',1),
 (121,'2011-11-07',1),
 (121,'2011-11-09',1),
 (122,'2011-11-08',1),
 (122,'2011-11-09',1),
 (123,'2011-11-08',1),
 (123,'2011-11-09',1),
 (123,'2011-11-10',1),
 (125,'2011-11-08',1),
 (126,'2011-11-09',1),
 (126,'2011-11-10',1),
 (128,'2011-11-09',1),
 (128,'2011-11-10',1),
 (128,'2011-11-11',1),
 (128,'2011-11-12',1),
 (128,'2011-11-14',1),
 (128,'2011-11-15',1),
 (129,'2011-12-05',1),
 (130,'2011-11-09',1),
 (130,'2011-11-10',1),
 (131,'2011-11-09',1),
 (132,'2011-11-10',1),
 (133,'2011-11-10',1),
 (136,'2011-11-07',1),
 (137,'2011-11-09',1),
 (137,'2011-11-10',1),
 (137,'2011-11-11',1),
 (137,'2011-11-12',1),
 (137,'2011-11-14',1),
 (138,'2011-11-05',1),
 (138,'2011-11-11',1),
 (138,'2011-11-12',1),
 (138,'2011-11-14',1),
 (138,'2011-11-17',1),
 (138,'2011-11-19',1),
 (138,'2011-11-21',1),
 (139,'2011-11-12',1),
 (139,'2011-11-14',1),
 (139,'2011-11-16',1),
 (139,'2011-11-21',1),
 (140,'2012-01-25',1),
 (142,'2011-11-21',1),
 (143,'2011-11-05',1),
 (145,'2011-11-07',1),
 (145,'2011-11-08',1),
 (145,'2011-11-09',1),
 (145,'2011-11-10',1),
 (145,'2011-11-11',1),
 (145,'2011-11-12',1),
 (145,'2011-11-14',1),
 (145,'2011-11-15',1),
 (145,'2011-11-16',1),
 (145,'2011-11-17',1),
 (145,'2011-11-18',1),
 (145,'2011-11-19',1),
 (145,'2011-11-21',1),
 (146,'2011-11-07',1),
 (146,'2011-11-08',1),
 (146,'2011-11-09',1),
 (146,'2011-11-10',1),
 (146,'2011-11-11',1),
 (146,'2011-11-12',1),
 (146,'2011-11-14',1),
 (146,'2011-11-15',1),
 (146,'2011-11-16',1),
 (146,'2011-11-17',1),
 (146,'2011-11-18',1),
 (146,'2011-11-19',1),
 (146,'2011-11-21',1),
 (147,'2011-11-05',1),
 (150,'2011-11-07',1),
 (150,'2011-11-08',1),
 (151,'2011-11-16',1),
 (151,'2011-11-17',1),
 (151,'2011-11-18',1),
 (151,'2011-11-19',1),
 (151,'2011-11-21',1),
 (152,'2011-11-14',1),
 (152,'2011-11-15',1),
 (153,'2011-11-14',1),
 (153,'2011-11-15',1),
 (154,'2011-11-15',1),
 (155,'2011-11-15',1),
 (155,'2011-11-16',1),
 (157,'2011-11-07',1),
 (159,'2011-11-17',1),
 (160,'2011-11-10',1),
 (161,'2011-11-08',1),
 (163,'2011-11-17',1),
 (163,'2011-11-18',1),
 (163,'2011-11-19',1),
 (165,'2011-11-11',1),
 (165,'2011-11-12',1),
 (168,'2011-11-12',1),
 (168,'2011-11-15',1),
 (169,'2011-11-08',1),
 (170,'2011-11-11',1),
 (171,'2011-11-08',1),
 (172,'2011-11-09',1),
 (174,'2011-11-12',1),
 (175,'2011-11-10',1),
 (176,'2011-11-14',1),
 (177,'2011-11-10',1),
 (178,'2011-11-16',1),
 (179,'2011-11-14',1),
 (180,'2011-11-30',1),
 (181,'2011-11-16',1),
 (182,'2011-11-08',1),
 (182,'2011-11-09',1),
 (182,'2011-11-10',1),
 (182,'2011-11-11',1),
 (183,'2011-11-14',1),
 (183,'2011-11-15',1),
 (184,'2011-11-14',1),
 (184,'2011-11-15',1),
 (184,'2011-11-16',1),
 (184,'2011-11-17',1),
 (184,'2011-11-18',1),
 (184,'2011-11-19',1),
 (184,'2011-11-21',1),
 (184,'2011-11-22',1),
 (184,'2011-11-25',1),
 (184,'2011-11-26',1),
 (184,'2011-11-28',1),
 (184,'2011-11-29',1),
 (184,'2011-11-30',1),
 (185,'2011-11-09',1),
 (186,'2011-11-09',1),
 (187,'2011-11-08',1),
 (188,'2011-11-08',1),
 (189,'2011-11-08',1),
 (193,'2011-11-22',1),
 (193,'2011-11-23',1),
 (193,'2011-11-24',1),
 (193,'2011-11-25',1),
 (194,'2011-11-23',1),
 (194,'2011-11-24',1),
 (194,'2011-11-25',1),
 (196,'2011-11-21',1),
 (196,'2011-11-22',1),
 (197,'2011-11-17',1),
 (198,'2011-11-17',1),
 (199,'2011-11-28',1),
 (199,'2011-11-29',1),
 (200,'2011-11-28',1),
 (200,'2011-11-29',1),
 (201,'2011-11-15',1),
 (202,'2011-11-28',1),
 (202,'2011-11-29',1),
 (202,'2011-11-30',1),
 (202,'2011-12-01',1),
 (202,'2011-12-02',1),
 (202,'2011-12-03',1),
 (202,'2011-12-05',1),
 (203,'2011-11-08',1),
 (205,'2011-11-16',1),
 (206,'2011-11-16',1),
 (207,'2011-11-15',1),
 (208,'2011-11-08',1),
 (208,'2011-11-09',1),
 (208,'2011-11-21',1),
 (208,'2011-11-22',1),
 (208,'2011-11-30',1),
 (209,'2011-11-14',1),
 (215,'2011-11-08',1),
 (216,'2011-11-15',1),
 (216,'2011-11-16',1),
 (216,'2011-11-17',1),
 (216,'2011-11-19',1),
 (216,'2011-11-22',1),
 (216,'2011-11-23',1),
 (217,'2011-11-07',1),
 (217,'2011-11-08',1),
 (218,'2011-11-07',1),
 (219,'2011-12-05',1),
 (219,'2011-12-06',1),
 (221,'2011-11-08',1),
 (224,'2011-11-08',1),
 (225,'2011-11-08',1),
 (226,'2011-11-14',1),
 (227,'2011-11-08',1),
 (228,'2011-11-08',1),
 (228,'2011-11-09',1),
 (230,'2011-11-08',1),
 (233,'2011-11-15',1),
 (235,'2011-11-21',1),
 (236,'2011-11-21',1),
 (237,'2011-11-21',1),
 (238,'2011-11-21',1),
 (242,'2011-11-15',1),
 (243,'2011-11-10',1),
 (246,'2011-11-15',1),
 (248,'2011-11-14',1),
 (249,'2011-11-14',1),
 (250,'2011-11-08',1),
 (251,'2011-11-09',1),
 (252,'2011-11-11',1),
 (257,'2011-11-09',1),
 (257,'2011-11-10',1),
 (258,'2011-11-30',1),
 (259,'2011-11-14',1),
 (261,'2011-11-08',1),
 (261,'2011-11-09',1),
 (263,'2011-11-10',1),
 (265,'2011-11-15',1),
 (266,'2011-11-25',1),
 (273,'2011-11-09',1),
 (278,'2011-11-09',1),
 (278,'2011-11-10',1),
 (279,'2011-11-09',1),
 (280,'2011-11-09',1),
 (281,'2011-11-09',1),
 (282,'2011-11-09',1),
 (286,'2011-11-12',1),
 (287,'2011-11-09',1),
 (288,'2011-11-09',1),
 (289,'2011-11-09',1),
 (289,'2011-11-10',1),
 (290,'2011-11-09',1),
 (291,'2011-11-09',1),
 (291,'2011-11-10',1),
 (303,'2011-11-26',1),
 (304,'2011-11-28',1),
 (305,'2011-11-21',1),
 (307,'2011-11-12',1),
 (308,'2011-11-12',1),
 (308,'2011-11-14',1),
 (308,'2011-11-15',1),
 (309,'2011-11-25',1),
 (311,'2011-11-23',1),
 (312,'2011-11-30',1),
 (315,'2011-11-09',1),
 (315,'2011-11-10',1),
 (315,'2011-11-11',1),
 (315,'2011-11-12',1),
 (315,'2011-11-14',1),
 (315,'2011-11-21',1),
 (315,'2011-11-22',1),
 (315,'2011-11-23',1),
 (315,'2011-11-24',1),
 (315,'2011-11-25',1),
 (315,'2011-11-29',1),
 (315,'2011-11-30',1),
 (315,'2011-12-01',1),
 (315,'2011-12-02',1),
 (315,'2011-12-03',1),
 (316,'2011-11-15',1),
 (319,'2011-11-18',1),
 (319,'2011-11-19',1),
 (322,'2011-11-22',1),
 (323,'2011-11-22',1),
 (329,'2011-11-21',1),
 (329,'2011-11-22',1),
 (332,'2011-11-10',1),
 (332,'2011-11-15',1),
 (338,'2011-11-24',1),
 (339,'2011-12-05',1),
 (340,'2011-11-14',1),
 (342,'2011-11-21',1),
 (343,'2011-12-06',1),
 (343,'2011-12-07',1),
 (344,'2011-11-23',1),
 (347,'2011-11-11',1),
 (348,'2011-11-17',1),
 (349,'2011-11-15',1),
 (351,'2011-11-16',1),
 (352,'2011-11-16',1),
 (353,'2011-11-15',1),
 (354,'2011-11-28',1),
 (354,'2011-11-30',1),
 (355,'2011-12-12',1),
 (356,'2011-12-19',1),
 (358,'2011-11-10',1),
 (361,'2011-11-10',1),
 (362,'2011-11-12',1),
 (366,'2011-11-14',1),
 (368,'2011-11-28',1),
 (369,'2011-11-21',1),
 (371,'2011-11-11',1),
 (373,'2011-11-14',1),
 (375,'2011-11-14',1),
 (376,'2011-11-14',1),
 (377,'2011-11-21',1),
 (379,'2011-11-21',1),
 (380,'2011-11-15',1),
 (382,'2011-11-23',1),
 (383,'2011-11-23',1),
 (383,'2011-11-24',1),
 (384,'2011-12-05',1),
 (386,'2011-11-30',1),
 (387,'2011-11-11',1),
 (388,'2011-12-07',1),
 (388,'2011-12-08',1),
 (389,'2011-11-11',1),
 (390,'2011-12-12',1),
 (392,'2011-12-01',1),
 (392,'2011-12-02',1),
 (393,'2011-12-13',1),
 (394,'2011-12-06',1),
 (394,'2011-12-07',1),
 (395,'2011-12-14',1),
 (396,'2011-12-19',1),
 (396,'2011-12-20',1),
 (396,'2011-12-21',1),
 (397,'2011-12-21',1),
 (398,'2011-11-10',1),
 (398,'2011-11-11',1),
 (398,'2011-11-12',1),
 (398,'2011-11-14',1),
 (403,'2011-11-15',1),
 (403,'2011-11-17',1),
 (404,'2011-11-11',1),
 (404,'2011-11-12',1),
 (404,'2011-11-14',1),
 (404,'2011-11-17',1),
 (405,'2011-11-16',1),
 (406,'2011-11-11',1),
 (406,'2011-11-17',1),
 (407,'2011-11-12',1),
 (408,'2011-11-11',1),
 (410,'2011-12-16',1),
 (410,'2011-12-17',1),
 (410,'2011-12-19',1),
 (410,'2011-12-20',1),
 (410,'2011-12-21',1),
 (410,'2011-12-22',1),
 (410,'2011-12-23',1),
 (412,'2011-12-01',1),
 (413,'2011-12-05',1),
 (413,'2011-12-06',1),
 (413,'2011-12-07',1),
 (414,'2011-11-24',1),
 (414,'2011-11-25',1),
 (414,'2011-12-05',1),
 (415,'2011-11-24',1),
 (415,'2011-11-25',1),
 (415,'2011-11-26',1),
 (415,'2011-11-28',1),
 (415,'2011-11-29',1),
 (415,'2011-11-30',1),
 (415,'2011-12-01',1),
 (415,'2011-12-02',1),
 (415,'2011-12-03',1),
 (415,'2011-12-07',1),
 (416,'2011-12-12',1),
 (416,'2011-12-13',1),
 (416,'2011-12-19',1),
 (417,'2011-12-14',1),
 (418,'2011-12-14',1),
 (418,'2011-12-16',1),
 (419,'2011-12-14',1),
 (419,'2011-12-16',1),
 (419,'2011-12-17',1),
 (419,'2011-12-19',1),
 (419,'2011-12-20',1),
 (419,'2011-12-21',1),
 (419,'2011-12-22',1),
 (419,'2011-12-23',1),
 (419,'2011-12-26',1),
 (419,'2011-12-27',1),
 (419,'2011-12-28',1),
 (420,'2011-12-12',1),
 (420,'2011-12-13',1),
 (421,'2011-12-19',1),
 (421,'2011-12-20',1),
 (421,'2011-12-21',1),
 (421,'2011-12-22',1),
 (421,'2011-12-23',1),
 (421,'2011-12-24',1),
 (421,'2011-12-26',1),
 (421,'2011-12-27',1),
 (421,'2011-12-29',1),
 (421,'2011-12-30',1),
 (421,'2011-12-31',1),
 (421,'2012-01-02',1),
 (421,'2012-01-03',1),
 (422,'2011-12-19',1),
 (422,'2011-12-20',1),
 (422,'2011-12-21',1),
 (422,'2011-12-22',1),
 (422,'2011-12-23',1),
 (422,'2011-12-26',1),
 (422,'2011-12-27',1),
 (422,'2011-12-29',1),
 (422,'2011-12-30',1),
 (422,'2011-12-31',1),
 (422,'2012-01-02',1),
 (425,'2012-01-19',1),
 (425,'2012-01-21',1),
 (426,'2012-01-09',1),
 (426,'2012-01-10',1),
 (426,'2012-01-12',1),
 (427,'2012-01-09',1),
 (427,'2012-01-10',1),
 (427,'2012-01-11',1),
 (427,'2012-01-12',1),
 (427,'2012-01-17',1),
 (428,'2011-11-22',1),
 (432,'2011-11-17',1),
 (434,'2011-11-12',1),
 (434,'2011-11-21',1),
 (435,'2011-11-12',1),
 (435,'2011-11-14',1),
 (435,'2011-11-15',1),
 (435,'2011-11-16',1),
 (435,'2011-11-17',1),
 (435,'2011-11-18',1),
 (436,'2011-11-21',1),
 (437,'2011-11-12',1),
 (441,'2011-11-15',1),
 (442,'2011-11-17',1),
 (446,'2011-11-15',1),
 (447,'2011-11-17',1),
 (449,'2011-11-16',1),
 (455,'2011-11-12',1),
 (457,'2011-11-11',1),
 (461,'2011-11-15',1),
 (462,'2011-11-15',1),
 (463,'2011-11-15',1),
 (464,'2011-11-15',1),
 (465,'2011-11-14',1),
 (466,'2011-11-14',1),
 (471,'2011-11-14',1),
 (471,'2011-11-15',1),
 (471,'2011-11-16',1),
 (471,'2011-11-17',1),
 (471,'2011-11-18',1),
 (472,'2011-11-15',1),
 (473,'2011-11-16',1),
 (473,'2011-11-17',1),
 (473,'2011-11-18',1),
 (473,'2011-11-19',1),
 (473,'2011-11-21',1),
 (474,'2011-11-16',1),
 (474,'2011-11-17',1),
 (474,'2011-11-19',1),
 (474,'2011-11-21',1),
 (475,'2011-11-16',1),
 (476,'2011-11-14',1),
 (479,'2011-11-15',1),
 (480,'2011-11-14',1),
 (481,'2011-11-14',1),
 (484,'2011-11-14',1),
 (484,'2011-11-16',1),
 (486,'2011-11-14',1),
 (486,'2011-11-15',1),
 (490,'2011-11-14',1),
 (497,'2011-11-17',1),
 (497,'2011-11-18',1),
 (497,'2011-11-19',1),
 (497,'2011-11-21',1),
 (498,'2011-11-16',1),
 (500,'2011-11-16',1),
 (501,'2011-11-15',1),
 (501,'2011-11-17',1),
 (501,'2011-11-18',1),
 (501,'2011-11-19',1),
 (502,'2011-11-15',1),
 (502,'2011-11-16',1),
 (502,'2011-11-17',1),
 (502,'2011-11-18',1),
 (502,'2011-11-19',1),
 (502,'2011-11-21',1),
 (502,'2011-11-22',1),
 (504,'2011-11-16',1),
 (505,'2011-11-16',1),
 (507,'2011-11-25',1),
 (508,'2011-11-26',1),
 (509,'2011-11-26',1),
 (510,'2011-12-05',1),
 (514,'2011-11-17',1),
 (516,'2011-11-15',1),
 (517,'2011-11-15',1),
 (518,'2011-11-22',1),
 (520,'2011-12-19',1),
 (522,'2011-12-08',1),
 (524,'2011-12-12',1),
 (526,'2011-11-23',1),
 (526,'2011-11-24',1),
 (526,'2011-11-25',1),
 (526,'2011-11-26',1),
 (526,'2011-11-28',1),
 (526,'2011-11-29',1),
 (532,'2011-11-17',1),
 (534,'2011-11-17',1),
 (537,'2011-11-21',1),
 (537,'2011-11-30',1),
 (538,'2011-11-21',1),
 (545,'2011-11-17',1),
 (548,'2011-11-23',1),
 (549,'2011-11-17',1),
 (552,'2011-11-15',1),
 (552,'2011-11-17',1),
 (552,'2011-11-18',1),
 (553,'2011-11-16',1),
 (555,'2011-11-16',1),
 (556,'2011-11-17',1),
 (557,'2011-11-22',1),
 (558,'2011-11-15',1),
 (562,'2011-11-23',1),
 (563,'2011-11-17',1),
 (564,'2011-11-16',1),
 (564,'2011-11-17',1),
 (565,'2011-11-21',1),
 (565,'2011-11-22',1),
 (565,'2011-11-23',1),
 (565,'2011-11-24',1),
 (565,'2011-11-25',1),
 (565,'2011-11-26',1),
 (565,'2011-11-28',1),
 (565,'2011-11-29',1),
 (566,'2011-11-15',1),
 (567,'2011-11-18',1),
 (569,'2011-11-21',1),
 (572,'2011-11-16',1),
 (578,'2011-11-18',1),
 (580,'2011-11-15',1),
 (580,'2011-11-16',1),
 (580,'2011-11-17',1),
 (581,'2011-11-15',1),
 (582,'2011-11-15',1),
 (583,'2011-11-15',1),
 (586,'2011-11-21',1),
 (587,'2011-11-23',1),
 (587,'2011-11-24',1),
 (587,'2011-11-25',1),
 (588,'2011-11-24',1),
 (589,'2011-11-16',1),
 (589,'2011-11-17',1),
 (589,'2011-11-18',1),
 (589,'2011-11-19',1),
 (590,'2011-11-21',1),
 (590,'2011-11-22',1),
 (590,'2011-11-24',1),
 (591,'2011-11-22',1),
 (592,'2011-11-16',1),
 (593,'2011-11-16',1),
 (594,'2011-11-24',1),
 (595,'2011-11-29',1),
 (596,'2011-11-25',1),
 (599,'2011-12-13',1),
 (600,'2011-12-17',1),
 (601,'2011-12-17',1),
 (603,'2011-12-01',1),
 (605,'2011-11-28',1),
 (607,'2011-12-02',1),
 (608,'2011-12-03',1),
 (610,'2011-12-14',1),
 (612,'2011-12-20',1),
 (612,'2011-12-21',1),
 (613,'2011-12-20',1),
 (613,'2011-12-21',1),
 (614,'2011-12-29',1),
 (615,'2011-12-28',1),
 (616,'2011-12-08',1),
 (617,'2011-11-29',1),
 (619,'2011-11-24',1),
 (620,'2011-11-22',1),
 (621,'2011-11-29',1),
 (622,'2011-12-07',1),
 (622,'2011-12-08',1),
 (622,'2011-12-09',1),
 (622,'2011-12-12',1),
 (622,'2011-12-13',1),
 (622,'2011-12-14',1),
 (622,'2011-12-17',1),
 (623,'2011-12-14',1),
 (624,'2011-12-14',1),
 (626,'2011-12-22',1),
 (626,'2011-12-23',1),
 (626,'2011-12-24',1),
 (626,'2011-12-26',1),
 (626,'2011-12-27',1),
 (626,'2011-12-28',1),
 (627,'2011-11-19',1),
 (627,'2011-11-21',1),
 (630,'2011-11-23',1),
 (633,'2011-12-07',1),
 (634,'2011-12-19',1),
 (636,'2011-12-19',1),
 (637,'2011-11-28',1),
 (637,'2011-11-29',1),
 (641,'2011-12-07',1),
 (642,'2011-12-20',1),
 (644,'2011-12-22',1),
 (645,'2011-11-24',1),
 (646,'2011-11-29',1),
 (647,'2011-11-30',1),
 (648,'2011-12-08',1),
 (649,'2011-11-24',1),
 (655,'2011-11-28',1),
 (655,'2011-11-29',1),
 (656,'2011-12-01',1),
 (657,'2011-11-25',1),
 (661,'2011-11-22',1),
 (662,'2011-11-24',1),
 (664,'2011-11-22',1),
 (665,'2011-11-17',1),
 (665,'2011-11-18',1),
 (666,'2011-11-17',1),
 (667,'2011-11-22',1),
 (671,'2011-11-16',1),
 (671,'2011-11-17',1),
 (674,'2011-11-23',1),
 (674,'2011-11-24',1),
 (675,'2011-11-22',1),
 (675,'2011-11-23',1),
 (677,'2011-11-21',1),
 (678,'2011-11-23',1),
 (679,'2011-11-22',1),
 (680,'2011-12-07',1),
 (680,'2011-12-08',1),
 (680,'2011-12-09',1),
 (680,'2011-12-10',1),
 (680,'2011-12-12',1),
 (681,'2011-12-07',1),
 (681,'2011-12-08',1),
 (681,'2011-12-09',1),
 (681,'2011-12-10',1),
 (681,'2011-12-12',1),
 (682,'2011-12-08',1),
 (682,'2011-12-13',1),
 (683,'2011-12-06',1),
 (683,'2011-12-07',1),
 (683,'2011-12-08',1),
 (683,'2011-12-12',1),
 (683,'2011-12-13',1),
 (684,'2011-11-16',1),
 (684,'2011-11-17',1),
 (684,'2011-11-18',1),
 (684,'2011-11-19',1),
 (684,'2011-11-21',1),
 (685,'2011-11-23',1),
 (688,'2011-11-24',1),
 (688,'2011-11-25',1),
 (689,'2011-11-21',1),
 (692,'2011-11-28',1),
 (693,'2011-12-17',1),
 (694,'2011-12-17',1),
 (695,'2011-12-21',1),
 (697,'2011-12-22',1),
 (699,'2011-12-14',1),
 (701,'2011-11-17',1),
 (702,'2011-11-22',1),
 (706,'2011-11-21',1),
 (708,'2011-11-19',1),
 (708,'2011-11-21',1),
 (709,'2011-11-22',1),
 (713,'2011-11-23',1),
 (714,'2011-11-23',1),
 (716,'2011-11-21',1),
 (716,'2011-11-22',1),
 (716,'2011-11-23',1),
 (719,'2011-11-17',1),
 (721,'2011-11-17',1),
 (721,'2011-11-18',1),
 (722,'2011-11-21',1),
 (722,'2011-11-22',1),
 (722,'2011-11-24',1),
 (728,'2011-11-26',1),
 (729,'2011-11-22',1),
 (733,'2011-12-06',1),
 (733,'2011-12-07',1),
 (738,'2011-11-22',1),
 (739,'2011-11-30',1),
 (741,'2011-11-17',1),
 (741,'2011-11-18',1),
 (741,'2011-11-19',1),
 (742,'2011-11-17',1),
 (744,'2011-12-05',1),
 (744,'2011-12-06',1),
 (744,'2011-12-07',1),
 (745,'2011-11-29',1),
 (749,'2011-11-24',1),
 (751,'2011-11-17',1),
 (752,'2011-11-24',1),
 (752,'2011-11-25',1),
 (752,'2011-11-26',1),
 (752,'2011-11-28',1),
 (755,'2011-11-25',1),
 (759,'2011-11-22',1),
 (759,'2011-11-23',1),
 (760,'2011-11-22',1),
 (760,'2011-11-23',1),
 (764,'2011-11-17',1),
 (767,'2011-11-17',1),
 (767,'2011-11-18',1),
 (767,'2011-11-19',1),
 (767,'2011-11-21',1),
 (768,'2011-11-17',1),
 (768,'2011-11-18',1),
 (768,'2011-11-19',1),
 (768,'2011-11-23',1),
 (770,'2011-11-18',1),
 (770,'2011-11-19',1),
 (770,'2011-11-21',1),
 (771,'2011-11-18',1),
 (771,'2011-11-19',1),
 (771,'2011-11-21',1),
 (773,'2011-11-29',1),
 (781,'2011-11-22',1),
 (786,'2011-11-23',1),
 (787,'2011-11-22',1),
 (789,'2011-11-22',1),
 (792,'2011-11-23',1),
 (795,'2011-11-21',1),
 (795,'2011-11-22',1),
 (795,'2011-11-23',1),
 (797,'2011-11-22',1),
 (799,'2011-11-22',1),
 (801,'2011-11-28',1),
 (802,'2011-11-24',1),
 (804,'2011-11-24',1),
 (806,'2011-11-22',1),
 (807,'2011-11-21',1),
 (809,'2011-11-22',1),
 (809,'2011-11-23',1),
 (809,'2011-11-24',1),
 (809,'2011-11-25',1),
 (809,'2011-11-26',1),
 (809,'2011-11-28',1),
 (809,'2011-12-02',1),
 (811,'2011-11-21',1),
 (812,'2011-11-21',1),
 (813,'2011-11-21',1),
 (815,'2011-11-21',1),
 (816,'2011-11-25',1),
 (818,'2011-11-22',1),
 (819,'2011-11-22',1),
 (819,'2011-11-24',1),
 (819,'2011-11-25',1),
 (819,'2011-11-26',1),
 (819,'2011-11-28',1),
 (819,'2011-11-29',1),
 (820,'2011-11-23',1),
 (820,'2011-11-24',1),
 (821,'2011-11-22',1),
 (822,'2011-11-24',1),
 (823,'2011-11-24',1),
 (825,'2011-11-24',1),
 (830,'2011-11-22',1),
 (830,'2011-11-23',1),
 (836,'2011-11-23',1),
 (838,'2011-11-25',1),
 (842,'2011-11-25',1),
 (846,'2011-11-29',1),
 (847,'2011-11-24',1),
 (848,'2011-11-23',1),
 (848,'2011-11-24',1),
 (855,'2011-11-29',1),
 (859,'2011-11-23',1),
 (860,'2011-11-25',1),
 (861,'2011-11-23',1),
 (862,'2011-11-28',1),
 (862,'2011-11-29',1),
 (862,'2011-12-01',1),
 (864,'2011-11-24',1),
 (865,'2011-11-29',1),
 (877,'2011-11-29',1),
 (881,'2011-11-24',1),
 (888,'2011-11-23',1),
 (888,'2011-11-24',1),
 (891,'2011-11-23',1),
 (897,'2011-11-30',1),
 (900,'2011-12-02',1),
 (900,'2011-12-03',1),
 (900,'2011-12-05',1),
 (904,'2011-11-29',1),
 (905,'2011-12-13',1),
 (906,'2011-11-29',1),
 (909,'2011-11-29',1),
 (910,'2011-12-01',1),
 (913,'2011-12-01',1),
 (916,'2011-11-25',1),
 (917,'2011-11-30',1),
 (917,'2011-12-01',1),
 (917,'2011-12-02',1),
 (917,'2011-12-03',1),
 (918,'2011-11-30',1),
 (918,'2011-12-01',1),
 (918,'2011-12-02',1),
 (918,'2011-12-03',1),
 (919,'2011-12-01',1),
 (921,'2011-12-01',1),
 (922,'2011-12-01',1),
 (923,'2011-12-01',1),
 (926,'2011-11-28',1),
 (927,'2011-11-25',1),
 (928,'2011-11-30',1),
 (931,'2011-11-25',1),
 (932,'2011-11-25',1),
 (938,'2011-11-25',1),
 (942,'2011-11-25',1),
 (943,'2011-11-29',1),
 (943,'2011-11-30',1),
 (944,'2011-11-28',1),
 (944,'2011-11-29',1),
 (946,'2011-12-07',1),
 (953,'2011-11-28',1),
 (954,'2011-11-28',1),
 (961,'2011-11-26',1),
 (962,'2011-11-26',1),
 (963,'2011-11-26',1),
 (966,'2011-12-08',1),
 (966,'2011-12-09',1),
 (969,'2011-11-29',1),
 (973,'2011-11-28',1),
 (975,'2011-11-29',1),
 (978,'2011-11-28',1),
 (979,'2011-11-29',1),
 (981,'2011-11-28',1),
 (982,'2011-11-29',1),
 (985,'2011-12-07',1),
 (986,'2011-12-15',1),
 (987,'2011-12-01',1),
 (988,'2011-12-13',1),
 (991,'2011-11-28',1),
 (997,'2011-11-30',1),
 (1000,'2011-11-30',1),
 (1001,'2011-11-29',1),
 (1001,'2011-11-30',1),
 (1002,'2011-11-30',1),
 (1003,'2011-11-29',1),
 (1003,'2011-11-30',1),
 (1005,'2011-11-29',1),
 (1013,'2011-11-30',1),
 (1015,'2011-12-14',1),
 (1018,'2011-12-05',1),
 (1018,'2011-12-06',1),
 (1019,'2011-11-29',1),
 (1019,'2011-11-30',1),
 (1020,'2011-11-30',1),
 (1021,'2011-11-29',1),
 (1022,'2011-11-30',1),
 (1022,'2011-12-01',1),
 (1022,'2011-12-02',1),
 (1022,'2011-12-03',1),
 (1023,'2011-11-30',1),
 (1023,'2011-12-01',1),
 (1023,'2011-12-12',1),
 (1023,'2011-12-13',1),
 (1026,'2012-01-04',1),
 (1027,'2011-12-02',1),
 (1027,'2011-12-03',1),
 (1027,'2011-12-05',1),
 (1027,'2011-12-06',1),
 (1027,'2011-12-19',1),
 (1027,'2011-12-20',1),
 (1027,'2011-12-21',1),
 (1027,'2011-12-22',1),
 (1027,'2011-12-30',1),
 (1027,'2011-12-31',1),
 (1027,'2012-01-02',1),
 (1027,'2012-01-03',1),
 (1027,'2012-01-04',1),
 (1027,'2012-01-05',1),
 (1027,'2012-01-06',1),
 (1027,'2012-01-07',1),
 (1027,'2012-01-11',1),
 (1027,'2012-01-12',1),
 (1027,'2012-01-13',1),
 (1027,'2012-01-14',1),
 (1027,'2012-01-16',1),
 (1029,'2011-11-29',1),
 (1032,'2011-12-06',1),
 (1036,'2011-11-29',1),
 (1036,'2011-11-30',1),
 (1037,'2011-11-30',1),
 (1041,'2011-12-20',1),
 (1047,'2011-11-30',1),
 (1048,'2011-11-30',1),
 (1049,'2011-11-30',1),
 (1052,'2011-12-07',1),
 (1053,'2011-11-30',1),
 (1054,'2011-12-05',1),
 (1059,'2011-11-30',1),
 (1060,'2011-12-01',1),
 (1060,'2011-12-02',1),
 (1065,'2011-12-01',1),
 (1065,'2011-12-02',1),
 (1065,'2011-12-03',1),
 (1065,'2011-12-05',1),
 (1066,'2011-12-01',1),
 (1066,'2011-12-02',1),
 (1067,'2011-12-03',1),
 (1069,'2011-11-30',1),
 (1069,'2011-12-01',1),
 (1071,'2011-12-07',1),
 (1072,'2011-12-01',1),
 (1073,'2011-12-09',1),
 (1073,'2011-12-10',1),
 (1074,'2011-12-09',1),
 (1074,'2011-12-10',1),
 (1075,'2011-12-01',1),
 (1076,'2011-12-05',1),
 (1078,'2011-12-05',1),
 (1078,'2011-12-06',1),
 (1078,'2011-12-07',1),
 (1080,'2011-11-30',1),
 (1080,'2011-12-01',1),
 (1080,'2011-12-02',1),
 (1081,'2011-12-07',1),
 (1082,'2011-12-12',1),
 (1083,'2011-12-06',1),
 (1084,'2011-12-08',1),
 (1086,'2011-12-05',1),
 (1087,'2011-12-05',1),
 (1090,'2011-12-08',1),
 (1091,'2011-11-30',1),
 (1092,'2011-12-12',1),
 (1092,'2011-12-13',1),
 (1092,'2011-12-14',1),
 (1093,'2011-12-06',1),
 (1094,'2011-12-12',1),
 (1094,'2011-12-13',1),
 (1099,'2011-12-08',1),
 (1100,'2011-11-30',1),
 (1100,'2011-12-08',1),
 (1103,'2011-12-05',1),
 (1106,'2011-12-13',1),
 (1106,'2011-12-14',1),
 (1110,'2011-12-01',1),
 (1111,'2011-12-03',1),
 (1112,'2011-12-19',1),
 (1113,'2011-12-06',1),
 (1113,'2011-12-07',1),
 (1113,'2011-12-08',1),
 (1113,'2011-12-09',1),
 (1114,'2011-12-06',1),
 (1117,'2011-12-06',1),
 (1117,'2011-12-07',1),
 (1118,'2011-12-06',1),
 (1119,'2011-12-01',1),
 (1119,'2011-12-02',1),
 (1120,'2011-12-19',1),
 (1120,'2011-12-20',1),
 (1121,'2011-12-07',1),
 (1121,'2011-12-08',1),
 (1121,'2011-12-09',1),
 (1121,'2011-12-10',1),
 (1121,'2011-12-12',1),
 (1122,'2011-12-01',1),
 (1123,'2011-12-06',1),
 (1124,'2011-12-03',1),
 (1125,'2011-12-12',1),
 (1126,'2011-12-12',1),
 (1130,'2011-12-03',1),
 (1131,'2011-12-02',1),
 (1131,'2011-12-03',1),
 (1131,'2011-12-05',1),
 (1134,'2011-12-08',1),
 (1134,'2011-12-09',1),
 (1134,'2011-12-10',1),
 (1134,'2011-12-12',1),
 (1135,'2011-12-08',1),
 (1135,'2011-12-09',1),
 (1142,'2011-12-14',1),
 (1151,'2011-12-02',1),
 (1152,'2011-12-02',1),
 (1153,'2011-12-16',1),
 (1153,'2011-12-17',1),
 (1153,'2011-12-19',1),
 (1153,'2011-12-20',1),
 (1155,'2011-12-09',1),
 (1156,'2011-12-02',1),
 (1157,'2011-12-06',1),
 (1157,'2011-12-07',1),
 (1161,'2011-12-08',1),
 (1166,'2011-12-06',1),
 (1167,'2011-12-06',1),
 (1176,'2011-12-05',1),
 (1177,'2011-12-05',1),
 (1178,'2011-12-14',1),
 (1178,'2011-12-15',1),
 (1178,'2011-12-16',1),
 (1178,'2011-12-17',1),
 (1178,'2011-12-19',1),
 (1178,'2011-12-20',1),
 (1185,'2011-12-06',1),
 (1186,'2011-12-12',1),
 (1191,'2011-12-06',1),
 (1191,'2011-12-07',1),
 (1194,'2011-12-19',1),
 (1196,'2011-12-06',1),
 (1197,'2011-12-16',1),
 (1198,'2011-12-16',1),
 (1201,'2011-12-06',1),
 (1205,'2011-12-12',1),
 (1207,'2011-12-12',1),
 (1210,'2011-12-06',1),
 (1210,'2011-12-07',1),
 (1210,'2011-12-08',1),
 (1210,'2011-12-09',1),
 (1210,'2011-12-10',1),
 (1210,'2011-12-12',1),
 (1211,'2011-12-06',1),
 (1213,'2011-12-05',1),
 (1214,'2011-12-14',1),
 (1216,'2011-12-13',1),
 (1217,'2011-12-15',1),
 (1218,'2011-12-08',1),
 (1220,'2011-12-07',1),
 (1222,'2011-12-12',1),
 (1223,'2011-12-09',1),
 (1224,'2011-12-08',1),
 (1226,'2011-12-06',1),
 (1231,'2011-12-08',1),
 (1237,'2011-12-10',1),
 (1238,'2011-12-06',1),
 (1239,'2011-12-22',1),
 (1239,'2011-12-23',1),
 (1239,'2011-12-24',1),
 (1239,'2011-12-26',1),
 (1239,'2011-12-27',1),
 (1239,'2011-12-28',1),
 (1239,'2011-12-29',1),
 (1239,'2011-12-30',1),
 (1239,'2011-12-31',1),
 (1239,'2012-01-02',1),
 (1243,'2011-12-13',1),
 (1245,'2011-12-12',1),
 (1245,'2011-12-13',1),
 (1245,'2011-12-14',1),
 (1245,'2011-12-15',1),
 (1246,'2011-12-12',1),
 (1246,'2011-12-13',1),
 (1246,'2011-12-14',1),
 (1246,'2011-12-17',1),
 (1246,'2011-12-19',1),
 (1247,'2011-12-07',1),
 (1255,'2011-12-06',1),
 (1255,'2011-12-07',1),
 (1255,'2011-12-08',1),
 (1255,'2011-12-12',1),
 (1255,'2011-12-13',1),
 (1256,'2011-12-06',1),
 (1256,'2011-12-07',1),
 (1256,'2011-12-08',1),
 (1256,'2011-12-13',1),
 (1256,'2011-12-14',1),
 (1256,'2011-12-15',1),
 (1256,'2011-12-16',1),
 (1256,'2011-12-17',1),
 (1256,'2011-12-19',1),
 (1256,'2011-12-20',1),
 (1256,'2011-12-21',1),
 (1256,'2011-12-22',1),
 (1256,'2011-12-23',1),
 (1256,'2011-12-24',1),
 (1256,'2011-12-26',1),
 (1256,'2011-12-27',1),
 (1256,'2011-12-28',1),
 (1256,'2011-12-29',1),
 (1256,'2012-01-04',1),
 (1257,'2011-12-28',1),
 (1267,'2011-12-13',1),
 (1268,'2011-12-15',1),
 (1270,'2011-12-15',1),
 (1270,'2011-12-16',1),
 (1272,'2011-12-06',1),
 (1272,'2011-12-07',1),
 (1275,'2011-12-08',1),
 (1276,'2011-12-07',1),
 (1277,'2011-12-12',1),
 (1277,'2011-12-13',1),
 (1277,'2011-12-14',1),
 (1277,'2011-12-15',1),
 (1277,'2011-12-16',1),
 (1277,'2011-12-17',1),
 (1277,'2011-12-19',1),
 (1277,'2011-12-20',1),
 (1277,'2011-12-21',1),
 (1277,'2011-12-22',1),
 (1277,'2011-12-23',1),
 (1277,'2011-12-24',1),
 (1277,'2011-12-26',1),
 (1277,'2011-12-27',1),
 (1277,'2011-12-28',1),
 (1277,'2011-12-29',1),
 (1277,'2011-12-30',1),
 (1277,'2011-12-31',1),
 (1277,'2012-01-02',1),
 (1277,'2012-01-03',1),
 (1277,'2012-01-04',1),
 (1277,'2012-01-05',1),
 (1277,'2012-01-06',1),
 (1277,'2012-01-07',1),
 (1277,'2012-01-09',1),
 (1277,'2012-01-10',1),
 (1277,'2012-01-11',1),
 (1277,'2012-01-12',1),
 (1277,'2012-01-13',1),
 (1277,'2012-01-14',1),
 (1277,'2012-01-21',1),
 (1277,'2012-01-26',1),
 (1277,'2012-01-27',1),
 (1277,'2012-02-02',1),
 (1277,'2012-02-03',1),
 (1277,'2012-02-04',1),
 (1277,'2012-02-06',1),
 (1278,'2011-12-12',1),
 (1280,'2011-12-15',1),
 (1280,'2011-12-16',1),
 (1281,'2011-12-14',1),
 (1281,'2011-12-20',1),
 (1281,'2011-12-21',1),
 (1282,'2011-12-14',1),
 (1292,'2011-12-13',1),
 (1296,'2011-12-15',1),
 (1296,'2011-12-16',1),
 (1298,'2011-12-15',1),
 (1298,'2011-12-16',1),
 (1299,'2012-01-09',1),
 (1303,'2012-01-14',1),
 (1308,'2011-12-19',1),
 (1309,'2011-12-21',1),
 (1310,'2011-12-14',1),
 (1311,'2011-12-13',1),
 (1312,'2011-12-14',1),
 (1312,'2011-12-15',1),
 (1312,'2011-12-16',1),
 (1312,'2011-12-17',1),
 (1312,'2011-12-19',1),
 (1312,'2011-12-20',1),
 (1312,'2011-12-21',1),
 (1312,'2011-12-22',1),
 (1312,'2011-12-23',1),
 (1312,'2011-12-24',1),
 (1312,'2011-12-26',1),
 (1312,'2011-12-27',1),
 (1312,'2011-12-28',1),
 (1312,'2011-12-29',1),
 (1312,'2011-12-30',1),
 (1312,'2011-12-31',1),
 (1312,'2012-01-02',1),
 (1312,'2012-01-03',1),
 (1312,'2012-01-04',1),
 (1312,'2012-01-05',1),
 (1312,'2012-01-06',1),
 (1312,'2012-01-07',1),
 (1312,'2012-01-09',1),
 (1312,'2012-01-10',1),
 (1312,'2012-01-11',1),
 (1312,'2012-01-12',1),
 (1313,'2011-12-14',1),
 (1313,'2011-12-15',1),
 (1313,'2011-12-16',1),
 (1314,'2011-12-08',1),
 (1316,'2011-12-21',1),
 (1317,'2011-12-13',1),
 (1318,'2011-12-08',1),
 (1320,'2011-12-28',1),
 (1320,'2011-12-29',1),
 (1321,'2011-12-28',1),
 (1321,'2011-12-29',1),
 (1322,'2011-12-22',1),
 (1323,'2011-12-29',1),
 (1323,'2011-12-30',1),
 (1324,'2011-12-08',1),
 (1324,'2011-12-09',1),
 (1324,'2011-12-10',1),
 (1325,'2011-12-19',1),
 (1326,'2011-12-09',1),
 (1327,'2011-12-09',1),
 (1328,'2012-01-12',1),
 (1329,'2011-12-13',1),
 (1331,'2011-12-12',1),
 (1332,'2011-12-12',1),
 (1333,'2011-12-28',1),
 (1333,'2011-12-29',1),
 (1334,'2011-12-28',1),
 (1334,'2011-12-29',1),
 (1335,'2011-12-28',1),
 (1335,'2011-12-29',1),
 (1336,'2012-01-03',1),
 (1336,'2012-01-04',1),
 (1341,'2011-12-08',1),
 (1342,'2011-12-08',1),
 (1344,'2011-12-08',1),
 (1345,'2011-12-09',1),
 (1346,'2011-12-08',1),
 (1346,'2011-12-09',1),
 (1347,'2011-12-09',1),
 (1348,'2011-12-12',1),
 (1349,'2011-12-14',1),
 (1350,'2011-12-15',1),
 (1350,'2011-12-16',1),
 (1350,'2011-12-17',1),
 (1350,'2011-12-19',1),
 (1351,'2011-12-20',1),
 (1352,'2011-12-15',1),
 (1353,'2011-12-09',1),
 (1355,'2011-12-20',1),
 (1355,'2011-12-21',1),
 (1356,'2011-12-14',1),
 (1357,'2011-12-23',1),
 (1358,'2011-12-13',1),
 (1359,'2011-12-15',1),
 (1360,'2011-12-20',1),
 (1361,'2012-01-03',1),
 (1361,'2012-01-04',1),
 (1362,'2012-01-04',1),
 (1363,'2012-01-05',1),
 (1364,'2012-01-05',1),
 (1365,'2012-01-05',1),
 (1366,'2012-01-04',1),
 (1366,'2012-01-05',1),
 (1367,'2011-12-22',1),
 (1367,'2011-12-23',1),
 (1368,'2012-01-03',1),
 (1368,'2012-01-04',1),
 (1370,'2011-12-12',1),
 (1371,'2011-12-08',1),
 (1371,'2011-12-09',1),
 (1372,'2011-12-17',1),
 (1373,'2011-12-21',1),
 (1374,'2011-12-17',1),
 (1375,'2012-01-13',1),
 (1377,'2012-01-10',1),
 (1378,'2012-01-10',1),
 (1379,'2011-12-22',1),
 (1388,'2011-12-16',1),
 (1389,'2011-12-19',1),
 (1389,'2011-12-20',1),
 (1389,'2011-12-21',1),
 (1389,'2011-12-30',1),
 (1389,'2011-12-31',1),
 (1389,'2012-01-02',1),
 (1389,'2012-01-03',1),
 (1389,'2012-01-04',1),
 (1389,'2012-01-05',1),
 (1389,'2012-01-06',1),
 (1389,'2012-01-07',1),
 (1389,'2012-01-09',1),
 (1389,'2012-01-11',1),
 (1389,'2012-01-12',1),
 (1389,'2012-01-13',1),
 (1389,'2012-01-14',1),
 (1389,'2012-01-26',1),
 (1389,'2012-02-02',1),
 (1390,'2011-12-14',1),
 (1391,'2011-12-15',1),
 (1392,'2011-12-12',1),
 (1393,'2011-12-13',1),
 (1394,'2011-12-13',1),
 (1395,'2011-12-13',1),
 (1396,'2011-12-14',1),
 (1397,'2011-12-09',1),
 (1398,'2011-12-12',1),
 (1401,'2011-12-15',1),
 (1402,'2011-12-14',1),
 (1403,'2011-12-14',1),
 (1404,'2011-12-15',1),
 (1404,'2011-12-16',1),
 (1405,'2011-12-15',1),
 (1405,'2011-12-16',1),
 (1406,'2011-12-09',1),
 (1406,'2011-12-13',1),
 (1409,'2011-12-13',1),
 (1410,'2011-12-13',1),
 (1411,'2011-12-13',1),
 (1412,'2011-12-28',1),
 (1412,'2011-12-29',1),
 (1414,'2011-12-15',1),
 (1414,'2011-12-16',1),
 (1414,'2011-12-19',1),
 (1414,'2011-12-20',1),
 (1420,'2011-12-14',1),
 (1421,'2011-12-17',1),
 (1421,'2011-12-19',1),
 (1421,'2011-12-20',1),
 (1421,'2011-12-21',1),
 (1421,'2011-12-22',1),
 (1421,'2011-12-23',1),
 (1421,'2011-12-24',1),
 (1421,'2011-12-26',1),
 (1421,'2011-12-27',1),
 (1421,'2011-12-28',1),
 (1421,'2011-12-29',1),
 (1421,'2011-12-30',1),
 (1421,'2011-12-31',1),
 (1421,'2012-01-02',1),
 (1421,'2012-01-03',1),
 (1421,'2012-01-04',1),
 (1421,'2012-01-05',1),
 (1421,'2012-01-06',1),
 (1421,'2012-01-07',1),
 (1421,'2012-01-09',1),
 (1421,'2012-01-10',1),
 (1421,'2012-01-11',1),
 (1421,'2012-01-20',1),
 (1421,'2012-01-26',1),
 (1421,'2012-01-27',1),
 (1421,'2012-01-30',1),
 (1422,'2011-12-17',1),
 (1422,'2011-12-19',1),
 (1422,'2011-12-20',1),
 (1423,'2011-12-17',1),
 (1424,'2011-12-17',1),
 (1425,'2011-12-17',1),
 (1425,'2011-12-19',1),
 (1425,'2011-12-20',1),
 (1431,'2011-12-10',1),
 (1432,'2011-12-10',1),
 (1434,'2011-12-13',1),
 (1434,'2011-12-14',1),
 (1436,'2011-12-13',1),
 (1436,'2011-12-14',1),
 (1438,'2011-12-12',1),
 (1439,'2011-12-14',1),
 (1440,'2011-12-09',1),
 (1441,'2011-12-09',1),
 (1442,'2011-12-14',1),
 (1443,'2011-12-20',1),
 (1443,'2011-12-21',1),
 (1443,'2011-12-22',1),
 (1443,'2011-12-23',1),
 (1443,'2011-12-24',1),
 (1443,'2011-12-26',1),
 (1443,'2011-12-27',1),
 (1443,'2011-12-28',1),
 (1443,'2011-12-29',1),
 (1443,'2011-12-30',1),
 (1444,'2011-12-13',1),
 (1444,'2011-12-14',1),
 (1444,'2011-12-15',1),
 (1446,'2011-12-14',1),
 (1446,'2011-12-15',1),
 (1456,'2011-12-12',1),
 (1461,'2011-12-12',1),
 (1462,'2011-12-13',1),
 (1462,'2011-12-14',1),
 (1464,'2011-12-12',1),
 (1468,'2011-12-20',1),
 (1468,'2011-12-21',1),
 (1469,'2011-12-15',1),
 (1474,'2011-12-12',1),
 (1475,'2011-12-12',1),
 (1476,'2011-12-13',1),
 (1476,'2011-12-14',1),
 (1476,'2011-12-15',1),
 (1477,'2011-12-12',1),
 (1477,'2011-12-13',1),
 (1477,'2011-12-14',1),
 (1477,'2011-12-15',1),
 (1478,'2012-01-23',1),
 (1480,'2011-12-19',1),
 (1483,'2011-12-15',1),
 (1485,'2011-12-14',1),
 (1486,'2011-12-13',1),
 (1487,'2011-12-13',1),
 (1488,'2011-12-13',1),
 (1489,'2011-12-13',1),
 (1493,'2011-12-16',1),
 (1493,'2011-12-17',1),
 (1493,'2011-12-19',1),
 (1493,'2011-12-20',1),
 (1494,'2011-12-13',1),
 (1495,'2011-12-28',1),
 (1495,'2011-12-29',1),
 (1495,'2011-12-30',1),
 (1499,'2011-12-14',1),
 (1500,'2011-12-13',1),
 (1501,'2011-12-20',1),
 (1501,'2011-12-21',1),
 (1502,'2011-12-15',1),
 (1504,'2011-12-13',1),
 (1505,'2011-12-13',1),
 (1505,'2011-12-14',1),
 (1505,'2011-12-15',1),
 (1505,'2011-12-16',1),
 (1505,'2011-12-17',1),
 (1505,'2011-12-19',1),
 (1505,'2011-12-20',1),
 (1505,'2011-12-21',1),
 (1506,'2011-12-20',1),
 (1510,'2011-12-22',1),
 (1510,'2011-12-23',1),
 (1510,'2011-12-24',1),
 (1510,'2011-12-26',1),
 (1510,'2011-12-27',1),
 (1510,'2011-12-28',1),
 (1511,'2011-12-19',1),
 (1514,'2011-12-15',1),
 (1515,'2011-12-16',1),
 (1521,'2011-12-15',1),
 (1523,'2011-12-15',1),
 (1524,'2011-12-15',1),
 (1525,'2011-12-19',1),
 (1526,'2011-12-29',1),
 (1527,'2011-12-29',1),
 (1528,'2012-01-04',1),
 (1529,'2011-12-20',1),
 (1530,'2012-01-04',1),
 (1530,'2012-01-05',1),
 (1531,'2012-01-05',1),
 (1532,'2012-01-05',1),
 (1533,'2011-12-20',1),
 (1535,'2011-12-14',1),
 (1535,'2011-12-15',1),
 (1536,'2012-01-10',1),
 (1537,'2011-12-20',1),
 (1539,'2011-12-14',1),
 (1543,'2011-12-20',1),
 (1544,'2011-12-14',1),
 (1544,'2011-12-15',1),
 (1549,'2012-01-04',1),
 (1550,'2012-01-05',1),
 (1550,'2012-01-06',1),
 (1551,'2012-01-09',1),
 (1552,'2011-12-20',1),
 (1552,'2011-12-21',1),
 (1552,'2011-12-22',1),
 (1552,'2011-12-28',1),
 (1553,'2012-01-11',1),
 (1553,'2012-01-12',1),
 (1554,'2011-12-21',1),
 (1555,'2011-12-22',1),
 (1555,'2011-12-23',1),
 (1555,'2011-12-24',1),
 (1555,'2011-12-27',1),
 (1555,'2011-12-28',1),
 (1556,'2012-01-04',1),
 (1556,'2012-01-10',1),
 (1556,'2012-01-12',1),
 (1556,'2012-01-13',1),
 (1556,'2012-01-14',1),
 (1556,'2012-01-16',1),
 (1556,'2012-01-17',1),
 (1556,'2012-01-18',1),
 (1557,'2011-12-19',1),
 (1559,'2011-12-16',1),
 (1559,'2011-12-17',1),
 (1559,'2011-12-19',1),
 (1559,'2011-12-20',1),
 (1559,'2011-12-21',1),
 (1560,'2011-12-16',1),
 (1560,'2011-12-17',1),
 (1560,'2011-12-19',1),
 (1560,'2011-12-20',1),
 (1560,'2011-12-21',1),
 (1561,'2011-12-14',1),
 (1563,'2011-12-14',1),
 (1563,'2011-12-15',1),
 (1563,'2011-12-16',1),
 (1563,'2011-12-17',1),
 (1563,'2011-12-19',1),
 (1563,'2011-12-20',1),
 (1563,'2011-12-21',1),
 (1563,'2011-12-22',1),
 (1566,'2011-12-14',1),
 (1566,'2011-12-15',1),
 (1568,'2011-12-14',1),
 (1569,'2011-12-14',1),
 (1570,'2011-12-14',1),
 (1573,'2012-02-08',1),
 (1574,'2012-02-06',1),
 (1575,'2012-02-08',1),
 (1580,'2012-02-01',1),
 (1580,'2012-02-02',1),
 (1581,'2012-02-01',1),
 (1581,'2012-02-02',1),
 (1586,'2012-01-07',1),
 (1588,'2012-01-21',1),
 (1588,'2012-01-23',1),
 (1589,'2012-01-21',1),
 (1589,'2012-01-23',1),
 (1590,'2011-12-16',1),
 (1591,'2012-01-28',1),
 (1592,'2012-01-23',1),
 (1592,'2012-01-24',1),
 (1592,'2012-01-25',1),
 (1594,'2012-02-03',1),
 (1595,'2012-01-30',1),
 (1596,'2012-01-31',1),
 (1597,'2012-02-01',1),
 (1597,'2012-02-02',1),
 (1599,'2012-02-04',1),
 (1600,'2012-02-04',1),
 (1604,'2011-12-16',1),
 (1608,'2012-01-18',1),
 (1609,'2012-01-17',1),
 (1610,'2012-01-18',1),
 (1611,'2012-01-04',1),
 (1612,'2012-01-04',1),
 (1613,'2012-01-09',1),
 (1614,'2012-01-13',1),
 (1615,'2012-01-13',1),
 (1617,'2012-01-18',1),
 (1619,'2012-01-18',1),
 (1621,'2012-01-19',1),
 (1622,'2012-01-19',1),
 (1624,'2012-01-12',1),
 (1625,'2011-12-15',1),
 (1629,'2012-02-07',1),
 (1629,'2012-02-08',1),
 (1634,'2011-12-21',1),
 (1649,'2012-01-09',1),
 (1649,'2012-01-10',1),
 (1649,'2012-01-11',1),
 (1649,'2012-01-12',1),
 (1649,'2012-01-13',1),
 (1649,'2012-01-14',1),
 (1649,'2012-01-16',1),
 (1649,'2012-01-19',1),
 (1650,'2012-01-09',1),
 (1650,'2012-01-10',1),
 (1650,'2012-01-11',1),
 (1651,'2012-01-09',1),
 (1651,'2012-01-10',1),
 (1653,'2012-01-12',1),
 (1653,'2012-01-13',1),
 (1656,'2012-01-31',1),
 (1665,'2012-01-10',1),
 (1666,'2012-01-07',1),
 (1667,'2012-01-10',1),
 (1668,'2012-01-12',1),
 (1669,'2012-01-18',1),
 (1670,'2012-01-20',1),
 (1671,'2012-01-03',1),
 (1672,'2012-01-30',1),
 (1673,'2012-01-30',1),
 (1674,'2012-02-01',1),
 (1675,'2012-02-03',1),
 (1676,'2012-02-03',1),
 (1677,'2012-01-24',1),
 (1678,'2012-02-07',1),
 (1679,'2012-02-08',1),
 (1683,'2011-12-19',1),
 (1687,'2012-01-05',1),
 (1689,'2012-01-11',1),
 (1690,'2012-01-03',1),
 (1692,'2012-01-20',1),
 (1692,'2012-01-21',1),
 (1694,'2012-01-23',1),
 (1703,'2011-12-16',1),
 (1705,'2011-12-16',1),
 (1707,'2011-12-20',1),
 (1708,'2012-01-19',1),
 (1709,'2012-01-04',1),
 (1710,'2012-02-06',1),
 (1714,'2011-12-20',1),
 (1715,'2011-12-15',1),
 (1716,'2011-12-15',1),
 (1720,'2011-12-19',1),
 (1720,'2011-12-20',1),
 (1721,'2011-12-28',1),
 (1722,'2011-12-22',1),
 (1723,'2011-12-22',1),
 (1724,'2011-12-21',1),
 (1726,'2012-01-05',1),
 (1727,'2012-01-04',1),
 (1728,'2011-12-19',1),
 (1730,'2011-12-19',1),
 (1730,'2011-12-20',1),
 (1731,'2011-12-16',1),
 (1731,'2011-12-17',1),
 (1731,'2011-12-19',1),
 (1734,'2012-01-06',1),
 (1734,'2012-01-07',1),
 (1734,'2012-01-09',1),
 (1734,'2012-01-10',1),
 (1735,'2011-12-21',1),
 (1736,'2011-12-21',1),
 (1737,'2011-12-19',1),
 (1738,'2011-12-22',1),
 (1740,'2011-12-22',1),
 (1741,'2012-01-04',1),
 (1742,'2011-12-22',1),
 (1742,'2011-12-23',1),
 (1742,'2011-12-24',1),
 (1742,'2011-12-26',1),
 (1742,'2011-12-27',1),
 (1742,'2011-12-28',1),
 (1744,'2011-12-21',1),
 (1745,'2011-12-15',1),
 (1745,'2011-12-16',1),
 (1745,'2011-12-17',1),
 (1745,'2011-12-19',1),
 (1746,'2011-12-21',1),
 (1747,'2011-12-19',1),
 (1748,'2011-12-22',1),
 (1752,'2011-12-16',1),
 (1753,'2011-12-16',1),
 (1753,'2011-12-20',1),
 (1756,'2011-12-16',1),
 (1756,'2011-12-17',1),
 (1756,'2011-12-19',1),
 (1761,'2011-12-21',1),
 (1765,'2012-01-17',1),
 (1770,'2011-12-22',1),
 (1771,'2011-12-20',1),
 (1772,'2011-12-19',1),
 (1773,'2011-12-28',1),
 (1774,'2011-12-28',1),
 (1775,'2011-12-29',1),
 (1776,'2011-12-29',1),
 (1779,'2011-12-19',1),
 (1779,'2011-12-20',1),
 (1784,'2012-01-16',1),
 (1785,'2012-01-16',1),
 (1791,'2011-12-19',1),
 (1791,'2011-12-20',1),
 (1791,'2011-12-21',1),
 (1791,'2011-12-22',1),
 (1791,'2011-12-23',1),
 (1791,'2011-12-24',1),
 (1791,'2011-12-26',1),
 (1791,'2011-12-27',1),
 (1791,'2011-12-31',1),
 (1791,'2012-01-02',1),
 (1791,'2012-01-03',1),
 (1791,'2012-01-04',1),
 (1792,'2011-12-20',1),
 (1793,'2011-12-19',1),
 (1796,'2011-12-19',1),
 (1796,'2011-12-20',1),
 (1796,'2011-12-21',1),
 (1796,'2011-12-22',1),
 (1796,'2011-12-23',1),
 (1796,'2011-12-26',1),
 (1796,'2011-12-27',1),
 (1796,'2011-12-28',1),
 (1796,'2011-12-29',1),
 (1796,'2011-12-30',1),
 (1796,'2011-12-31',1),
 (1796,'2012-01-02',1),
 (1796,'2012-01-03',1),
 (1796,'2012-01-04',1),
 (1796,'2012-01-05',1),
 (1796,'2012-01-06',1),
 (1796,'2012-01-07',1),
 (1796,'2012-01-09',1),
 (1796,'2012-01-10',1),
 (1796,'2012-01-11',1),
 (1796,'2012-01-12',1),
 (1796,'2012-01-13',1),
 (1796,'2012-01-14',1),
 (1796,'2012-01-16',1),
 (1796,'2012-01-17',1),
 (1796,'2012-01-18',1),
 (1796,'2012-01-19',1),
 (1799,'2012-01-04',1),
 (1799,'2012-01-05',1),
 (1799,'2012-01-06',1),
 (1799,'2012-01-07',1),
 (1799,'2012-01-09',1),
 (1799,'2012-01-10',1),
 (1799,'2012-01-12',1),
 (1801,'2011-12-21',1),
 (1804,'2011-12-19',1),
 (1804,'2011-12-20',1),
 (1806,'2011-12-22',1),
 (1807,'2011-12-20',1),
 (1810,'2011-12-22',1),
 (1811,'2011-12-20',1),
 (1811,'2011-12-21',1),
 (1811,'2011-12-22',1),
 (1811,'2011-12-23',1),
 (1811,'2011-12-24',1),
 (1811,'2011-12-26',1),
 (1811,'2011-12-27',1),
 (1811,'2011-12-28',1),
 (1811,'2011-12-29',1),
 (1811,'2011-12-30',1),
 (1813,'2011-12-31',1),
 (1813,'2012-01-02',1),
 (1818,'2012-01-04',1),
 (1834,'2011-12-21',1),
 (1835,'2011-12-29',1),
 (1840,'2011-12-21',1),
 (1843,'2011-12-30',1),
 (1843,'2011-12-31',1),
 (1843,'2012-01-02',1),
 (1845,'2011-12-20',1),
 (1845,'2011-12-21',1),
 (1847,'2011-12-28',1),
 (1849,'2012-01-04',1),
 (1850,'2011-12-21',1),
 (1860,'2011-12-21',1),
 (1860,'2011-12-22',1),
 (1860,'2011-12-23',1),
 (1860,'2011-12-24',1),
 (1860,'2011-12-26',1),
 (1860,'2011-12-27',1),
 (1860,'2011-12-28',1),
 (1860,'2011-12-29',1),
 (1860,'2011-12-30',1),
 (1862,'2011-12-20',1),
 (1862,'2011-12-21',1),
 (1864,'2011-12-21',1),
 (1874,'2011-12-21',1),
 (1875,'2011-12-22',1),
 (1876,'2011-12-21',1),
 (1876,'2011-12-22',1),
 (1878,'2011-12-22',1),
 (1878,'2011-12-23',1),
 (1878,'2011-12-24',1),
 (1878,'2011-12-26',1),
 (1878,'2011-12-27',1),
 (1878,'2011-12-28',1),
 (1878,'2011-12-29',1),
 (1878,'2011-12-30',1),
 (1878,'2011-12-31',1),
 (1878,'2012-01-02',1),
 (1878,'2012-01-03',1),
 (1878,'2012-01-04',1),
 (1879,'2011-12-22',1),
 (1879,'2011-12-23',1),
 (1879,'2011-12-24',1),
 (1879,'2011-12-26',1),
 (1879,'2011-12-27',1),
 (1879,'2011-12-28',1),
 (1879,'2011-12-29',1),
 (1879,'2011-12-30',1),
 (1879,'2011-12-31',1),
 (1879,'2012-01-02',1),
 (1879,'2012-01-03',1),
 (1880,'2011-12-21',1),
 (1881,'2011-12-28',1),
 (1884,'2011-12-30',1),
 (1887,'2012-01-09',1),
 (1887,'2012-01-10',1),
 (1887,'2012-01-11',1),
 (1887,'2012-01-12',1),
 (1895,'2011-12-22',1),
 (1898,'2011-12-22',1),
 (1898,'2011-12-23',1),
 (1899,'2011-12-22',1),
 (1899,'2011-12-23',1),
 (1900,'2012-01-04',1),
 (1908,'2011-12-28',1),
 (1916,'2012-01-03',1),
 (1918,'2012-01-10',1),
 (1932,'2012-01-04',1),
 (1938,'2011-12-28',1),
 (1939,'2011-12-28',1),
 (1939,'2011-12-29',1),
 (1944,'2012-01-03',1),
 (1948,'2011-12-28',1),
 (1960,'2011-12-28',1),
 (1960,'2011-12-29',1),
 (1960,'2011-12-30',1),
 (1960,'2011-12-31',1),
 (1960,'2012-01-02',1),
 (1960,'2012-01-03',1),
 (1961,'2011-12-28',1),
 (1961,'2011-12-29',1),
 (1961,'2011-12-30',1),
 (1962,'2011-12-28',1),
 (1962,'2011-12-29',1),
 (1963,'2011-12-28',1),
 (1963,'2011-12-29',1),
 (1963,'2011-12-30',1),
 (1965,'2012-01-03',1),
 (1966,'2012-01-11',1),
 (1969,'2012-01-03',1),
 (1969,'2012-01-04',1),
 (1969,'2012-01-05',1),
 (1969,'2012-01-06',1),
 (1969,'2012-01-07',1),
 (1969,'2012-01-09',1),
 (1969,'2012-01-12',1),
 (1969,'2012-01-13',1),
 (1969,'2012-01-14',1),
 (1969,'2012-01-16',1),
 (1969,'2012-01-17',1),
 (1969,'2012-01-18',1),
 (1969,'2012-01-20',1),
 (1972,'2012-01-09',1),
 (1972,'2012-01-10',1),
 (1980,'2012-01-09',1),
 (1980,'2012-01-10',1),
 (1980,'2012-01-11',1),
 (1980,'2012-01-12',1),
 (1980,'2012-01-13',1),
 (1980,'2012-01-14',1),
 (1980,'2012-01-16',1),
 (1980,'2012-01-17',1),
 (1980,'2012-01-18',1),
 (1980,'2012-01-19',1),
 (1982,'2011-12-30',1),
 (1983,'2011-12-30',1),
 (1986,'2012-01-03',1),
 (1989,'2012-01-16',1),
 (1989,'2012-01-17',1),
 (1989,'2012-01-18',1),
 (1995,'2012-01-04',1),
 (2004,'2012-01-03',1),
 (2009,'2012-01-10',1),
 (2010,'2012-01-11',1),
 (2011,'2012-01-04',1),
 (2012,'2012-01-03',1),
 (2012,'2012-01-04',1),
 (2012,'2012-01-05',1),
 (2012,'2012-01-06',1),
 (2013,'2012-01-19',1),
 (2014,'2012-01-04',1),
 (2015,'2012-01-04',1),
 (2017,'2012-01-03',1),
 (2018,'2012-01-03',1),
 (2020,'2012-01-05',1),
 (2022,'2012-01-09',1),
 (2022,'2012-01-10',1),
 (2025,'2012-01-16',1),
 (2025,'2012-01-17',1),
 (2025,'2012-01-18',1),
 (2025,'2012-01-19',1),
 (2025,'2012-01-20',1),
 (2025,'2012-01-21',1),
 (2025,'2012-01-23',1),
 (2025,'2012-01-24',1),
 (2025,'2012-01-25',1),
 (2025,'2012-01-26',1),
 (2025,'2012-01-27',1),
 (2025,'2012-01-28',1),
 (2025,'2012-01-30',1),
 (2026,'2012-01-04',1),
 (2026,'2012-01-05',1),
 (2026,'2012-01-06',1),
 (2026,'2012-01-07',1),
 (2026,'2012-01-09',1),
 (2026,'2012-01-10',1),
 (2026,'2012-01-11',1),
 (2026,'2012-01-12',1),
 (2026,'2012-01-13',1),
 (2026,'2012-01-14',1),
 (2026,'2012-01-16',1),
 (2026,'2012-01-18',1),
 (2027,'2012-01-05',1),
 (2027,'2012-01-06',1),
 (2027,'2012-01-07',1),
 (2027,'2012-01-09',1),
 (2027,'2012-01-10',1),
 (2028,'2012-01-09',1),
 (2032,'2012-01-09',1),
 (2034,'2012-01-05',1),
 (2043,'2012-01-30',1),
 (2043,'2012-01-31',1),
 (2044,'2012-01-30',1),
 (2044,'2012-01-31',1),
 (2044,'2012-02-01',1),
 (2045,'2012-01-12',1),
 (2046,'2012-01-16',1),
 (2046,'2012-01-17',1),
 (2046,'2012-01-18',1),
 (2046,'2012-01-23',1),
 (2046,'2012-01-24',1),
 (2046,'2012-01-25',1),
 (2046,'2012-01-26',1),
 (2046,'2012-01-27',1),
 (2046,'2012-01-28',1),
 (2046,'2012-01-30',1),
 (2046,'2012-01-31',1),
 (2046,'2012-02-01',1),
 (2046,'2012-02-02',1),
 (2046,'2012-02-03',1),
 (2046,'2012-02-04',1),
 (2046,'2012-02-06',1),
 (2046,'2012-02-07',1),
 (2046,'2012-02-08',1),
 (2048,'2012-01-10',1),
 (2048,'2012-01-11',1),
 (2048,'2012-01-12',1),
 (2048,'2012-01-13',1),
 (2048,'2012-01-14',1),
 (2048,'2012-01-17',1),
 (2049,'2012-01-23',1),
 (2049,'2012-01-25',1),
 (2050,'2012-02-03',1),
 (2054,'2012-02-08',1),
 (2055,'2012-01-09',1),
 (2055,'2012-01-10',1),
 (2055,'2012-01-11',1),
 (2055,'2012-01-12',1),
 (2055,'2012-01-13',1),
 (2055,'2012-01-14',1),
 (2055,'2012-01-16',1),
 (2055,'2012-01-17',1),
 (2055,'2012-01-18',1),
 (2055,'2012-01-19',1),
 (2055,'2012-01-20',1),
 (2055,'2012-01-21',1),
 (2055,'2012-01-23',1),
 (2062,'2012-01-07',1),
 (2063,'2012-01-12',1),
 (2063,'2012-01-13',1),
 (2064,'2012-01-07',1),
 (2065,'2012-01-11',1),
 (2068,'2012-01-10',1),
 (2069,'2012-01-23',1),
 (2069,'2012-01-24',1),
 (2069,'2012-01-27',1),
 (2073,'2012-01-04',1),
 (2073,'2012-01-05',1),
 (2073,'2012-01-10',1),
 (2074,'2012-01-05',1),
 (2076,'2012-01-05',1),
 (2077,'2012-01-06',1),
 (2077,'2012-01-07',1),
 (2078,'2012-01-06',1),
 (2078,'2012-01-07',1),
 (2080,'2012-01-05',1),
 (2082,'2012-01-07',1),
 (2084,'2012-01-06',1),
 (2088,'2012-01-10',1),
 (2089,'2012-01-06',1),
 (2092,'2012-01-09',1),
 (2092,'2012-01-10',1),
 (2093,'2012-01-05',1),
 (2094,'2012-01-05',1),
 (2094,'2012-01-07',1),
 (2094,'2012-01-09',1),
 (2098,'2012-01-09',1),
 (2099,'2012-01-17',1),
 (2099,'2012-01-18',1),
 (2102,'2012-01-05',1),
 (2104,'2012-01-11',1),
 (2105,'2012-01-09',1),
 (2106,'2012-01-11',1),
 (2107,'2012-01-11',1),
 (2112,'2012-01-12',1),
 (2112,'2012-01-13',1),
 (2112,'2012-01-14',1),
 (2112,'2012-01-16',1),
 (2114,'2012-01-05',1),
 (2114,'2012-01-06',1),
 (2115,'2012-01-06',1),
 (2116,'2012-01-05',1),
 (2116,'2012-01-06',1),
 (2116,'2012-01-07',1),
 (2116,'2012-01-09',1),
 (2116,'2012-01-10',1),
 (2117,'2012-01-05',1),
 (2118,'2012-01-05',1),
 (2119,'2012-01-05',1),
 (2121,'2012-01-11',1),
 (2125,'2012-01-10',1),
 (2126,'2012-01-06',1),
 (2127,'2012-01-11',1),
 (2129,'2012-01-09',1),
 (2130,'2012-01-09',1),
 (2131,'2012-01-09',1),
 (2133,'2012-01-06',1),
 (2134,'2012-01-06',1),
 (2136,'2012-01-16',1),
 (2137,'2012-01-19',1),
 (2137,'2012-01-20',1),
 (2139,'2012-01-06',1),
 (2140,'2012-01-31',1),
 (2159,'2012-01-07',1),
 (2160,'2012-01-10',1),
 (2160,'2012-01-11',1),
 (2169,'2012-01-30',1),
 (2169,'2012-01-31',1),
 (2170,'2012-01-30',1),
 (2170,'2012-01-31',1),
 (2173,'2012-01-11',1),
 (2173,'2012-01-12',1),
 (2174,'2012-01-16',1),
 (2175,'2012-01-16',1),
 (2175,'2012-01-20',1),
 (2176,'2012-01-09',1),
 (2176,'2012-01-10',1),
 (2176,'2012-01-11',1),
 (2176,'2012-01-12',1),
 (2176,'2012-01-13',1),
 (2176,'2012-01-14',1),
 (2176,'2012-01-16',1),
 (2176,'2012-01-19',1),
 (2176,'2012-01-20',1),
 (2176,'2012-01-21',1),
 (2176,'2012-01-24',1),
 (2177,'2012-01-16',1),
 (2179,'2012-01-06',1),
 (2180,'2012-01-10',1),
 (2182,'2012-01-06',1),
 (2183,'2012-01-12',1),
 (2185,'2012-01-09',1),
 (2185,'2012-01-10',1),
 (2185,'2012-01-11',1),
 (2185,'2012-01-19',1),
 (2185,'2012-01-20',1),
 (2185,'2012-01-24',1),
 (2185,'2012-01-26',1),
 (2185,'2012-01-27',1),
 (2185,'2012-01-28',1),
 (2185,'2012-01-30',1),
 (2186,'2012-01-10',1),
 (2186,'2012-01-11',1),
 (2186,'2012-01-12',1),
 (2203,'2012-01-12',1),
 (2205,'2012-01-09',1),
 (2207,'2012-01-10',1),
 (2212,'2012-01-23',1),
 (2212,'2012-01-24',1),
 (2214,'2012-01-17',1),
 (2215,'2012-01-12',1),
 (2224,'2012-01-12',1),
 (2227,'2012-01-16',1),
 (2227,'2012-01-17',1),
 (2227,'2012-01-18',1),
 (2227,'2012-01-25',1),
 (2227,'2012-01-26',1),
 (2227,'2012-01-27',1),
 (2227,'2012-01-28',1),
 (2227,'2012-01-30',1),
 (2227,'2012-01-31',1),
 (2227,'2012-02-01',1),
 (2227,'2012-02-02',1),
 (2227,'2012-02-04',1),
 (2230,'2012-01-09',1),
 (2230,'2012-01-10',1),
 (2236,'2012-01-16',1),
 (2236,'2012-01-17',1),
 (2237,'2012-01-11',1),
 (2238,'2012-01-09',1),
 (2239,'2012-01-09',1),
 (2240,'2012-01-14',1),
 (2240,'2012-01-20',1),
 (2243,'2012-01-11',1),
 (2243,'2012-01-12',1),
 (2243,'2012-01-13',1),
 (2243,'2012-01-14',1),
 (2243,'2012-01-16',1),
 (2243,'2012-01-17',1),
 (2243,'2012-01-18',1),
 (2243,'2012-01-19',1),
 (2243,'2012-01-20',1),
 (2243,'2012-01-21',1),
 (2243,'2012-01-23',1),
 (2243,'2012-01-25',1),
 (2243,'2012-01-26',1),
 (2243,'2012-01-27',1),
 (2243,'2012-01-31',1),
 (2244,'2012-01-10',1),
 (2244,'2012-01-11',1),
 (2248,'2012-01-10',1),
 (2250,'2012-01-09',1),
 (2253,'2012-01-09',1),
 (2255,'2012-01-09',1),
 (2256,'2012-01-09',1),
 (2256,'2012-01-10',1),
 (2256,'2012-01-11',1),
 (2256,'2012-01-12',1),
 (2256,'2012-01-13',1),
 (2256,'2012-01-14',1),
 (2256,'2012-01-16',1),
 (2257,'2012-01-09',1),
 (2258,'2012-01-09',1),
 (2258,'2012-01-10',1),
 (2258,'2012-01-11',1),
 (2258,'2012-01-12',1),
 (2258,'2012-01-13',1),
 (2258,'2012-01-14',1),
 (2258,'2012-01-16',1),
 (2260,'2012-01-13',1),
 (2260,'2012-01-14',1),
 (2260,'2012-01-16',1),
 (2260,'2012-01-17',1),
 (2260,'2012-01-18',1),
 (2260,'2012-01-19',1),
 (2261,'2012-01-13',1),
 (2261,'2012-01-14',1),
 (2261,'2012-01-16',1),
 (2261,'2012-01-17',1),
 (2261,'2012-01-18',1),
 (2261,'2012-01-19',1),
 (2262,'2012-01-10',1),
 (2263,'2012-01-12',1),
 (2264,'2012-01-17',1),
 (2265,'2012-01-10',1),
 (2266,'2012-01-13',1),
 (2267,'2012-01-13',1),
 (2268,'2012-01-13',1),
 (2269,'2012-01-12',1),
 (2278,'2012-01-10',1),
 (2279,'2012-01-16',1),
 (2280,'2012-01-17',1),
 (2288,'2012-01-13',1),
 (2290,'2012-01-13',1),
 (2291,'2012-01-10',1),
 (2292,'2012-01-13',1),
 (2293,'2012-01-10',1),
 (2299,'2012-01-10',1),
 (2302,'2012-01-11',1),
 (2303,'2012-01-12',1),
 (2306,'2012-01-10',1),
 (2306,'2012-01-11',1),
 (2306,'2012-01-16',1),
 (2307,'2012-01-10',1),
 (2307,'2012-01-11',1),
 (2307,'2012-01-12',1),
 (2308,'2012-01-10',1),
 (2308,'2012-01-11',1),
 (2308,'2012-01-12',1),
 (2312,'2012-01-10',1),
 (2313,'2012-01-10',1),
 (2316,'2012-01-10',1),
 (2318,'2012-01-11',1),
 (2322,'2012-01-16',1),
 (2322,'2012-01-17',1),
 (2323,'2012-01-24',1),
 (2323,'2012-01-25',1),
 (2323,'2012-01-27',1),
 (2323,'2012-01-28',1),
 (2323,'2012-02-04',1),
 (2324,'2012-01-11',1),
 (2324,'2012-01-12',1),
 (2325,'2012-01-31',1),
 (2325,'2012-02-01',1),
 (2325,'2012-02-02',1),
 (2326,'2012-01-31',1),
 (2326,'2012-02-01',1),
 (2326,'2012-02-02',1),
 (2326,'2012-02-03',1),
 (2328,'2012-01-11',1),
 (2329,'2012-01-23',1),
 (2330,'2012-01-23',1),
 (2330,'2012-01-25',1),
 (2331,'2012-01-23',1),
 (2331,'2012-01-24',1),
 (2332,'2012-01-23',1),
 (2332,'2012-01-24',1),
 (2339,'2012-01-11',1),
 (2340,'2012-01-17',1),
 (2342,'2012-01-16',1),
 (2343,'2012-01-11',1),
 (2346,'2012-01-12',1),
 (2346,'2012-01-13',1),
 (2346,'2012-01-14',1),
 (2346,'2012-01-16',1),
 (2348,'2012-01-11',1),
 (2351,'2012-01-25',1),
 (2352,'2012-01-11',1),
 (2353,'2012-01-11',1),
 (2356,'2012-01-17',1),
 (2359,'2012-01-17',1),
 (2360,'2012-01-23',1),
 (2364,'2012-01-18',1),
 (2364,'2012-01-19',1),
 (2364,'2012-01-20',1),
 (2367,'2012-01-18',1),
 (2367,'2012-01-19',1),
 (2367,'2012-01-20',1),
 (2368,'2012-01-19',1),
 (2369,'2012-01-20',1),
 (2371,'2012-01-19',1),
 (2371,'2012-01-20',1),
 (2372,'2012-01-18',1),
 (2372,'2012-01-19',1),
 (2372,'2012-01-20',1),
 (2372,'2012-01-21',1),
 (2373,'2012-01-25',1),
 (2376,'2012-01-19',1),
 (2379,'2012-01-18',1),
 (2380,'2012-01-27',1),
 (2380,'2012-02-07',1),
 (2380,'2012-02-08',1),
 (2381,'2012-01-18',1),
 (2382,'2012-01-27',1),
 (2382,'2012-01-28',1),
 (2382,'2012-01-31',1),
 (2382,'2012-02-01',1),
 (2382,'2012-02-02',1),
 (2382,'2012-02-03',1),
 (2382,'2012-02-04',1),
 (2382,'2012-02-06',1),
 (2382,'2012-02-07',1),
 (2382,'2012-02-08',1),
 (2383,'2012-01-11',1),
 (2384,'2012-01-14',1),
 (2384,'2012-01-16',1),
 (2384,'2012-01-17',1),
 (2384,'2012-01-18',1),
 (2384,'2012-01-19',1),
 (2384,'2012-01-20',1),
 (2384,'2012-01-21',1),
 (2384,'2012-01-23',1),
 (2384,'2012-01-24',1),
 (2384,'2012-01-25',1),
 (2384,'2012-01-26',1),
 (2385,'2012-01-12',1),
 (2386,'2012-01-14',1),
 (2387,'2012-01-17',1),
 (2387,'2012-01-18',1),
 (2387,'2012-01-19',1),
 (2388,'2012-01-12',1),
 (2389,'2012-01-14',1),
 (2394,'2012-01-17',1),
 (2404,'2012-01-16',1),
 (2404,'2012-01-17',1),
 (2405,'2012-01-19',1),
 (2406,'2012-01-18',1),
 (2408,'2012-01-12',1),
 (2410,'2012-01-23',1),
 (2412,'2012-01-17',1),
 (2412,'2012-01-30',1),
 (2414,'2012-01-17',1),
 (2414,'2012-01-18',1),
 (2414,'2012-01-19',1),
 (2414,'2012-01-20',1),
 (2414,'2012-01-21',1),
 (2414,'2012-01-23',1),
 (2414,'2012-01-24',1),
 (2414,'2012-01-25',1),
 (2414,'2012-01-26',1),
 (2414,'2012-01-27',1),
 (2414,'2012-01-28',1),
 (2414,'2012-01-30',1),
 (2416,'2012-01-19',1),
 (2422,'2012-02-01',1),
 (2424,'2012-01-16',1),
 (2424,'2012-01-19',1),
 (2424,'2012-01-27',1),
 (2425,'2012-01-16',1),
 (2425,'2012-01-19',1),
 (2425,'2012-01-25',1),
 (2425,'2012-01-26',1),
 (2425,'2012-01-27',1),
 (2425,'2012-01-28',1),
 (2426,'2012-01-30',1),
 (2427,'2012-01-30',1),
 (2427,'2012-01-31',1),
 (2427,'2012-02-06',1),
 (2429,'2012-01-16',1),
 (2431,'2012-02-01',1),
 (2431,'2012-02-02',1),
 (2433,'2012-02-01',1),
 (2433,'2012-02-02',1),
 (2433,'2012-02-03',1),
 (2433,'2012-02-04',1),
 (2438,'2012-01-20',1),
 (2438,'2012-01-21',1),
 (2438,'2012-01-25',1),
 (2438,'2012-01-26',1),
 (2438,'2012-01-27',1),
 (2440,'2012-01-16',1),
 (2441,'2012-01-12',1),
 (2441,'2012-01-13',1),
 (2442,'2012-01-20',1),
 (2442,'2012-01-21',1),
 (2443,'2012-01-17',1),
 (2445,'2012-01-17',1),
 (2446,'2012-01-25',1),
 (2446,'2012-01-26',1),
 (2446,'2012-01-28',1),
 (2447,'2012-01-13',1),
 (2449,'2012-01-18',1),
 (2453,'2012-02-04',1),
 (2458,'2012-01-14',1),
 (2459,'2012-01-14',1),
 (2460,'2012-01-14',1),
 (2462,'2012-01-18',1),
 (2462,'2012-01-19',1),
 (2463,'2012-01-19',1),
 (2470,'2012-01-24',1),
 (2472,'2012-01-23',1),
 (2472,'2012-01-24',1),
 (2472,'2012-01-25',1),
 (2472,'2012-01-26',1),
 (2472,'2012-01-27',1),
 (2472,'2012-01-28',1),
 (2472,'2012-01-30',1),
 (2475,'2012-01-16',1),
 (2475,'2012-01-17',1),
 (2476,'2012-01-16',1),
 (2476,'2012-01-17',1),
 (2476,'2012-01-18',1),
 (2476,'2012-01-19',1),
 (2476,'2012-01-20',1),
 (2476,'2012-01-23',1),
 (2476,'2012-01-24',1),
 (2477,'2012-01-16',1),
 (2477,'2012-01-17',1),
 (2477,'2012-01-18',1),
 (2477,'2012-01-19',1),
 (2477,'2012-01-20',1),
 (2477,'2012-01-21',1),
 (2477,'2012-01-23',1),
 (2479,'2012-01-20',1),
 (2484,'2012-01-20',1),
 (2491,'2012-01-31',1),
 (2491,'2012-02-01',1),
 (2492,'2012-02-01',1),
 (2492,'2012-02-02',1),
 (2493,'2012-02-02',1),
 (2494,'2012-02-06',1),
 (2494,'2012-02-07',1),
 (2499,'2012-01-17',1),
 (2504,'2012-01-18',1),
 (2505,'2012-01-17',1),
 (2512,'2012-01-16',1),
 (2512,'2012-01-17',1),
 (2518,'2012-01-24',1),
 (2524,'2012-01-18',1),
 (2525,'2012-01-20',1),
 (2526,'2012-01-23',1),
 (2530,'2012-01-17',1),
 (2533,'2012-01-24',1),
 (2544,'2012-01-19',1),
 (2552,'2012-01-24',1),
 (2554,'2012-01-31',1),
 (2554,'2012-02-01',1),
 (2555,'2012-01-19',1),
 (2555,'2012-01-20',1),
 (2555,'2012-01-21',1),
 (2556,'2012-01-17',1),
 (2556,'2012-01-18',1),
 (2557,'2012-01-19',1),
 (2557,'2012-01-20',1),
 (2558,'2012-01-23',1),
 (2559,'2012-01-16',1),
 (2559,'2012-01-17',1),
 (2562,'2012-01-31',1),
 (2565,'2012-01-24',1),
 (2566,'2012-01-18',1),
 (2567,'2012-01-19',1),
 (2568,'2012-02-01',1),
 (2568,'2012-02-02',1),
 (2568,'2012-02-03',1),
 (2568,'2012-02-04',1),
 (2571,'2012-01-26',1),
 (2571,'2012-01-27',1),
 (2571,'2012-01-28',1),
 (2571,'2012-01-30',1),
 (2571,'2012-02-02',1),
 (2572,'2012-01-25',1),
 (2572,'2012-01-26',1),
 (2572,'2012-01-27',1),
 (2572,'2012-01-28',1),
 (2572,'2012-01-30',1),
 (2572,'2012-02-02',1),
 (2572,'2012-02-03',1),
 (2573,'2012-01-25',1),
 (2573,'2012-01-26',1),
 (2573,'2012-01-27',1),
 (2573,'2012-01-28',1),
 (2573,'2012-01-30',1),
 (2573,'2012-02-02',1),
 (2573,'2012-02-03',1),
 (2573,'2012-02-04',1),
 (2576,'2012-01-31',1),
 (2576,'2012-02-01',1),
 (2577,'2012-01-31',1),
 (2577,'2012-02-01',1),
 (2578,'2012-01-23',1),
 (2579,'2012-01-23',1),
 (2579,'2012-01-24',1),
 (2580,'2012-01-18',1),
 (2582,'2012-01-18',1),
 (2584,'2012-01-30',1),
 (2585,'2012-01-30',1),
 (2585,'2012-01-31',1),
 (2587,'2012-01-25',1),
 (2588,'2012-01-30',1),
 (2590,'2012-01-24',1),
 (2592,'2012-01-30',1),
 (2592,'2012-02-02',1),
 (2593,'2012-01-24',1),
 (2594,'2012-01-19',1),
 (2596,'2012-01-24',1),
 (2597,'2012-01-25',1),
 (2598,'2012-02-07',1),
 (2599,'2012-02-01',1),
 (2600,'2012-01-17',1),
 (2600,'2012-01-18',1),
 (2600,'2012-01-19',1),
 (2601,'2012-01-31',1),
 (2602,'2012-01-20',1),
 (2603,'2012-01-25',1),
 (2604,'2012-01-23',1),
 (2606,'2012-02-06',1),
 (2611,'2012-01-18',1),
 (2611,'2012-01-19',1),
 (2612,'2012-02-07',1),
 (2614,'2012-02-02',1),
 (2620,'2012-01-18',1),
 (2624,'2012-01-18',1),
 (2626,'2012-01-18',1),
 (2626,'2012-01-19',1),
 (2626,'2012-01-20',1),
 (2626,'2012-01-21',1),
 (2628,'2012-01-24',1),
 (2631,'2012-01-30',1),
 (2631,'2012-01-31',1),
 (2631,'2012-02-01',1),
 (2633,'2012-02-01',1),
 (2633,'2012-02-02',1),
 (2633,'2012-02-04',1),
 (2633,'2012-02-07',1),
 (2634,'2012-01-19',1),
 (2637,'2012-02-02',1),
 (2643,'2012-01-19',1),
 (2643,'2012-01-20',1),
 (2647,'2012-01-19',1),
 (2647,'2012-01-20',1),
 (2649,'2012-01-20',1),
 (2649,'2012-01-21',1),
 (2649,'2012-01-23',1),
 (2651,'2012-01-25',1),
 (2654,'2012-01-19',1),
 (2658,'2012-01-19',1),
 (2658,'2012-01-21',1),
 (2658,'2012-01-23',1),
 (2664,'2012-01-19',1),
 (2665,'2012-01-21',1),
 (2666,'2012-01-21',1),
 (2668,'2012-01-23',1),
 (2668,'2012-01-24',1),
 (2669,'2012-01-23',1),
 (2669,'2012-01-24',1),
 (2670,'2012-01-24',1),
 (2671,'2012-01-19',1),
 (2672,'2012-01-25',1),
 (2673,'2012-01-19',1),
 (2676,'2012-01-23',1),
 (2676,'2012-01-26',1),
 (2676,'2012-01-27',1),
 (2676,'2012-01-28',1),
 (2676,'2012-01-30',1),
 (2676,'2012-01-31',1),
 (2676,'2012-02-01',1),
 (2677,'2012-01-23',1),
 (2677,'2012-01-24',1),
 (2677,'2012-01-26',1),
 (2677,'2012-01-27',1),
 (2677,'2012-01-28',1),
 (2677,'2012-01-30',1),
 (2677,'2012-01-31',1),
 (2679,'2012-01-21',1),
 (2680,'2012-01-21',1),
 (2681,'2012-01-19',1),
 (2682,'2012-01-19',1),
 (2682,'2012-01-20',1),
 (2682,'2012-01-21',1),
 (2682,'2012-01-23',1),
 (2682,'2012-01-24',1),
 (2682,'2012-01-25',1),
 (2682,'2012-01-26',1),
 (2682,'2012-01-27',1),
 (2682,'2012-01-28',1),
 (2682,'2012-01-30',1),
 (2682,'2012-01-31',1),
 (2682,'2012-02-01',1),
 (2682,'2012-02-02',1),
 (2683,'2012-01-23',1),
 (2684,'2012-01-23',1),
 (2686,'2012-02-06',1),
 (2688,'2012-01-21',1),
 (2690,'2012-02-01',1),
 (2693,'2012-01-23',1),
 (2695,'2012-01-19',1),
 (2698,'2012-02-02',1),
 (2711,'2012-02-07',1),
 (2711,'2012-02-08',1),
 (2714,'2012-01-23',1),
 (2714,'2012-01-24',1),
 (2714,'2012-01-25',1),
 (2716,'2012-01-20',1),
 (2717,'2012-01-23',1),
 (2717,'2012-01-24',1),
 (2717,'2012-01-25',1),
 (2717,'2012-01-26',1),
 (2718,'2012-01-24',1),
 (2718,'2012-01-25',1),
 (2718,'2012-01-26',1),
 (2719,'2012-01-24',1),
 (2719,'2012-01-25',1),
 (2719,'2012-01-26',1),
 (2720,'2012-01-25',1),
 (2720,'2012-01-26',1),
 (2728,'2012-01-23',1),
 (2728,'2012-01-24',1),
 (2728,'2012-01-25',1),
 (2728,'2012-01-27',1),
 (2728,'2012-01-28',1),
 (2728,'2012-01-30',1),
 (2728,'2012-01-31',1),
 (2728,'2012-02-01',1),
 (2728,'2012-02-02',1),
 (2728,'2012-02-03',1),
 (2728,'2012-02-04',1),
 (2728,'2012-02-06',1),
 (2728,'2012-02-07',1),
 (2728,'2012-02-08',1),
 (2729,'2012-01-23',1),
 (2729,'2012-01-24',1),
 (2729,'2012-01-25',1),
 (2729,'2012-01-26',1),
 (2729,'2012-01-27',1),
 (2729,'2012-01-28',1),
 (2729,'2012-01-30',1),
 (2729,'2012-01-31',1),
 (2729,'2012-02-01',1),
 (2729,'2012-02-02',1),
 (2729,'2012-02-03',1),
 (2729,'2012-02-04',1),
 (2729,'2012-02-06',1),
 (2729,'2012-02-07',1),
 (2729,'2012-02-08',1),
 (2730,'2012-01-23',1),
 (2730,'2012-01-24',1),
 (2730,'2012-01-25',1),
 (2730,'2012-01-26',1),
 (2730,'2012-01-27',1),
 (2730,'2012-01-28',1),
 (2730,'2012-01-30',1);
INSERT INTO `work_order_day_entries` (`work_order_id`,`entry_date`,`off_road_reason_id`) VALUES 
 (2730,'2012-01-31',1),
 (2730,'2012-02-01',1),
 (2730,'2012-02-02',1),
 (2730,'2012-02-03',1),
 (2730,'2012-02-04',1),
 (2730,'2012-02-06',1),
 (2730,'2012-02-08',1),
 (2731,'2012-01-23',1),
 (2731,'2012-01-24',1),
 (2731,'2012-01-25',1),
 (2731,'2012-01-26',1),
 (2731,'2012-01-27',1),
 (2731,'2012-01-28',1),
 (2731,'2012-01-30',1),
 (2731,'2012-01-31',1),
 (2731,'2012-02-01',1),
 (2731,'2012-02-02',1),
 (2731,'2012-02-03',1),
 (2731,'2012-02-04',1),
 (2731,'2012-02-06',1),
 (2731,'2012-02-07',1),
 (2731,'2012-02-08',1),
 (2733,'2012-01-23',1),
 (2733,'2012-01-24',1),
 (2733,'2012-01-25',1),
 (2733,'2012-01-26',1),
 (2733,'2012-01-27',1),
 (2733,'2012-01-28',1),
 (2733,'2012-01-30',1),
 (2733,'2012-02-01',1),
 (2733,'2012-02-02',1),
 (2733,'2012-02-03',1),
 (2733,'2012-02-06',1),
 (2733,'2012-02-07',1),
 (2733,'2012-02-08',1),
 (2734,'2012-01-23',1),
 (2734,'2012-01-24',1),
 (2734,'2012-01-25',1),
 (2734,'2012-01-26',1),
 (2734,'2012-01-27',1),
 (2734,'2012-01-28',1),
 (2734,'2012-01-30',1),
 (2734,'2012-01-31',1),
 (2734,'2012-02-01',1),
 (2734,'2012-02-02',1),
 (2734,'2012-02-03',1),
 (2734,'2012-02-04',1),
 (2734,'2012-02-06',1),
 (2734,'2012-02-08',1),
 (2735,'2012-01-23',1),
 (2735,'2012-01-24',1),
 (2735,'2012-01-25',1),
 (2735,'2012-01-26',1),
 (2735,'2012-01-27',1),
 (2735,'2012-01-28',1),
 (2735,'2012-01-30',1),
 (2735,'2012-01-31',1),
 (2735,'2012-02-01',1),
 (2735,'2012-02-02',1),
 (2735,'2012-02-03',1),
 (2735,'2012-02-04',1),
 (2735,'2012-02-06',1),
 (2735,'2012-02-07',1),
 (2735,'2012-02-08',1),
 (2736,'2012-01-23',1),
 (2736,'2012-01-24',1),
 (2736,'2012-01-25',1),
 (2736,'2012-01-26',1),
 (2736,'2012-01-27',1),
 (2736,'2012-01-28',1),
 (2736,'2012-01-30',1),
 (2736,'2012-01-31',1),
 (2736,'2012-02-01',1),
 (2736,'2012-02-02',1),
 (2736,'2012-02-03',1),
 (2736,'2012-02-04',1),
 (2736,'2012-02-06',1),
 (2736,'2012-02-08',1),
 (2739,'2012-01-23',1),
 (2741,'2012-01-21',1),
 (2744,'2012-01-21',1),
 (2744,'2012-01-23',1),
 (2744,'2012-01-24',1),
 (2744,'2012-01-25',1),
 (2752,'2012-02-06',1),
 (2754,'2012-01-21',1),
 (2756,'2012-02-06',1),
 (2758,'2012-01-30',1),
 (2760,'2012-01-20',1),
 (2775,'2012-02-07',1),
 (2783,'2012-02-02',1),
 (2783,'2012-02-03',1),
 (2783,'2012-02-04',1),
 (2783,'2012-02-06',1),
 (2783,'2012-02-07',1),
 (2784,'2012-02-02',1),
 (2784,'2012-02-03',1),
 (2784,'2012-02-04',1),
 (2784,'2012-02-06',1),
 (2784,'2012-02-07',1),
 (2784,'2012-02-08',1),
 (2794,'2012-01-31',1),
 (2795,'2012-02-06',1),
 (2796,'2012-02-06',1),
 (2799,'2012-01-31',1),
 (2801,'2012-01-21',1),
 (2803,'2012-01-30',1),
 (2803,'2012-01-31',1),
 (2805,'2012-01-23',1),
 (2809,'2012-01-25',1),
 (2812,'2012-02-02',1),
 (2812,'2012-02-03',1),
 (2812,'2012-02-04',1),
 (2813,'2012-01-25',1),
 (2813,'2012-01-26',1),
 (2814,'2012-02-01',1),
 (2815,'2012-02-02',1),
 (2819,'2012-01-27',1),
 (2821,'2012-01-31',1),
 (2822,'2012-02-02',1),
 (2823,'2012-02-01',1),
 (2824,'2012-01-30',1),
 (2825,'2012-01-30',1),
 (2825,'2012-02-02',1),
 (2825,'2012-02-03',1),
 (2825,'2012-02-04',1),
 (2826,'2012-01-30',1),
 (2833,'2012-01-25',1),
 (2835,'2012-02-01',1),
 (2836,'2012-02-01',1),
 (2842,'2012-01-25',1),
 (2845,'2012-02-06',1),
 (2847,'2012-02-07',1),
 (2847,'2012-02-08',1),
 (2850,'2012-02-07',1),
 (2852,'2012-01-25',1),
 (2852,'2012-01-26',1),
 (2853,'2012-01-31',1),
 (2859,'2012-01-30',1),
 (2859,'2012-01-31',1),
 (2859,'2012-02-01',1),
 (2859,'2012-02-02',1),
 (2862,'2012-02-02',1),
 (2874,'2012-01-25',1),
 (2876,'2012-01-27',1),
 (2881,'2012-01-24',1),
 (2882,'2012-01-25',1),
 (2883,'2012-02-02',1),
 (2888,'2012-02-08',1),
 (2895,'2012-01-25',1),
 (2903,'2012-02-02',1),
 (2906,'2012-01-30',1),
 (2912,'2012-01-26',1),
 (2912,'2012-01-27',1),
 (2912,'2012-01-28',1),
 (2912,'2012-01-30',1),
 (2913,'2012-01-24',1),
 (2914,'2012-02-02',1),
 (2916,'2012-01-31',1),
 (2917,'2012-02-01',1),
 (2917,'2012-02-02',1),
 (2917,'2012-02-03',1),
 (2918,'2012-02-01',1),
 (2925,'2012-02-07',1),
 (2926,'2012-02-07',1),
 (2935,'2012-02-08',1),
 (2936,'2012-02-02',1),
 (2943,'2012-01-31',1),
 (2949,'2012-01-27',1),
 (2951,'2012-01-25',1),
 (2952,'2012-01-25',1),
 (2953,'2012-01-27',1),
 (2954,'2012-01-27',1),
 (2956,'2012-01-25',1),
 (2956,'2012-01-26',1),
 (2956,'2012-01-27',1),
 (2958,'2012-01-25',1),
 (2966,'2012-01-31',1),
 (2966,'2012-02-01',1),
 (2966,'2012-02-02',1),
 (2966,'2012-02-03',1),
 (2966,'2012-02-04',1),
 (2966,'2012-02-06',1),
 (2968,'2012-02-02',1),
 (2969,'2012-01-31',1),
 (2969,'2012-02-01',1),
 (2969,'2012-02-02',1),
 (2969,'2012-02-03',1),
 (2969,'2012-02-06',1),
 (2970,'2012-01-31',1),
 (2972,'2012-02-02',1),
 (2975,'2012-02-07',1),
 (2977,'2012-01-25',1),
 (2979,'2012-02-02',1),
 (2979,'2012-02-03',1),
 (2979,'2012-02-04',1),
 (2979,'2012-02-06',1),
 (2979,'2012-02-07',1),
 (2979,'2012-02-08',1),
 (2980,'2012-02-02',1),
 (2980,'2012-02-03',1),
 (2980,'2012-02-04',1),
 (2980,'2012-02-06',1),
 (2980,'2012-02-07',1),
 (2980,'2012-02-08',1),
 (2982,'2012-01-30',1),
 (2983,'2012-01-30',1),
 (2986,'2012-01-27',1),
 (2989,'2012-02-06',1),
 (2989,'2012-02-07',1),
 (3000,'2012-02-02',1),
 (3001,'2012-01-27',1),
 (3001,'2012-01-28',1),
 (3001,'2012-01-30',1),
 (3004,'2012-01-30',1),
 (3004,'2012-02-02',1),
 (3004,'2012-02-03',1),
 (3004,'2012-02-04',1),
 (3005,'2012-02-02',1),
 (3005,'2012-02-03',1),
 (3005,'2012-02-04',1),
 (3008,'2012-01-31',1),
 (3011,'2012-02-06',1),
 (3012,'2012-01-30',1),
 (3015,'2012-01-31',1),
 (3019,'2012-02-02',1),
 (3027,'2012-01-30',1),
 (3030,'2012-02-08',1),
 (3031,'2012-02-08',1),
 (3036,'2012-02-07',1),
 (3041,'2012-01-31',1),
 (3047,'2012-01-31',1),
 (3048,'2012-02-02',1),
 (3049,'2012-02-02',1),
 (3054,'2012-02-01',1),
 (3056,'2012-02-01',1),
 (3062,'2012-02-02',1),
 (3063,'2012-02-02',1),
 (3066,'2012-02-06',1),
 (3069,'2012-02-01',1),
 (3076,'2012-02-01',1),
 (3077,'2012-01-31',1),
 (3080,'2012-02-01',1),
 (3088,'2012-02-03',1),
 (3089,'2012-01-31',1),
 (3091,'2012-01-31',1),
 (3092,'2012-01-31',1),
 (3093,'2012-01-31',1),
 (3094,'2012-02-01',1),
 (3096,'2012-02-07',1),
 (3099,'2012-01-31',1),
 (3100,'2012-01-31',1),
 (3101,'2012-02-06',1),
 (3102,'2012-02-02',1),
 (3103,'2012-02-02',1),
 (3105,'2012-01-31',1),
 (3105,'2012-02-01',1),
 (3105,'2012-02-02',1),
 (3105,'2012-02-03',1),
 (3105,'2012-02-04',1),
 (3105,'2012-02-06',1),
 (3106,'2012-02-08',1),
 (3110,'2012-01-31',1),
 (3110,'2012-02-01',1),
 (3112,'2012-02-03',1),
 (3114,'2012-01-31',1),
 (3114,'2012-02-01',1),
 (3114,'2012-02-02',1),
 (3117,'2012-02-07',1),
 (3118,'2012-02-07',1),
 (3120,'2012-02-07',1),
 (3121,'2012-02-07',1),
 (3127,'2012-02-01',1),
 (3129,'2012-02-06',1),
 (3131,'2012-01-31',1),
 (3134,'2012-02-07',1),
 (3134,'2012-02-08',1),
 (3136,'2012-02-01',1),
 (3150,'2012-02-01',1),
 (3150,'2012-02-02',1),
 (3151,'2012-02-01',1),
 (3151,'2012-02-02',1),
 (3154,'2012-02-01',1),
 (3154,'2012-02-02',1),
 (3158,'2012-02-01',1),
 (3158,'2012-02-02',1),
 (3159,'2012-02-01',1),
 (3161,'2012-02-08',1),
 (3163,'2012-02-01',1),
 (3164,'2012-02-01',1),
 (3190,'2012-02-08',1),
 (3196,'2012-02-06',1),
 (3196,'2012-02-07',1),
 (3196,'2012-02-08',1),
 (3198,'2012-02-02',1),
 (3198,'2012-02-06',1),
 (3198,'2012-02-07',1),
 (3199,'2012-02-02',1),
 (3200,'2012-02-02',1),
 (3206,'2012-02-04',1),
 (3208,'2012-02-03',1),
 (3231,'2012-02-06',1),
 (3232,'2012-02-06',1),
 (3243,'2012-02-08',1),
 (3247,'2012-02-06',1),
 (3255,'2012-02-07',1),
 (3259,'2012-02-06',1),
 (3259,'2012-02-07',1),
 (3264,'2012-02-03',1),
 (3266,'2012-02-04',1),
 (3267,'2012-02-04',1),
 (3270,'2012-02-04',1),
 (3271,'2012-02-08',1),
 (3272,'2012-02-04',1),
 (3273,'2012-02-04',1),
 (3274,'2012-02-06',1),
 (3275,'2012-02-03',1),
 (3279,'2012-02-07',1),
 (3279,'2012-02-08',1),
 (3290,'2012-02-06',1),
 (3302,'2012-02-07',1),
 (3302,'2012-02-08',1),
 (3307,'2012-02-07',1),
 (3308,'2012-02-06',1),
 (3309,'2012-02-06',1),
 (3310,'2012-02-06',1),
 (3314,'2012-02-06',1),
 (3316,'2012-02-06',1),
 (3317,'2012-02-07',1),
 (3318,'2012-02-07',1),
 (3319,'2012-02-07',1),
 (3320,'2012-02-07',1),
 (3327,'2012-02-07',1),
 (3327,'2012-02-08',1),
 (3328,'2012-02-08',1),
 (3335,'2012-02-06',1),
 (3335,'2012-02-07',1),
 (3342,'2012-02-07',1),
 (3343,'2012-02-07',1),
 (3344,'2012-02-08',1),
 (3345,'2012-02-08',1),
 (3368,'2012-02-08',1),
 (3386,'2012-02-07',1),
 (3386,'2012-02-08',1),
 (3387,'2012-02-07',1),
 (3387,'2012-02-08',1),
 (3388,'2012-02-07',1),
 (3388,'2012-02-08',1),
 (3391,'2012-02-07',1),
 (3391,'2012-02-08',1),
 (3393,'2012-02-07',1),
 (3393,'2012-02-08',1),
 (3401,'2012-02-08',1),
 (3425,'2012-02-08',1),
 (3443,'2012-02-08',1),
 (3448,'2012-02-08',1),
 (3451,'2012-02-08',1),
 (3453,'2012-02-08',1),
 (3458,'2012-02-08',1),
 (3459,'2012-02-08',1),
 (3466,'2012-02-08',1),
 (3467,'2012-02-08',1),
 (3468,'2012-02-08',1),
 (3482,'2012-02-08',1),
 (52,'2011-11-08',2),
 (52,'2011-11-09',2),
 (52,'2011-11-10',2),
 (52,'2011-11-11',2),
 (52,'2011-11-14',2),
 (54,'2011-11-07',2),
 (127,'2011-11-28',2),
 (127,'2011-11-29',2),
 (127,'2011-11-30',2),
 (127,'2011-12-01',2),
 (129,'2011-12-06',2),
 (129,'2011-12-07',2),
 (129,'2011-12-08',2),
 (129,'2011-12-09',2),
 (137,'2011-11-07',2),
 (137,'2011-11-08',2),
 (191,'2011-11-18',2),
 (208,'2011-11-10',2),
 (208,'2011-11-11',2),
 (208,'2011-11-12',2),
 (208,'2011-11-14',2),
 (208,'2011-11-15',2),
 (208,'2011-11-16',2),
 (208,'2011-11-18',2),
 (208,'2011-11-19',2),
 (208,'2011-11-24',2),
 (208,'2011-11-25',2),
 (208,'2011-11-26',2),
 (208,'2011-11-28',2),
 (208,'2011-11-29',2),
 (208,'2011-12-01',2),
 (208,'2011-12-05',2),
 (249,'2011-12-07',2),
 (258,'2011-12-01',2),
 (262,'2011-11-10',2),
 (262,'2011-11-11',2),
 (262,'2011-11-12',2),
 (262,'2011-11-14',2),
 (262,'2011-11-16',2),
 (262,'2011-11-18',2),
 (262,'2011-11-19',2),
 (262,'2011-11-22',2),
 (306,'2012-01-10',2),
 (315,'2011-11-26',2),
 (315,'2011-11-28',2),
 (315,'2011-12-06',2),
 (324,'2012-01-10',2),
 (324,'2012-01-18',2),
 (325,'2012-01-19',2),
 (327,'2011-12-17',2),
 (327,'2012-01-24',2),
 (327,'2012-02-01',2),
 (327,'2012-02-02',2),
 (327,'2012-02-03',2),
 (332,'2011-11-17',2),
 (332,'2011-11-18',2),
 (415,'2011-12-06',2),
 (433,'2011-12-01',2),
 (433,'2011-12-03',2),
 (627,'2011-11-16',2),
 (627,'2011-11-17',2),
 (627,'2011-11-18',2),
 (627,'2011-11-22',2),
 (632,'2012-01-02',2),
 (637,'2011-12-01',2),
 (708,'2011-11-17',2),
 (708,'2011-11-18',2),
 (708,'2011-11-22',2),
 (712,'2011-11-17',2),
 (905,'2011-12-15',2),
 (924,'2011-12-02',2),
 (1044,'2011-12-06',2),
 (1044,'2011-12-07',2),
 (1104,'2011-12-02',2),
 (1104,'2011-12-03',2),
 (1104,'2011-12-06',2),
 (1104,'2011-12-07',2),
 (1104,'2011-12-08',2),
 (1104,'2011-12-09',2),
 (1104,'2011-12-10',2),
 (1104,'2011-12-12',2),
 (1104,'2011-12-13',2),
 (1158,'2011-12-06',2),
 (1249,'2011-12-06',2),
 (1249,'2011-12-07',2),
 (1256,'2011-12-12',2),
 (1256,'2011-12-30',2),
 (1256,'2011-12-31',2),
 (1256,'2012-01-06',2),
 (1339,'2011-12-08',2),
 (1339,'2011-12-09',2),
 (1339,'2011-12-10',2),
 (1496,'2011-12-14',2),
 (1496,'2011-12-15',2),
 (1496,'2011-12-17',2),
 (1496,'2011-12-19',2),
 (1496,'2011-12-20',2),
 (1706,'2011-12-22',2),
 (1754,'2011-12-16',2),
 (1754,'2011-12-19',2),
 (1754,'2011-12-20',2),
 (1789,'2012-01-10',2),
 (1851,'2011-12-21',2),
 (1869,'2012-01-16',2),
 (1869,'2012-01-17',2),
 (1869,'2012-01-18',2),
 (1917,'2012-01-30',2),
 (1917,'2012-02-01',2),
 (1917,'2012-02-02',2),
 (1917,'2012-02-03',2),
 (1917,'2012-02-04',2),
 (1917,'2012-02-06',2),
 (1917,'2012-02-07',2),
 (1917,'2012-02-08',2),
 (1949,'2012-01-10',2),
 (1952,'2012-01-23',2),
 (1953,'2012-01-10',2),
 (1984,'2011-12-30',2),
 (1984,'2011-12-31',2),
 (1984,'2012-01-02',2),
 (1984,'2012-01-04',2),
 (1987,'2011-12-30',2),
 (1987,'2011-12-31',2),
 (1987,'2012-01-02',2),
 (1987,'2012-01-04',2),
 (2069,'2012-01-25',2),
 (2069,'2012-01-26',2),
 (2069,'2012-01-28',2),
 (2069,'2012-01-30',2),
 (2071,'2012-01-05',2),
 (2071,'2012-01-06',2),
 (2380,'2012-01-30',2),
 (2380,'2012-01-31',2),
 (2380,'2012-02-01',2),
 (2380,'2012-02-02',2),
 (2380,'2012-02-03',2),
 (2380,'2012-02-04',2),
 (2380,'2012-02-06',2),
 (2382,'2012-01-30',2),
 (2426,'2012-01-31',2),
 (2426,'2012-02-01',2),
 (2426,'2012-02-02',2),
 (2426,'2012-02-03',2),
 (2426,'2012-02-04',2),
 (2426,'2012-02-07',2),
 (2427,'2012-02-02',2),
 (2427,'2012-02-03',2),
 (2427,'2012-02-04',2),
 (2427,'2012-02-07',2),
 (2446,'2012-01-31',2),
 (2446,'2012-02-01',2),
 (2446,'2012-02-02',2),
 (2446,'2012-02-03',2),
 (2446,'2012-02-04',2),
 (2446,'2012-02-06',2),
 (2455,'2012-01-31',2),
 (2455,'2012-02-01',2),
 (2455,'2012-02-02',2),
 (2455,'2012-02-04',2),
 (2455,'2012-02-06',2),
 (2455,'2012-02-07',2),
 (2455,'2012-02-08',2),
 (2463,'2012-01-18',2),
 (2463,'2012-01-25',2),
 (2463,'2012-01-26',2),
 (2463,'2012-01-27',2),
 (2463,'2012-01-28',2),
 (2463,'2012-01-30',2),
 (2463,'2012-01-31',2),
 (2463,'2012-02-01',2),
 (2463,'2012-02-02',2),
 (2463,'2012-02-03',2),
 (2463,'2012-02-04',2),
 (2463,'2012-02-06',2),
 (2480,'2012-01-13',2),
 (2480,'2012-01-14',2),
 (2529,'2012-01-16',2),
 (2543,'2012-01-18',2),
 (2543,'2012-01-19',2),
 (2610,'2012-01-18',2),
 (2660,'2012-02-07',2),
 (2660,'2012-02-08',2),
 (2860,'2012-01-30',2),
 (2860,'2012-01-31',2),
 (2860,'2012-02-01',2),
 (2860,'2012-02-02',2),
 (2860,'2012-02-03',2),
 (2860,'2012-02-04',2),
 (2860,'2012-02-06',2),
 (2864,'2012-01-30',2),
 (2864,'2012-01-31',2),
 (2864,'2012-02-01',2),
 (2864,'2012-02-02',2),
 (2864,'2012-02-03',2),
 (2864,'2012-02-04',2),
 (2864,'2012-02-06',2),
 (3010,'2012-02-02',2),
 (3011,'2012-02-02',2),
 (3011,'2012-02-07',2),
 (3011,'2012-02-08',2),
 (3071,'2012-01-30',2),
 (3071,'2012-01-31',2),
 (3188,'2012-02-04',2),
 (3224,'2012-02-02',2),
 (3224,'2012-02-03',2),
 (3224,'2012-02-04',2),
 (3224,'2012-02-06',2),
 (3224,'2012-02-07',2),
 (3224,'2012-02-08',2),
 (4,'2011-11-09',3),
 (8,'2011-11-12',3),
 (8,'2011-11-14',3),
 (10,'2011-11-14',3),
 (19,'2011-11-07',3),
 (19,'2011-11-10',3),
 (30,'2011-11-07',3),
 (33,'2011-11-07',3),
 (33,'2011-11-08',3),
 (33,'2011-11-09',3),
 (33,'2011-11-10',3),
 (33,'2011-11-11',3),
 (35,'2011-11-07',3),
 (37,'2011-11-07',3),
 (37,'2011-11-08',3),
 (37,'2011-11-09',3),
 (39,'2011-11-09',3),
 (41,'2011-11-08',3),
 (41,'2011-11-09',3),
 (41,'2011-11-10',3),
 (41,'2011-11-11',3),
 (41,'2011-11-12',3),
 (41,'2011-11-14',3),
 (48,'2011-11-10',3),
 (48,'2011-11-11',3),
 (48,'2011-11-12',3),
 (48,'2011-11-16',3),
 (48,'2011-11-17',3),
 (50,'2011-11-07',3),
 (51,'2011-11-07',3),
 (51,'2011-11-08',3),
 (51,'2011-11-09',3),
 (52,'2011-11-12',3),
 (55,'2011-11-07',3),
 (64,'2011-11-28',3),
 (64,'2011-12-17',3),
 (64,'2012-01-14',3),
 (70,'2011-11-09',3),
 (75,'2011-11-10',3),
 (75,'2011-11-11',3),
 (75,'2011-11-12',3),
 (75,'2011-11-14',3),
 (75,'2011-11-15',3),
 (75,'2011-11-16',3),
 (75,'2011-11-17',3),
 (75,'2011-11-18',3),
 (75,'2011-11-19',3),
 (75,'2011-11-21',3),
 (75,'2011-11-22',3),
 (75,'2011-11-23',3),
 (75,'2011-11-24',3),
 (76,'2011-11-15',3),
 (76,'2011-11-16',3),
 (77,'2011-11-16',3),
 (84,'2011-11-29',3),
 (84,'2011-11-30',3),
 (84,'2011-12-01',3),
 (84,'2011-12-02',3),
 (88,'2011-11-07',3),
 (88,'2011-11-08',3),
 (88,'2011-11-09',3),
 (88,'2011-11-10',3),
 (92,'2011-11-07',3),
 (92,'2011-11-08',3),
 (97,'2011-11-07',3),
 (99,'2011-11-07',3),
 (99,'2011-11-08',3),
 (99,'2011-11-09',3),
 (99,'2011-11-10',3),
 (99,'2011-11-11',3),
 (100,'2011-11-07',3),
 (100,'2011-11-08',3),
 (100,'2011-11-09',3),
 (100,'2011-11-10',3),
 (100,'2011-11-11',3),
 (100,'2011-11-12',3),
 (100,'2011-11-14',3),
 (100,'2011-11-15',3),
 (100,'2011-11-16',3),
 (100,'2011-11-17',3),
 (103,'2011-11-08',3),
 (103,'2011-11-09',3),
 (103,'2011-11-10',3),
 (105,'2011-11-07',3),
 (105,'2011-11-08',3),
 (105,'2011-11-09',3),
 (105,'2011-11-10',3),
 (105,'2011-11-11',3),
 (105,'2011-11-12',3),
 (105,'2011-11-14',3),
 (105,'2011-11-15',3),
 (105,'2011-11-16',3),
 (105,'2011-11-17',3),
 (105,'2011-11-18',3),
 (105,'2011-11-19',3),
 (105,'2011-11-21',3),
 (105,'2011-11-22',3),
 (105,'2011-11-23',3),
 (105,'2011-11-24',3),
 (105,'2011-11-25',3),
 (105,'2011-11-26',3),
 (105,'2011-11-28',3),
 (105,'2011-11-30',3),
 (105,'2011-12-01',3),
 (105,'2011-12-02',3),
 (105,'2011-12-03',3),
 (105,'2011-12-05',3),
 (107,'2011-11-07',3),
 (107,'2011-11-08',3),
 (107,'2011-11-09',3),
 (107,'2011-11-10',3),
 (107,'2011-11-11',3),
 (107,'2011-11-12',3),
 (107,'2011-11-14',3),
 (107,'2011-11-15',3),
 (107,'2011-11-16',3),
 (107,'2011-11-17',3),
 (108,'2011-11-07',3),
 (108,'2011-11-08',3),
 (108,'2011-11-09',3),
 (108,'2011-11-10',3),
 (108,'2011-11-11',3),
 (108,'2011-11-12',3),
 (108,'2011-11-14',3),
 (108,'2011-11-15',3),
 (108,'2011-11-16',3),
 (108,'2011-11-17',3),
 (108,'2011-11-18',3),
 (108,'2011-11-19',3),
 (108,'2011-11-21',3),
 (109,'2011-11-07',3),
 (109,'2011-11-08',3),
 (109,'2011-11-09',3),
 (109,'2011-11-10',3),
 (109,'2011-11-11',3),
 (109,'2011-11-12',3),
 (109,'2011-11-14',3),
 (109,'2011-11-15',3),
 (109,'2011-11-16',3),
 (109,'2011-11-17',3),
 (109,'2011-11-18',3),
 (109,'2011-11-19',3),
 (109,'2011-11-21',3),
 (109,'2011-11-22',3),
 (110,'2011-11-07',3),
 (110,'2011-11-08',3),
 (110,'2011-11-09',3),
 (110,'2011-11-10',3),
 (110,'2011-11-11',3),
 (110,'2011-11-12',3),
 (110,'2011-11-14',3),
 (110,'2011-11-15',3),
 (110,'2011-11-16',3),
 (110,'2011-11-17',3),
 (110,'2011-11-18',3),
 (110,'2011-11-19',3),
 (110,'2011-11-21',3),
 (110,'2011-11-22',3),
 (110,'2011-11-23',3),
 (110,'2011-11-24',3),
 (110,'2011-11-25',3),
 (111,'2011-11-19',3),
 (111,'2011-11-21',3),
 (111,'2011-11-22',3),
 (111,'2011-11-23',3),
 (111,'2011-11-25',3),
 (111,'2011-11-26',3),
 (111,'2011-11-28',3),
 (112,'2011-11-07',3),
 (112,'2011-11-08',3),
 (112,'2011-11-09',3),
 (112,'2011-11-10',3),
 (112,'2011-11-11',3),
 (112,'2011-11-12',3),
 (112,'2011-11-14',3),
 (113,'2011-11-08',3),
 (114,'2011-11-08',3),
 (115,'2011-11-08',3),
 (116,'2011-11-07',3),
 (118,'2011-11-08',3),
 (118,'2011-11-09',3),
 (118,'2011-11-11',3),
 (119,'2011-11-08',3),
 (119,'2011-11-10',3),
 (119,'2011-11-11',3),
 (119,'2011-11-12',3),
 (119,'2011-11-14',3),
 (119,'2011-11-15',3),
 (119,'2011-11-16',3),
 (121,'2011-11-08',3),
 (123,'2011-11-11',3),
 (124,'2011-11-09',3),
 (124,'2011-11-10',3),
 (135,'2011-11-07',3),
 (135,'2011-11-08',3),
 (136,'2011-11-05',3),
 (136,'2011-11-08',3),
 (138,'2011-11-07',3),
 (138,'2011-11-08',3),
 (138,'2011-11-22',3),
 (139,'2011-11-05',3),
 (139,'2011-11-07',3),
 (139,'2011-11-08',3),
 (139,'2011-11-11',3),
 (139,'2011-11-15',3),
 (139,'2011-11-18',3),
 (139,'2011-11-19',3),
 (139,'2011-11-22',3),
 (139,'2011-11-23',3),
 (139,'2011-11-24',3),
 (139,'2011-11-25',3),
 (140,'2011-11-05',3),
 (140,'2011-11-09',3),
 (140,'2011-11-15',3),
 (140,'2011-11-19',3),
 (140,'2011-11-21',3),
 (140,'2011-11-22',3),
 (140,'2011-11-23',3),
 (140,'2011-11-24',3),
 (140,'2011-11-25',3),
 (140,'2011-11-26',3),
 (140,'2011-11-28',3),
 (140,'2011-11-29',3),
 (140,'2011-11-30',3),
 (140,'2011-12-01',3),
 (140,'2011-12-02',3),
 (140,'2011-12-03',3),
 (140,'2011-12-05',3),
 (140,'2011-12-06',3),
 (140,'2011-12-07',3),
 (140,'2011-12-08',3),
 (140,'2011-12-12',3),
 (140,'2011-12-13',3),
 (140,'2011-12-15',3),
 (140,'2011-12-16',3),
 (140,'2011-12-17',3),
 (140,'2011-12-19',3),
 (140,'2011-12-20',3),
 (140,'2011-12-21',3),
 (140,'2011-12-22',3),
 (140,'2011-12-23',3),
 (140,'2011-12-24',3),
 (140,'2011-12-26',3),
 (140,'2011-12-27',3),
 (140,'2011-12-28',3),
 (140,'2011-12-29',3),
 (140,'2011-12-30',3),
 (140,'2011-12-31',3),
 (140,'2012-01-02',3),
 (140,'2012-01-03',3),
 (140,'2012-01-04',3),
 (140,'2012-01-05',3),
 (140,'2012-01-06',3),
 (140,'2012-01-07',3),
 (140,'2012-01-09',3),
 (140,'2012-01-12',3),
 (140,'2012-01-13',3),
 (140,'2012-01-14',3),
 (140,'2012-01-16',3),
 (140,'2012-01-17',3),
 (140,'2012-01-21',3),
 (140,'2012-01-26',3),
 (140,'2012-01-27',3),
 (140,'2012-01-28',3),
 (141,'2011-11-05',3),
 (141,'2011-11-08',3),
 (143,'2011-11-04',3),
 (143,'2011-11-07',3),
 (143,'2011-11-08',3),
 (143,'2011-11-09',3),
 (143,'2011-11-10',3),
 (143,'2011-11-11',3),
 (143,'2011-11-12',3),
 (143,'2011-11-14',3),
 (143,'2011-11-15',3),
 (143,'2011-11-16',3),
 (143,'2011-11-17',3),
 (143,'2011-11-18',3),
 (143,'2011-11-19',3),
 (143,'2011-11-21',3),
 (143,'2011-11-22',3),
 (143,'2011-11-23',3),
 (143,'2011-11-24',3),
 (143,'2011-11-25',3),
 (143,'2011-11-26',3),
 (143,'2011-11-28',3),
 (143,'2011-11-29',3),
 (143,'2011-11-30',3),
 (143,'2011-12-01',3),
 (143,'2011-12-02',3),
 (143,'2011-12-03',3),
 (143,'2011-12-05',3),
 (143,'2011-12-06',3),
 (143,'2011-12-07',3),
 (144,'2011-11-05',3),
 (144,'2011-11-07',3),
 (144,'2011-11-08',3),
 (144,'2011-11-09',3),
 (144,'2011-11-10',3),
 (144,'2011-11-11',3),
 (144,'2011-11-12',3),
 (144,'2011-11-14',3),
 (144,'2011-11-15',3),
 (144,'2011-11-16',3),
 (144,'2011-11-17',3),
 (144,'2011-11-18',3),
 (144,'2011-11-19',3),
 (144,'2011-11-21',3),
 (144,'2011-11-22',3),
 (144,'2011-11-23',3),
 (144,'2011-11-24',3),
 (144,'2011-11-25',3),
 (144,'2011-11-26',3),
 (144,'2011-11-28',3),
 (144,'2011-12-01',3),
 (144,'2011-12-02',3),
 (144,'2011-12-03',3),
 (144,'2011-12-05',3),
 (144,'2011-12-06',3),
 (144,'2011-12-07',3),
 (144,'2011-12-08',3),
 (144,'2011-12-12',3),
 (144,'2011-12-13',3),
 (144,'2011-12-14',3),
 (144,'2011-12-15',3),
 (144,'2011-12-16',3),
 (144,'2011-12-17',3),
 (144,'2011-12-19',3),
 (144,'2011-12-20',3),
 (144,'2011-12-21',3),
 (144,'2011-12-22',3),
 (144,'2011-12-23',3),
 (144,'2011-12-24',3),
 (144,'2011-12-26',3),
 (144,'2011-12-27',3),
 (144,'2011-12-28',3),
 (144,'2011-12-29',3),
 (144,'2011-12-30',3),
 (144,'2011-12-31',3),
 (144,'2012-01-02',3),
 (144,'2012-01-03',3),
 (144,'2012-01-04',3),
 (144,'2012-01-05',3),
 (144,'2012-01-06',3),
 (144,'2012-01-07',3),
 (144,'2012-01-09',3),
 (144,'2012-01-10',3),
 (144,'2012-01-12',3),
 (144,'2012-01-13',3),
 (144,'2012-01-14',3),
 (144,'2012-01-16',3),
 (144,'2012-01-17',3),
 (144,'2012-01-18',3),
 (144,'2012-01-19',3),
 (144,'2012-01-20',3),
 (144,'2012-01-21',3),
 (144,'2012-01-23',3),
 (144,'2012-01-24',3),
 (144,'2012-01-25',3),
 (144,'2012-01-26',3),
 (144,'2012-01-27',3),
 (144,'2012-01-28',3),
 (144,'2012-01-30',3),
 (144,'2012-01-31',3),
 (144,'2012-02-01',3),
 (144,'2012-02-02',3),
 (144,'2012-02-03',3),
 (144,'2012-02-04',3),
 (144,'2012-02-06',3),
 (144,'2012-02-07',3),
 (144,'2012-02-08',3),
 (147,'2011-11-07',3),
 (148,'2011-11-07',3),
 (149,'2011-11-05',3),
 (149,'2011-11-07',3),
 (149,'2011-11-08',3),
 (149,'2011-11-09',3),
 (149,'2011-11-11',3),
 (149,'2011-11-12',3),
 (149,'2011-11-14',3),
 (149,'2011-11-15',3),
 (149,'2011-11-16',3),
 (149,'2011-11-17',3),
 (149,'2011-11-18',3),
 (149,'2011-11-19',3),
 (149,'2011-11-21',3),
 (149,'2011-11-22',3),
 (156,'2011-11-07',3),
 (157,'2011-11-09',3),
 (164,'2011-11-08',3),
 (167,'2011-11-14',3),
 (167,'2011-11-15',3),
 (168,'2011-11-14',3),
 (174,'2011-11-14',3),
 (174,'2011-11-15',3),
 (174,'2011-11-16',3),
 (174,'2011-11-17',3),
 (180,'2011-11-29',3),
 (185,'2011-11-07',3),
 (185,'2011-11-08',3),
 (189,'2011-11-07',3),
 (190,'2011-11-08',3),
 (192,'2011-11-21',3),
 (208,'2011-11-23',3),
 (208,'2011-12-03',3),
 (213,'2011-11-11',3),
 (220,'2011-11-08',3),
 (220,'2011-11-09',3),
 (222,'2011-11-08',3),
 (223,'2011-11-14',3),
 (223,'2011-11-15',3),
 (223,'2011-11-16',3),
 (223,'2011-11-17',3),
 (223,'2011-11-18',3),
 (223,'2011-11-19',3),
 (223,'2011-11-21',3),
 (223,'2011-11-22',3),
 (223,'2011-11-23',3),
 (223,'2011-11-24',3),
 (223,'2011-11-25',3),
 (229,'2011-11-08',3),
 (229,'2011-11-09',3),
 (229,'2011-11-10',3),
 (229,'2011-11-11',3),
 (229,'2011-11-12',3),
 (229,'2011-11-14',3),
 (229,'2011-11-15',3),
 (229,'2011-11-16',3),
 (229,'2011-11-17',3),
 (229,'2011-11-18',3),
 (229,'2011-11-19',3),
 (229,'2011-11-21',3),
 (229,'2011-11-22',3),
 (229,'2011-11-24',3),
 (229,'2011-11-25',3),
 (231,'2011-11-08',3),
 (231,'2011-11-09',3),
 (231,'2011-11-10',3),
 (231,'2011-11-11',3),
 (232,'2011-11-08',3),
 (233,'2011-11-09',3),
 (233,'2011-11-10',3),
 (233,'2011-11-11',3),
 (233,'2011-11-12',3),
 (233,'2011-11-14',3),
 (233,'2011-11-16',3),
 (239,'2011-11-08',3),
 (244,'2011-11-21',3),
 (247,'2011-11-08',3),
 (254,'2011-11-08',3),
 (255,'2011-11-08',3),
 (256,'2011-11-08',3),
 (259,'2011-11-15',3),
 (259,'2011-11-16',3),
 (259,'2011-11-17',3),
 (262,'2011-11-09',3),
 (262,'2011-11-15',3),
 (262,'2011-11-17',3),
 (262,'2011-11-21',3),
 (262,'2011-11-23',3),
 (264,'2011-11-08',3),
 (266,'2011-11-24',3),
 (267,'2011-11-15',3),
 (270,'2011-11-09',3),
 (270,'2011-11-10',3),
 (270,'2011-11-11',3),
 (271,'2011-11-09',3),
 (272,'2011-11-09',3),
 (272,'2011-11-10',3),
 (275,'2011-11-09',3),
 (276,'2011-11-09',3),
 (277,'2011-11-12',3),
 (283,'2011-11-09',3),
 (283,'2011-11-10',3),
 (283,'2011-11-11',3),
 (284,'2011-11-09',3),
 (292,'2011-11-09',3),
 (292,'2011-11-10',3),
 (293,'2011-11-09',3),
 (293,'2011-11-10',3),
 (293,'2011-11-11',3),
 (295,'2011-11-09',3),
 (295,'2011-11-10',3),
 (295,'2011-11-11',3),
 (295,'2011-11-12',3),
 (295,'2011-11-14',3),
 (296,'2011-11-09',3),
 (296,'2011-11-10',3),
 (296,'2011-11-11',3),
 (296,'2011-11-12',3),
 (296,'2011-11-14',3),
 (296,'2011-11-15',3),
 (296,'2011-11-16',3),
 (296,'2011-11-17',3),
 (296,'2011-11-18',3),
 (296,'2011-11-19',3),
 (296,'2011-11-21',3),
 (296,'2011-11-22',3),
 (296,'2011-11-23',3),
 (297,'2011-11-09',3),
 (297,'2011-11-10',3),
 (297,'2011-11-11',3),
 (297,'2011-11-12',3),
 (297,'2011-11-14',3),
 (297,'2011-11-15',3),
 (297,'2011-11-16',3),
 (297,'2011-11-17',3),
 (297,'2011-11-18',3),
 (297,'2011-11-19',3),
 (297,'2011-11-21',3),
 (297,'2011-11-22',3),
 (297,'2011-11-23',3),
 (297,'2011-11-24',3),
 (297,'2011-11-25',3),
 (297,'2011-11-26',3),
 (297,'2011-11-28',3),
 (298,'2011-11-14',3),
 (301,'2011-11-09',3),
 (310,'2011-11-11',3),
 (326,'2011-11-11',3),
 (333,'2011-11-09',3),
 (333,'2011-11-10',3),
 (333,'2011-11-11',3),
 (333,'2011-11-12',3),
 (333,'2011-11-14',3),
 (333,'2011-11-15',3),
 (333,'2011-11-16',3),
 (333,'2011-11-17',3),
 (333,'2011-11-18',3),
 (333,'2011-11-19',3),
 (333,'2011-11-21',3),
 (333,'2011-11-22',3),
 (334,'2011-11-09',3),
 (334,'2011-11-10',3),
 (334,'2011-11-11',3),
 (334,'2011-11-12',3),
 (334,'2011-11-14',3),
 (334,'2011-11-15',3),
 (334,'2011-11-16',3),
 (334,'2011-11-17',3),
 (335,'2011-11-09',3),
 (335,'2011-11-10',3),
 (335,'2011-11-11',3),
 (335,'2011-11-12',3),
 (335,'2011-11-14',3),
 (335,'2011-11-15',3),
 (335,'2011-11-16',3),
 (335,'2011-11-17',3),
 (336,'2011-11-09',3),
 (336,'2011-11-10',3),
 (336,'2011-11-11',3),
 (336,'2011-11-12',3),
 (336,'2011-11-14',3),
 (336,'2011-11-15',3),
 (336,'2011-11-16',3),
 (336,'2011-11-17',3),
 (336,'2011-11-18',3),
 (336,'2011-11-19',3),
 (336,'2011-11-21',3),
 (336,'2011-11-22',3),
 (336,'2011-11-23',3),
 (336,'2011-11-24',3),
 (336,'2011-11-25',3),
 (336,'2011-11-26',3),
 (336,'2011-11-28',3),
 (337,'2011-11-10',3),
 (346,'2011-11-10',3),
 (354,'2011-11-29',3),
 (359,'2011-11-10',3),
 (360,'2011-11-10',3),
 (363,'2011-11-10',3),
 (364,'2011-11-10',3),
 (364,'2011-11-11',3),
 (364,'2011-11-12',3),
 (364,'2011-11-14',3),
 (364,'2011-11-15',3),
 (364,'2011-11-16',3),
 (364,'2011-11-17',3),
 (364,'2011-11-18',3),
 (364,'2011-11-19',3),
 (364,'2011-11-21',3),
 (364,'2011-11-22',3),
 (364,'2011-11-23',3),
 (364,'2011-11-24',3),
 (364,'2011-11-25',3),
 (365,'2011-11-10',3),
 (365,'2011-11-11',3),
 (365,'2011-11-12',3),
 (365,'2011-11-14',3),
 (365,'2011-11-15',3),
 (365,'2011-11-16',3),
 (365,'2011-11-17',3),
 (365,'2011-11-18',3),
 (365,'2011-11-19',3),
 (365,'2011-11-21',3),
 (365,'2011-11-22',3),
 (365,'2011-11-23',3),
 (365,'2011-11-24',3),
 (365,'2011-11-25',3),
 (366,'2011-11-15',3),
 (367,'2011-11-14',3),
 (372,'2011-11-14',3),
 (381,'2011-11-14',3),
 (381,'2011-11-15',3),
 (381,'2011-11-16',3),
 (381,'2011-11-17',3),
 (381,'2011-11-18',3),
 (381,'2011-11-19',3),
 (381,'2011-11-21',3),
 (381,'2011-11-22',3),
 (381,'2011-11-23',3),
 (381,'2011-11-24',3),
 (381,'2011-11-25',3),
 (384,'2011-12-06',3),
 (391,'2011-11-10',3),
 (395,'2011-12-15',3),
 (395,'2011-12-16',3),
 (395,'2011-12-17',3),
 (395,'2011-12-19',3),
 (397,'2011-12-22',3),
 (398,'2011-11-22',3),
 (399,'2011-11-22',3),
 (399,'2011-11-23',3),
 (399,'2011-11-24',3),
 (399,'2011-11-25',3),
 (400,'2011-11-11',3),
 (401,'2011-11-10',3),
 (401,'2011-11-11',3),
 (402,'2011-11-10',3),
 (402,'2011-11-11',3),
 (402,'2011-11-12',3),
 (403,'2011-11-16',3),
 (404,'2011-11-15',3),
 (404,'2011-11-16',3),
 (405,'2011-11-15',3),
 (406,'2011-11-12',3),
 (406,'2011-11-14',3),
 (406,'2011-11-15',3),
 (406,'2011-11-16',3),
 (408,'2011-11-12',3),
 (408,'2011-11-17',3),
 (408,'2011-11-18',3),
 (408,'2011-11-19',3),
 (408,'2011-11-21',3),
 (408,'2011-11-22',3),
 (408,'2011-11-23',3),
 (408,'2011-11-24',3),
 (408,'2011-11-25',3),
 (408,'2011-11-26',3),
 (408,'2011-11-28',3),
 (408,'2011-11-29',3),
 (409,'2011-11-14',3),
 (414,'2011-11-26',3),
 (414,'2011-11-28',3),
 (414,'2011-11-29',3),
 (414,'2011-11-30',3),
 (414,'2011-12-01',3),
 (414,'2011-12-02',3),
 (414,'2011-12-03',3),
 (414,'2011-12-06',3),
 (414,'2011-12-07',3),
 (415,'2011-12-05',3),
 (418,'2011-12-15',3),
 (419,'2011-12-15',3),
 (419,'2011-12-24',3),
 (422,'2011-12-24',3),
 (422,'2012-01-03',3),
 (422,'2012-01-04',3),
 (422,'2012-01-05',3),
 (422,'2012-01-06',3),
 (422,'2012-01-07',3),
 (422,'2012-01-09',3),
 (422,'2012-01-10',3),
 (422,'2012-01-11',3),
 (422,'2012-01-12',3),
 (425,'2012-01-20',3),
 (425,'2012-01-23',3),
 (426,'2012-01-13',3),
 (426,'2012-01-14',3),
 (426,'2012-01-16',3),
 (426,'2012-01-17',3),
 (426,'2012-01-18',3),
 (426,'2012-01-19',3),
 (427,'2012-01-13',3),
 (427,'2012-01-14',3),
 (427,'2012-01-16',3),
 (427,'2012-01-18',3),
 (427,'2012-01-19',3),
 (429,'2011-11-16',3),
 (430,'2011-11-11',3),
 (430,'2011-11-14',3),
 (430,'2011-11-15',3),
 (430,'2011-11-17',3),
 (430,'2011-11-18',3),
 (430,'2011-11-19',3),
 (430,'2011-11-21',3),
 (430,'2011-11-22',3),
 (430,'2011-11-23',3),
 (430,'2011-11-24',3),
 (430,'2011-12-14',3),
 (431,'2011-11-14',3),
 (433,'2011-11-21',3),
 (433,'2011-11-22',3),
 (433,'2011-11-24',3),
 (433,'2011-11-25',3),
 (433,'2011-11-26',3),
 (433,'2011-11-28',3),
 (433,'2011-11-29',3),
 (433,'2011-11-30',3),
 (433,'2011-12-02',3),
 (433,'2011-12-05',3),
 (434,'2011-11-14',3),
 (434,'2011-11-15',3),
 (434,'2011-11-16',3),
 (434,'2011-11-17',3),
 (434,'2011-11-18',3),
 (434,'2011-11-19',3),
 (434,'2011-11-22',3),
 (435,'2011-11-19',3),
 (435,'2011-11-21',3),
 (435,'2011-11-22',3),
 (440,'2011-11-18',3),
 (440,'2011-11-19',3),
 (440,'2011-11-21',3),
 (440,'2011-11-22',3),
 (440,'2011-11-23',3),
 (443,'2011-11-15',3),
 (444,'2011-11-14',3),
 (444,'2011-11-15',3),
 (445,'2011-11-14',3),
 (445,'2011-11-15',3),
 (445,'2011-11-16',3),
 (450,'2011-11-18',3),
 (450,'2011-11-19',3),
 (451,'2011-11-11',3),
 (451,'2011-11-12',3),
 (451,'2011-11-14',3),
 (451,'2011-11-15',3),
 (451,'2011-11-16',3),
 (451,'2011-11-17',3),
 (451,'2011-11-18',3),
 (451,'2011-11-19',3),
 (451,'2011-11-21',3),
 (451,'2011-11-22',3),
 (451,'2011-11-23',3),
 (451,'2011-11-24',3),
 (451,'2011-11-25',3),
 (451,'2011-11-26',3),
 (451,'2011-11-28',3),
 (451,'2011-11-29',3),
 (451,'2011-11-30',3),
 (452,'2011-11-11',3),
 (453,'2011-11-11',3),
 (453,'2011-11-12',3),
 (453,'2011-11-14',3),
 (453,'2011-11-15',3),
 (454,'2011-11-16',3),
 (456,'2011-11-12',3),
 (456,'2011-11-14',3),
 (456,'2011-11-15',3),
 (456,'2011-11-16',3),
 (456,'2011-11-17',3),
 (456,'2011-11-18',3),
 (456,'2011-11-19',3),
 (456,'2011-11-21',3),
 (456,'2011-11-22',3),
 (456,'2011-11-24',3),
 (456,'2011-11-25',3),
 (456,'2011-11-26',3),
 (458,'2011-11-12',3),
 (461,'2011-11-16',3),
 (461,'2011-11-17',3),
 (461,'2011-11-18',3),
 (461,'2011-11-19',3),
 (461,'2011-12-06',3),
 (470,'2011-11-14',3),
 (470,'2011-11-15',3),
 (477,'2011-11-14',3),
 (482,'2011-11-14',3),
 (483,'2011-11-14',3),
 (484,'2011-11-15',3),
 (485,'2011-11-14',3),
 (487,'2011-11-14',3),
 (488,'2011-11-14',3),
 (489,'2011-11-14',3),
 (491,'2011-11-14',3),
 (492,'2011-11-14',3),
 (493,'2011-11-14',3),
 (494,'2011-11-14',3),
 (494,'2011-11-15',3),
 (494,'2011-11-16',3),
 (496,'2011-11-14',3),
 (499,'2011-11-15',3),
 (499,'2011-11-16',3),
 (499,'2011-11-17',3),
 (500,'2011-11-15',3),
 (501,'2011-11-16',3),
 (501,'2011-11-21',3),
 (501,'2011-11-22',3),
 (501,'2011-11-23',3),
 (501,'2011-11-24',3),
 (502,'2011-11-23',3),
 (503,'2011-11-17',3),
 (506,'2011-11-14',3),
 (512,'2011-11-14',3),
 (512,'2011-11-15',3),
 (512,'2011-11-16',3),
 (513,'2011-11-14',3),
 (515,'2011-11-15',3),
 (519,'2011-11-14',3),
 (521,'2011-11-14',3),
 (521,'2011-11-15',3),
 (521,'2011-11-16',3),
 (521,'2011-11-17',3),
 (521,'2011-11-18',3),
 (521,'2011-11-19',3),
 (521,'2011-11-21',3),
 (521,'2011-11-22',3),
 (521,'2011-11-23',3),
 (523,'2011-11-14',3),
 (523,'2011-11-15',3),
 (523,'2011-11-16',3),
 (523,'2011-11-17',3),
 (523,'2011-11-18',3),
 (523,'2011-11-19',3),
 (523,'2011-11-21',3),
 (523,'2011-11-22',3),
 (525,'2011-11-15',3),
 (525,'2011-11-16',3),
 (525,'2011-11-17',3),
 (525,'2011-11-18',3),
 (525,'2011-11-19',3),
 (525,'2011-11-21',3),
 (525,'2011-11-22',3),
 (525,'2011-11-24',3),
 (525,'2011-11-25',3),
 (525,'2011-11-26',3),
 (525,'2011-11-28',3),
 (525,'2011-11-29',3),
 (525,'2011-11-30',3),
 (525,'2011-12-01',3),
 (525,'2011-12-02',3),
 (525,'2011-12-03',3),
 (525,'2011-12-05',3),
 (525,'2011-12-06',3),
 (525,'2011-12-07',3),
 (525,'2011-12-08',3),
 (525,'2011-12-09',3),
 (525,'2011-12-10',3),
 (527,'2011-11-14',3),
 (528,'2011-11-14',3),
 (529,'2011-11-14',3),
 (529,'2011-11-15',3),
 (529,'2011-11-16',3),
 (529,'2011-11-17',3),
 (529,'2011-11-19',3),
 (529,'2011-11-21',3),
 (530,'2011-11-15',3),
 (531,'2011-11-14',3),
 (533,'2011-11-14',3),
 (533,'2011-11-15',3),
 (533,'2011-11-16',3),
 (533,'2011-11-17',3),
 (533,'2011-11-18',3),
 (533,'2011-11-19',3),
 (533,'2011-11-21',3),
 (533,'2011-11-22',3),
 (535,'2011-11-14',3),
 (535,'2011-11-15',3),
 (535,'2011-11-16',3),
 (535,'2011-11-17',3),
 (536,'2011-11-14',3),
 (536,'2011-11-15',3),
 (536,'2011-11-16',3),
 (536,'2011-11-17',3),
 (536,'2011-11-18',3),
 (536,'2011-11-19',3),
 (536,'2011-11-21',3),
 (536,'2011-11-22',3),
 (536,'2011-11-23',3),
 (537,'2011-11-22',3),
 (537,'2011-11-23',3),
 (537,'2011-11-24',3),
 (537,'2011-11-25',3),
 (537,'2011-11-26',3),
 (537,'2011-11-28',3),
 (539,'2011-12-07',3),
 (540,'2011-11-29',3),
 (541,'2011-11-29',3),
 (541,'2011-11-30',3),
 (542,'2011-11-15',3),
 (544,'2011-11-21',3),
 (544,'2011-11-22',3),
 (547,'2011-11-15',3),
 (552,'2011-11-16',3),
 (554,'2011-11-15',3),
 (558,'2011-11-16',3),
 (558,'2011-11-17',3),
 (559,'2011-11-15',3),
 (559,'2011-11-16',3),
 (559,'2011-11-17',3),
 (559,'2011-11-18',3),
 (559,'2011-11-19',3),
 (559,'2011-11-21',3),
 (559,'2011-11-22',3),
 (560,'2011-11-15',3),
 (562,'2011-11-24',3),
 (567,'2011-11-15',3),
 (567,'2011-11-16',3),
 (567,'2011-11-17',3),
 (568,'2011-11-21',3),
 (570,'2011-11-17',3),
 (570,'2011-11-18',3),
 (570,'2011-11-19',3),
 (570,'2011-11-21',3),
 (571,'2011-11-23',3),
 (571,'2011-11-25',3),
 (576,'2011-11-16',3),
 (576,'2011-11-17',3),
 (584,'2011-11-25',3),
 (585,'2011-11-16',3),
 (585,'2011-11-17',3),
 (589,'2011-11-21',3),
 (589,'2011-11-22',3),
 (589,'2011-11-23',3),
 (589,'2011-11-24',3),
 (589,'2011-11-25',3),
 (589,'2011-11-26',3),
 (589,'2011-11-28',3),
 (589,'2011-11-29',3),
 (589,'2011-11-30',3),
 (590,'2011-11-23',3),
 (590,'2011-11-25',3),
 (591,'2011-11-23',3),
 (591,'2011-11-24',3),
 (591,'2011-11-25',3),
 (604,'2011-11-16',3),
 (606,'2011-11-16',3),
 (606,'2011-11-17',3),
 (609,'2011-11-16',3),
 (617,'2011-11-24',3),
 (617,'2011-11-25',3),
 (617,'2011-11-26',3),
 (617,'2011-11-28',3),
 (617,'2011-11-30',3),
 (617,'2011-12-01',3),
 (617,'2011-12-02',3),
 (617,'2011-12-03',3),
 (617,'2011-12-05',3),
 (617,'2011-12-06',3),
 (617,'2011-12-08',3),
 (617,'2011-12-09',3),
 (617,'2011-12-10',3),
 (617,'2011-12-12',3),
 (617,'2011-12-13',3),
 (617,'2011-12-14',3),
 (617,'2011-12-15',3),
 (617,'2011-12-16',3),
 (622,'2011-12-10',3),
 (622,'2011-12-15',3),
 (622,'2011-12-16',3),
 (625,'2011-11-16',3),
 (629,'2011-11-16',3),
 (629,'2011-11-17',3),
 (632,'2011-12-28',3),
 (632,'2012-01-04',3),
 (632,'2012-01-05',3),
 (633,'2011-12-08',3),
 (633,'2011-12-09',3),
 (633,'2011-12-10',3),
 (633,'2011-12-12',3),
 (633,'2011-12-13',3),
 (633,'2011-12-14',3),
 (633,'2011-12-15',3),
 (633,'2011-12-16',3),
 (633,'2011-12-17',3),
 (633,'2011-12-19',3),
 (633,'2011-12-20',3),
 (633,'2011-12-21',3),
 (633,'2011-12-22',3),
 (633,'2011-12-23',3),
 (633,'2011-12-24',3),
 (633,'2011-12-26',3),
 (633,'2011-12-27',3),
 (633,'2011-12-28',3),
 (634,'2011-12-20',3),
 (634,'2011-12-21',3),
 (634,'2011-12-22',3),
 (635,'2011-11-22',3),
 (636,'2011-12-20',3),
 (636,'2011-12-21',3),
 (636,'2011-12-22',3),
 (637,'2011-11-30',3),
 (638,'2011-11-16',3),
 (639,'2011-11-16',3),
 (640,'2011-11-16',3),
 (643,'2011-11-16',3),
 (643,'2011-11-17',3),
 (650,'2011-11-16',3),
 (650,'2011-11-17',3),
 (650,'2011-11-18',3),
 (650,'2011-11-19',3),
 (650,'2011-11-21',3),
 (650,'2011-11-22',3),
 (650,'2011-11-23',3),
 (650,'2011-11-24',3),
 (650,'2011-11-25',3),
 (650,'2011-11-26',3),
 (650,'2011-11-28',3),
 (650,'2011-11-29',3),
 (650,'2011-11-30',3),
 (650,'2011-12-01',3),
 (651,'2011-11-17',3),
 (653,'2011-11-16',3),
 (654,'2011-11-17',3),
 (654,'2011-11-18',3),
 (663,'2011-11-21',3),
 (663,'2011-11-22',3),
 (663,'2011-11-23',3),
 (670,'2011-11-16',3),
 (670,'2011-11-17',3),
 (672,'2011-11-16',3),
 (673,'2011-11-23',3),
 (673,'2011-11-25',3),
 (673,'2011-11-26',3),
 (673,'2011-11-28',3),
 (676,'2011-11-21',3),
 (682,'2011-12-12',3),
 (686,'2011-11-16',3),
 (686,'2011-11-17',3),
 (687,'2011-11-16',3),
 (687,'2011-11-17',3),
 (687,'2011-11-18',3),
 (687,'2011-11-19',3),
 (687,'2011-11-21',3),
 (687,'2011-11-22',3),
 (687,'2011-11-23',3),
 (687,'2011-11-24',3),
 (687,'2011-11-25',3),
 (687,'2011-11-26',3),
 (687,'2011-11-28',3),
 (687,'2011-11-29',3),
 (687,'2011-11-30',3),
 (688,'2011-11-22',3),
 (688,'2011-11-23',3),
 (690,'2011-11-22',3),
 (690,'2011-11-23',3),
 (703,'2011-11-24',3),
 (703,'2011-11-25',3),
 (703,'2011-11-26',3),
 (703,'2011-11-28',3),
 (705,'2011-11-17',3),
 (707,'2011-11-18',3),
 (710,'2011-12-05',3),
 (710,'2011-12-06',3),
 (711,'2011-11-17',3),
 (711,'2011-11-18',3),
 (711,'2011-11-19',3),
 (711,'2011-11-21',3),
 (711,'2011-11-22',3),
 (711,'2011-11-23',3),
 (715,'2011-11-23',3),
 (717,'2011-11-22',3),
 (718,'2011-11-22',3),
 (720,'2011-11-17',3),
 (722,'2011-11-19',3),
 (723,'2011-11-21',3),
 (724,'2011-11-17',3),
 (724,'2011-11-18',3),
 (724,'2011-11-19',3),
 (724,'2011-11-21',3),
 (724,'2011-11-22',3),
 (724,'2011-11-23',3),
 (724,'2011-11-24',3),
 (724,'2011-11-25',3),
 (724,'2011-11-26',3),
 (724,'2011-11-28',3),
 (724,'2011-11-29',3),
 (724,'2011-11-30',3),
 (724,'2011-12-12',3),
 (725,'2011-11-17',3),
 (725,'2011-11-18',3),
 (725,'2011-11-19',3),
 (725,'2011-11-21',3),
 (725,'2011-11-22',3),
 (726,'2011-11-17',3),
 (728,'2011-11-28',3),
 (728,'2011-11-29',3),
 (728,'2011-11-30',3),
 (728,'2011-12-01',3),
 (728,'2011-12-02',3),
 (728,'2011-12-03',3),
 (728,'2011-12-05',3),
 (728,'2011-12-06',3),
 (728,'2011-12-07',3),
 (728,'2011-12-08',3),
 (730,'2011-11-17',3),
 (731,'2011-11-17',3),
 (731,'2011-11-18',3),
 (732,'2011-11-22',3),
 (735,'2011-11-17',3),
 (735,'2011-11-18',3),
 (735,'2011-11-19',3),
 (735,'2011-11-21',3),
 (735,'2011-11-22',3),
 (735,'2011-11-24',3),
 (735,'2011-11-25',3),
 (735,'2011-11-26',3),
 (735,'2011-11-28',3),
 (735,'2011-11-29',3),
 (735,'2011-11-30',3),
 (735,'2011-12-01',3),
 (735,'2011-12-02',3),
 (735,'2011-12-03',3),
 (735,'2011-12-05',3),
 (735,'2011-12-06',3),
 (735,'2011-12-07',3),
 (735,'2011-12-08',3),
 (735,'2011-12-09',3),
 (735,'2011-12-10',3),
 (735,'2011-12-12',3),
 (735,'2011-12-13',3),
 (736,'2011-11-23',3),
 (740,'2011-11-17',3),
 (740,'2011-11-18',3),
 (740,'2011-11-21',3),
 (743,'2011-11-17',3),
 (748,'2011-11-21',3),
 (748,'2011-11-22',3),
 (748,'2011-11-23',3),
 (748,'2011-11-24',3),
 (748,'2011-11-25',3),
 (750,'2011-11-21',3),
 (750,'2011-11-22',3),
 (750,'2011-11-23',3),
 (750,'2011-11-24',3),
 (750,'2011-11-25',3),
 (752,'2011-11-30',3),
 (752,'2011-12-03',3),
 (752,'2011-12-05',3),
 (753,'2011-11-17',3),
 (754,'2011-11-18',3),
 (758,'2011-11-17',3),
 (758,'2011-11-18',3),
 (758,'2011-11-21',3),
 (758,'2011-11-22',3),
 (758,'2011-11-23',3),
 (758,'2011-11-24',3),
 (758,'2011-11-25',3),
 (758,'2011-11-26',3),
 (758,'2011-11-28',3),
 (762,'2011-11-17',3),
 (763,'2011-11-21',3),
 (763,'2011-11-22',3),
 (763,'2011-11-23',3),
 (763,'2011-11-24',3),
 (763,'2011-11-25',3),
 (763,'2011-11-26',3),
 (763,'2011-11-29',3),
 (763,'2011-11-30',3),
 (763,'2011-12-01',3),
 (763,'2011-12-02',3),
 (763,'2011-12-03',3),
 (763,'2011-12-05',3),
 (763,'2011-12-06',3),
 (763,'2011-12-07',3),
 (763,'2011-12-08',3),
 (763,'2011-12-09',3),
 (765,'2011-11-17',3),
 (766,'2011-11-18',3),
 (768,'2011-11-21',3),
 (768,'2011-11-22',3),
 (774,'2011-11-18',3),
 (774,'2011-11-19',3),
 (774,'2011-11-21',3),
 (775,'2011-11-18',3),
 (776,'2011-11-18',3),
 (777,'2011-11-18',3),
 (778,'2011-11-21',3),
 (778,'2011-11-22',3),
 (778,'2011-11-23',3),
 (778,'2011-11-24',3),
 (778,'2011-11-25',3),
 (778,'2011-11-26',3),
 (778,'2011-11-28',3),
 (779,'2011-11-21',3),
 (780,'2011-11-18',3),
 (780,'2011-11-19',3),
 (780,'2011-11-21',3),
 (782,'2011-11-21',3),
 (784,'2011-11-21',3),
 (784,'2011-11-22',3),
 (784,'2011-11-23',3),
 (787,'2011-11-24',3),
 (787,'2011-11-25',3),
 (787,'2011-11-28',3),
 (787,'2011-12-01',3),
 (787,'2011-12-02',3),
 (788,'2011-11-22',3),
 (788,'2011-11-23',3),
 (788,'2011-11-24',3),
 (788,'2011-11-25',3),
 (788,'2011-11-26',3),
 (788,'2011-11-28',3),
 (788,'2011-11-29',3),
 (788,'2011-11-30',3),
 (788,'2011-12-01',3),
 (788,'2011-12-02',3),
 (788,'2011-12-03',3),
 (788,'2011-12-05',3),
 (788,'2011-12-06',3),
 (788,'2011-12-07',3),
 (788,'2011-12-08',3),
 (788,'2011-12-12',3),
 (788,'2011-12-13',3),
 (788,'2011-12-14',3),
 (788,'2011-12-15',3),
 (791,'2011-11-21',3),
 (794,'2011-11-21',3),
 (798,'2011-11-21',3),
 (798,'2011-11-22',3),
 (800,'2011-11-21',3),
 (800,'2011-11-22',3),
 (800,'2011-11-23',3),
 (803,'2011-11-24',3),
 (804,'2011-11-23',3),
 (807,'2011-11-22',3),
 (807,'2011-11-23',3),
 (808,'2011-11-21',3),
 (809,'2011-11-29',3),
 (809,'2011-11-30',3),
 (809,'2011-12-01',3),
 (819,'2011-11-23',3),
 (824,'2011-11-21',3),
 (826,'2011-11-22',3),
 (827,'2011-11-22',3),
 (827,'2011-11-23',3),
 (827,'2011-11-24',3),
 (827,'2011-11-25',3),
 (827,'2011-11-26',3),
 (827,'2011-11-28',3),
 (827,'2011-12-03',3),
 (827,'2011-12-05',3),
 (827,'2011-12-06',3),
 (828,'2011-11-22',3),
 (829,'2011-11-22',3),
 (829,'2011-11-23',3),
 (829,'2011-11-24',3),
 (829,'2011-11-25',3),
 (830,'2011-11-24',3),
 (830,'2011-11-25',3),
 (830,'2011-11-26',3),
 (830,'2011-11-28',3),
 (830,'2011-11-29',3),
 (831,'2011-11-22',3),
 (831,'2011-11-23',3),
 (831,'2011-11-24',3),
 (831,'2011-11-25',3),
 (831,'2011-11-26',3),
 (831,'2011-11-28',3),
 (831,'2011-11-29',3),
 (831,'2011-11-30',3),
 (832,'2011-11-22',3),
 (839,'2011-11-29',3),
 (839,'2011-11-30',3),
 (839,'2011-12-01',3),
 (839,'2011-12-02',3),
 (839,'2011-12-03',3),
 (839,'2011-12-05',3),
 (839,'2011-12-06',3),
 (839,'2011-12-07',3),
 (839,'2011-12-08',3),
 (840,'2011-11-22',3),
 (841,'2011-11-22',3),
 (844,'2011-11-21',3),
 (845,'2011-11-21',3),
 (845,'2011-11-22',3),
 (845,'2011-11-23',3),
 (845,'2011-11-25',3),
 (845,'2011-11-26',3),
 (845,'2011-11-28',3),
 (845,'2011-12-01',3),
 (849,'2011-11-28',3),
 (849,'2011-11-29',3),
 (849,'2011-11-30',3),
 (849,'2011-12-01',3),
 (851,'2011-11-22',3),
 (851,'2011-11-23',3),
 (853,'2011-11-23',3),
 (854,'2011-11-23',3),
 (856,'2011-11-23',3),
 (857,'2011-11-24',3),
 (858,'2011-11-24',3),
 (862,'2011-11-30',3),
 (863,'2011-12-05',3),
 (863,'2011-12-06',3),
 (863,'2011-12-08',3),
 (863,'2011-12-09',3),
 (866,'2011-11-23',3),
 (870,'2011-11-24',3),
 (871,'2011-11-29',3),
 (872,'2011-11-23',3),
 (873,'2011-11-21',3),
 (874,'2011-11-22',3),
 (876,'2011-11-24',3),
 (876,'2011-11-25',3),
 (876,'2011-11-26',3),
 (876,'2011-11-28',3),
 (876,'2011-11-29',3),
 (878,'2011-11-24',3),
 (878,'2011-11-25',3),
 (878,'2011-11-26',3),
 (878,'2011-11-28',3),
 (878,'2011-11-29',3),
 (878,'2011-11-30',3),
 (878,'2011-12-01',3),
 (878,'2011-12-02',3),
 (878,'2011-12-03',3),
 (878,'2011-12-06',3),
 (878,'2011-12-07',3),
 (879,'2011-11-23',3),
 (879,'2011-11-24',3),
 (879,'2011-11-25',3),
 (879,'2011-11-26',3),
 (879,'2011-11-28',3),
 (879,'2011-11-29',3),
 (879,'2011-11-30',3),
 (882,'2011-11-24',3),
 (882,'2011-11-25',3),
 (886,'2011-11-24',3),
 (889,'2011-11-23',3),
 (889,'2011-11-24',3),
 (889,'2011-11-25',3),
 (889,'2011-11-26',3),
 (889,'2011-11-28',3),
 (889,'2011-12-03',3),
 (890,'2011-11-23',3),
 (890,'2011-11-24',3),
 (890,'2011-11-25',3),
 (890,'2011-11-26',3),
 (890,'2011-11-28',3),
 (892,'2011-11-23',3),
 (892,'2011-11-24',3),
 (892,'2011-11-25',3),
 (892,'2011-11-26',3),
 (892,'2011-11-28',3),
 (892,'2011-11-29',3),
 (892,'2011-11-30',3),
 (892,'2011-12-01',3),
 (892,'2011-12-02',3),
 (892,'2011-12-03',3),
 (892,'2011-12-05',3),
 (893,'2011-11-24',3),
 (894,'2011-11-24',3),
 (895,'2011-11-24',3),
 (896,'2011-11-24',3),
 (896,'2011-11-25',3),
 (896,'2011-11-26',3),
 (903,'2011-11-24',3),
 (905,'2011-12-14',3),
 (905,'2011-12-16',3),
 (905,'2011-12-17',3),
 (905,'2011-12-19',3),
 (905,'2011-12-20',3),
 (905,'2011-12-21',3),
 (908,'2011-11-24',3),
 (911,'2011-11-29',3),
 (911,'2011-11-30',3),
 (914,'2011-11-24',3),
 (914,'2011-11-25',3),
 (914,'2011-11-26',3),
 (914,'2011-11-28',3),
 (914,'2011-11-29',3),
 (915,'2011-11-24',3),
 (915,'2011-11-25',3),
 (924,'2011-12-03',3),
 (925,'2011-11-25',3),
 (925,'2011-11-26',3),
 (925,'2011-11-28',3),
 (925,'2011-11-29',3),
 (934,'2011-11-26',3),
 (936,'2011-11-25',3),
 (937,'2011-11-25',3),
 (940,'2011-11-26',3),
 (940,'2011-11-28',3),
 (940,'2011-11-29',3),
 (941,'2011-11-26',3),
 (941,'2011-11-28',3),
 (941,'2011-11-29',3),
 (941,'2011-11-30',3),
 (945,'2011-11-26',3),
 (950,'2011-12-06',3),
 (951,'2011-11-26',3),
 (955,'2011-11-25',3),
 (956,'2011-11-25',3),
 (957,'2011-11-25',3),
 (957,'2011-11-26',3),
 (957,'2011-11-28',3),
 (957,'2011-11-29',3),
 (963,'2011-11-28',3),
 (963,'2011-11-29',3),
 (963,'2011-11-30',3),
 (965,'2011-11-29',3),
 (968,'2011-11-28',3),
 (968,'2011-11-29',3),
 (970,'2011-11-28',3),
 (970,'2011-11-29',3),
 (971,'2011-11-28',3),
 (972,'2011-11-28',3),
 (974,'2011-11-28',3),
 (974,'2011-11-29',3),
 (974,'2011-11-30',3),
 (974,'2011-12-01',3),
 (974,'2011-12-02',3),
 (974,'2011-12-03',3),
 (974,'2011-12-05',3),
 (974,'2011-12-06',3),
 (974,'2011-12-07',3),
 (974,'2011-12-08',3),
 (974,'2011-12-12',3),
 (974,'2011-12-13',3),
 (974,'2011-12-14',3),
 (974,'2011-12-15',3),
 (974,'2011-12-16',3),
 (975,'2011-11-30',3),
 (977,'2011-11-28',3),
 (977,'2011-11-29',3),
 (977,'2011-11-30',3),
 (977,'2011-12-01',3),
 (977,'2011-12-02',3),
 (977,'2011-12-03',3),
 (977,'2011-12-05',3),
 (977,'2011-12-06',3),
 (977,'2011-12-07',3),
 (977,'2011-12-08',3),
 (977,'2011-12-09',3),
 (977,'2011-12-10',3),
 (977,'2011-12-12',3),
 (978,'2011-11-29',3),
 (980,'2011-11-28',3),
 (982,'2011-12-01',3),
 (982,'2011-12-02',3),
 (982,'2011-12-03',3),
 (982,'2011-12-05',3),
 (983,'2011-11-28',3),
 (984,'2011-11-28',3),
 (984,'2011-11-29',3),
 (988,'2011-12-14',3),
 (989,'2011-12-01',3),
 (989,'2011-12-02',3),
 (991,'2011-11-29',3),
 (991,'2011-11-30',3),
 (991,'2011-12-01',3),
 (991,'2011-12-02',3),
 (991,'2011-12-03',3),
 (991,'2011-12-05',3),
 (993,'2011-11-28',3),
 (994,'2011-11-28',3),
 (994,'2011-11-29',3),
 (995,'2011-11-28',3),
 (996,'2011-11-28',3),
 (998,'2011-11-28',3),
 (998,'2011-11-29',3),
 (998,'2011-11-30',3),
 (998,'2011-12-01',3),
 (998,'2011-12-02',3),
 (998,'2011-12-03',3),
 (998,'2011-12-05',3),
 (998,'2011-12-06',3),
 (998,'2011-12-07',3),
 (998,'2011-12-08',3),
 (998,'2011-12-12',3),
 (998,'2011-12-13',3),
 (999,'2011-11-29',3),
 (1004,'2011-12-06',3),
 (1006,'2011-12-02',3),
 (1007,'2011-11-29',3),
 (1008,'2011-11-29',3),
 (1008,'2011-11-30',3),
 (1008,'2011-12-01',3),
 (1008,'2011-12-02',3),
 (1008,'2011-12-03',3),
 (1009,'2011-11-29',3),
 (1009,'2011-11-30',3),
 (1009,'2011-12-01',3),
 (1010,'2011-12-03',3),
 (1012,'2011-11-30',3),
 (1012,'2011-12-01',3),
 (1016,'2011-11-29',3),
 (1023,'2011-12-02',3),
 (1023,'2011-12-03',3),
 (1023,'2011-12-05',3),
 (1023,'2011-12-06',3),
 (1023,'2011-12-07',3),
 (1023,'2011-12-08',3),
 (1023,'2011-12-09',3),
 (1023,'2011-12-10',3),
 (1024,'2011-11-29',3),
 (1025,'2011-11-29',3),
 (1025,'2011-11-30',3),
 (1026,'2011-12-05',3),
 (1026,'2011-12-06',3),
 (1026,'2011-12-07',3),
 (1026,'2011-12-08',3),
 (1026,'2011-12-09',3),
 (1026,'2011-12-10',3),
 (1026,'2011-12-12',3),
 (1026,'2011-12-13',3),
 (1026,'2011-12-14',3),
 (1026,'2011-12-15',3),
 (1026,'2011-12-16',3),
 (1026,'2011-12-17',3),
 (1026,'2011-12-19',3),
 (1026,'2011-12-20',3),
 (1026,'2011-12-21',3),
 (1026,'2011-12-22',3),
 (1026,'2011-12-23',3),
 (1026,'2011-12-24',3),
 (1026,'2011-12-26',3),
 (1026,'2011-12-27',3),
 (1026,'2011-12-28',3),
 (1026,'2011-12-29',3),
 (1026,'2011-12-30',3),
 (1026,'2011-12-31',3),
 (1026,'2012-01-02',3),
 (1026,'2012-01-03',3),
 (1027,'2011-11-30',3),
 (1027,'2011-12-01',3),
 (1027,'2011-12-07',3),
 (1027,'2011-12-09',3),
 (1027,'2011-12-10',3),
 (1027,'2011-12-12',3),
 (1027,'2011-12-13',3),
 (1027,'2011-12-14',3),
 (1027,'2011-12-15',3),
 (1027,'2011-12-16',3),
 (1027,'2011-12-17',3),
 (1027,'2011-12-23',3),
 (1027,'2011-12-24',3),
 (1027,'2011-12-26',3),
 (1027,'2011-12-27',3),
 (1027,'2011-12-28',3),
 (1027,'2011-12-29',3),
 (1027,'2012-01-09',3),
 (1027,'2012-01-10',3),
 (1030,'2011-12-05',3),
 (1031,'2011-11-29',3),
 (1031,'2011-11-30',3),
 (1031,'2011-12-01',3),
 (1031,'2011-12-02',3),
 (1031,'2011-12-03',3),
 (1031,'2011-12-05',3),
 (1031,'2011-12-06',3),
 (1031,'2011-12-07',3),
 (1031,'2011-12-08',3),
 (1031,'2011-12-09',3),
 (1031,'2011-12-10',3),
 (1031,'2011-12-12',3),
 (1031,'2011-12-13',3),
 (1031,'2011-12-14',3),
 (1031,'2011-12-15',3),
 (1031,'2011-12-16',3),
 (1031,'2011-12-17',3),
 (1031,'2011-12-19',3),
 (1031,'2011-12-21',3),
 (1031,'2011-12-22',3),
 (1031,'2011-12-23',3),
 (1031,'2011-12-24',3),
 (1031,'2011-12-26',3),
 (1031,'2011-12-27',3),
 (1031,'2011-12-28',3),
 (1031,'2011-12-29',3),
 (1031,'2011-12-30',3),
 (1031,'2011-12-31',3),
 (1031,'2012-01-02',3),
 (1031,'2012-01-03',3),
 (1031,'2012-01-04',3),
 (1031,'2012-01-05',3),
 (1031,'2012-01-06',3),
 (1031,'2012-01-07',3),
 (1031,'2012-01-09',3),
 (1031,'2012-01-10',3),
 (1031,'2012-01-11',3),
 (1031,'2012-01-12',3),
 (1031,'2012-01-13',3),
 (1031,'2012-01-14',3),
 (1031,'2012-01-16',3),
 (1031,'2012-01-17',3),
 (1031,'2012-01-18',3),
 (1031,'2012-01-19',3),
 (1031,'2012-01-20',3),
 (1031,'2012-01-21',3),
 (1031,'2012-01-23',3),
 (1031,'2012-01-24',3),
 (1031,'2012-01-25',3),
 (1031,'2012-01-26',3),
 (1031,'2012-01-27',3),
 (1031,'2012-01-28',3),
 (1031,'2012-01-30',3),
 (1031,'2012-01-31',3),
 (1031,'2012-02-01',3),
 (1031,'2012-02-02',3),
 (1033,'2011-11-30',3),
 (1033,'2011-12-01',3),
 (1033,'2011-12-02',3),
 (1033,'2011-12-03',3),
 (1034,'2011-11-29',3),
 (1034,'2011-11-30',3),
 (1034,'2011-12-01',3),
 (1034,'2011-12-02',3),
 (1034,'2011-12-03',3),
 (1034,'2011-12-05',3),
 (1034,'2011-12-06',3),
 (1034,'2011-12-07',3),
 (1035,'2011-11-29',3),
 (1035,'2011-11-30',3),
 (1036,'2011-12-01',3),
 (1036,'2011-12-02',3),
 (1036,'2011-12-03',3),
 (1036,'2011-12-05',3),
 (1039,'2011-12-03',3),
 (1039,'2011-12-05',3),
 (1044,'2011-12-05',3),
 (1045,'2011-11-29',3),
 (1045,'2011-11-30',3),
 (1047,'2011-12-01',3),
 (1050,'2011-11-29',3),
 (1051,'2011-11-29',3),
 (1055,'2011-11-30',3),
 (1060,'2011-12-03',3),
 (1060,'2011-12-05',3),
 (1060,'2011-12-06',3),
 (1060,'2011-12-07',3),
 (1060,'2011-12-08',3),
 (1060,'2011-12-09',3),
 (1060,'2011-12-10',3),
 (1060,'2011-12-12',3),
 (1060,'2011-12-13',3),
 (1060,'2011-12-14',3),
 (1066,'2011-12-03',3),
 (1066,'2011-12-05',3),
 (1066,'2011-12-06',3),
 (1067,'2011-12-01',3),
 (1067,'2011-12-02',3),
 (1068,'2011-11-29',3),
 (1072,'2011-12-02',3),
 (1072,'2011-12-03',3),
 (1072,'2011-12-05',3),
 (1074,'2011-12-12',3),
 (1074,'2011-12-13',3),
 (1074,'2011-12-14',3),
 (1074,'2011-12-15',3),
 (1079,'2011-11-30',3),
 (1081,'2011-12-06',3),
 (1082,'2011-12-13',3),
 (1082,'2011-12-14',3),
 (1085,'2011-12-05',3),
 (1088,'2011-12-05',3),
 (1088,'2011-12-06',3),
 (1088,'2011-12-07',3),
 (1096,'2011-12-03',3),
 (1096,'2011-12-05',3),
 (1096,'2011-12-06',3),
 (1097,'2011-11-30',3),
 (1097,'2011-12-01',3),
 (1097,'2011-12-02',3),
 (1097,'2011-12-03',3),
 (1097,'2011-12-05',3),
 (1097,'2011-12-06',3),
 (1097,'2011-12-07',3),
 (1098,'2011-12-01',3),
 (1099,'2011-12-09',3),
 (1099,'2011-12-10',3),
 (1099,'2011-12-12',3),
 (1099,'2011-12-13',3),
 (1099,'2011-12-14',3),
 (1099,'2011-12-15',3),
 (1100,'2011-12-01',3),
 (1100,'2011-12-02',3),
 (1100,'2011-12-03',3),
 (1100,'2011-12-05',3),
 (1100,'2011-12-06',3),
 (1100,'2011-12-07',3),
 (1100,'2011-12-09',3),
 (1100,'2011-12-10',3),
 (1100,'2011-12-12',3),
 (1100,'2011-12-13',3),
 (1100,'2011-12-14',3),
 (1100,'2011-12-15',3),
 (1100,'2011-12-16',3),
 (1100,'2011-12-17',3),
 (1100,'2011-12-19',3),
 (1100,'2011-12-20',3),
 (1100,'2011-12-21',3),
 (1100,'2011-12-22',3),
 (1100,'2011-12-23',3),
 (1100,'2011-12-24',3),
 (1100,'2011-12-26',3),
 (1100,'2011-12-27',3),
 (1100,'2011-12-28',3),
 (1100,'2011-12-29',3),
 (1100,'2011-12-30',3),
 (1100,'2011-12-31',3),
 (1100,'2012-01-02',3),
 (1100,'2012-01-03',3),
 (1100,'2012-01-04',3),
 (1100,'2012-01-05',3),
 (1101,'2011-12-07',3),
 (1102,'2011-12-08',3),
 (1104,'2011-12-05',3),
 (1105,'2011-12-08',3),
 (1107,'2011-12-01',3),
 (1109,'2011-12-01',3),
 (1113,'2011-12-10',3),
 (1113,'2011-12-12',3),
 (1113,'2011-12-13',3),
 (1113,'2011-12-14',3),
 (1113,'2011-12-15',3),
 (1113,'2011-12-16',3),
 (1114,'2011-12-07',3),
 (1114,'2011-12-08',3),
 (1114,'2011-12-09',3),
 (1114,'2011-12-10',3),
 (1114,'2011-12-12',3),
 (1127,'2011-12-01',3),
 (1127,'2011-12-02',3),
 (1128,'2011-12-01',3),
 (1129,'2011-12-02',3),
 (1129,'2011-12-03',3),
 (1131,'2011-12-06',3),
 (1131,'2011-12-07',3),
 (1131,'2011-12-08',3),
 (1131,'2011-12-09',3),
 (1131,'2011-12-10',3),
 (1131,'2011-12-12',3),
 (1132,'2011-12-01',3),
 (1133,'2011-12-02',3),
 (1133,'2011-12-03',3),
 (1136,'2011-12-03',3),
 (1136,'2011-12-05',3),
 (1137,'2011-12-05',3),
 (1137,'2011-12-06',3),
 (1137,'2011-12-07',3),
 (1138,'2011-12-01',3),
 (1138,'2011-12-02',3),
 (1138,'2011-12-03',3),
 (1138,'2011-12-05',3),
 (1138,'2011-12-06',3),
 (1140,'2011-12-03',3),
 (1140,'2011-12-05',3),
 (1141,'2011-12-03',3),
 (1143,'2011-12-03',3),
 (1144,'2011-12-01',3),
 (1145,'2011-12-02',3),
 (1145,'2011-12-03',3),
 (1146,'2012-01-02',3),
 (1148,'2011-12-02',3),
 (1149,'2011-12-02',3),
 (1149,'2011-12-03',3),
 (1150,'2011-12-02',3),
 (1150,'2011-12-03',3),
 (1150,'2011-12-05',3),
 (1154,'2011-12-02',3),
 (1162,'2011-12-08',3),
 (1164,'2011-12-03',3),
 (1165,'2011-12-02',3),
 (1165,'2011-12-03',3),
 (1165,'2011-12-05',3),
 (1168,'2011-12-12',3),
 (1168,'2011-12-13',3),
 (1169,'2011-12-03',3),
 (1169,'2011-12-05',3),
 (1169,'2011-12-06',3),
 (1169,'2011-12-07',3),
 (1171,'2011-12-03',3),
 (1173,'2011-12-05',3),
 (1175,'2011-12-06',3),
 (1175,'2011-12-07',3),
 (1175,'2011-12-08',3),
 (1175,'2011-12-12',3),
 (1175,'2011-12-13',3),
 (1175,'2011-12-14',3),
 (1175,'2011-12-15',3),
 (1175,'2011-12-16',3),
 (1179,'2011-12-05',3),
 (1179,'2011-12-06',3),
 (1179,'2011-12-07',3),
 (1180,'2011-12-05',3),
 (1181,'2011-12-05',3),
 (1183,'2011-12-06',3),
 (1184,'2011-12-05',3),
 (1189,'2011-12-05',3),
 (1192,'2011-12-05',3),
 (1193,'2011-12-06',3),
 (1193,'2011-12-07',3),
 (1193,'2011-12-08',3),
 (1193,'2011-12-12',3),
 (1195,'2011-12-07',3),
 (1199,'2011-12-09',3),
 (1200,'2011-12-05',3),
 (1206,'2011-12-07',3),
 (1207,'2011-12-13',3),
 (1207,'2011-12-14',3),
 (1208,'2011-12-14',3),
 (1212,'2011-12-05',3),
 (1212,'2011-12-06',3),
 (1212,'2011-12-12',3),
 (1212,'2011-12-13',3),
 (1212,'2011-12-14',3),
 (1212,'2011-12-15',3),
 (1221,'2011-12-05',3),
 (1221,'2011-12-06',3),
 (1225,'2011-12-05',3),
 (1227,'2011-12-06',3),
 (1228,'2011-12-06',3),
 (1229,'2011-12-06',3),
 (1229,'2011-12-07',3),
 (1229,'2011-12-08',3),
 (1230,'2011-12-06',3),
 (1232,'2011-12-06',3),
 (1233,'2011-12-08',3),
 (1234,'2011-12-06',3),
 (1234,'2011-12-07',3),
 (1234,'2011-12-08',3),
 (1234,'2011-12-09',3),
 (1234,'2011-12-10',3),
 (1234,'2011-12-12',3),
 (1234,'2011-12-13',3),
 (1234,'2011-12-14',3),
 (1234,'2011-12-15',3),
 (1234,'2011-12-16',3),
 (1234,'2011-12-17',3),
 (1234,'2011-12-19',3),
 (1234,'2011-12-20',3),
 (1234,'2011-12-22',3),
 (1234,'2011-12-23',3),
 (1234,'2011-12-24',3),
 (1234,'2011-12-26',3),
 (1234,'2011-12-27',3),
 (1234,'2011-12-28',3),
 (1234,'2011-12-29',3),
 (1234,'2011-12-30',3),
 (1234,'2011-12-31',3),
 (1234,'2012-01-02',3),
 (1234,'2012-01-03',3),
 (1234,'2012-01-04',3),
 (1234,'2012-01-05',3),
 (1234,'2012-01-06',3),
 (1234,'2012-01-07',3),
 (1234,'2012-01-09',3),
 (1234,'2012-01-10',3),
 (1234,'2012-01-11',3),
 (1234,'2012-01-12',3),
 (1234,'2012-01-13',3),
 (1234,'2012-01-14',3),
 (1234,'2012-01-16',3),
 (1234,'2012-01-17',3),
 (1234,'2012-01-18',3),
 (1234,'2012-01-19',3),
 (1234,'2012-01-20',3),
 (1234,'2012-01-21',3),
 (1234,'2012-01-24',3),
 (1234,'2012-01-25',3),
 (1234,'2012-01-26',3),
 (1234,'2012-01-27',3),
 (1234,'2012-01-28',3),
 (1234,'2012-01-30',3),
 (1234,'2012-01-31',3),
 (1234,'2012-02-01',3),
 (1234,'2012-02-02',3),
 (1234,'2012-02-03',3),
 (1234,'2012-02-04',3),
 (1234,'2012-02-06',3),
 (1234,'2012-02-07',3),
 (1234,'2012-02-08',3),
 (1235,'2011-12-13',3),
 (1236,'2011-12-06',3),
 (1239,'2012-01-03',3),
 (1239,'2012-01-04',3),
 (1239,'2012-01-05',3),
 (1239,'2012-01-06',3),
 (1239,'2012-01-07',3),
 (1239,'2012-01-09',3),
 (1239,'2012-01-10',3),
 (1239,'2012-01-11',3),
 (1239,'2012-01-12',3),
 (1239,'2012-01-13',3),
 (1239,'2012-01-14',3),
 (1239,'2012-01-16',3),
 (1239,'2012-01-17',3),
 (1239,'2012-01-18',3),
 (1239,'2012-01-19',3),
 (1239,'2012-01-20',3),
 (1240,'2011-12-06',3),
 (1240,'2011-12-07',3),
 (1241,'2011-12-06',3),
 (1242,'2011-12-06',3),
 (1244,'2011-12-06',3),
 (1245,'2011-12-16',3),
 (1246,'2011-12-15',3),
 (1246,'2011-12-16',3),
 (1248,'2011-12-19',3),
 (1250,'2011-12-06',3),
 (1251,'2011-12-06',3),
 (1252,'2011-12-07',3),
 (1252,'2011-12-08',3),
 (1252,'2011-12-09',3),
 (1254,'2011-12-07',3),
 (1256,'2012-01-02',3),
 (1256,'2012-01-03',3),
 (1256,'2012-01-05',3),
 (1256,'2012-01-10',3),
 (1256,'2012-01-11',3),
 (1256,'2012-01-19',3),
 (1258,'2011-12-07',3),
 (1258,'2011-12-08',3),
 (1258,'2011-12-09',3),
 (1264,'2011-12-06',3),
 (1269,'2011-12-07',3),
 (1269,'2011-12-08',3),
 (1269,'2011-12-09',3),
 (1269,'2011-12-10',3),
 (1269,'2011-12-12',3),
 (1269,'2011-12-13',3),
 (1269,'2011-12-14',3),
 (1269,'2011-12-15',3),
 (1277,'2012-01-16',3),
 (1277,'2012-01-17',3),
 (1277,'2012-01-18',3),
 (1277,'2012-01-19',3),
 (1277,'2012-01-20',3),
 (1277,'2012-01-23',3),
 (1277,'2012-01-24',3),
 (1277,'2012-01-25',3),
 (1277,'2012-01-28',3),
 (1277,'2012-01-30',3),
 (1277,'2012-01-31',3),
 (1277,'2012-02-01',3),
 (1277,'2012-02-07',3),
 (1277,'2012-02-08',3),
 (1281,'2011-12-15',3),
 (1281,'2011-12-16',3),
 (1281,'2011-12-19',3),
 (1282,'2011-12-13',3),
 (1283,'2011-12-15',3),
 (1285,'2011-12-15',3),
 (1286,'2011-12-08',3),
 (1287,'2011-12-07',3),
 (1288,'2011-12-07',3),
 (1289,'2011-12-08',3),
 (1293,'2011-12-07',3),
 (1293,'2011-12-08',3),
 (1293,'2011-12-10',3),
 (1293,'2011-12-12',3),
 (1293,'2011-12-13',3),
 (1293,'2011-12-14',3),
 (1293,'2011-12-15',3),
 (1294,'2011-12-07',3),
 (1295,'2011-12-07',3),
 (1295,'2011-12-08',3),
 (1295,'2011-12-12',3),
 (1295,'2011-12-13',3),
 (1295,'2011-12-14',3),
 (1295,'2011-12-15',3),
 (1295,'2011-12-16',3),
 (1297,'2011-12-07',3),
 (1297,'2011-12-08',3),
 (1297,'2011-12-09',3),
 (1297,'2011-12-10',3),
 (1297,'2011-12-12',3),
 (1300,'2012-01-12',3),
 (1301,'2011-12-07',3),
 (1315,'2011-12-08',3),
 (1317,'2011-12-08',3),
 (1317,'2011-12-09',3),
 (1317,'2011-12-10',3),
 (1317,'2011-12-12',3),
 (1319,'2011-12-08',3),
 (1326,'2011-12-10',3),
 (1326,'2011-12-12',3),
 (1326,'2011-12-13',3),
 (1326,'2011-12-14',3),
 (1327,'2011-12-10',3),
 (1327,'2011-12-12',3),
 (1327,'2011-12-13',3),
 (1327,'2011-12-14',3),
 (1337,'2011-12-08',3),
 (1338,'2011-12-08',3),
 (1343,'2011-12-08',3),
 (1343,'2011-12-09',3),
 (1343,'2011-12-10',3),
 (1343,'2011-12-12',3),
 (1345,'2011-12-08',3),
 (1369,'2011-12-12',3),
 (1377,'2012-01-09',3),
 (1380,'2011-12-08',3),
 (1380,'2011-12-09',3),
 (1380,'2011-12-10',3),
 (1380,'2011-12-12',3),
 (1380,'2011-12-13',3),
 (1380,'2011-12-14',3),
 (1380,'2011-12-15',3),
 (1380,'2011-12-16',3),
 (1380,'2011-12-17',3),
 (1380,'2011-12-19',3),
 (1380,'2011-12-20',3),
 (1380,'2011-12-21',3),
 (1380,'2011-12-22',3),
 (1380,'2011-12-23',3),
 (1380,'2011-12-24',3),
 (1380,'2011-12-26',3),
 (1380,'2011-12-27',3),
 (1380,'2011-12-28',3),
 (1381,'2011-12-08',3),
 (1381,'2011-12-09',3),
 (1381,'2011-12-10',3),
 (1382,'2011-12-08',3),
 (1382,'2011-12-12',3),
 (1383,'2011-12-08',3),
 (1383,'2011-12-12',3),
 (1383,'2011-12-13',3),
 (1383,'2011-12-14',3),
 (1383,'2011-12-15',3),
 (1383,'2011-12-16',3),
 (1383,'2011-12-17',3),
 (1383,'2011-12-19',3),
 (1383,'2011-12-20',3),
 (1383,'2011-12-21',3),
 (1383,'2011-12-22',3),
 (1383,'2011-12-23',3),
 (1383,'2011-12-24',3),
 (1383,'2011-12-26',3),
 (1383,'2011-12-27',3),
 (1383,'2011-12-28',3),
 (1384,'2011-12-12',3),
 (1384,'2011-12-13',3),
 (1385,'2011-12-13',3),
 (1385,'2011-12-14',3),
 (1385,'2011-12-15',3),
 (1389,'2011-12-15',3),
 (1389,'2011-12-16',3),
 (1389,'2011-12-17',3),
 (1389,'2011-12-22',3),
 (1389,'2011-12-23',3),
 (1389,'2011-12-24',3),
 (1389,'2011-12-26',3),
 (1389,'2011-12-27',3),
 (1389,'2011-12-28',3),
 (1389,'2011-12-29',3),
 (1389,'2012-01-10',3),
 (1389,'2012-01-16',3),
 (1389,'2012-01-17',3),
 (1389,'2012-01-18',3),
 (1389,'2012-01-19',3),
 (1389,'2012-01-20',3),
 (1389,'2012-01-21',3),
 (1389,'2012-01-23',3),
 (1389,'2012-01-24',3),
 (1389,'2012-01-25',3),
 (1389,'2012-01-27',3),
 (1389,'2012-01-28',3),
 (1389,'2012-01-30',3),
 (1389,'2012-01-31',3),
 (1389,'2012-02-01',3),
 (1399,'2011-12-08',3),
 (1400,'2011-12-08',3),
 (1406,'2011-12-10',3),
 (1406,'2011-12-12',3),
 (1407,'2011-12-08',3),
 (1407,'2011-12-10',3),
 (1407,'2011-12-12',3),
 (1407,'2011-12-13',3),
 (1407,'2011-12-14',3),
 (1413,'2011-12-12',3),
 (1414,'2011-12-21',3),
 (1414,'2011-12-22',3),
 (1414,'2011-12-23',3),
 (1414,'2011-12-24',3),
 (1414,'2011-12-26',3),
 (1414,'2011-12-27',3),
 (1414,'2011-12-28',3),
 (1414,'2011-12-29',3),
 (1414,'2011-12-30',3),
 (1414,'2011-12-31',3),
 (1414,'2012-01-02',3),
 (1414,'2012-01-03',3),
 (1414,'2012-01-04',3),
 (1414,'2012-01-05',3),
 (1414,'2012-01-06',3),
 (1414,'2012-01-07',3),
 (1414,'2012-01-09',3),
 (1414,'2012-01-10',3),
 (1414,'2012-01-11',3),
 (1414,'2012-01-12',3),
 (1414,'2012-01-13',3),
 (1414,'2012-01-14',3),
 (1414,'2012-01-16',3),
 (1414,'2012-01-17',3),
 (1414,'2012-01-18',3),
 (1414,'2012-01-19',3),
 (1414,'2012-01-20',3),
 (1414,'2012-01-21',3),
 (1414,'2012-01-23',3),
 (1414,'2012-01-24',3),
 (1414,'2012-01-25',3),
 (1414,'2012-01-26',3),
 (1414,'2012-01-27',3),
 (1414,'2012-01-28',3),
 (1414,'2012-01-30',3),
 (1414,'2012-01-31',3),
 (1414,'2012-02-01',3),
 (1414,'2012-02-02',3),
 (1414,'2012-02-03',3),
 (1414,'2012-02-04',3),
 (1414,'2012-02-06',3),
 (1414,'2012-02-07',3),
 (1414,'2012-02-08',3),
 (1415,'2011-12-09',3),
 (1415,'2011-12-10',3),
 (1415,'2011-12-12',3),
 (1415,'2011-12-13',3),
 (1417,'2011-12-09',3),
 (1417,'2011-12-10',3),
 (1417,'2011-12-12',3),
 (1417,'2011-12-13',3),
 (1417,'2011-12-14',3),
 (1418,'2011-12-14',3),
 (1418,'2011-12-15',3),
 (1419,'2011-12-09',3),
 (1420,'2011-12-10',3),
 (1420,'2011-12-12',3),
 (1421,'2012-01-12',3),
 (1421,'2012-01-13',3),
 (1421,'2012-01-14',3),
 (1421,'2012-01-16',3),
 (1421,'2012-01-17',3),
 (1421,'2012-01-18',3),
 (1421,'2012-01-19',3),
 (1421,'2012-01-21',3),
 (1421,'2012-01-23',3),
 (1421,'2012-01-24',3),
 (1421,'2012-01-25',3),
 (1421,'2012-01-28',3),
 (1426,'2011-12-14',3),
 (1426,'2011-12-15',3),
 (1429,'2011-12-12',3),
 (1430,'2011-12-09',3),
 (1430,'2011-12-10',3),
 (1430,'2011-12-12',3),
 (1430,'2011-12-13',3),
 (1433,'2011-12-12',3),
 (1435,'2011-12-14',3),
 (1435,'2011-12-15',3),
 (1435,'2011-12-16',3),
 (1435,'2011-12-17',3),
 (1436,'2011-12-15',3),
 (1437,'2011-12-09',3),
 (1442,'2011-12-13',3),
 (1442,'2011-12-15',3);
INSERT INTO `work_order_day_entries` (`work_order_id`,`entry_date`,`off_road_reason_id`) VALUES 
 (1442,'2011-12-16',3),
 (1442,'2011-12-17',3),
 (1442,'2011-12-19',3),
 (1442,'2011-12-20',3),
 (1445,'2011-12-12',3),
 (1447,'2011-12-10',3),
 (1448,'2011-12-10',3),
 (1454,'2011-12-12',3),
 (1454,'2011-12-13',3),
 (1455,'2011-12-10',3),
 (1455,'2011-12-12',3),
 (1455,'2011-12-13',3),
 (1459,'2011-12-12',3),
 (1459,'2011-12-14',3),
 (1459,'2011-12-15',3),
 (1459,'2011-12-16',3),
 (1459,'2011-12-17',3),
 (1459,'2011-12-19',3),
 (1459,'2011-12-20',3),
 (1459,'2011-12-21',3),
 (1459,'2011-12-22',3),
 (1459,'2011-12-23',3),
 (1459,'2011-12-24',3),
 (1459,'2011-12-26',3),
 (1459,'2011-12-27',3),
 (1459,'2011-12-28',3),
 (1459,'2011-12-29',3),
 (1459,'2011-12-30',3),
 (1459,'2011-12-31',3),
 (1459,'2012-01-02',3),
 (1459,'2012-01-03',3),
 (1459,'2012-01-04',3),
 (1459,'2012-01-05',3),
 (1459,'2012-01-06',3),
 (1459,'2012-01-07',3),
 (1459,'2012-01-09',3),
 (1459,'2012-01-10',3),
 (1459,'2012-01-11',3),
 (1459,'2012-01-12',3),
 (1459,'2012-01-13',3),
 (1459,'2012-01-14',3),
 (1459,'2012-01-16',3),
 (1462,'2011-12-12',3),
 (1463,'2011-12-12',3),
 (1463,'2011-12-13',3),
 (1467,'2011-12-13',3),
 (1467,'2011-12-14',3),
 (1467,'2011-12-15',3),
 (1467,'2011-12-16',3),
 (1467,'2011-12-17',3),
 (1467,'2011-12-19',3),
 (1467,'2011-12-20',3),
 (1467,'2011-12-21',3),
 (1467,'2011-12-22',3),
 (1467,'2011-12-23',3),
 (1467,'2011-12-24',3),
 (1467,'2011-12-26',3),
 (1467,'2011-12-27',3),
 (1467,'2011-12-28',3),
 (1467,'2011-12-29',3),
 (1470,'2011-12-16',3),
 (1471,'2011-12-12',3),
 (1471,'2011-12-13',3),
 (1473,'2011-12-12',3),
 (1474,'2011-12-13',3),
 (1474,'2011-12-14',3),
 (1474,'2011-12-15',3),
 (1474,'2011-12-16',3),
 (1474,'2011-12-17',3),
 (1474,'2011-12-19',3),
 (1474,'2011-12-20',3),
 (1474,'2011-12-21',3),
 (1475,'2011-12-13',3),
 (1475,'2011-12-14',3),
 (1478,'2011-12-12',3),
 (1478,'2011-12-13',3),
 (1478,'2011-12-14',3),
 (1478,'2011-12-15',3),
 (1478,'2011-12-16',3),
 (1478,'2011-12-17',3),
 (1478,'2011-12-19',3),
 (1478,'2011-12-20',3),
 (1478,'2011-12-21',3),
 (1478,'2011-12-22',3),
 (1478,'2011-12-23',3),
 (1478,'2011-12-24',3),
 (1478,'2011-12-26',3),
 (1478,'2011-12-27',3),
 (1478,'2011-12-28',3),
 (1478,'2011-12-29',3),
 (1478,'2011-12-30',3),
 (1478,'2011-12-31',3),
 (1478,'2012-01-02',3),
 (1478,'2012-01-03',3),
 (1478,'2012-01-04',3),
 (1478,'2012-01-05',3),
 (1478,'2012-01-06',3),
 (1478,'2012-01-07',3),
 (1478,'2012-01-09',3),
 (1478,'2012-01-10',3),
 (1478,'2012-01-11',3),
 (1478,'2012-01-12',3),
 (1478,'2012-01-13',3),
 (1478,'2012-01-14',3),
 (1478,'2012-01-16',3),
 (1478,'2012-01-17',3),
 (1478,'2012-01-18',3),
 (1478,'2012-01-19',3),
 (1478,'2012-01-20',3),
 (1478,'2012-01-21',3),
 (1484,'2011-12-14',3),
 (1484,'2011-12-15',3),
 (1484,'2011-12-16',3),
 (1484,'2011-12-17',3),
 (1490,'2011-12-15',3),
 (1490,'2011-12-16',3),
 (1490,'2011-12-17',3),
 (1490,'2011-12-19',3),
 (1491,'2011-12-12',3),
 (1491,'2011-12-13',3),
 (1491,'2011-12-14',3),
 (1491,'2011-12-15',3),
 (1491,'2011-12-16',3),
 (1491,'2011-12-17',3),
 (1491,'2011-12-19',3),
 (1492,'2011-12-13',3),
 (1496,'2011-12-16',3),
 (1498,'2011-12-13',3),
 (1503,'2011-12-19',3),
 (1508,'2011-12-13',3),
 (1509,'2011-12-13',3),
 (1509,'2011-12-14',3),
 (1509,'2011-12-15',3),
 (1509,'2011-12-16',3),
 (1509,'2011-12-17',3),
 (1509,'2011-12-19',3),
 (1509,'2011-12-20',3),
 (1509,'2011-12-21',3),
 (1509,'2011-12-22',3),
 (1509,'2011-12-23',3),
 (1509,'2011-12-24',3),
 (1509,'2011-12-26',3),
 (1509,'2011-12-27',3),
 (1509,'2011-12-28',3),
 (1509,'2011-12-29',3),
 (1509,'2011-12-30',3),
 (1509,'2011-12-31',3),
 (1509,'2012-01-03',3),
 (1509,'2012-01-04',3),
 (1512,'2011-12-13',3),
 (1513,'2011-12-13',3),
 (1513,'2011-12-14',3),
 (1513,'2011-12-15',3),
 (1513,'2011-12-16',3),
 (1513,'2011-12-17',3),
 (1513,'2011-12-19',3),
 (1513,'2011-12-20',3),
 (1513,'2011-12-21',3),
 (1516,'2011-12-15',3),
 (1516,'2011-12-16',3),
 (1517,'2011-12-13',3),
 (1519,'2011-12-13',3),
 (1519,'2011-12-14',3),
 (1522,'2011-12-13',3),
 (1522,'2011-12-14',3),
 (1522,'2011-12-15',3),
 (1534,'2011-12-13',3),
 (1534,'2011-12-14',3),
 (1534,'2011-12-15',3),
 (1534,'2011-12-16',3),
 (1534,'2011-12-17',3),
 (1534,'2011-12-19',3),
 (1534,'2011-12-20',3),
 (1534,'2011-12-21',3),
 (1534,'2011-12-22',3),
 (1534,'2011-12-23',3),
 (1538,'2011-12-14',3),
 (1538,'2011-12-15',3),
 (1540,'2011-12-14',3),
 (1541,'2011-12-14',3),
 (1542,'2011-12-14',3),
 (1545,'2011-12-15',3),
 (1546,'2011-12-21',3),
 (1546,'2011-12-22',3),
 (1547,'2011-12-14',3),
 (1556,'2012-01-05',3),
 (1556,'2012-01-06',3),
 (1556,'2012-01-07',3),
 (1556,'2012-01-09',3),
 (1556,'2012-01-11',3),
 (1558,'2011-12-15',3),
 (1558,'2011-12-16',3),
 (1565,'2011-12-14',3),
 (1567,'2011-12-14',3),
 (1585,'2012-01-07',3),
 (1592,'2012-01-26',3),
 (1592,'2012-01-27',3),
 (1592,'2012-01-28',3),
 (1592,'2012-01-30',3),
 (1592,'2012-01-31',3),
 (1592,'2012-02-01',3),
 (1593,'2012-01-24',3),
 (1594,'2012-01-30',3),
 (1594,'2012-01-31',3),
 (1594,'2012-02-01',3),
 (1594,'2012-02-02',3),
 (1594,'2012-02-04',3),
 (1594,'2012-02-06',3),
 (1598,'2012-02-02',3),
 (1598,'2012-02-03',3),
 (1598,'2012-02-04',3),
 (1598,'2012-02-06',3),
 (1598,'2012-02-07',3),
 (1616,'2011-12-14',3),
 (1618,'2011-12-14',3),
 (1618,'2011-12-15',3),
 (1620,'2012-01-24',3),
 (1623,'2012-01-12',3),
 (1627,'2011-12-14',3),
 (1627,'2011-12-15',3),
 (1628,'2011-12-14',3),
 (1641,'2011-12-14',3),
 (1648,'2011-12-22',3),
 (1649,'2012-01-17',3),
 (1649,'2012-01-18',3),
 (1649,'2012-01-20',3),
 (1649,'2012-01-21',3),
 (1649,'2012-01-23',3),
 (1649,'2012-01-24',3),
 (1688,'2011-12-15',3),
 (1694,'2012-01-25',3),
 (1694,'2012-01-26',3),
 (1694,'2012-01-27',3),
 (1694,'2012-01-28',3),
 (1694,'2012-01-30',3),
 (1694,'2012-01-31',3),
 (1694,'2012-02-01',3),
 (1694,'2012-02-02',3),
 (1694,'2012-02-03',3),
 (1694,'2012-02-04',3),
 (1694,'2012-02-06',3),
 (1694,'2012-02-07',3),
 (1694,'2012-02-08',3),
 (1696,'2011-12-15',3),
 (1700,'2011-12-15',3),
 (1700,'2011-12-16',3),
 (1701,'2011-12-15',3),
 (1702,'2011-12-16',3),
 (1704,'2011-12-15',3),
 (1704,'2011-12-16',3),
 (1704,'2011-12-17',3),
 (1704,'2011-12-19',3),
 (1704,'2011-12-20',3),
 (1704,'2011-12-21',3),
 (1704,'2011-12-22',3),
 (1704,'2011-12-23',3),
 (1704,'2011-12-24',3),
 (1704,'2011-12-26',3),
 (1704,'2011-12-27',3),
 (1704,'2011-12-28',3),
 (1718,'2011-12-15',3),
 (1718,'2011-12-16',3),
 (1719,'2011-12-15',3),
 (1725,'2011-12-15',3),
 (1727,'2012-01-05',3),
 (1729,'2011-12-15',3),
 (1729,'2011-12-16',3),
 (1732,'2011-12-19',3),
 (1733,'2011-12-15',3),
 (1733,'2011-12-16',3),
 (1739,'2011-12-15',3),
 (1743,'2011-12-15',3),
 (1749,'2011-12-16',3),
 (1749,'2011-12-17',3),
 (1749,'2011-12-19',3),
 (1749,'2011-12-20',3),
 (1749,'2011-12-21',3),
 (1749,'2011-12-22',3),
 (1749,'2011-12-23',3),
 (1749,'2011-12-24',3),
 (1749,'2011-12-26',3),
 (1749,'2011-12-27',3),
 (1749,'2011-12-28',3),
 (1749,'2011-12-29',3),
 (1750,'2011-12-16',3),
 (1750,'2011-12-17',3),
 (1750,'2011-12-19',3),
 (1750,'2011-12-20',3),
 (1751,'2011-12-16',3),
 (1751,'2011-12-17',3),
 (1751,'2011-12-19',3),
 (1751,'2011-12-20',3),
 (1751,'2011-12-21',3),
 (1751,'2011-12-22',3),
 (1751,'2011-12-23',3),
 (1751,'2011-12-24',3),
 (1751,'2011-12-26',3),
 (1751,'2011-12-27',3),
 (1751,'2011-12-28',3),
 (1751,'2011-12-29',3),
 (1751,'2011-12-30',3),
 (1751,'2011-12-31',3),
 (1751,'2012-01-02',3),
 (1751,'2012-01-03',3),
 (1751,'2012-01-04',3),
 (1753,'2011-12-17',3),
 (1753,'2011-12-19',3),
 (1753,'2011-12-21',3),
 (1754,'2011-12-17',3),
 (1755,'2012-01-04',3),
 (1755,'2012-01-05',3),
 (1758,'2011-12-16',3),
 (1760,'2011-12-16',3),
 (1760,'2011-12-17',3),
 (1761,'2011-12-22',3),
 (1761,'2011-12-23',3),
 (1763,'2011-12-16',3),
 (1764,'2011-12-16',3),
 (1764,'2011-12-17',3),
 (1764,'2011-12-19',3),
 (1765,'2011-12-16',3),
 (1765,'2011-12-17',3),
 (1765,'2011-12-19',3),
 (1765,'2011-12-20',3),
 (1765,'2011-12-21',3),
 (1765,'2011-12-22',3),
 (1765,'2011-12-23',3),
 (1765,'2011-12-24',3),
 (1765,'2011-12-26',3),
 (1765,'2011-12-27',3),
 (1765,'2011-12-28',3),
 (1765,'2011-12-29',3),
 (1765,'2011-12-30',3),
 (1765,'2011-12-31',3),
 (1765,'2012-01-02',3),
 (1765,'2012-01-03',3),
 (1765,'2012-01-04',3),
 (1765,'2012-01-05',3),
 (1765,'2012-01-06',3),
 (1765,'2012-01-07',3),
 (1765,'2012-01-09',3),
 (1765,'2012-01-10',3),
 (1765,'2012-01-11',3),
 (1765,'2012-01-12',3),
 (1765,'2012-01-13',3),
 (1765,'2012-01-14',3),
 (1765,'2012-01-16',3),
 (1766,'2011-12-19',3),
 (1766,'2011-12-20',3),
 (1781,'2011-12-19',3),
 (1783,'2011-12-28',3),
 (1786,'2011-12-19',3),
 (1787,'2011-12-19',3),
 (1789,'2011-12-19',3),
 (1789,'2011-12-20',3),
 (1789,'2011-12-21',3),
 (1789,'2011-12-22',3),
 (1789,'2011-12-23',3),
 (1789,'2011-12-24',3),
 (1789,'2011-12-26',3),
 (1789,'2011-12-27',3),
 (1789,'2011-12-28',3),
 (1789,'2011-12-29',3),
 (1789,'2011-12-30',3),
 (1789,'2011-12-31',3),
 (1789,'2012-01-02',3),
 (1789,'2012-01-04',3),
 (1789,'2012-01-05',3),
 (1789,'2012-01-06',3),
 (1789,'2012-01-07',3),
 (1789,'2012-01-09',3),
 (1791,'2011-12-28',3),
 (1791,'2011-12-29',3),
 (1794,'2011-12-19',3),
 (1794,'2011-12-20',3),
 (1794,'2011-12-21',3),
 (1794,'2011-12-22',3),
 (1794,'2011-12-23',3),
 (1794,'2011-12-24',3),
 (1794,'2011-12-26',3),
 (1794,'2011-12-27',3),
 (1794,'2011-12-28',3),
 (1794,'2011-12-29',3),
 (1794,'2011-12-30',3),
 (1794,'2011-12-31',3),
 (1794,'2012-01-02',3),
 (1794,'2012-01-03',3),
 (1794,'2012-01-04',3),
 (1794,'2012-01-05',3),
 (1794,'2012-01-06',3),
 (1794,'2012-01-07',3),
 (1794,'2012-01-09',3),
 (1794,'2012-01-10',3),
 (1795,'2011-12-19',3),
 (1795,'2011-12-20',3),
 (1799,'2012-01-11',3),
 (1803,'2011-12-19',3),
 (1803,'2011-12-20',3),
 (1803,'2011-12-21',3),
 (1803,'2011-12-22',3),
 (1803,'2011-12-23',3),
 (1803,'2011-12-24',3),
 (1803,'2011-12-26',3),
 (1803,'2011-12-27',3),
 (1803,'2011-12-28',3),
 (1803,'2011-12-29',3),
 (1803,'2011-12-30',3),
 (1803,'2011-12-31',3),
 (1803,'2012-01-02',3),
 (1803,'2012-01-03',3),
 (1803,'2012-01-04',3),
 (1803,'2012-01-05',3),
 (1803,'2012-01-06',3),
 (1803,'2012-01-07',3),
 (1803,'2012-01-09',3),
 (1803,'2012-01-10',3),
 (1805,'2011-12-19',3),
 (1805,'2011-12-20',3),
 (1809,'2011-12-20',3),
 (1812,'2011-12-19',3),
 (1812,'2011-12-20',3),
 (1812,'2011-12-21',3),
 (1812,'2011-12-22',3),
 (1812,'2011-12-23',3),
 (1812,'2011-12-24',3),
 (1812,'2011-12-26',3),
 (1812,'2011-12-27',3),
 (1812,'2011-12-28',3),
 (1812,'2011-12-29',3),
 (1812,'2011-12-30',3),
 (1812,'2011-12-31',3),
 (1812,'2012-01-02',3),
 (1812,'2012-01-03',3),
 (1812,'2012-01-04',3),
 (1812,'2012-01-05',3),
 (1812,'2012-01-06',3),
 (1812,'2012-01-07',3),
 (1812,'2012-01-09',3),
 (1812,'2012-01-10',3),
 (1812,'2012-01-11',3),
 (1812,'2012-01-12',3),
 (1812,'2012-01-13',3),
 (1812,'2012-01-14',3),
 (1812,'2012-01-16',3),
 (1812,'2012-01-17',3),
 (1812,'2012-01-18',3),
 (1812,'2012-01-19',3),
 (1812,'2012-01-20',3),
 (1812,'2012-01-21',3),
 (1812,'2012-01-23',3),
 (1812,'2012-01-24',3),
 (1812,'2012-01-25',3),
 (1812,'2012-01-26',3),
 (1812,'2012-01-27',3),
 (1812,'2012-01-28',3),
 (1812,'2012-01-30',3),
 (1812,'2012-01-31',3),
 (1812,'2012-02-01',3),
 (1812,'2012-02-02',3),
 (1812,'2012-02-03',3),
 (1812,'2012-02-04',3),
 (1812,'2012-02-06',3),
 (1812,'2012-02-07',3),
 (1812,'2012-02-08',3),
 (1813,'2011-12-19',3),
 (1813,'2011-12-20',3),
 (1813,'2011-12-21',3),
 (1813,'2011-12-22',3),
 (1813,'2011-12-23',3),
 (1813,'2011-12-24',3),
 (1813,'2011-12-26',3),
 (1813,'2011-12-27',3),
 (1813,'2011-12-28',3),
 (1813,'2011-12-29',3),
 (1813,'2011-12-30',3),
 (1813,'2012-01-03',3),
 (1813,'2012-01-04',3),
 (1813,'2012-01-05',3),
 (1813,'2012-01-06',3),
 (1813,'2012-01-07',3),
 (1813,'2012-01-09',3),
 (1813,'2012-01-10',3),
 (1813,'2012-01-11',3),
 (1813,'2012-01-12',3),
 (1813,'2012-01-13',3),
 (1813,'2012-01-14',3),
 (1813,'2012-01-16',3),
 (1813,'2012-01-17',3),
 (1813,'2012-01-18',3),
 (1813,'2012-01-19',3),
 (1813,'2012-01-20',3),
 (1813,'2012-01-21',3),
 (1813,'2012-01-23',3),
 (1813,'2012-01-24',3),
 (1813,'2012-01-25',3),
 (1813,'2012-01-26',3),
 (1813,'2012-01-27',3),
 (1813,'2012-01-28',3),
 (1813,'2012-01-30',3),
 (1813,'2012-01-31',3),
 (1813,'2012-02-01',3),
 (1813,'2012-02-02',3),
 (1813,'2012-02-03',3),
 (1813,'2012-02-04',3),
 (1813,'2012-02-06',3),
 (1813,'2012-02-07',3),
 (1813,'2012-02-08',3),
 (1814,'2011-12-19',3),
 (1814,'2011-12-20',3),
 (1814,'2011-12-21',3),
 (1814,'2011-12-22',3),
 (1814,'2011-12-23',3),
 (1814,'2011-12-24',3),
 (1814,'2011-12-26',3),
 (1814,'2011-12-27',3),
 (1814,'2011-12-28',3),
 (1814,'2011-12-29',3),
 (1814,'2011-12-30',3),
 (1814,'2011-12-31',3),
 (1814,'2012-01-02',3),
 (1814,'2012-01-03',3),
 (1814,'2012-01-04',3),
 (1814,'2012-01-05',3),
 (1814,'2012-01-06',3),
 (1814,'2012-01-07',3),
 (1814,'2012-01-09',3),
 (1815,'2011-12-19',3),
 (1815,'2011-12-20',3),
 (1815,'2011-12-21',3),
 (1815,'2011-12-22',3),
 (1815,'2011-12-23',3),
 (1815,'2011-12-24',3),
 (1815,'2011-12-26',3),
 (1815,'2011-12-27',3),
 (1815,'2011-12-28',3),
 (1815,'2011-12-29',3),
 (1815,'2011-12-30',3),
 (1815,'2011-12-31',3),
 (1815,'2012-01-02',3),
 (1815,'2012-01-03',3),
 (1815,'2012-01-04',3),
 (1815,'2012-01-05',3),
 (1815,'2012-01-06',3),
 (1815,'2012-01-07',3),
 (1815,'2012-01-09',3),
 (1817,'2011-12-19',3),
 (1817,'2011-12-20',3),
 (1819,'2011-12-19',3),
 (1819,'2011-12-20',3),
 (1821,'2011-12-19',3),
 (1821,'2011-12-20',3),
 (1821,'2011-12-21',3),
 (1821,'2011-12-22',3),
 (1821,'2011-12-23',3),
 (1821,'2011-12-24',3),
 (1821,'2011-12-26',3),
 (1821,'2011-12-27',3),
 (1821,'2011-12-28',3),
 (1821,'2011-12-29',3),
 (1821,'2011-12-30',3),
 (1821,'2011-12-31',3),
 (1821,'2012-01-03',3),
 (1821,'2012-01-04',3),
 (1821,'2012-01-05',3),
 (1821,'2012-01-06',3),
 (1821,'2012-01-07',3),
 (1821,'2012-01-09',3),
 (1821,'2012-01-12',3),
 (1821,'2012-01-13',3),
 (1821,'2012-01-14',3),
 (1821,'2012-01-16',3),
 (1821,'2012-01-17',3),
 (1821,'2012-01-18',3),
 (1822,'2011-12-19',3),
 (1823,'2011-12-19',3),
 (1824,'2011-12-20',3),
 (1825,'2011-12-20',3),
 (1830,'2011-12-20',3),
 (1831,'2011-12-20',3),
 (1836,'2011-12-20',3),
 (1836,'2011-12-21',3),
 (1837,'2011-12-20',3),
 (1838,'2011-12-20',3),
 (1839,'2011-12-20',3),
 (1841,'2011-12-20',3),
 (1842,'2011-12-20',3),
 (1844,'2011-12-20',3),
 (1844,'2011-12-21',3),
 (1844,'2011-12-22',3),
 (1844,'2011-12-23',3),
 (1844,'2011-12-24',3),
 (1844,'2011-12-26',3),
 (1844,'2011-12-27',3),
 (1844,'2011-12-28',3),
 (1844,'2011-12-29',3),
 (1844,'2011-12-30',3),
 (1844,'2011-12-31',3),
 (1844,'2012-01-02',3),
 (1844,'2012-01-03',3),
 (1846,'2011-12-20',3),
 (1848,'2011-12-21',3),
 (1848,'2011-12-22',3),
 (1848,'2011-12-23',3),
 (1848,'2011-12-24',3),
 (1848,'2011-12-26',3),
 (1848,'2011-12-27',3),
 (1848,'2011-12-28',3),
 (1848,'2011-12-29',3),
 (1848,'2011-12-30',3),
 (1848,'2011-12-31',3),
 (1848,'2012-01-02',3),
 (1848,'2012-01-03',3),
 (1848,'2012-01-04',3),
 (1848,'2012-01-05',3),
 (1848,'2012-01-06',3),
 (1848,'2012-01-07',3),
 (1848,'2012-01-09',3),
 (1848,'2012-01-10',3),
 (1848,'2012-01-11',3),
 (1848,'2012-01-12',3),
 (1848,'2012-01-13',3),
 (1848,'2012-01-14',3),
 (1848,'2012-01-16',3),
 (1852,'2011-12-21',3),
 (1853,'2011-12-20',3),
 (1853,'2011-12-21',3),
 (1853,'2011-12-22',3),
 (1853,'2011-12-23',3),
 (1854,'2011-12-21',3),
 (1854,'2011-12-22',3),
 (1854,'2011-12-23',3),
 (1854,'2011-12-24',3),
 (1854,'2011-12-26',3),
 (1854,'2011-12-27',3),
 (1854,'2011-12-28',3),
 (1854,'2011-12-29',3),
 (1854,'2011-12-30',3),
 (1854,'2011-12-31',3),
 (1854,'2012-01-02',3),
 (1854,'2012-01-03',3),
 (1854,'2012-01-04',3),
 (1854,'2012-01-05',3),
 (1854,'2012-01-06',3),
 (1854,'2012-01-07',3),
 (1854,'2012-01-09',3),
 (1854,'2012-01-10',3),
 (1854,'2012-01-11',3),
 (1854,'2012-01-12',3),
 (1854,'2012-01-13',3),
 (1854,'2012-01-14',3),
 (1854,'2012-01-16',3),
 (1854,'2012-01-17',3),
 (1856,'2011-12-29',3),
 (1857,'2011-12-22',3),
 (1858,'2011-12-21',3),
 (1859,'2011-12-21',3),
 (1865,'2011-12-22',3),
 (1865,'2011-12-23',3),
 (1865,'2011-12-24',3),
 (1865,'2011-12-26',3),
 (1865,'2011-12-27',3),
 (1865,'2011-12-28',3),
 (1865,'2011-12-29',3),
 (1867,'2011-12-21',3),
 (1868,'2011-12-21',3),
 (1868,'2011-12-22',3),
 (1868,'2011-12-23',3),
 (1869,'2012-01-19',3),
 (1869,'2012-01-20',3),
 (1871,'2011-12-21',3),
 (1873,'2011-12-22',3),
 (1879,'2012-01-04',3),
 (1879,'2012-01-05',3),
 (1879,'2012-01-06',3),
 (1881,'2011-12-29',3),
 (1881,'2011-12-30',3),
 (1881,'2011-12-31',3),
 (1881,'2012-01-02',3),
 (1881,'2012-01-03',3),
 (1882,'2011-12-21',3),
 (1883,'2011-12-21',3),
 (1883,'2011-12-22',3),
 (1884,'2011-12-28',3),
 (1884,'2011-12-29',3),
 (1885,'2011-12-22',3),
 (1885,'2011-12-23',3),
 (1885,'2011-12-24',3),
 (1885,'2011-12-26',3),
 (1885,'2011-12-27',3),
 (1885,'2011-12-28',3),
 (1885,'2011-12-29',3),
 (1885,'2011-12-30',3),
 (1888,'2011-12-21',3),
 (1888,'2011-12-22',3),
 (1889,'2011-12-21',3),
 (1889,'2011-12-22',3),
 (1889,'2011-12-23',3),
 (1889,'2011-12-24',3),
 (1889,'2011-12-26',3),
 (1889,'2011-12-27',3),
 (1889,'2011-12-28',3),
 (1889,'2011-12-29',3),
 (1889,'2011-12-30',3),
 (1889,'2011-12-31',3),
 (1889,'2012-01-02',3),
 (1889,'2012-01-03',3),
 (1889,'2012-01-04',3),
 (1889,'2012-01-05',3),
 (1889,'2012-01-06',3),
 (1889,'2012-01-07',3),
 (1889,'2012-01-09',3),
 (1892,'2011-12-21',3),
 (1892,'2011-12-22',3),
 (1893,'2011-12-22',3),
 (1894,'2011-12-21',3),
 (1897,'2011-12-22',3),
 (1897,'2011-12-23',3),
 (1897,'2011-12-24',3),
 (1897,'2011-12-26',3),
 (1897,'2011-12-27',3),
 (1897,'2011-12-28',3),
 (1901,'2011-12-22',3),
 (1902,'2011-12-22',3),
 (1903,'2011-12-22',3),
 (1904,'2011-12-22',3),
 (1904,'2011-12-23',3),
 (1904,'2011-12-24',3),
 (1904,'2011-12-26',3),
 (1904,'2011-12-27',3),
 (1904,'2011-12-28',3),
 (1904,'2011-12-29',3),
 (1904,'2011-12-30',3),
 (1904,'2011-12-31',3),
 (1904,'2012-01-02',3),
 (1904,'2012-01-03',3),
 (1904,'2012-01-04',3),
 (1904,'2012-01-05',3),
 (1904,'2012-01-06',3),
 (1905,'2011-12-22',3),
 (1905,'2011-12-23',3),
 (1905,'2011-12-24',3),
 (1905,'2011-12-26',3),
 (1905,'2011-12-27',3),
 (1905,'2011-12-28',3),
 (1905,'2011-12-29',3),
 (1905,'2011-12-30',3),
 (1905,'2011-12-31',3),
 (1905,'2012-01-02',3),
 (1905,'2012-01-03',3),
 (1905,'2012-01-04',3),
 (1905,'2012-01-05',3),
 (1905,'2012-01-06',3),
 (1906,'2011-12-28',3),
 (1913,'2011-12-22',3),
 (1913,'2011-12-23',3),
 (1914,'2012-01-16',3),
 (1914,'2012-01-17',3),
 (1914,'2012-01-18',3),
 (1914,'2012-01-20',3),
 (1917,'2011-12-22',3),
 (1917,'2011-12-23',3),
 (1917,'2011-12-24',3),
 (1917,'2011-12-26',3),
 (1917,'2011-12-27',3),
 (1917,'2011-12-28',3),
 (1917,'2011-12-29',3),
 (1917,'2011-12-30',3),
 (1917,'2011-12-31',3),
 (1917,'2012-01-02',3),
 (1917,'2012-01-03',3),
 (1917,'2012-01-04',3),
 (1917,'2012-01-05',3),
 (1917,'2012-01-06',3),
 (1917,'2012-01-07',3),
 (1917,'2012-01-09',3),
 (1917,'2012-01-10',3),
 (1917,'2012-01-11',3),
 (1917,'2012-01-12',3),
 (1917,'2012-01-13',3),
 (1917,'2012-01-14',3),
 (1917,'2012-01-16',3),
 (1917,'2012-01-17',3),
 (1917,'2012-01-18',3),
 (1917,'2012-01-19',3),
 (1917,'2012-01-20',3),
 (1917,'2012-01-21',3),
 (1917,'2012-01-23',3),
 (1917,'2012-01-24',3),
 (1917,'2012-01-25',3),
 (1917,'2012-01-26',3),
 (1917,'2012-01-27',3),
 (1917,'2012-01-28',3),
 (1917,'2012-01-31',3),
 (1919,'2011-12-29',3),
 (1925,'2011-12-28',3),
 (1926,'2011-12-23',3),
 (1926,'2011-12-24',3),
 (1926,'2011-12-26',3),
 (1926,'2011-12-27',3),
 (1926,'2011-12-28',3),
 (1926,'2011-12-29',3),
 (1926,'2011-12-30',3),
 (1926,'2011-12-31',3),
 (1926,'2012-01-02',3),
 (1926,'2012-01-03',3),
 (1926,'2012-01-04',3),
 (1927,'2011-12-23',3),
 (1927,'2011-12-24',3),
 (1927,'2011-12-26',3),
 (1927,'2011-12-27',3),
 (1927,'2011-12-28',3),
 (1927,'2011-12-29',3),
 (1927,'2011-12-30',3),
 (1927,'2011-12-31',3),
 (1927,'2012-01-02',3),
 (1927,'2012-01-03',3),
 (1928,'2011-12-29',3),
 (1929,'2011-12-30',3),
 (1930,'2011-12-28',3),
 (1931,'2012-01-04',3),
 (1931,'2012-01-05',3),
 (1931,'2012-01-06',3),
 (1931,'2012-01-07',3),
 (1931,'2012-01-09',3),
 (1931,'2012-01-10',3),
 (1931,'2012-01-11',3),
 (1931,'2012-01-12',3),
 (1931,'2012-01-13',3),
 (1931,'2012-01-14',3),
 (1931,'2012-01-16',3),
 (1931,'2012-01-17',3),
 (1931,'2012-01-18',3),
 (1931,'2012-01-19',3),
 (1931,'2012-01-20',3),
 (1931,'2012-01-21',3),
 (1931,'2012-01-23',3),
 (1931,'2012-01-25',3),
 (1931,'2012-01-26',3),
 (1931,'2012-01-27',3),
 (1931,'2012-01-28',3),
 (1931,'2012-01-30',3),
 (1931,'2012-01-31',3),
 (1931,'2012-02-01',3),
 (1931,'2012-02-02',3),
 (1931,'2012-02-03',3),
 (1934,'2011-12-28',3),
 (1935,'2011-12-22',3),
 (1935,'2011-12-23',3),
 (1935,'2011-12-24',3),
 (1935,'2011-12-26',3),
 (1935,'2011-12-27',3),
 (1935,'2011-12-28',3),
 (1935,'2011-12-29',3),
 (1936,'2011-12-28',3),
 (1937,'2011-12-28',3),
 (1940,'2011-12-28',3),
 (1941,'2011-12-28',3),
 (1942,'2011-12-28',3),
 (1943,'2011-12-28',3),
 (1945,'2011-12-28',3),
 (1945,'2011-12-29',3),
 (1945,'2011-12-30',3),
 (1946,'2011-12-28',3),
 (1946,'2011-12-29',3),
 (1946,'2011-12-30',3),
 (1947,'2011-12-28',3),
 (1949,'2011-12-28',3),
 (1949,'2011-12-29',3),
 (1949,'2011-12-30',3),
 (1949,'2011-12-31',3),
 (1949,'2012-01-02',3),
 (1949,'2012-01-03',3),
 (1949,'2012-01-04',3),
 (1949,'2012-01-05',3),
 (1949,'2012-01-06',3),
 (1949,'2012-01-07',3),
 (1949,'2012-01-09',3),
 (1949,'2012-01-12',3),
 (1949,'2012-01-13',3),
 (1949,'2012-01-14',3),
 (1949,'2012-01-16',3),
 (1949,'2012-01-17',3),
 (1949,'2012-01-18',3),
 (1956,'2011-12-28',3),
 (1956,'2011-12-29',3),
 (1957,'2011-12-28',3),
 (1957,'2011-12-29',3),
 (1958,'2012-01-03',3),
 (1958,'2012-01-04',3),
 (1959,'2012-01-03',3),
 (1959,'2012-01-04',3),
 (1960,'2012-01-04',3),
 (1968,'2011-12-29',3),
 (1969,'2012-01-10',3),
 (1969,'2012-01-11',3),
 (1969,'2012-01-19',3),
 (1973,'2011-12-29',3),
 (1974,'2011-12-29',3),
 (1975,'2011-12-29',3),
 (1979,'2012-01-12',3),
 (1981,'2011-12-31',3),
 (1984,'2012-01-03',3),
 (1985,'2012-01-02',3),
 (1986,'2012-01-23',3),
 (1987,'2012-01-03',3),
 (1992,'2011-12-30',3),
 (1993,'2011-12-30',3),
 (1993,'2011-12-31',3),
 (1993,'2012-01-02',3),
 (1993,'2012-01-03',3),
 (1993,'2012-01-04',3),
 (1993,'2012-01-05',3),
 (1993,'2012-01-06',3),
 (1993,'2012-01-07',3),
 (1993,'2012-01-09',3),
 (1993,'2012-01-10',3),
 (1993,'2012-01-11',3),
 (1993,'2012-01-12',3),
 (1993,'2012-01-13',3),
 (1996,'2012-01-03',3),
 (1997,'2012-01-03',3),
 (1998,'2012-01-05',3),
 (1999,'2012-01-03',3),
 (1999,'2012-01-04',3),
 (1999,'2012-01-05',3),
 (1999,'2012-01-06',3),
 (1999,'2012-01-07',3),
 (1999,'2012-01-09',3),
 (1999,'2012-01-10',3),
 (1999,'2012-01-11',3),
 (2000,'2012-01-03',3),
 (2000,'2012-01-04',3),
 (2001,'2012-01-03',3),
 (2001,'2012-01-04',3),
 (2001,'2012-01-05',3),
 (2001,'2012-01-06',3),
 (2001,'2012-01-07',3),
 (2001,'2012-01-09',3),
 (2001,'2012-01-10',3),
 (2002,'2012-01-03',3),
 (2003,'2012-01-03',3),
 (2005,'2012-01-03',3),
 (2006,'2012-01-03',3),
 (2007,'2012-01-03',3),
 (2008,'2012-01-04',3),
 (2008,'2012-01-05',3),
 (2008,'2012-01-06',3),
 (2008,'2012-01-07',3),
 (2008,'2012-01-09',3),
 (2008,'2012-01-10',3),
 (2008,'2012-01-11',3),
 (2016,'2012-01-03',3),
 (2019,'2012-01-06',3),
 (2021,'2012-01-03',3),
 (2021,'2012-01-04',3),
 (2023,'2012-01-04',3),
 (2023,'2012-01-05',3),
 (2026,'2012-01-17',3),
 (2031,'2012-01-04',3),
 (2033,'2012-01-03',3),
 (2035,'2012-01-04',3),
 (2036,'2012-01-04',3),
 (2038,'2012-01-03',3),
 (2039,'2012-01-09',3),
 (2039,'2012-01-10',3),
 (2047,'2012-01-04',3),
 (2048,'2012-01-16',3),
 (2049,'2012-01-24',3),
 (2051,'2012-01-04',3),
 (2052,'2012-02-06',3),
 (2052,'2012-02-07',3),
 (2057,'2012-01-04',3),
 (2057,'2012-01-05',3),
 (2057,'2012-01-06',3),
 (2057,'2012-01-07',3),
 (2057,'2012-01-09',3),
 (2057,'2012-01-10',3),
 (2057,'2012-01-11',3),
 (2057,'2012-01-12',3),
 (2057,'2012-01-13',3),
 (2057,'2012-01-14',3),
 (2057,'2012-01-16',3),
 (2057,'2012-01-17',3),
 (2057,'2012-01-18',3),
 (2057,'2012-01-19',3),
 (2057,'2012-01-20',3),
 (2057,'2012-01-21',3),
 (2057,'2012-01-23',3),
 (2057,'2012-01-24',3),
 (2057,'2012-01-25',3),
 (2057,'2012-01-26',3),
 (2057,'2012-01-27',3),
 (2057,'2012-01-28',3),
 (2057,'2012-01-30',3),
 (2058,'2012-01-04',3),
 (2059,'2012-01-04',3),
 (2059,'2012-01-05',3),
 (2059,'2012-01-06',3),
 (2059,'2012-01-07',3),
 (2059,'2012-01-09',3),
 (2059,'2012-01-10',3),
 (2059,'2012-01-11',3),
 (2059,'2012-01-12',3),
 (2059,'2012-01-13',3),
 (2059,'2012-01-14',3),
 (2059,'2012-01-16',3),
 (2059,'2012-01-17',3),
 (2059,'2012-01-18',3),
 (2059,'2012-01-19',3),
 (2059,'2012-01-20',3),
 (2059,'2012-01-21',3),
 (2059,'2012-01-23',3),
 (2059,'2012-01-24',3),
 (2059,'2012-01-25',3),
 (2059,'2012-01-26',3),
 (2059,'2012-01-27',3),
 (2059,'2012-01-28',3),
 (2059,'2012-01-30',3),
 (2060,'2012-01-04',3),
 (2069,'2012-01-31',3),
 (2069,'2012-02-01',3),
 (2069,'2012-02-02',3),
 (2069,'2012-02-03',3),
 (2069,'2012-02-04',3),
 (2069,'2012-02-06',3),
 (2069,'2012-02-07',3),
 (2069,'2012-02-08',3),
 (2071,'2012-01-04',3),
 (2071,'2012-01-07',3),
 (2071,'2012-01-09',3),
 (2071,'2012-01-10',3),
 (2073,'2012-01-06',3),
 (2073,'2012-01-07',3),
 (2073,'2012-01-09',3),
 (2073,'2012-01-11',3),
 (2073,'2012-01-12',3),
 (2073,'2012-01-13',3),
 (2073,'2012-01-14',3),
 (2073,'2012-01-16',3),
 (2073,'2012-01-17',3),
 (2073,'2012-01-18',3),
 (2073,'2012-01-19',3),
 (2073,'2012-01-20',3),
 (2073,'2012-01-21',3),
 (2073,'2012-01-23',3),
 (2073,'2012-01-24',3),
 (2075,'2012-01-04',3),
 (2075,'2012-01-05',3),
 (2079,'2012-01-04',3),
 (2083,'2012-01-04',3),
 (2083,'2012-01-05',3),
 (2083,'2012-01-06',3),
 (2083,'2012-01-07',3),
 (2083,'2012-01-09',3),
 (2085,'2012-01-04',3),
 (2086,'2012-01-04',3),
 (2086,'2012-01-05',3),
 (2086,'2012-01-06',3),
 (2086,'2012-01-07',3),
 (2086,'2012-01-09',3),
 (2087,'2012-01-09',3),
 (2090,'2012-01-05',3),
 (2097,'2012-01-05',3),
 (2101,'2012-01-06',3),
 (2102,'2012-01-07',3),
 (2102,'2012-01-09',3),
 (2102,'2012-01-14',3),
 (2103,'2012-01-10',3),
 (2108,'2012-01-10',3),
 (2109,'2012-01-05',3),
 (2110,'2012-01-05',3),
 (2113,'2012-01-05',3),
 (2120,'2012-01-05',3),
 (2120,'2012-01-06',3),
 (2120,'2012-01-07',3),
 (2120,'2012-01-09',3),
 (2120,'2012-01-10',3),
 (2120,'2012-01-11',3),
 (2120,'2012-01-12',3),
 (2120,'2012-01-13',3),
 (2120,'2012-01-14',3),
 (2120,'2012-01-16',3),
 (2120,'2012-01-17',3),
 (2120,'2012-01-18',3),
 (2120,'2012-01-19',3),
 (2120,'2012-01-20',3),
 (2122,'2012-01-05',3),
 (2128,'2012-01-05',3),
 (2128,'2012-01-06',3),
 (2128,'2012-01-07',3),
 (2128,'2012-01-09',3),
 (2128,'2012-01-10',3),
 (2128,'2012-01-11',3),
 (2131,'2012-01-10',3),
 (2132,'2012-01-06',3),
 (2135,'2012-01-06',3),
 (2138,'2012-01-06',3),
 (2141,'2012-01-06',3),
 (2142,'2012-01-06',3),
 (2142,'2012-01-07',3),
 (2160,'2012-01-12',3),
 (2166,'2012-01-09',3),
 (2166,'2012-01-10',3),
 (2168,'2012-01-06',3),
 (2171,'2012-01-06',3),
 (2172,'2012-01-06',3),
 (2174,'2012-01-17',3),
 (2174,'2012-01-18',3),
 (2174,'2012-01-19',3),
 (2174,'2012-01-20',3),
 (2175,'2012-01-17',3),
 (2175,'2012-01-18',3),
 (2175,'2012-01-19',3),
 (2176,'2012-01-17',3),
 (2176,'2012-01-18',3),
 (2176,'2012-01-23',3),
 (2181,'2012-01-09',3),
 (2181,'2012-01-10',3),
 (2185,'2012-01-12',3),
 (2185,'2012-01-13',3),
 (2185,'2012-01-14',3),
 (2185,'2012-01-16',3),
 (2185,'2012-01-17',3),
 (2185,'2012-01-18',3),
 (2185,'2012-01-21',3),
 (2185,'2012-01-23',3),
 (2185,'2012-01-25',3),
 (2207,'2012-01-09',3),
 (2211,'2012-01-06',3),
 (2212,'2012-01-25',3),
 (2212,'2012-01-26',3),
 (2212,'2012-01-27',3),
 (2212,'2012-01-28',3),
 (2212,'2012-01-30',3),
 (2212,'2012-01-31',3),
 (2212,'2012-02-01',3),
 (2212,'2012-02-02',3),
 (2212,'2012-02-03',3),
 (2212,'2012-02-04',3),
 (2212,'2012-02-06',3),
 (2212,'2012-02-07',3),
 (2212,'2012-02-08',3),
 (2218,'2012-01-07',3),
 (2218,'2012-01-09',3),
 (2219,'2012-01-07',3),
 (2220,'2012-01-07',3),
 (2221,'2012-01-09',3),
 (2222,'2012-01-09',3),
 (2223,'2012-01-09',3),
 (2225,'2012-01-09',3),
 (2226,'2012-01-09',3),
 (2227,'2012-01-19',3),
 (2227,'2012-02-03',3),
 (2227,'2012-02-06',3),
 (2227,'2012-02-07',3),
 (2228,'2012-01-09',3),
 (2235,'2012-01-10',3),
 (2235,'2012-01-11',3),
 (2235,'2012-01-12',3),
 (2235,'2012-01-13',3),
 (2235,'2012-01-14',3),
 (2235,'2012-01-16',3),
 (2235,'2012-01-17',3),
 (2240,'2012-01-11',3),
 (2240,'2012-01-12',3),
 (2240,'2012-01-13',3),
 (2240,'2012-01-16',3),
 (2240,'2012-01-17',3),
 (2240,'2012-01-18',3),
 (2240,'2012-01-19',3),
 (2240,'2012-01-21',3),
 (2240,'2012-01-23',3),
 (2240,'2012-01-24',3),
 (2240,'2012-01-25',3),
 (2240,'2012-01-26',3),
 (2240,'2012-01-27',3),
 (2240,'2012-01-28',3),
 (2240,'2012-01-30',3),
 (2240,'2012-01-31',3),
 (2240,'2012-02-01',3),
 (2240,'2012-02-02',3),
 (2240,'2012-02-03',3),
 (2240,'2012-02-04',3),
 (2240,'2012-02-06',3),
 (2241,'2012-01-09',3),
 (2242,'2012-01-09',3),
 (2243,'2012-01-24',3),
 (2243,'2012-01-28',3),
 (2243,'2012-01-30',3),
 (2243,'2012-02-01',3),
 (2243,'2012-02-03',3),
 (2243,'2012-02-04',3),
 (2243,'2012-02-06',3),
 (2244,'2012-01-12',3),
 (2244,'2012-01-13',3),
 (2244,'2012-01-14',3),
 (2244,'2012-01-16',3),
 (2244,'2012-01-17',3),
 (2244,'2012-01-18',3),
 (2244,'2012-01-19',3),
 (2244,'2012-01-20',3),
 (2244,'2012-01-21',3),
 (2244,'2012-01-23',3),
 (2245,'2012-01-09',3),
 (2246,'2012-01-09',3),
 (2246,'2012-01-10',3),
 (2246,'2012-01-11',3),
 (2246,'2012-01-12',3),
 (2246,'2012-01-13',3),
 (2246,'2012-01-14',3),
 (2246,'2012-01-16',3),
 (2247,'2012-01-09',3),
 (2248,'2012-01-11',3),
 (2249,'2012-01-12',3),
 (2251,'2012-01-09',3),
 (2254,'2012-01-09',3),
 (2264,'2012-01-12',3),
 (2264,'2012-01-13',3),
 (2264,'2012-01-14',3),
 (2264,'2012-01-16',3),
 (2270,'2012-01-09',3),
 (2270,'2012-01-10',3),
 (2271,'2012-01-09',3),
 (2272,'2012-01-12',3),
 (2273,'2012-01-19',3),
 (2273,'2012-01-20',3),
 (2273,'2012-01-21',3),
 (2273,'2012-01-23',3),
 (2274,'2012-01-09',3),
 (2275,'2012-01-09',3),
 (2277,'2012-01-16',3),
 (2277,'2012-01-17',3),
 (2277,'2012-01-18',3),
 (2277,'2012-01-19',3),
 (2282,'2012-01-10',3),
 (2283,'2012-01-10',3),
 (2284,'2012-01-10',3),
 (2285,'2012-01-10',3),
 (2285,'2012-01-11',3),
 (2285,'2012-01-12',3),
 (2285,'2012-01-13',3),
 (2285,'2012-01-14',3),
 (2285,'2012-01-16',3),
 (2285,'2012-01-17',3),
 (2285,'2012-01-18',3),
 (2286,'2012-01-16',3),
 (2287,'2012-01-10',3),
 (2287,'2012-01-11',3),
 (2289,'2012-01-10',3),
 (2293,'2012-01-11',3),
 (2293,'2012-01-12',3),
 (2294,'2012-01-10',3),
 (2295,'2012-01-12',3),
 (2295,'2012-01-13',3),
 (2295,'2012-01-14',3),
 (2295,'2012-01-25',3),
 (2296,'2012-01-10',3),
 (2297,'2012-01-09',3),
 (2297,'2012-01-10',3),
 (2297,'2012-01-11',3),
 (2298,'2012-01-10',3),
 (2300,'2012-01-10',3),
 (2301,'2012-01-10',3),
 (2304,'2012-01-10',3),
 (2306,'2012-01-12',3),
 (2306,'2012-01-13',3),
 (2306,'2012-01-14',3),
 (2306,'2012-01-17',3),
 (2306,'2012-01-18',3),
 (2306,'2012-01-19',3),
 (2306,'2012-01-20',3),
 (2306,'2012-01-21',3),
 (2306,'2012-01-23',3),
 (2306,'2012-01-24',3),
 (2306,'2012-01-25',3),
 (2306,'2012-01-26',3),
 (2306,'2012-01-27',3),
 (2306,'2012-01-28',3),
 (2306,'2012-01-30',3),
 (2306,'2012-02-02',3),
 (2306,'2012-02-03',3),
 (2306,'2012-02-04',3),
 (2309,'2012-01-10',3),
 (2309,'2012-01-11',3),
 (2315,'2012-01-10',3),
 (2315,'2012-01-11',3),
 (2315,'2012-01-12',3),
 (2315,'2012-01-13',3),
 (2315,'2012-01-14',3),
 (2315,'2012-01-16',3),
 (2315,'2012-01-17',3),
 (2317,'2012-01-31',3),
 (2319,'2012-01-10',3),
 (2323,'2012-01-30',3),
 (2323,'2012-01-31',3),
 (2323,'2012-02-01',3),
 (2323,'2012-02-03',3),
 (2323,'2012-02-06',3),
 (2330,'2012-01-24',3),
 (2333,'2012-01-23',3),
 (2336,'2012-01-12',3),
 (2337,'2012-01-11',3),
 (2338,'2012-01-16',3),
 (2338,'2012-01-17',3),
 (2338,'2012-01-18',3),
 (2338,'2012-01-19',3),
 (2341,'2012-01-17',3),
 (2344,'2012-01-11',3),
 (2345,'2012-01-11',3),
 (2348,'2012-01-12',3),
 (2348,'2012-01-13',3),
 (2349,'2012-01-11',3),
 (2350,'2012-01-12',3),
 (2350,'2012-01-13',3),
 (2350,'2012-01-14',3),
 (2350,'2012-01-16',3),
 (2350,'2012-01-17',3),
 (2350,'2012-01-18',3),
 (2350,'2012-01-19',3),
 (2350,'2012-01-20',3),
 (2350,'2012-01-21',3),
 (2350,'2012-01-23',3),
 (2354,'2012-01-11',3),
 (2354,'2012-01-12',3),
 (2355,'2012-01-11',3),
 (2355,'2012-01-12',3),
 (2355,'2012-01-13',3),
 (2357,'2012-01-20',3),
 (2358,'2012-01-18',3),
 (2361,'2012-01-11',3),
 (2362,'2012-01-11',3),
 (2365,'2012-01-11',3),
 (2370,'2012-01-11',3),
 (2370,'2012-01-12',3),
 (2370,'2012-01-13',3),
 (2370,'2012-01-14',3),
 (2370,'2012-01-16',3),
 (2370,'2012-01-17',3),
 (2370,'2012-01-18',3),
 (2370,'2012-01-19',3),
 (2370,'2012-01-20',3),
 (2374,'2012-01-11',3),
 (2374,'2012-01-12',3),
 (2374,'2012-01-13',3),
 (2374,'2012-01-14',3),
 (2374,'2012-01-16',3),
 (2374,'2012-01-17',3),
 (2374,'2012-01-18',3),
 (2375,'2012-01-11',3),
 (2377,'2012-01-11',3),
 (2378,'2012-01-11',3),
 (2378,'2012-01-12',3),
 (2378,'2012-01-13',3),
 (2378,'2012-01-14',3),
 (2378,'2012-01-16',3),
 (2378,'2012-01-17',3),
 (2378,'2012-01-18',3),
 (2378,'2012-01-19',3),
 (2378,'2012-01-20',3),
 (2378,'2012-01-21',3),
 (2378,'2012-01-23',3),
 (2378,'2012-01-24',3),
 (2390,'2012-01-11',3),
 (2391,'2012-01-12',3),
 (2392,'2012-01-12',3),
 (2393,'2012-01-12',3),
 (2395,'2012-01-14',3),
 (2396,'2012-01-14',3),
 (2397,'2012-01-12',3),
 (2398,'2012-01-12',3),
 (2398,'2012-01-13',3),
 (2398,'2012-01-14',3),
 (2398,'2012-01-16',3),
 (2400,'2012-01-12',3),
 (2401,'2012-01-12',3),
 (2401,'2012-01-13',3),
 (2401,'2012-01-14',3),
 (2401,'2012-01-16',3),
 (2401,'2012-01-17',3),
 (2403,'2012-01-12',3),
 (2405,'2012-01-12',3),
 (2405,'2012-01-13',3),
 (2405,'2012-01-14',3),
 (2405,'2012-01-16',3),
 (2405,'2012-01-17',3),
 (2405,'2012-01-18',3),
 (2407,'2012-01-12',3),
 (2412,'2012-01-18',3),
 (2412,'2012-01-19',3),
 (2412,'2012-01-20',3),
 (2412,'2012-01-21',3),
 (2412,'2012-01-23',3),
 (2412,'2012-01-24',3),
 (2412,'2012-01-25',3),
 (2412,'2012-01-26',3),
 (2412,'2012-01-27',3),
 (2412,'2012-01-28',3),
 (2419,'2012-01-12',3),
 (2420,'2012-01-13',3),
 (2424,'2012-01-17',3),
 (2424,'2012-01-18',3),
 (2424,'2012-01-20',3),
 (2424,'2012-01-21',3),
 (2424,'2012-01-23',3),
 (2424,'2012-01-24',3),
 (2424,'2012-01-25',3),
 (2424,'2012-01-26',3),
 (2424,'2012-01-28',3),
 (2424,'2012-01-30',3),
 (2424,'2012-01-31',3),
 (2424,'2012-02-01',3),
 (2425,'2012-01-17',3),
 (2425,'2012-01-18',3),
 (2425,'2012-01-20',3),
 (2425,'2012-01-21',3),
 (2425,'2012-01-23',3),
 (2425,'2012-01-24',3),
 (2425,'2012-01-30',3),
 (2425,'2012-01-31',3),
 (2425,'2012-02-01',3),
 (2427,'2012-02-01',3),
 (2427,'2012-02-08',3),
 (2428,'2012-01-12',3),
 (2432,'2012-01-16',3),
 (2432,'2012-01-17',3),
 (2433,'2012-02-06',3),
 (2433,'2012-02-07',3),
 (2433,'2012-02-08',3),
 (2434,'2012-01-12',3),
 (2434,'2012-01-13',3),
 (2436,'2012-01-12',3),
 (2436,'2012-01-13',3),
 (2436,'2012-01-14',3),
 (2436,'2012-01-16',3),
 (2437,'2012-01-16',3),
 (2437,'2012-01-17',3),
 (2437,'2012-01-18',3),
 (2438,'2012-01-12',3),
 (2438,'2012-01-13',3),
 (2438,'2012-01-14',3),
 (2438,'2012-01-16',3),
 (2438,'2012-01-17',3),
 (2438,'2012-01-19',3),
 (2438,'2012-01-23',3),
 (2438,'2012-01-24',3),
 (2438,'2012-01-30',3),
 (2439,'2012-01-18',3),
 (2442,'2012-01-12',3),
 (2442,'2012-01-13',3),
 (2442,'2012-01-14',3),
 (2442,'2012-01-16',3),
 (2442,'2012-01-17',3),
 (2442,'2012-01-18',3),
 (2442,'2012-01-19',3),
 (2442,'2012-01-23',3),
 (2442,'2012-01-24',3),
 (2442,'2012-01-25',3),
 (2442,'2012-01-26',3),
 (2442,'2012-01-27',3),
 (2442,'2012-01-28',3),
 (2442,'2012-01-30',3),
 (2442,'2012-01-31',3),
 (2442,'2012-02-01',3),
 (2442,'2012-02-02',3),
 (2442,'2012-02-03',3),
 (2442,'2012-02-04',3),
 (2442,'2012-02-06',3),
 (2442,'2012-02-07',3),
 (2442,'2012-02-08',3),
 (2446,'2012-01-12',3),
 (2446,'2012-01-13',3),
 (2446,'2012-01-14',3),
 (2446,'2012-01-16',3),
 (2446,'2012-01-17',3),
 (2446,'2012-01-18',3),
 (2446,'2012-01-19',3),
 (2446,'2012-01-20',3),
 (2446,'2012-01-21',3),
 (2446,'2012-01-23',3),
 (2446,'2012-01-24',3),
 (2446,'2012-01-30',3),
 (2452,'2012-01-12',3),
 (2452,'2012-01-13',3),
 (2452,'2012-01-14',3),
 (2452,'2012-01-16',3),
 (2452,'2012-01-17',3),
 (2452,'2012-01-18',3),
 (2455,'2012-01-30',3),
 (2461,'2012-01-18',3),
 (2463,'2012-01-13',3),
 (2463,'2012-01-14',3),
 (2463,'2012-01-16',3),
 (2463,'2012-01-17',3),
 (2463,'2012-01-20',3),
 (2463,'2012-01-21',3),
 (2463,'2012-01-23',3),
 (2463,'2012-01-24',3),
 (2464,'2012-01-13',3),
 (2465,'2012-01-13',3),
 (2466,'2012-01-13',3),
 (2467,'2012-01-13',3),
 (2471,'2012-01-13',3),
 (2471,'2012-01-14',3),
 (2473,'2012-01-19',3),
 (2473,'2012-01-20',3),
 (2473,'2012-01-23',3),
 (2476,'2012-01-21',3),
 (2478,'2012-01-13',3),
 (2481,'2012-01-13',3),
 (2482,'2012-01-16',3),
 (2485,'2012-01-20',3),
 (2490,'2012-01-14',3),
 (2495,'2012-01-13',3),
 (2496,'2012-01-14',3),
 (2497,'2012-01-14',3),
 (2498,'2012-01-14',3),
 (2500,'2012-01-16',3),
 (2501,'2012-01-16',3),
 (2501,'2012-01-17',3),
 (2502,'2012-01-16',3),
 (2502,'2012-01-17',3),
 (2502,'2012-01-18',3),
 (2502,'2012-01-19',3),
 (2502,'2012-01-20',3),
 (2502,'2012-01-21',3),
 (2502,'2012-01-23',3),
 (2502,'2012-01-24',3),
 (2502,'2012-01-25',3),
 (2502,'2012-01-26',3),
 (2502,'2012-01-27',3),
 (2502,'2012-01-28',3),
 (2502,'2012-01-31',3),
 (2502,'2012-02-01',3),
 (2502,'2012-02-02',3),
 (2502,'2012-02-03',3),
 (2502,'2012-02-04',3),
 (2503,'2012-01-16',3),
 (2506,'2012-01-16',3),
 (2507,'2012-01-16',3),
 (2508,'2012-01-16',3),
 (2508,'2012-01-17',3),
 (2510,'2012-01-16',3),
 (2511,'2012-01-16',3),
 (2513,'2012-01-25',3),
 (2513,'2012-01-26',3),
 (2513,'2012-01-27',3),
 (2514,'2012-01-16',3),
 (2516,'2012-01-16',3),
 (2516,'2012-01-17',3),
 (2516,'2012-01-18',3),
 (2516,'2012-01-19',3),
 (2516,'2012-01-20',3),
 (2516,'2012-01-21',3),
 (2518,'2012-01-16',3),
 (2518,'2012-01-17',3),
 (2518,'2012-01-18',3),
 (2518,'2012-01-19',3),
 (2518,'2012-01-20',3),
 (2518,'2012-01-21',3),
 (2518,'2012-01-23',3),
 (2519,'2012-01-16',3),
 (2519,'2012-01-17',3),
 (2521,'2012-01-16',3),
 (2522,'2012-01-17',3),
 (2527,'2012-01-16',3),
 (2527,'2012-01-17',3),
 (2528,'2012-01-16',3),
 (2531,'2012-01-17',3),
 (2531,'2012-01-18',3),
 (2531,'2012-01-19',3),
 (2531,'2012-01-20',3),
 (2531,'2012-01-21',3),
 (2531,'2012-01-23',3),
 (2531,'2012-01-24',3),
 (2531,'2012-01-25',3),
 (2531,'2012-01-26',3),
 (2531,'2012-01-27',3),
 (2531,'2012-01-28',3),
 (2531,'2012-01-30',3),
 (2531,'2012-02-02',3),
 (2532,'2012-01-16',3),
 (2532,'2012-01-17',3),
 (2532,'2012-01-18',3),
 (2532,'2012-01-19',3),
 (2532,'2012-01-20',3),
 (2532,'2012-01-21',3),
 (2532,'2012-01-23',3),
 (2532,'2012-01-24',3),
 (2532,'2012-01-25',3),
 (2532,'2012-01-26',3),
 (2532,'2012-01-27',3),
 (2532,'2012-01-28',3),
 (2532,'2012-01-30',3),
 (2534,'2012-01-16',3),
 (2535,'2012-01-20',3),
 (2536,'2012-01-16',3),
 (2536,'2012-01-17',3),
 (2536,'2012-01-18',3),
 (2537,'2012-01-12',3),
 (2537,'2012-01-13',3),
 (2537,'2012-01-14',3),
 (2537,'2012-01-16',3),
 (2537,'2012-01-17',3),
 (2537,'2012-01-18',3),
 (2537,'2012-01-19',3),
 (2537,'2012-01-20',3),
 (2537,'2012-01-21',3),
 (2537,'2012-01-24',3),
 (2537,'2012-01-25',3),
 (2537,'2012-01-26',3),
 (2537,'2012-01-27',3),
 (2537,'2012-01-28',3),
 (2537,'2012-01-30',3),
 (2537,'2012-01-31',3),
 (2537,'2012-02-01',3),
 (2537,'2012-02-02',3),
 (2537,'2012-02-03',3),
 (2537,'2012-02-04',3),
 (2537,'2012-02-06',3),
 (2537,'2012-02-07',3),
 (2537,'2012-02-08',3),
 (2539,'2012-01-17',3),
 (2540,'2012-01-17',3),
 (2541,'2012-01-17',3),
 (2541,'2012-01-18',3),
 (2541,'2012-01-19',3),
 (2542,'2012-01-17',3),
 (2542,'2012-01-18',3),
 (2545,'2012-01-17',3),
 (2546,'2012-01-17',3),
 (2547,'2012-01-17',3),
 (2547,'2012-01-18',3),
 (2547,'2012-01-19',3),
 (2547,'2012-01-20',3),
 (2547,'2012-01-21',3),
 (2547,'2012-01-23',3),
 (2547,'2012-01-24',3),
 (2547,'2012-01-25',3),
 (2547,'2012-01-26',3),
 (2547,'2012-01-27',3),
 (2547,'2012-01-28',3),
 (2547,'2012-01-30',3),
 (2547,'2012-01-31',3),
 (2547,'2012-02-01',3),
 (2547,'2012-02-02',3),
 (2548,'2012-01-17',3),
 (2549,'2012-01-17',3),
 (2550,'2012-01-20',3),
 (2551,'2012-01-17',3),
 (2551,'2012-01-18',3),
 (2551,'2012-01-19',3),
 (2551,'2012-01-20',3),
 (2551,'2012-01-21',3),
 (2551,'2012-01-23',3),
 (2552,'2012-01-23',3),
 (2553,'2012-01-17',3),
 (2553,'2012-01-18',3),
 (2553,'2012-01-19',3),
 (2553,'2012-01-20',3),
 (2553,'2012-01-21',3),
 (2553,'2012-01-23',3),
 (2553,'2012-01-24',3),
 (2553,'2012-01-25',3),
 (2553,'2012-01-26',3),
 (2553,'2012-01-27',3),
 (2553,'2012-01-28',3),
 (2553,'2012-01-30',3),
 (2553,'2012-01-31',3),
 (2556,'2012-01-19',3),
 (2556,'2012-01-20',3),
 (2560,'2012-01-17',3),
 (2569,'2012-01-17',3),
 (2570,'2012-01-17',3),
 (2571,'2012-01-23',3),
 (2571,'2012-01-24',3),
 (2571,'2012-01-25',3),
 (2572,'2012-02-04',3),
 (2578,'2012-01-24',3),
 (2581,'2012-01-17',3),
 (2583,'2012-01-17',3),
 (2585,'2012-02-01',3),
 (2585,'2012-02-02',3),
 (2585,'2012-02-03',3),
 (2585,'2012-02-04',3),
 (2585,'2012-02-06',3),
 (2585,'2012-02-07',3),
 (2585,'2012-02-08',3),
 (2586,'2012-01-17',3),
 (2586,'2012-01-18',3),
 (2589,'2012-01-17',3),
 (2589,'2012-01-18',3),
 (2591,'2012-01-17',3),
 (2591,'2012-01-18',3),
 (2595,'2012-01-31',3),
 (2599,'2012-02-02',3),
 (2605,'2012-01-18',3),
 (2606,'2012-02-07',3),
 (2607,'2012-01-18',3),
 (2609,'2012-01-18',3),
 (2609,'2012-01-19',3),
 (2609,'2012-01-20',3),
 (2609,'2012-01-21',3),
 (2609,'2012-01-23',3),
 (2609,'2012-01-24',3),
 (2609,'2012-01-25',3),
 (2609,'2012-01-26',3),
 (2609,'2012-01-27',3),
 (2609,'2012-01-28',3),
 (2609,'2012-01-30',3),
 (2609,'2012-01-31',3),
 (2609,'2012-02-01',3),
 (2609,'2012-02-02',3),
 (2609,'2012-02-03',3),
 (2609,'2012-02-04',3),
 (2609,'2012-02-06',3),
 (2609,'2012-02-07',3),
 (2617,'2012-01-18',3),
 (2618,'2012-01-17',3),
 (2619,'2012-01-18',3),
 (2619,'2012-01-19',3),
 (2619,'2012-01-20',3),
 (2625,'2012-01-18',3),
 (2627,'2012-01-18',3),
 (2627,'2012-01-19',3),
 (2627,'2012-01-20',3),
 (2633,'2012-02-03',3),
 (2633,'2012-02-06',3),
 (2635,'2012-01-18',3),
 (2636,'2012-01-23',3),
 (2636,'2012-01-24',3),
 (2636,'2012-01-25',3),
 (2636,'2012-01-26',3),
 (2636,'2012-01-27',3),
 (2642,'2012-01-18',3),
 (2642,'2012-01-19',3),
 (2643,'2012-01-18',3),
 (2643,'2012-01-21',3),
 (2650,'2012-01-20',3),
 (2659,'2012-01-18',3),
 (2659,'2012-01-19',3),
 (2662,'2012-01-19',3),
 (2663,'2012-01-19',3),
 (2667,'2012-01-19',3),
 (2667,'2012-01-20',3),
 (2669,'2012-01-25',3),
 (2669,'2012-01-26',3),
 (2669,'2012-01-27',3),
 (2669,'2012-01-28',3),
 (2670,'2012-01-25',3),
 (2674,'2012-01-19',3),
 (2676,'2012-01-24',3),
 (2676,'2012-01-25',3),
 (2676,'2012-02-02',3),
 (2676,'2012-02-03',3),
 (2676,'2012-02-04',3),
 (2676,'2012-02-06',3),
 (2676,'2012-02-07',3),
 (2676,'2012-02-08',3),
 (2677,'2012-01-25',3),
 (2678,'2012-01-23',3),
 (2681,'2012-01-20',3),
 (2681,'2012-01-21',3),
 (2681,'2012-01-23',3),
 (2681,'2012-01-24',3),
 (2681,'2012-01-25',3),
 (2681,'2012-01-26',3),
 (2681,'2012-01-27',3),
 (2681,'2012-01-28',3),
 (2681,'2012-01-30',3),
 (2681,'2012-01-31',3),
 (2681,'2012-02-01',3),
 (2681,'2012-02-02',3),
 (2685,'2012-01-19',3),
 (2687,'2012-01-19',3),
 (2689,'2012-01-19',3),
 (2689,'2012-01-20',3),
 (2689,'2012-01-21',3),
 (2692,'2012-01-19',3),
 (2692,'2012-01-20',3),
 (2692,'2012-01-21',3),
 (2694,'2012-01-19',3),
 (2694,'2012-01-20',3),
 (2695,'2012-01-20',3),
 (2706,'2012-01-19',3),
 (2706,'2012-01-20',3),
 (2706,'2012-01-21',3),
 (2707,'2012-01-25',3),
 (2713,'2012-01-19',3),
 (2713,'2012-01-20',3),
 (2721,'2012-01-19',3),
 (2721,'2012-01-20',3),
 (2723,'2012-01-19',3),
 (2723,'2012-01-20',3),
 (2724,'2012-01-19',3),
 (2724,'2012-01-20',3),
 (2724,'2012-01-21',3),
 (2724,'2012-01-23',3),
 (2727,'2012-01-20',3),
 (2727,'2012-01-21',3),
 (2727,'2012-01-23',3),
 (2727,'2012-01-24',3),
 (2727,'2012-01-25',3),
 (2737,'2012-01-20',3),
 (2737,'2012-01-21',3),
 (2737,'2012-01-23',3),
 (2737,'2012-01-24',3),
 (2737,'2012-01-25',3),
 (2737,'2012-01-26',3),
 (2737,'2012-01-27',3),
 (2737,'2012-01-28',3),
 (2737,'2012-01-30',3),
 (2737,'2012-02-02',3),
 (2737,'2012-02-03',3),
 (2737,'2012-02-04',3),
 (2745,'2012-01-20',3),
 (2747,'2012-01-20',3),
 (2747,'2012-01-21',3),
 (2748,'2012-01-20',3),
 (2749,'2012-01-20',3),
 (2753,'2012-01-23',3),
 (2759,'2012-01-20',3),
 (2761,'2012-01-20',3),
 (2762,'2012-01-20',3),
 (2763,'2012-01-20',3),
 (2763,'2012-01-21',3),
 (2763,'2012-01-23',3),
 (2763,'2012-01-24',3),
 (2763,'2012-01-25',3),
 (2763,'2012-01-26',3),
 (2763,'2012-01-27',3),
 (2763,'2012-01-28',3),
 (2763,'2012-01-30',3),
 (2780,'2012-01-31',3),
 (2783,'2012-02-08',3),
 (2785,'2012-02-07',3),
 (2788,'2012-01-20',3),
 (2788,'2012-01-21',3),
 (2788,'2012-01-23',3),
 (2788,'2012-01-24',3),
 (2790,'2012-01-21',3),
 (2791,'2012-01-21',3),
 (2795,'2012-02-07',3),
 (2806,'2012-01-23',3),
 (2807,'2012-02-01',3),
 (2808,'2012-01-23',3),
 (2810,'2012-01-23',3),
 (2811,'2012-01-23',3),
 (2811,'2012-01-24',3),
 (2811,'2012-01-25',3),
 (2811,'2012-01-26',3),
 (2816,'2012-01-23',3),
 (2816,'2012-01-24',3),
 (2816,'2012-01-25',3),
 (2817,'2012-01-23',3),
 (2818,'2012-01-23',3),
 (2819,'2012-01-23',3),
 (2819,'2012-01-24',3),
 (2819,'2012-01-25',3),
 (2819,'2012-01-26',3),
 (2819,'2012-01-28',3),
 (2819,'2012-01-30',3),
 (2820,'2012-01-23',3),
 (2828,'2012-01-23',3),
 (2829,'2012-01-23',3),
 (2829,'2012-01-24',3),
 (2829,'2012-01-25',3),
 (2829,'2012-01-26',3),
 (2830,'2012-01-23',3),
 (2830,'2012-01-24',3),
 (2839,'2012-01-23',3),
 (2839,'2012-01-24',3),
 (2839,'2012-01-25',3),
 (2839,'2012-01-26',3),
 (2839,'2012-01-27',3),
 (2839,'2012-01-28',3),
 (2839,'2012-01-30',3),
 (2842,'2012-01-23',3),
 (2842,'2012-01-24',3),
 (2844,'2012-01-24',3),
 (2844,'2012-01-25',3),
 (2846,'2012-01-23',3),
 (2851,'2012-01-23',3),
 (2852,'2012-01-27',3),
 (2852,'2012-01-28',3),
 (2852,'2012-01-30',3),
 (2854,'2012-01-23',3),
 (2854,'2012-01-24',3),
 (2859,'2012-02-03',3),
 (2859,'2012-02-04',3),
 (2859,'2012-02-06',3),
 (2859,'2012-02-07',3),
 (2859,'2012-02-08',3),
 (2860,'2012-02-07',3),
 (2860,'2012-02-08',3),
 (2861,'2012-01-30',3),
 (2861,'2012-01-31',3),
 (2862,'2012-02-01',3),
 (2872,'2012-01-23',3),
 (2875,'2012-01-24',3),
 (2875,'2012-01-25',3),
 (2875,'2012-01-26',3),
 (2875,'2012-01-27',3),
 (2875,'2012-01-28',3),
 (2875,'2012-01-30',3),
 (2875,'2012-01-31',3),
 (2875,'2012-02-01',3),
 (2875,'2012-02-02',3),
 (2877,'2012-01-24',3),
 (2877,'2012-01-25',3),
 (2880,'2012-01-24',3),
 (2889,'2012-01-27',3),
 (2889,'2012-01-28',3),
 (2889,'2012-01-30',3),
 (2891,'2012-01-24',3),
 (2891,'2012-01-25',3),
 (2891,'2012-01-26',3),
 (2891,'2012-01-27',3),
 (2892,'2012-01-24',3),
 (2893,'2012-01-24',3),
 (2893,'2012-01-25',3),
 (2893,'2012-01-26',3),
 (2893,'2012-01-27',3),
 (2894,'2012-01-24',3),
 (2895,'2012-01-24',3),
 (2897,'2012-01-24',3),
 (2898,'2012-01-24',3),
 (2899,'2012-01-24',3),
 (2901,'2012-01-24',3),
 (2902,'2012-01-24',3),
 (2904,'2012-01-24',3),
 (2904,'2012-01-25',3),
 (2905,'2012-01-25',3),
 (2905,'2012-01-26',3),
 (2905,'2012-01-27',3),
 (2905,'2012-01-28',3),
 (2905,'2012-01-30',3),
 (2905,'2012-01-31',3),
 (2908,'2012-01-25',3),
 (2908,'2012-01-26',3),
 (2908,'2012-01-27',3),
 (2909,'2012-01-25',3),
 (2914,'2012-01-30',3),
 (2914,'2012-01-31',3),
 (2914,'2012-02-01',3),
 (2915,'2012-01-30',3),
 (2918,'2012-02-03',3),
 (2927,'2012-01-30',3),
 (2928,'2012-01-25',3),
 (2929,'2012-01-30',3),
 (2931,'2012-01-25',3),
 (2931,'2012-01-26',3),
 (2931,'2012-01-27',3),
 (2931,'2012-01-28',3),
 (2932,'2012-01-25',3),
 (2934,'2012-01-25',3),
 (2941,'2012-01-25',3),
 (2944,'2012-01-25',3),
 (2946,'2012-01-25',3),
 (2946,'2012-01-26',3),
 (2946,'2012-01-27',3),
 (2946,'2012-01-28',3),
 (2946,'2012-01-30',3),
 (2946,'2012-01-31',3),
 (2948,'2012-02-01',3),
 (2950,'2012-01-25',3),
 (2950,'2012-01-26',3),
 (2950,'2012-01-27',3),
 (2950,'2012-01-28',3),
 (2950,'2012-01-30',3),
 (2950,'2012-01-31',3),
 (2950,'2012-02-01',3),
 (2958,'2012-01-26',3),
 (2958,'2012-01-27',3),
 (2958,'2012-01-28',3),
 (2958,'2012-01-30',3),
 (2958,'2012-01-31',3),
 (2958,'2012-02-01',3),
 (2961,'2012-01-25',3),
 (2962,'2012-01-25',3),
 (2962,'2012-01-26',3),
 (2964,'2012-02-06',3),
 (2964,'2012-02-07',3),
 (2965,'2012-01-24',3),
 (2965,'2012-01-25',3),
 (2965,'2012-01-26',3),
 (2967,'2012-01-25',3),
 (2967,'2012-01-26',3),
 (2967,'2012-01-27',3),
 (2967,'2012-01-28',3),
 (2967,'2012-01-30',3),
 (2969,'2012-02-04',3),
 (2970,'2012-01-25',3),
 (2970,'2012-01-26',3),
 (2970,'2012-01-27',3),
 (2970,'2012-01-28',3),
 (2970,'2012-01-30',3),
 (2970,'2012-02-01',3),
 (2970,'2012-02-02',3),
 (2970,'2012-02-03',3),
 (2970,'2012-02-04',3),
 (2970,'2012-02-06',3),
 (2971,'2012-02-07',3),
 (2973,'2012-01-25',3),
 (2974,'2012-01-25',3),
 (2978,'2012-01-30',3),
 (2981,'2012-01-30',3),
 (2981,'2012-01-31',3),
 (2981,'2012-02-01',3),
 (2981,'2012-02-02',3),
 (2981,'2012-02-03',3),
 (2981,'2012-02-04',3),
 (2981,'2012-02-06',3),
 (2981,'2012-02-07',3),
 (2984,'2012-01-27',3),
 (2985,'2012-02-02',3),
 (2990,'2012-01-27',3),
 (2990,'2012-01-28',3),
 (2990,'2012-01-30',3),
 (2990,'2012-01-31',3),
 (2990,'2012-02-01',3),
 (2990,'2012-02-02',3),
 (2990,'2012-02-03',3),
 (2990,'2012-02-04',3),
 (2990,'2012-02-06',3),
 (2990,'2012-02-07',3),
 (3002,'2012-01-27',3),
 (3002,'2012-01-28',3),
 (3002,'2012-01-30',3),
 (3003,'2012-01-27',3),
 (3003,'2012-01-28',3),
 (3014,'2012-01-30',3),
 (3015,'2012-01-30',3),
 (3016,'2012-01-30',3),
 (3017,'2012-01-30',3),
 (3017,'2012-01-31',3),
 (3017,'2012-02-01',3),
 (3017,'2012-02-02',3),
 (3020,'2012-01-31',3),
 (3022,'2012-01-30',3),
 (3023,'2012-01-30',3),
 (3024,'2012-01-30',3),
 (3024,'2012-01-31',3),
 (3024,'2012-02-01',3),
 (3024,'2012-02-02',3),
 (3024,'2012-02-03',3),
 (3024,'2012-02-04',3),
 (3024,'2012-02-06',3),
 (3024,'2012-02-07',3),
 (3024,'2012-02-08',3),
 (3025,'2012-01-30',3),
 (3025,'2012-01-31',3),
 (3026,'2012-01-30',3),
 (3026,'2012-01-31',3),
 (3026,'2012-02-01',3),
 (3028,'2012-01-30',3),
 (3028,'2012-01-31',3),
 (3028,'2012-02-01',3),
 (3028,'2012-02-02',3),
 (3028,'2012-02-03',3),
 (3028,'2012-02-04',3),
 (3029,'2012-01-30',3),
 (3032,'2012-01-31',3),
 (3034,'2012-01-30',3),
 (3034,'2012-01-31',3),
 (3044,'2012-02-01',3),
 (3045,'2012-01-30',3),
 (3050,'2012-01-30',3),
 (3051,'2012-01-30',3),
 (3052,'2012-01-30',3),
 (3057,'2012-02-04',3),
 (3061,'2012-01-30',3),
 (3065,'2012-01-30',3),
 (3067,'2012-01-31',3),
 (3067,'2012-02-01',3),
 (3068,'2012-01-31',3),
 (3070,'2012-01-30',3),
 (3070,'2012-01-31',3),
 (3070,'2012-02-01',3),
 (3070,'2012-02-02',3),
 (3070,'2012-02-03',3),
 (3070,'2012-02-04',3),
 (3070,'2012-02-06',3),
 (3070,'2012-02-07',3),
 (3078,'2012-01-31',3),
 (3079,'2012-02-02',3),
 (3079,'2012-02-03',3),
 (3079,'2012-02-04',3),
 (3081,'2012-01-31',3),
 (3081,'2012-02-01',3),
 (3081,'2012-02-02',3),
 (3081,'2012-02-03',3),
 (3081,'2012-02-04',3),
 (3081,'2012-02-06',3),
 (3081,'2012-02-07',3),
 (3081,'2012-02-08',3),
 (3086,'2012-01-31',3),
 (3086,'2012-02-01',3),
 (3086,'2012-02-02',3),
 (3086,'2012-02-03',3),
 (3086,'2012-02-04',3),
 (3086,'2012-02-06',3),
 (3086,'2012-02-07',3),
 (3090,'2012-01-31',3),
 (3094,'2012-02-02',3),
 (3094,'2012-02-03',3),
 (3094,'2012-02-04',3),
 (3094,'2012-02-06',3),
 (3094,'2012-02-07',3),
 (3094,'2012-02-08',3),
 (3098,'2012-01-31',3),
 (3108,'2012-01-31',3),
 (3116,'2012-01-31',3),
 (3116,'2012-02-01',3),
 (3119,'2012-01-31',3),
 (3119,'2012-02-01',3),
 (3119,'2012-02-02',3),
 (3119,'2012-02-03',3),
 (3119,'2012-02-04',3),
 (3119,'2012-02-06',3),
 (3119,'2012-02-07',3),
 (3119,'2012-02-08',3),
 (3122,'2012-01-31',3),
 (3123,'2012-01-31',3),
 (3124,'2012-01-31',3),
 (3133,'2012-01-31',3),
 (3137,'2012-02-01',3),
 (3140,'2012-01-31',3),
 (3141,'2012-02-01',3),
 (3142,'2012-01-31',3),
 (3142,'2012-02-01',3),
 (3143,'2012-02-01',3),
 (3145,'2012-01-31',3),
 (3147,'2012-01-31',3),
 (3148,'2012-01-31',3),
 (3149,'2012-02-01',3),
 (3149,'2012-02-03',3),
 (3156,'2012-02-01',3),
 (3165,'2012-02-01',3),
 (3166,'2012-02-01',3),
 (3167,'2012-02-02',3),
 (3169,'2012-02-01',3),
 (3173,'2012-02-01',3),
 (3173,'2012-02-02',3),
 (3174,'2012-02-01',3),
 (3174,'2012-02-02',3),
 (3177,'2012-02-01',3),
 (3178,'2012-02-01',3),
 (3181,'2012-02-02',3),
 (3183,'2012-02-01',3),
 (3183,'2012-02-02',3),
 (3184,'2012-02-01',3),
 (3188,'2012-02-03',3),
 (3189,'2012-02-02',3),
 (3201,'2012-02-02',3),
 (3202,'2012-02-02',3),
 (3203,'2012-02-03',3),
 (3203,'2012-02-04',3),
 (3203,'2012-02-06',3),
 (3203,'2012-02-07',3),
 (3203,'2012-02-08',3),
 (3204,'2012-02-02',3),
 (3205,'2012-02-02',3),
 (3205,'2012-02-03',3),
 (3205,'2012-02-04',3),
 (3205,'2012-02-06',3),
 (3205,'2012-02-07',3),
 (3205,'2012-02-08',3),
 (3207,'2012-02-02',3),
 (3209,'2012-02-02',3),
 (3209,'2012-02-03',3),
 (3209,'2012-02-04',3),
 (3211,'2012-02-07',3),
 (3211,'2012-02-08',3),
 (3215,'2012-02-02',3),
 (3215,'2012-02-03',3),
 (3215,'2012-02-04',3),
 (3215,'2012-02-06',3),
 (3215,'2012-02-07',3),
 (3219,'2012-02-02',3),
 (3219,'2012-02-03',3),
 (3219,'2012-02-04',3),
 (3219,'2012-02-06',3),
 (3219,'2012-02-07',3),
 (3219,'2012-02-08',3),
 (3223,'2012-02-02',3),
 (3223,'2012-02-03',3),
 (3223,'2012-02-04',3),
 (3225,'2012-02-02',3),
 (3226,'2012-02-02',3),
 (3226,'2012-02-03',3),
 (3227,'2012-02-02',3),
 (3227,'2012-02-03',3),
 (3234,'2012-02-02',3),
 (3236,'2012-02-02',3),
 (3237,'2012-02-02',3),
 (3238,'2012-02-06',3),
 (3238,'2012-02-07',3),
 (3238,'2012-02-08',3),
 (3241,'2012-02-03',3),
 (3242,'2012-02-06',3),
 (3242,'2012-02-07',3),
 (3242,'2012-02-08',3),
 (3248,'2012-02-03',3),
 (3249,'2012-02-03',3),
 (3249,'2012-02-04',3),
 (3249,'2012-02-06',3),
 (3249,'2012-02-07',3),
 (3249,'2012-02-08',3),
 (3251,'2012-02-03',3),
 (3251,'2012-02-04',3),
 (3251,'2012-02-06',3),
 (3253,'2012-02-03',3),
 (3253,'2012-02-04',3),
 (3253,'2012-02-06',3),
 (3253,'2012-02-07',3),
 (3256,'2012-02-03',3),
 (3265,'2012-02-03',3),
 (3265,'2012-02-04',3),
 (3268,'2012-02-03',3),
 (3268,'2012-02-04',3),
 (3277,'2012-02-03',3),
 (3278,'2012-02-03',3),
 (3279,'2012-02-03',3),
 (3279,'2012-02-04',3),
 (3279,'2012-02-06',3),
 (3280,'2012-02-03',3),
 (3281,'2012-02-03',3),
 (3282,'2012-02-03',3),
 (3282,'2012-02-04',3),
 (3282,'2012-02-06',3),
 (3291,'2012-02-06',3),
 (3293,'2012-02-06',3),
 (3293,'2012-02-07',3),
 (3294,'2012-02-06',3),
 (3295,'2012-02-06',3),
 (3296,'2012-02-06',3),
 (3297,'2012-02-06',3),
 (3298,'2012-02-06',3),
 (3299,'2012-02-06',3),
 (3300,'2012-02-06',3),
 (3304,'2012-02-06',3),
 (3304,'2012-02-07',3),
 (3306,'2012-02-06',3),
 (3312,'2012-02-06',3),
 (3313,'2012-02-06',3),
 (3322,'2012-02-06',3),
 (3322,'2012-02-07',3),
 (3325,'2012-02-06',3),
 (3333,'2012-02-06',3),
 (3333,'2012-02-07',3),
 (3334,'2012-02-06',3),
 (3334,'2012-02-07',3),
 (3336,'2012-02-07',3),
 (3337,'2012-02-06',3),
 (3341,'2012-02-07',3),
 (3341,'2012-02-08',3),
 (3359,'2012-02-08',3),
 (3364,'2012-02-07',3),
 (3365,'2012-02-07',3),
 (3367,'2012-02-07',3),
 (3369,'2012-02-07',3),
 (3370,'2012-02-07',3),
 (3371,'2012-02-07',3),
 (3373,'2012-02-07',3),
 (3373,'2012-02-08',3),
 (3376,'2012-02-07',3),
 (3383,'2012-02-07',3),
 (3383,'2012-02-08',3),
 (3384,'2012-02-07',3),
 (3384,'2012-02-08',3),
 (3389,'2012-02-07',3),
 (3389,'2012-02-08',3),
 (3392,'2012-02-07',3),
 (3392,'2012-02-08',3),
 (3395,'2012-02-07',3),
 (3397,'2012-02-07',3),
 (3398,'2012-02-07',3),
 (3405,'2012-02-08',3),
 (3410,'2012-02-08',3),
 (3412,'2012-02-08',3),
 (3424,'2012-02-08',3),
 (3426,'2012-02-08',3),
 (3427,'2012-02-08',3),
 (3428,'2012-02-08',3),
 (3434,'2012-02-08',3),
 (3435,'2012-02-08',3),
 (3437,'2012-02-08',3),
 (3438,'2012-02-08',3),
 (3439,'2012-02-08',3),
 (3445,'2012-02-08',3),
 (3446,'2012-02-08',3),
 (3456,'2012-02-08',3),
 (3460,'2012-02-08',3),
 (3464,'2012-02-08',3),
 (3470,'2012-02-08',3),
 (3480,'2012-02-08',3),
 (3481,'2012-02-08',3),
 (3487,'2012-02-08',3),
 (11,'2011-11-15',4),
 (11,'2011-11-16',4),
 (11,'2011-11-17',4),
 (11,'2011-11-18',4),
 (11,'2011-11-19',4),
 (49,'2011-11-07',4),
 (49,'2011-11-08',4),
 (49,'2011-11-09',4),
 (57,'2011-11-07',4),
 (71,'2011-11-09',4),
 (101,'2011-11-07',4),
 (111,'2011-11-07',4),
 (111,'2011-11-08',4),
 (111,'2011-11-09',4),
 (111,'2011-11-10',4),
 (111,'2011-11-11',4),
 (111,'2011-11-12',4),
 (111,'2011-11-14',4),
 (111,'2011-11-15',4),
 (111,'2011-11-16',4),
 (111,'2011-11-17',4),
 (111,'2011-11-18',4),
 (111,'2011-11-24',4),
 (118,'2011-11-10',4),
 (124,'2011-11-08',4),
 (124,'2011-11-11',4),
 (138,'2011-11-09',4),
 (138,'2011-11-10',4),
 (138,'2011-11-15',4),
 (138,'2011-11-16',4),
 (138,'2011-11-18',4),
 (138,'2011-11-23',4),
 (138,'2011-11-24',4),
 (138,'2011-11-25',4),
 (140,'2011-11-07',4),
 (140,'2011-11-08',4),
 (140,'2011-11-10',4),
 (140,'2011-11-11',4),
 (140,'2011-11-12',4),
 (140,'2011-11-14',4),
 (140,'2011-11-16',4),
 (140,'2011-11-17',4),
 (140,'2011-11-18',4),
 (140,'2011-12-14',4),
 (140,'2012-01-10',4),
 (140,'2012-01-11',4),
 (140,'2012-01-19',4),
 (140,'2012-01-30',4),
 (140,'2012-01-31',4),
 (140,'2012-02-01',4),
 (142,'2011-11-05',4),
 (142,'2011-11-07',4),
 (142,'2011-11-08',4),
 (142,'2011-11-09',4),
 (142,'2011-11-10',4),
 (142,'2011-11-11',4),
 (142,'2011-11-12',4),
 (142,'2011-11-14',4),
 (142,'2011-11-15',4),
 (142,'2011-11-16',4),
 (142,'2011-11-17',4),
 (142,'2011-11-18',4),
 (142,'2011-11-19',4),
 (149,'2011-11-10',4),
 (157,'2011-11-08',4),
 (171,'2011-11-07',4),
 (186,'2011-11-07',4),
 (186,'2011-11-08',4),
 (208,'2011-11-17',4),
 (208,'2011-12-02',4),
 (210,'2011-11-14',4),
 (210,'2011-11-15',4),
 (211,'2011-11-08',4),
 (212,'2011-11-16',4),
 (234,'2011-11-08',4),
 (240,'2011-11-10',4),
 (241,'2011-11-10',4),
 (245,'2011-11-08',4),
 (245,'2011-11-09',4),
 (253,'2011-11-08',4),
 (268,'2011-11-08',4),
 (269,'2011-11-14',4),
 (269,'2011-11-15',4),
 (269,'2011-11-16',4),
 (274,'2011-11-12',4),
 (294,'2011-11-09',4),
 (294,'2011-11-10',4),
 (294,'2011-11-11',4),
 (294,'2011-11-12',4),
 (294,'2011-11-14',4),
 (294,'2011-11-15',4),
 (294,'2011-11-16',4),
 (294,'2011-11-17',4),
 (294,'2011-11-18',4),
 (294,'2011-11-19',4),
 (294,'2011-11-21',4),
 (294,'2011-11-22',4),
 (294,'2011-11-23',4),
 (294,'2011-11-24',4),
 (294,'2011-11-25',4),
 (294,'2011-11-26',4),
 (294,'2011-11-28',4),
 (294,'2011-11-29',4),
 (294,'2011-11-30',4),
 (294,'2011-12-01',4),
 (294,'2011-12-14',4),
 (294,'2011-12-15',4),
 (310,'2011-11-09',4),
 (310,'2011-11-10',4),
 (315,'2011-12-05',4),
 (345,'2011-11-10',4),
 (356,'2011-11-10',4),
 (356,'2011-11-11',4),
 (356,'2011-11-12',4),
 (356,'2011-11-14',4),
 (356,'2011-11-15',4),
 (356,'2011-11-16',4),
 (356,'2011-11-17',4),
 (356,'2011-11-18',4),
 (356,'2011-11-19',4),
 (356,'2011-11-21',4),
 (356,'2011-11-22',4),
 (356,'2011-11-23',4),
 (356,'2011-11-24',4),
 (356,'2011-11-25',4),
 (356,'2011-11-26',4),
 (356,'2011-11-29',4),
 (356,'2011-11-30',4),
 (356,'2011-12-01',4),
 (356,'2011-12-02',4),
 (356,'2011-12-03',4),
 (356,'2011-12-05',4),
 (356,'2011-12-06',4),
 (356,'2011-12-07',4),
 (356,'2011-12-08',4),
 (356,'2011-12-09',4),
 (356,'2011-12-10',4),
 (356,'2011-12-12',4),
 (356,'2011-12-13',4),
 (356,'2011-12-14',4),
 (356,'2011-12-15',4),
 (356,'2011-12-16',4),
 (356,'2011-12-17',4),
 (356,'2011-12-20',4),
 (408,'2011-11-14',4),
 (408,'2011-11-15',4),
 (408,'2011-11-16',4),
 (408,'2011-11-30',4),
 (408,'2011-12-01',4),
 (408,'2011-12-02',4),
 (408,'2011-12-03',4),
 (408,'2011-12-05',4),
 (408,'2011-12-06',4),
 (408,'2011-12-07',4),
 (408,'2011-12-08',4),
 (408,'2011-12-09',4),
 (408,'2011-12-10',4),
 (408,'2011-12-12',4),
 (408,'2011-12-13',4),
 (408,'2011-12-14',4),
 (408,'2011-12-15',4),
 (411,'2011-11-14',4),
 (424,'2011-11-11',4),
 (430,'2011-11-25',4),
 (430,'2011-11-26',4),
 (430,'2011-11-28',4),
 (430,'2011-11-29',4),
 (430,'2011-11-30',4),
 (430,'2011-12-01',4),
 (448,'2011-11-11',4),
 (454,'2011-11-11',4),
 (454,'2011-11-12',4),
 (454,'2011-11-14',4),
 (454,'2011-11-15',4),
 (468,'2011-11-12',4),
 (469,'2011-11-12',4),
 (502,'2011-11-24',4),
 (529,'2011-11-18',4),
 (537,'2011-11-29',4),
 (550,'2011-11-15',4),
 (561,'2011-11-15',4),
 (574,'2011-11-15',4),
 (618,'2011-11-17',4),
 (628,'2011-11-16',4),
 (631,'2011-11-16',4),
 (632,'2011-11-16',4),
 (632,'2011-11-17',4),
 (632,'2011-11-18',4),
 (632,'2011-11-19',4),
 (632,'2011-11-21',4),
 (632,'2011-11-22',4),
 (632,'2011-11-23',4),
 (632,'2011-11-24',4),
 (632,'2011-11-25',4),
 (632,'2011-11-26',4),
 (632,'2011-11-28',4),
 (632,'2011-11-29',4),
 (632,'2011-11-30',4),
 (632,'2011-12-01',4),
 (632,'2011-12-02',4),
 (632,'2011-12-03',4),
 (632,'2011-12-05',4),
 (632,'2011-12-06',4),
 (632,'2011-12-07',4),
 (632,'2011-12-08',4),
 (632,'2011-12-12',4),
 (632,'2011-12-13',4),
 (632,'2011-12-14',4),
 (632,'2011-12-15',4),
 (632,'2011-12-16',4),
 (632,'2011-12-17',4),
 (632,'2011-12-19',4),
 (632,'2011-12-20',4),
 (632,'2011-12-21',4),
 (632,'2011-12-22',4),
 (632,'2011-12-23',4),
 (632,'2011-12-24',4),
 (632,'2011-12-26',4),
 (632,'2011-12-27',4),
 (632,'2011-12-29',4),
 (632,'2011-12-30',4),
 (632,'2012-01-03',4),
 (652,'2011-11-16',4),
 (652,'2011-11-17',4),
 (673,'2011-11-29',4),
 (673,'2011-11-30',4),
 (673,'2011-12-01',4),
 (690,'2011-11-17',4),
 (690,'2011-11-18',4),
 (690,'2011-11-19',4),
 (690,'2011-11-21',4),
 (691,'2011-11-16',4),
 (698,'2011-11-17',4),
 (700,'2011-11-17',4),
 (727,'2011-11-17',4),
 (727,'2011-11-18',4),
 (727,'2011-11-19',4),
 (727,'2011-11-21',4),
 (734,'2011-11-18',4),
 (737,'2011-11-23',4),
 (756,'2011-11-23',4),
 (757,'2011-11-19',4),
 (769,'2011-11-18',4),
 (769,'2011-11-19',4),
 (769,'2011-11-21',4),
 (772,'2011-11-18',4),
 (772,'2011-11-19',4),
 (772,'2011-11-21',4),
 (783,'2011-11-22',4),
 (787,'2011-11-23',4),
 (787,'2011-11-26',4),
 (787,'2011-11-29',4),
 (787,'2011-11-30',4),
 (787,'2011-12-03',4),
 (787,'2011-12-05',4),
 (787,'2011-12-06',4),
 (787,'2011-12-07',4),
 (793,'2011-11-21',4),
 (796,'2011-11-21',4),
 (814,'2011-11-21',4),
 (814,'2011-11-22',4),
 (814,'2011-11-23',4),
 (817,'2011-11-23',4),
 (817,'2011-11-24',4),
 (833,'2011-11-22',4),
 (845,'2011-11-24',4),
 (845,'2011-11-29',4),
 (845,'2011-11-30',4),
 (850,'2011-11-21',4),
 (853,'2011-11-22',4),
 (853,'2011-11-24',4),
 (853,'2011-11-25',4),
 (853,'2011-11-26',4),
 (853,'2011-11-28',4),
 (853,'2011-11-29',4),
 (853,'2011-11-30',4),
 (880,'2011-11-24',4),
 (884,'2011-11-25',4),
 (885,'2011-11-24',4),
 (907,'2011-11-24',4),
 (929,'2011-11-25',4),
 (930,'2011-11-25',4),
 (933,'2011-11-26',4),
 (935,'2011-11-25',4),
 (948,'2011-11-26',4),
 (949,'2011-11-25',4),
 (952,'2011-11-25',4),
 (958,'2011-11-25',4),
 (964,'2011-11-30',4),
 (964,'2011-12-01',4),
 (964,'2011-12-02',4),
 (964,'2011-12-03',4),
 (982,'2011-11-30',4),
 (1010,'2011-12-02',4),
 (1010,'2011-12-05',4),
 (1010,'2011-12-06',4),
 (1010,'2011-12-07',4),
 (1012,'2011-11-29',4),
 (1012,'2011-12-02',4),
 (1012,'2011-12-03',4),
 (1028,'2011-11-29',4),
 (1057,'2011-11-30',4),
 (1069,'2011-12-02',4),
 (1069,'2011-12-03',4),
 (1089,'2011-12-05',4),
 (1118,'2011-12-07',4),
 (1139,'2011-12-01',4),
 (1139,'2011-12-02',4),
 (1139,'2011-12-03',4),
 (1139,'2011-12-05',4),
 (1139,'2011-12-06',4),
 (1139,'2011-12-07',4),
 (1139,'2011-12-08',4),
 (1139,'2011-12-09',4),
 (1139,'2011-12-10',4),
 (1139,'2011-12-12',4),
 (1139,'2011-12-13',4),
 (1141,'2011-12-05',4),
 (1147,'2011-12-02',4),
 (1172,'2011-12-05',4),
 (1182,'2011-12-05',4),
 (1182,'2011-12-06',4),
 (1182,'2011-12-07',4),
 (1182,'2011-12-08',4),
 (1182,'2011-12-09',4),
 (1182,'2011-12-10',4),
 (1182,'2011-12-12',4),
 (1182,'2011-12-13',4),
 (1182,'2011-12-14',4),
 (1182,'2011-12-15',4),
 (1182,'2011-12-16',4),
 (1185,'2011-12-05',4),
 (1187,'2011-12-05',4),
 (1203,'2011-12-07',4),
 (1204,'2011-12-06',4),
 (1211,'2011-12-07',4),
 (1211,'2011-12-08',4),
 (1211,'2011-12-09',4),
 (1211,'2011-12-10',4),
 (1211,'2011-12-12',4),
 (1215,'2011-12-05',4),
 (1215,'2011-12-06',4),
 (1227,'2011-12-07',4),
 (1242,'2011-12-07',4),
 (1252,'2011-12-06',4),
 (1253,'2011-12-06',4),
 (1259,'2011-12-06',4),
 (1261,'2011-12-06',4),
 (1265,'2011-12-08',4),
 (1271,'2011-12-06',4),
 (1293,'2011-12-09',4),
 (1340,'2011-12-08',4),
 (1414,'2011-12-17',4),
 (1416,'2011-12-09',4),
 (1417,'2011-12-15',4),
 (1417,'2011-12-16',4),
 (1417,'2011-12-17',4),
 (1417,'2011-12-19',4),
 (1417,'2011-12-20',4),
 (1417,'2011-12-21',4),
 (1417,'2011-12-22',4),
 (1420,'2011-12-13',4),
 (1427,'2011-12-10',4),
 (1453,'2011-12-10',4),
 (1453,'2011-12-12',4),
 (1454,'2011-12-10',4),
 (1457,'2011-12-12',4),
 (1458,'2011-12-10',4),
 (1458,'2011-12-12',4),
 (1458,'2011-12-13',4),
 (1458,'2011-12-14',4),
 (1460,'2011-12-12',4),
 (1465,'2011-12-12',4),
 (1466,'2011-12-12',4),
 (1472,'2011-12-12',4),
 (1479,'2011-12-12',4),
 (1482,'2011-12-12',4),
 (1490,'2011-12-12',4),
 (1490,'2011-12-13',4);
INSERT INTO `work_order_day_entries` (`work_order_id`,`entry_date`,`off_road_reason_id`) VALUES 
 (1490,'2011-12-14',4),
 (1496,'2011-12-13',4),
 (1552,'2011-12-23',4),
 (1552,'2011-12-24',4),
 (1552,'2011-12-26',4),
 (1552,'2011-12-27',4),
 (1564,'2011-12-14',4),
 (1564,'2011-12-15',4),
 (1564,'2011-12-16',4),
 (1583,'2011-12-14',4),
 (1583,'2011-12-15',4),
 (1583,'2011-12-16',4),
 (1647,'2011-12-15',4),
 (1647,'2011-12-16',4),
 (1647,'2011-12-17',4),
 (1647,'2011-12-19',4),
 (1647,'2011-12-20',4),
 (1682,'2011-12-15',4),
 (1682,'2011-12-16',4),
 (1682,'2011-12-17',4),
 (1682,'2011-12-19',4),
 (1682,'2011-12-20',4),
 (1682,'2011-12-21',4),
 (1682,'2011-12-22',4),
 (1682,'2011-12-23',4),
 (1707,'2011-12-21',4),
 (1711,'2012-02-02',4),
 (1754,'2011-12-21',4),
 (1757,'2011-12-20',4),
 (1759,'2011-12-16',4),
 (1759,'2011-12-17',4),
 (1759,'2011-12-19',4),
 (1759,'2011-12-20',4),
 (1759,'2011-12-21',4),
 (1759,'2011-12-22',4),
 (1762,'2011-12-16',4),
 (1767,'2011-12-16',4),
 (1767,'2011-12-17',4),
 (1767,'2011-12-19',4),
 (1767,'2011-12-20',4),
 (1767,'2011-12-21',4),
 (1769,'2011-12-22',4),
 (1777,'2011-12-19',4),
 (1777,'2011-12-20',4),
 (1778,'2011-12-19',4),
 (1790,'2011-12-19',4),
 (1791,'2011-12-30',4),
 (1808,'2011-12-19',4),
 (1808,'2011-12-20',4),
 (1828,'2011-12-20',4),
 (1828,'2011-12-21',4),
 (1828,'2011-12-22',4),
 (1828,'2011-12-23',4),
 (1828,'2011-12-24',4),
 (1828,'2011-12-26',4),
 (1828,'2011-12-27',4),
 (1828,'2011-12-28',4),
 (1828,'2011-12-29',4),
 (1828,'2011-12-30',4),
 (1828,'2011-12-31',4),
 (1828,'2012-01-02',4),
 (1828,'2012-01-03',4),
 (1828,'2012-01-04',4),
 (1828,'2012-01-05',4),
 (1828,'2012-01-06',4),
 (1828,'2012-01-07',4),
 (1828,'2012-01-09',4),
 (1828,'2012-01-10',4),
 (1829,'2011-12-20',4),
 (1832,'2011-12-19',4),
 (1832,'2011-12-20',4),
 (1833,'2011-12-20',4),
 (1833,'2011-12-21',4),
 (1833,'2011-12-22',4),
 (1833,'2011-12-23',4),
 (1833,'2011-12-24',4),
 (1833,'2011-12-26',4),
 (1833,'2011-12-27',4),
 (1833,'2011-12-28',4),
 (1851,'2011-12-22',4),
 (1855,'2011-12-28',4),
 (1863,'2011-12-20',4),
 (1863,'2011-12-21',4),
 (1866,'2011-12-21',4),
 (1866,'2011-12-22',4),
 (1870,'2011-12-22',4),
 (1872,'2011-12-21',4),
 (1872,'2011-12-22',4),
 (1886,'2011-12-21',4),
 (1886,'2011-12-22',4),
 (1893,'2011-12-21',4),
 (1909,'2011-12-22',4),
 (1911,'2011-12-22',4),
 (1912,'2011-12-29',4),
 (1924,'2011-12-22',4),
 (1933,'2011-12-28',4),
 (1933,'2011-12-29',4),
 (1954,'2011-12-28',4),
 (1964,'2011-12-28',4),
 (1964,'2011-12-29',4),
 (1976,'2011-12-29',4),
 (1977,'2011-12-29',4),
 (1979,'2012-01-09',4),
 (1979,'2012-01-10',4),
 (1979,'2012-01-11',4),
 (1979,'2012-01-13',4),
 (1979,'2012-01-14',4),
 (1979,'2012-01-16',4),
 (1979,'2012-01-17',4),
 (1981,'2011-12-30',4),
 (1985,'2011-12-30',4),
 (1985,'2011-12-31',4),
 (1985,'2012-01-03',4),
 (1985,'2012-01-04',4),
 (1985,'2012-01-05',4),
 (1985,'2012-01-06',4),
 (1985,'2012-01-07',4),
 (1985,'2012-01-09',4),
 (1988,'2011-12-30',4),
 (1988,'2011-12-31',4),
 (1988,'2012-01-02',4),
 (1988,'2012-01-03',4),
 (1988,'2012-01-04',4),
 (1988,'2012-01-05',4),
 (1988,'2012-01-06',4),
 (1988,'2012-01-07',4),
 (1988,'2012-01-09',4),
 (1988,'2012-01-10',4),
 (1988,'2012-01-11',4),
 (1988,'2012-01-12',4),
 (1988,'2012-01-13',4),
 (1988,'2012-01-14',4),
 (1988,'2012-01-16',4),
 (1988,'2012-01-17',4),
 (1988,'2012-01-18',4),
 (1988,'2012-01-19',4),
 (1988,'2012-01-20',4),
 (1988,'2012-01-21',4),
 (1988,'2012-01-23',4),
 (1988,'2012-01-24',4),
 (1988,'2012-01-25',4),
 (1988,'2012-01-26',4),
 (1988,'2012-01-27',4),
 (1988,'2012-01-28',4),
 (1988,'2012-01-30',4),
 (1988,'2012-01-31',4),
 (1988,'2012-02-01',4),
 (1988,'2012-02-02',4),
 (1988,'2012-02-03',4),
 (1988,'2012-02-04',4),
 (1988,'2012-02-06',4),
 (1988,'2012-02-07',4),
 (1988,'2012-02-08',4),
 (1994,'2012-01-03',4),
 (1994,'2012-01-04',4),
 (2024,'2012-01-03',4),
 (2029,'2012-01-03',4),
 (2030,'2012-01-03',4),
 (2037,'2012-01-04',4),
 (2039,'2012-01-06',4),
 (2039,'2012-01-07',4),
 (2039,'2012-01-11',4),
 (2039,'2012-01-12',4),
 (2039,'2012-01-13',4),
 (2039,'2012-01-14',4),
 (2039,'2012-01-16',4),
 (2040,'2012-01-06',4),
 (2040,'2012-01-07',4),
 (2066,'2012-01-04',4),
 (2081,'2012-01-04',4),
 (2091,'2012-01-12',4),
 (2095,'2012-01-05',4),
 (2111,'2012-01-07',4),
 (2111,'2012-01-09',4),
 (2123,'2012-01-07',4),
 (2124,'2012-01-05',4),
 (2184,'2012-01-10',4),
 (2192,'2012-01-06',4),
 (2192,'2012-01-07',4),
 (2216,'2012-01-07',4),
 (2229,'2012-01-09',4),
 (2252,'2012-01-09',4),
 (2305,'2012-01-10',4),
 (2305,'2012-01-11',4),
 (2310,'2012-01-10',4),
 (2310,'2012-01-11',4),
 (2311,'2012-01-10',4),
 (2347,'2012-01-11',4),
 (2347,'2012-01-12',4),
 (2366,'2012-01-11',4),
 (2399,'2012-01-12',4),
 (2409,'2012-01-16',4),
 (2413,'2012-01-12',4),
 (2421,'2012-01-16',4),
 (2421,'2012-01-17',4),
 (2426,'2012-02-06',4),
 (2426,'2012-02-08',4),
 (2448,'2012-01-12',4),
 (2468,'2012-01-13',4),
 (2469,'2012-01-13',4),
 (2483,'2012-01-13',4),
 (2487,'2012-01-17',4),
 (2490,'2012-01-13',4),
 (2490,'2012-01-16',4),
 (2490,'2012-01-17',4),
 (2502,'2012-01-30',4),
 (2517,'2012-01-16',4),
 (2520,'2012-01-19',4),
 (2523,'2012-01-16',4),
 (2561,'2012-01-17',4),
 (2561,'2012-01-18',4),
 (2561,'2012-01-19',4),
 (2595,'2012-01-17',4),
 (2595,'2012-01-18',4),
 (2595,'2012-01-19',4),
 (2595,'2012-01-20',4),
 (2595,'2012-01-21',4),
 (2595,'2012-01-23',4),
 (2595,'2012-01-24',4),
 (2595,'2012-01-25',4),
 (2595,'2012-01-26',4),
 (2595,'2012-01-27',4),
 (2595,'2012-01-28',4),
 (2595,'2012-01-30',4),
 (2595,'2012-02-01',4),
 (2595,'2012-02-02',4),
 (2595,'2012-02-03',4),
 (2595,'2012-02-04',4),
 (2595,'2012-02-06',4),
 (2606,'2012-02-08',4),
 (2616,'2012-01-18',4),
 (2616,'2012-01-19',4),
 (2616,'2012-01-20',4),
 (2616,'2012-01-21',4),
 (2653,'2012-01-20',4),
 (2691,'2012-01-19',4),
 (2691,'2012-01-20',4),
 (2697,'2012-01-19',4),
 (2722,'2012-01-19',4),
 (2722,'2012-01-20',4),
 (2759,'2012-01-21',4),
 (2802,'2012-01-23',4),
 (2804,'2012-01-23',4),
 (2804,'2012-01-24',4),
 (2804,'2012-01-25',4),
 (2804,'2012-01-26',4),
 (2804,'2012-01-27',4),
 (2804,'2012-01-28',4),
 (2804,'2012-01-30',4),
 (2804,'2012-01-31',4),
 (2804,'2012-02-01',4),
 (2804,'2012-02-02',4),
 (2827,'2012-01-23',4),
 (2832,'2012-01-23',4),
 (2873,'2012-01-24',4),
 (2873,'2012-01-25',4),
 (2873,'2012-01-26',4),
 (2885,'2012-01-28',4),
 (2912,'2012-01-24',4),
 (2912,'2012-01-25',4),
 (2918,'2012-02-02',4),
 (2950,'2012-02-02',4),
 (2950,'2012-02-03',4),
 (2950,'2012-02-04',4),
 (2950,'2012-02-06',4),
 (2950,'2012-02-07',4),
 (2950,'2012-02-08',4),
 (3003,'2012-01-30',4),
 (3013,'2012-01-30',4),
 (3043,'2012-01-30',4),
 (3043,'2012-01-31',4),
 (3043,'2012-02-01',4),
 (3043,'2012-02-02',4),
 (3043,'2012-02-03',4),
 (3043,'2012-02-04',4),
 (3043,'2012-02-06',4),
 (3044,'2012-01-30',4),
 (3044,'2012-01-31',4),
 (3055,'2012-01-30',4),
 (3055,'2012-01-31',4),
 (3057,'2012-01-31',4),
 (3057,'2012-02-01',4),
 (3057,'2012-02-02',4),
 (3057,'2012-02-03',4),
 (3057,'2012-02-06',4),
 (3057,'2012-02-07',4),
 (3057,'2012-02-08',4),
 (3059,'2012-01-30',4),
 (3060,'2012-01-30',4),
 (3087,'2012-01-31',4),
 (3104,'2012-01-31',4),
 (3104,'2012-02-01',4),
 (3109,'2012-01-31',4),
 (3109,'2012-02-01',4),
 (3109,'2012-02-02',4),
 (3109,'2012-02-03',4),
 (3135,'2012-01-31',4),
 (3135,'2012-02-01',4),
 (3135,'2012-02-02',4),
 (3135,'2012-02-03',4),
 (3135,'2012-02-04',4),
 (3135,'2012-02-06',4),
 (3146,'2012-01-31',4),
 (3149,'2012-02-02',4),
 (3157,'2012-02-01',4),
 (3167,'2012-02-01',4),
 (3168,'2012-02-01',4),
 (3171,'2012-02-01',4),
 (3194,'2012-02-01',4),
 (3195,'2012-02-01',4),
 (3195,'2012-02-02',4),
 (3195,'2012-02-03',4),
 (3198,'2012-02-03',4),
 (3198,'2012-02-04',4),
 (3220,'2012-02-02',4),
 (3220,'2012-02-03',4),
 (3235,'2012-02-02',4),
 (3240,'2012-02-06',4),
 (3241,'2012-02-02',4),
 (3258,'2012-02-03',4),
 (3258,'2012-02-04',4),
 (3258,'2012-02-06',4),
 (3258,'2012-02-07',4),
 (3259,'2012-02-03',4),
 (3259,'2012-02-04',4),
 (3260,'2012-02-03',4),
 (3283,'2012-02-03',4),
 (3292,'2012-02-06',4),
 (3303,'2012-02-06',4),
 (3321,'2012-02-06',4),
 (3326,'2012-02-07',4),
 (3331,'2012-02-07',4),
 (3331,'2012-02-08',4),
 (3358,'2012-02-07',4),
 (3361,'2012-02-07',4),
 (3361,'2012-02-08',4),
 (3371,'2012-02-08',4),
 (3375,'2012-02-08',4),
 (3378,'2012-02-07',4),
 (3381,'2012-02-08',4),
 (3382,'2012-02-07',4),
 (3394,'2012-02-07',4),
 (3432,'2012-02-08',4),
 (3452,'2012-02-08',4),
 (61,'2011-11-07',6),
 (61,'2011-11-08',6),
 (61,'2011-11-09',6),
 (61,'2011-11-10',6),
 (61,'2011-11-11',6),
 (62,'2011-11-07',6),
 (62,'2011-11-08',6),
 (62,'2011-11-09',6),
 (62,'2011-11-10',6),
 (62,'2011-11-11',6),
 (63,'2011-11-07',6),
 (63,'2011-11-08',6),
 (63,'2011-11-09',6),
 (63,'2011-11-10',6),
 (63,'2011-11-11',6),
 (63,'2011-11-14',6),
 (63,'2011-11-15',6),
 (63,'2011-11-16',6),
 (63,'2011-11-17',6),
 (63,'2011-11-18',6),
 (63,'2011-11-29',6),
 (63,'2011-11-30',6),
 (63,'2011-12-01',6),
 (63,'2011-12-02',6),
 (63,'2011-12-03',6),
 (63,'2011-12-05',6),
 (64,'2011-11-12',6),
 (64,'2011-11-19',6),
 (64,'2011-11-21',6),
 (64,'2011-11-22',6),
 (64,'2011-11-24',6),
 (64,'2011-11-25',6),
 (64,'2011-11-26',6),
 (64,'2011-12-06',6),
 (64,'2011-12-10',6),
 (64,'2011-12-12',6),
 (64,'2011-12-31',6),
 (64,'2012-01-02',6),
 (64,'2012-01-07',6),
 (64,'2012-01-09',6),
 (64,'2012-01-16',6),
 (64,'2012-01-17',6),
 (64,'2012-01-18',6),
 (64,'2012-01-21',6),
 (64,'2012-01-24',6),
 (64,'2012-02-04',6),
 (65,'2011-11-14',6),
 (65,'2011-11-15',6),
 (65,'2011-11-16',6),
 (65,'2011-11-17',6),
 (65,'2011-11-18',6),
 (66,'2011-11-29',6),
 (66,'2011-11-30',6),
 (66,'2011-12-01',6),
 (66,'2011-12-02',6),
 (66,'2011-12-03',6),
 (66,'2011-12-05',6),
 (66,'2011-12-07',6),
 (105,'2011-11-29',6),
 (105,'2011-12-06',6),
 (105,'2011-12-07',6),
 (106,'2011-11-07',6),
 (139,'2011-11-09',6),
 (139,'2011-11-10',6),
 (139,'2011-11-17',6),
 (140,'2012-01-18',6),
 (140,'2012-01-20',6),
 (140,'2012-01-23',6),
 (140,'2012-01-24',6),
 (141,'2011-11-07',6),
 (144,'2011-11-29',6),
 (144,'2011-11-30',6),
 (158,'2011-11-21',6),
 (158,'2011-11-22',6),
 (166,'2011-11-09',6),
 (166,'2011-11-10',6),
 (166,'2011-11-11',6),
 (178,'2011-11-15',6),
 (204,'2011-11-07',6),
 (211,'2011-11-07',6),
 (216,'2011-11-18',6),
 (298,'2011-11-09',6),
 (298,'2011-11-10',6),
 (298,'2011-11-11',6),
 (298,'2011-11-12',6),
 (298,'2011-11-15',6),
 (299,'2011-11-09',6),
 (327,'2011-12-29',6),
 (357,'2011-11-10',6),
 (423,'2011-11-16',6),
 (423,'2011-11-17',6),
 (426,'2012-01-11',6),
 (439,'2011-11-14',6),
 (439,'2011-11-15',6),
 (439,'2011-11-16',6),
 (439,'2011-11-17',6),
 (439,'2011-11-18',6),
 (474,'2011-11-18',6),
 (539,'2011-11-14',6),
 (540,'2011-11-14',6),
 (540,'2011-11-15',6),
 (540,'2011-11-16',6),
 (540,'2011-11-17',6),
 (540,'2011-11-18',6),
 (540,'2011-11-19',6),
 (540,'2011-11-21',6),
 (540,'2011-11-22',6),
 (540,'2011-11-28',6),
 (540,'2011-11-30',6),
 (541,'2011-11-14',6),
 (541,'2011-11-15',6),
 (541,'2011-11-16',6),
 (541,'2011-11-17',6),
 (541,'2011-11-18',6),
 (541,'2011-11-19',6),
 (541,'2011-11-21',6),
 (541,'2011-11-22',6),
 (541,'2011-11-28',6),
 (541,'2011-12-01',6),
 (543,'2011-11-14',6),
 (543,'2011-11-15',6),
 (543,'2011-11-16',6),
 (543,'2011-11-17',6),
 (543,'2011-11-18',6),
 (543,'2011-11-19',6),
 (543,'2011-11-21',6),
 (571,'2011-11-15',6),
 (571,'2011-11-16',6),
 (571,'2011-11-17',6),
 (571,'2011-11-18',6),
 (571,'2011-11-19',6),
 (571,'2011-11-22',6),
 (571,'2011-11-24',6),
 (571,'2011-11-26',6),
 (571,'2011-11-28',6),
 (571,'2011-11-29',6),
 (571,'2011-11-30',6),
 (571,'2011-12-01',6),
 (571,'2011-12-02',6),
 (571,'2011-12-03',6),
 (571,'2011-12-05',6),
 (617,'2011-12-07',6),
 (632,'2012-01-06',6),
 (632,'2012-01-07',6),
 (668,'2011-11-21',6),
 (669,'2011-11-22',6),
 (752,'2011-11-29',6),
 (752,'2011-12-01',6),
 (752,'2011-12-02',6),
 (752,'2011-12-06',6),
 (752,'2011-12-07',6),
 (752,'2011-12-08',6),
 (752,'2011-12-09',6),
 (752,'2011-12-10',6),
 (752,'2011-12-12',6),
 (758,'2011-11-19',6),
 (790,'2011-11-29',6),
 (863,'2011-12-07',6),
 (875,'2011-11-24',6),
 (883,'2011-11-29',6),
 (883,'2011-11-30',6),
 (898,'2011-11-24',6),
 (898,'2011-11-25',6),
 (898,'2011-11-26',6),
 (898,'2011-11-29',6),
 (898,'2011-11-30',6),
 (898,'2011-12-01',6),
 (898,'2011-12-02',6),
 (898,'2011-12-03',6),
 (898,'2011-12-05',6),
 (901,'2011-11-24',6),
 (901,'2011-11-25',6),
 (901,'2011-11-26',6),
 (901,'2011-11-29',6),
 (901,'2011-12-02',6),
 (901,'2011-12-03',6),
 (901,'2011-12-05',6),
 (902,'2011-11-25',6),
 (912,'2011-11-24',6),
 (912,'2011-11-25',6),
 (912,'2011-11-26',6),
 (912,'2011-11-28',6),
 (912,'2011-11-29',6),
 (912,'2011-11-30',6),
 (912,'2011-12-01',6),
 (912,'2011-12-02',6),
 (912,'2011-12-03',6),
 (912,'2011-12-05',6),
 (912,'2011-12-06',6),
 (912,'2011-12-07',6),
 (912,'2011-12-08',6),
 (912,'2011-12-12',6),
 (920,'2011-11-26',6),
 (947,'2011-12-07',6),
 (959,'2011-11-29',6),
 (959,'2011-12-01',6),
 (959,'2011-12-02',6),
 (959,'2011-12-03',6),
 (959,'2011-12-05',6),
 (959,'2011-12-07',6),
 (959,'2011-12-08',6),
 (959,'2011-12-09',6),
 (960,'2011-11-29',6),
 (960,'2011-12-01',6),
 (960,'2011-12-02',6),
 (960,'2011-12-03',6),
 (960,'2011-12-05',6),
 (960,'2011-12-07',6),
 (960,'2011-12-08',6),
 (964,'2011-11-29',6),
 (967,'2011-11-28',6),
 (967,'2011-11-29',6),
 (990,'2011-11-29',6),
 (992,'2011-11-28',6),
 (1002,'2011-11-29',6),
 (1011,'2011-11-30',6),
 (1014,'2011-11-29',6),
 (1027,'2011-12-08',6),
 (1056,'2011-11-30',6),
 (1058,'2011-12-07',6),
 (1070,'2011-12-01',6),
 (1095,'2011-11-30',6),
 (1095,'2011-12-01',6),
 (1136,'2011-12-01',6),
 (1136,'2011-12-02',6),
 (1163,'2011-12-06',6),
 (1174,'2011-12-05',6),
 (1190,'2011-12-05',6),
 (1212,'2011-12-07',6),
 (1212,'2011-12-08',6),
 (1256,'2012-01-07',6),
 (1256,'2012-01-09',6),
 (1256,'2012-01-12',6),
 (1256,'2012-01-13',6),
 (1256,'2012-01-14',6),
 (1256,'2012-01-16',6),
 (1256,'2012-01-17',6),
 (1256,'2012-01-18',6),
 (1262,'2011-12-06',6),
 (1262,'2011-12-07',6),
 (1262,'2011-12-08',6),
 (1262,'2011-12-12',6),
 (1263,'2011-12-06',6),
 (1263,'2011-12-07',6),
 (1263,'2011-12-08',6),
 (1263,'2011-12-12',6),
 (1263,'2011-12-13',6),
 (1264,'2011-12-07',6),
 (1264,'2011-12-08',6),
 (1264,'2011-12-12',6),
 (1275,'2011-12-06',6),
 (1275,'2011-12-07',6),
 (1275,'2011-12-12',6),
 (1283,'2011-12-13',6),
 (1283,'2011-12-14',6),
 (1428,'2011-12-10',6),
 (1449,'2011-12-10',6),
 (1450,'2011-12-10',6),
 (1451,'2011-12-10',6),
 (1452,'2011-12-10',6),
 (1497,'2011-12-13',6),
 (1507,'2011-12-22',6),
 (1507,'2011-12-28',6),
 (1507,'2011-12-31',6),
 (1507,'2012-01-02',6),
 (1518,'2011-12-13',6),
 (1518,'2011-12-14',6),
 (1518,'2011-12-15',6),
 (1555,'2011-12-26',6),
 (1562,'2011-12-14',6),
 (1562,'2011-12-15',6),
 (1577,'2011-12-16',6),
 (1593,'2012-01-23',6),
 (1640,'2011-12-15',6),
 (1694,'2012-01-24',6),
 (1728,'2011-12-20',6),
 (1768,'2011-12-16',6),
 (1796,'2011-12-24',6),
 (1826,'2011-12-20',6),
 (1827,'2011-12-20',6),
 (1880,'2011-12-22',6),
 (1890,'2011-12-22',6),
 (1890,'2011-12-23',6),
 (1891,'2011-12-22',6),
 (1891,'2011-12-23',6),
 (1896,'2011-12-22',6),
 (1896,'2011-12-23',6),
 (1896,'2011-12-24',6),
 (1896,'2011-12-26',6),
 (1896,'2011-12-27',6),
 (1896,'2011-12-28',6),
 (1914,'2012-01-19',6),
 (1920,'2011-12-22',6),
 (1920,'2011-12-23',6),
 (1921,'2011-12-22',6),
 (1921,'2011-12-23',6),
 (1922,'2011-12-28',6),
 (1923,'2011-12-28',6),
 (1931,'2012-01-24',6),
 (1952,'2012-01-31',6),
 (1955,'2011-12-29',6),
 (1955,'2012-01-02',6),
 (1955,'2012-01-03',6),
 (1955,'2012-01-04',6),
 (1955,'2012-01-05',6),
 (1955,'2012-01-06',6),
 (1955,'2012-01-07',6),
 (1955,'2012-01-09',6),
 (1955,'2012-01-10',6),
 (1955,'2012-01-11',6),
 (1955,'2012-01-12',6),
 (1955,'2012-01-13',6),
 (1955,'2012-01-14',6),
 (1955,'2012-01-16',6),
 (1955,'2012-01-17',6),
 (1955,'2012-01-18',6),
 (1955,'2012-01-19',6),
 (1955,'2012-01-21',6),
 (1955,'2012-01-23',6),
 (1955,'2012-01-24',6),
 (1955,'2012-01-25',6),
 (1955,'2012-01-26',6),
 (1955,'2012-01-27',6),
 (1955,'2012-01-28',6),
 (1955,'2012-01-30',6),
 (1955,'2012-01-31',6),
 (1955,'2012-02-01',6),
 (1955,'2012-02-02',6),
 (1955,'2012-02-03',6),
 (1955,'2012-02-04',6),
 (1955,'2012-02-06',6),
 (1955,'2012-02-07',6),
 (1955,'2012-02-08',6),
 (1967,'2011-12-29',6),
 (1986,'2011-12-30',6),
 (1986,'2011-12-31',6),
 (1986,'2012-01-02',6),
 (1986,'2012-01-04',6),
 (1986,'2012-01-05',6),
 (1986,'2012-01-06',6),
 (1986,'2012-01-07',6),
 (1986,'2012-01-09',6),
 (1986,'2012-01-10',6),
 (1986,'2012-01-11',6),
 (1986,'2012-01-12',6),
 (1986,'2012-01-13',6),
 (1986,'2012-01-14',6),
 (1986,'2012-01-16',6),
 (1986,'2012-01-17',6),
 (1986,'2012-01-18',6),
 (1986,'2012-01-19',6),
 (1986,'2012-01-20',6),
 (1986,'2012-01-21',6),
 (1986,'2012-01-24',6),
 (1986,'2012-01-25',6),
 (1986,'2012-01-26',6),
 (1986,'2012-01-27',6),
 (1986,'2012-01-28',6),
 (1986,'2012-01-30',6),
 (1986,'2012-01-31',6),
 (1986,'2012-02-01',6),
 (1986,'2012-02-02',6),
 (1986,'2012-02-03',6),
 (1986,'2012-02-04',6),
 (1986,'2012-02-06',6),
 (1986,'2012-02-07',6),
 (1986,'2012-02-08',6),
 (1993,'2012-01-14',6),
 (1993,'2012-01-16',6),
 (2102,'2012-01-16',6),
 (2102,'2012-01-17',6),
 (2102,'2012-01-18',6),
 (2102,'2012-01-21',6),
 (2102,'2012-01-24',6),
 (2102,'2012-02-04',6),
 (2130,'2012-01-10',6),
 (2227,'2012-02-08',6),
 (2259,'2012-01-14',6),
 (2259,'2012-01-16',6),
 (2259,'2012-01-17',6),
 (2295,'2012-01-10',6),
 (2295,'2012-01-11',6),
 (2295,'2012-01-16',6),
 (2295,'2012-01-17',6),
 (2295,'2012-01-18',6),
 (2295,'2012-01-19',6),
 (2295,'2012-01-20',6),
 (2295,'2012-01-21',6),
 (2295,'2012-01-23',6),
 (2295,'2012-01-24',6),
 (2297,'2012-01-12',6),
 (2297,'2012-01-13',6),
 (2297,'2012-01-14',6),
 (2297,'2012-01-16',6),
 (2297,'2012-01-17',6),
 (2297,'2012-01-18',6),
 (2314,'2012-01-18',6),
 (2356,'2012-01-18',6),
 (2380,'2012-01-28',6),
 (2415,'2012-01-12',6),
 (2430,'2012-01-16',6),
 (2430,'2012-01-17',6),
 (2430,'2012-01-18',6),
 (2430,'2012-01-19',6),
 (2438,'2012-01-28',6),
 (2439,'2012-01-16',6),
 (2439,'2012-01-17',6),
 (2515,'2012-01-16',6),
 (2515,'2012-01-17',6),
 (2515,'2012-01-18',6),
 (2563,'2012-01-17',6),
 (2564,'2012-01-17',6),
 (2568,'2012-02-06',6),
 (2568,'2012-02-07',6),
 (2568,'2012-02-08',6),
 (2646,'2012-01-18',6),
 (2700,'2012-01-19',6),
 (2700,'2012-01-20',6),
 (2700,'2012-01-21',6),
 (2700,'2012-01-23',6),
 (2700,'2012-01-24',6),
 (2700,'2012-01-25',6),
 (2707,'2012-01-19',6),
 (2707,'2012-01-20',6),
 (2707,'2012-01-21',6),
 (2707,'2012-01-23',6),
 (2707,'2012-01-24',6),
 (2707,'2012-01-26',6),
 (2707,'2012-01-27',6),
 (2707,'2012-01-28',6),
 (2707,'2012-01-30',6),
 (2707,'2012-01-31',6),
 (2707,'2012-02-01',6),
 (2707,'2012-02-02',6),
 (2707,'2012-02-03',6),
 (2707,'2012-02-04',6),
 (2707,'2012-02-06',6),
 (2707,'2012-02-07',6),
 (2707,'2012-02-08',6),
 (2708,'2012-01-19',6),
 (2708,'2012-01-21',6),
 (2708,'2012-01-25',6),
 (2708,'2012-01-26',6),
 (2708,'2012-01-27',6),
 (2708,'2012-01-28',6),
 (2709,'2012-01-19',6),
 (2709,'2012-01-20',6),
 (2709,'2012-01-21',6),
 (2709,'2012-01-23',6),
 (2709,'2012-01-25',6),
 (2709,'2012-01-26',6),
 (2709,'2012-01-27',6),
 (2709,'2012-01-28',6),
 (2709,'2012-01-30',6),
 (2710,'2012-01-19',6),
 (2710,'2012-01-20',6),
 (2710,'2012-01-21',6),
 (2710,'2012-01-23',6),
 (2710,'2012-01-25',6),
 (2710,'2012-01-26',6),
 (2710,'2012-01-27',6),
 (2710,'2012-01-28',6),
 (2710,'2012-01-30',6),
 (2715,'2012-01-19',6),
 (2728,'2012-01-26',6),
 (2730,'2012-02-07',6),
 (2733,'2012-01-31',6),
 (2733,'2012-02-04',6),
 (2789,'2012-02-02',6),
 (2841,'2012-01-24',6),
 (2841,'2012-01-25',6),
 (2841,'2012-01-26',6),
 (2841,'2012-01-28',6),
 (2841,'2012-01-30',6),
 (2857,'2012-01-25',6),
 (2857,'2012-01-26',6),
 (2857,'2012-01-28',6),
 (2857,'2012-01-30',6),
 (2887,'2012-02-02',6),
 (2896,'2012-01-27',6),
 (2910,'2012-01-25',6),
 (2911,'2012-01-25',6),
 (2933,'2012-01-25',6),
 (2933,'2012-01-26',6),
 (2933,'2012-01-27',6),
 (2942,'2012-01-25',6),
 (3018,'2012-01-30',6),
 (3035,'2012-01-31',6),
 (3053,'2012-01-30',6),
 (3128,'2012-01-31',6),
 (3138,'2012-01-31',6),
 (3138,'2012-02-02',6),
 (3138,'2012-02-03',6),
 (3138,'2012-02-08',6),
 (3172,'2012-02-01',6),
 (3179,'2012-02-02',6),
 (3180,'2012-02-07',6),
 (3186,'2012-02-01',6),
 (3212,'2012-02-02',6),
 (3212,'2012-02-04',6),
 (3212,'2012-02-06',6),
 (3212,'2012-02-07',6),
 (3212,'2012-02-08',6),
 (3214,'2012-02-02',6),
 (3228,'2012-02-07',6),
 (3228,'2012-02-08',6),
 (3245,'2012-02-03',6),
 (3246,'2012-02-03',6),
 (3252,'2012-02-03',6),
 (3261,'2012-02-03',6),
 (3261,'2012-02-04',6),
 (3262,'2012-02-03',6),
 (3263,'2012-02-03',6),
 (3305,'2012-02-07',6),
 (3323,'2012-02-06',6),
 (3323,'2012-02-07',6),
 (3323,'2012-02-08',6),
 (3324,'2012-02-07',6),
 (3324,'2012-02-08',6),
 (3360,'2012-02-07',6),
 (3362,'2012-02-07',6),
 (3363,'2012-02-07',6),
 (3382,'2012-02-08',6),
 (3490,'2012-02-08',6),
 (61,'2011-11-12',7),
 (63,'2011-11-12',7),
 (63,'2011-11-19',7),
 (63,'2011-11-21',7),
 (63,'2011-11-22',7),
 (63,'2011-11-24',7),
 (63,'2011-11-25',7),
 (63,'2011-11-26',7),
 (63,'2011-11-28',7),
 (63,'2011-12-06',7),
 (64,'2011-11-07',7),
 (64,'2011-11-08',7),
 (64,'2011-11-09',7),
 (64,'2011-11-10',7),
 (64,'2011-11-11',7),
 (64,'2011-11-14',7),
 (64,'2011-11-15',7),
 (64,'2011-11-16',7),
 (64,'2011-11-17',7),
 (64,'2011-11-18',7),
 (64,'2011-11-29',7),
 (64,'2011-11-30',7),
 (64,'2011-12-01',7),
 (64,'2011-12-02',7),
 (64,'2011-12-03',7),
 (64,'2011-12-05',7),
 (64,'2011-12-07',7),
 (64,'2011-12-08',7),
 (64,'2011-12-09',7),
 (64,'2011-12-13',7),
 (64,'2011-12-14',7),
 (64,'2011-12-15',7),
 (64,'2011-12-16',7),
 (64,'2011-12-19',7),
 (64,'2011-12-20',7),
 (64,'2011-12-21',7),
 (64,'2011-12-22',7),
 (64,'2011-12-23',7),
 (64,'2011-12-24',7),
 (64,'2011-12-26',7),
 (64,'2011-12-27',7),
 (64,'2011-12-28',7),
 (64,'2011-12-29',7),
 (64,'2011-12-30',7),
 (64,'2012-01-03',7),
 (64,'2012-01-04',7),
 (64,'2012-01-05',7),
 (64,'2012-01-06',7),
 (64,'2012-01-10',7),
 (64,'2012-01-11',7),
 (64,'2012-01-12',7),
 (64,'2012-01-13',7),
 (64,'2012-01-19',7),
 (64,'2012-01-20',7),
 (64,'2012-01-23',7),
 (64,'2012-01-25',7),
 (64,'2012-01-26',7),
 (64,'2012-01-27',7),
 (64,'2012-01-28',7),
 (64,'2012-01-30',7),
 (64,'2012-01-31',7),
 (64,'2012-02-01',7),
 (64,'2012-02-02',7),
 (64,'2012-02-03',7),
 (64,'2012-02-06',7),
 (64,'2012-02-07',7),
 (64,'2012-02-08',7),
 (65,'2011-11-19',7),
 (65,'2011-11-21',7),
 (65,'2011-11-22',7),
 (66,'2011-11-21',7),
 (66,'2011-11-26',7),
 (66,'2011-11-28',7),
 (66,'2011-12-06',7),
 (68,'2011-12-12',7),
 (84,'2011-11-28',7),
 (111,'2011-11-29',7),
 (144,'2012-01-11',7),
 (158,'2011-11-08',7),
 (158,'2011-11-09',7),
 (158,'2011-11-10',7),
 (158,'2011-11-11',7),
 (158,'2011-11-12',7),
 (158,'2011-11-14',7),
 (158,'2011-11-15',7),
 (158,'2011-11-16',7),
 (158,'2011-11-17',7),
 (158,'2011-11-18',7),
 (158,'2011-11-19',7),
 (158,'2011-11-24',7),
 (158,'2011-11-25',7),
 (214,'2011-11-14',7),
 (214,'2011-11-15',7),
 (214,'2011-11-16',7),
 (214,'2011-11-17',7),
 (244,'2011-11-22',7),
 (244,'2011-11-24',7),
 (244,'2011-11-25',7),
 (244,'2011-11-26',7),
 (244,'2011-11-28',7),
 (244,'2011-11-29',7),
 (244,'2011-11-30',7),
 (244,'2011-12-01',7),
 (244,'2011-12-02',7),
 (244,'2011-12-03',7),
 (244,'2011-12-05',7),
 (244,'2011-12-06',7),
 (244,'2011-12-07',7),
 (244,'2011-12-08',7),
 (246,'2011-11-11',7),
 (246,'2011-11-12',7),
 (246,'2011-11-14',7),
 (246,'2011-11-16',7),
 (285,'2011-11-09',7),
 (297,'2011-11-29',7),
 (297,'2011-11-30',7),
 (297,'2011-12-01',7),
 (300,'2011-11-09',7),
 (300,'2011-11-10',7),
 (300,'2011-11-11',7),
 (300,'2011-11-12',7),
 (300,'2011-11-14',7),
 (300,'2011-11-15',7),
 (300,'2011-11-16',7),
 (300,'2011-11-17',7),
 (300,'2011-11-18',7),
 (300,'2011-11-19',7),
 (300,'2011-11-21',7),
 (300,'2011-11-22',7),
 (300,'2011-11-23',7),
 (300,'2011-11-24',7),
 (300,'2011-11-25',7),
 (300,'2011-11-26',7),
 (300,'2011-11-28',7),
 (300,'2011-11-29',7),
 (300,'2011-11-30',7),
 (300,'2011-12-01',7),
 (300,'2011-12-02',7),
 (300,'2011-12-03',7),
 (300,'2011-12-05',7),
 (300,'2011-12-06',7),
 (300,'2011-12-07',7),
 (300,'2011-12-08',7),
 (300,'2011-12-12',7),
 (300,'2011-12-13',7),
 (300,'2011-12-14',7),
 (302,'2011-11-09',7),
 (302,'2011-11-10',7),
 (302,'2011-11-11',7),
 (302,'2011-11-12',7),
 (302,'2011-11-14',7),
 (302,'2011-11-15',7),
 (302,'2011-11-16',7),
 (302,'2011-11-17',7),
 (302,'2011-11-18',7),
 (302,'2011-11-19',7),
 (302,'2011-11-21',7),
 (306,'2011-11-09',7),
 (306,'2011-11-10',7),
 (306,'2011-11-11',7),
 (306,'2011-11-12',7),
 (306,'2011-11-14',7),
 (306,'2011-11-15',7),
 (306,'2011-11-16',7),
 (306,'2011-11-17',7),
 (306,'2011-11-18',7),
 (306,'2011-11-19',7),
 (306,'2011-11-21',7),
 (306,'2011-11-22',7),
 (306,'2011-11-23',7),
 (306,'2011-11-24',7),
 (306,'2011-11-25',7),
 (306,'2011-11-26',7),
 (306,'2011-11-28',7),
 (306,'2011-11-29',7),
 (306,'2011-11-30',7),
 (306,'2011-12-01',7),
 (306,'2011-12-02',7),
 (306,'2011-12-03',7),
 (306,'2011-12-05',7),
 (306,'2011-12-06',7),
 (306,'2011-12-07',7),
 (306,'2011-12-08',7),
 (306,'2011-12-12',7),
 (306,'2011-12-13',7),
 (306,'2011-12-14',7),
 (306,'2011-12-15',7),
 (306,'2011-12-16',7),
 (306,'2011-12-17',7),
 (306,'2011-12-19',7),
 (306,'2011-12-20',7),
 (306,'2011-12-21',7),
 (306,'2011-12-22',7),
 (306,'2011-12-23',7),
 (306,'2011-12-24',7),
 (306,'2011-12-26',7),
 (306,'2011-12-27',7),
 (306,'2011-12-28',7),
 (306,'2011-12-29',7),
 (306,'2011-12-30',7),
 (306,'2011-12-31',7),
 (306,'2012-01-02',7),
 (306,'2012-01-03',7),
 (306,'2012-01-04',7),
 (306,'2012-01-05',7),
 (306,'2012-01-06',7),
 (306,'2012-01-07',7),
 (306,'2012-01-09',7),
 (306,'2012-01-11',7),
 (306,'2012-01-12',7),
 (306,'2012-01-13',7),
 (306,'2012-01-14',7),
 (306,'2012-01-16',7),
 (306,'2012-01-17',7),
 (306,'2012-01-18',7),
 (306,'2012-01-19',7),
 (313,'2011-11-09',7),
 (313,'2011-11-10',7),
 (313,'2011-11-11',7),
 (313,'2011-11-12',7),
 (313,'2011-11-14',7),
 (313,'2011-11-15',7),
 (313,'2011-11-16',7),
 (313,'2011-11-17',7),
 (313,'2011-11-18',7),
 (313,'2011-11-19',7),
 (313,'2011-11-21',7),
 (313,'2011-11-22',7),
 (313,'2011-11-23',7),
 (313,'2011-11-24',7),
 (313,'2011-11-25',7),
 (313,'2011-11-26',7),
 (313,'2011-11-28',7),
 (313,'2011-11-29',7),
 (313,'2011-11-30',7),
 (313,'2011-12-01',7),
 (313,'2011-12-02',7),
 (313,'2011-12-03',7),
 (313,'2011-12-05',7),
 (313,'2011-12-06',7),
 (313,'2011-12-07',7),
 (313,'2011-12-08',7),
 (313,'2011-12-12',7),
 (313,'2011-12-13',7),
 (314,'2011-11-09',7),
 (314,'2011-11-10',7),
 (314,'2011-11-11',7),
 (314,'2011-11-12',7),
 (314,'2011-11-14',7),
 (314,'2011-11-15',7),
 (314,'2011-11-16',7),
 (314,'2011-11-17',7),
 (314,'2011-11-18',7),
 (314,'2011-11-19',7),
 (314,'2011-11-21',7),
 (314,'2011-11-22',7),
 (314,'2011-11-23',7),
 (314,'2011-11-24',7),
 (315,'2011-11-15',7),
 (315,'2011-11-16',7),
 (315,'2011-11-17',7),
 (315,'2011-11-18',7),
 (315,'2011-11-19',7),
 (319,'2011-12-07',7),
 (320,'2011-11-09',7),
 (320,'2011-11-10',7),
 (320,'2011-11-11',7),
 (320,'2011-11-12',7),
 (320,'2011-11-14',7),
 (320,'2011-11-15',7),
 (320,'2011-11-16',7),
 (320,'2011-11-17',7),
 (320,'2011-11-18',7),
 (320,'2011-11-19',7),
 (320,'2011-11-21',7),
 (320,'2011-11-22',7),
 (320,'2011-11-23',7),
 (320,'2011-11-24',7),
 (320,'2011-11-25',7),
 (320,'2011-11-26',7),
 (320,'2011-11-28',7),
 (320,'2011-11-29',7),
 (320,'2011-11-30',7),
 (320,'2011-12-01',7),
 (320,'2011-12-02',7),
 (320,'2011-12-03',7),
 (320,'2011-12-05',7),
 (320,'2011-12-06',7),
 (320,'2011-12-07',7),
 (320,'2011-12-08',7),
 (320,'2011-12-12',7),
 (320,'2011-12-13',7),
 (320,'2011-12-14',7),
 (320,'2011-12-15',7),
 (320,'2011-12-16',7),
 (320,'2011-12-17',7),
 (320,'2011-12-19',7),
 (320,'2011-12-20',7),
 (320,'2011-12-21',7),
 (320,'2011-12-22',7),
 (320,'2011-12-23',7),
 (320,'2011-12-24',7),
 (320,'2011-12-26',7),
 (320,'2011-12-27',7),
 (320,'2011-12-28',7),
 (320,'2011-12-29',7),
 (320,'2011-12-30',7),
 (320,'2011-12-31',7),
 (320,'2012-01-02',7),
 (320,'2012-01-03',7),
 (320,'2012-01-04',7),
 (320,'2012-01-05',7),
 (320,'2012-01-06',7),
 (320,'2012-01-07',7),
 (320,'2012-01-09',7),
 (320,'2012-01-10',7),
 (320,'2012-01-11',7),
 (320,'2012-01-12',7),
 (320,'2012-01-13',7),
 (320,'2012-01-14',7),
 (320,'2012-01-16',7),
 (320,'2012-01-17',7),
 (320,'2012-01-18',7),
 (320,'2012-01-19',7),
 (321,'2011-11-09',7),
 (321,'2011-11-10',7),
 (321,'2011-11-11',7),
 (321,'2011-11-12',7),
 (321,'2011-11-14',7),
 (321,'2011-11-15',7),
 (321,'2011-11-16',7),
 (321,'2011-11-17',7),
 (324,'2011-11-09',7),
 (324,'2011-11-10',7),
 (324,'2011-11-11',7),
 (324,'2011-11-12',7),
 (324,'2011-11-14',7),
 (324,'2011-11-15',7),
 (324,'2011-11-16',7),
 (324,'2011-11-17',7),
 (324,'2011-11-18',7),
 (324,'2011-11-19',7),
 (324,'2011-11-21',7),
 (324,'2011-11-22',7),
 (324,'2011-11-23',7),
 (324,'2011-11-24',7),
 (324,'2011-11-25',7),
 (324,'2011-11-26',7),
 (324,'2011-11-28',7),
 (324,'2011-11-29',7),
 (324,'2011-11-30',7),
 (324,'2011-12-01',7),
 (324,'2011-12-02',7),
 (324,'2011-12-03',7),
 (324,'2011-12-05',7),
 (324,'2011-12-06',7),
 (324,'2011-12-07',7),
 (324,'2011-12-08',7),
 (324,'2011-12-12',7),
 (324,'2011-12-13',7),
 (324,'2011-12-14',7),
 (324,'2011-12-15',7),
 (324,'2011-12-16',7),
 (324,'2011-12-17',7),
 (324,'2011-12-19',7),
 (324,'2011-12-20',7),
 (324,'2011-12-21',7),
 (324,'2011-12-22',7),
 (324,'2011-12-23',7),
 (324,'2011-12-24',7),
 (324,'2011-12-26',7),
 (324,'2011-12-27',7),
 (324,'2011-12-28',7),
 (324,'2011-12-29',7),
 (324,'2011-12-30',7),
 (324,'2011-12-31',7),
 (324,'2012-01-02',7),
 (324,'2012-01-03',7),
 (324,'2012-01-04',7),
 (324,'2012-01-05',7),
 (324,'2012-01-06',7),
 (324,'2012-01-07',7),
 (324,'2012-01-09',7),
 (324,'2012-01-11',7),
 (324,'2012-01-12',7),
 (324,'2012-01-13',7),
 (324,'2012-01-14',7),
 (324,'2012-01-16',7),
 (324,'2012-01-17',7),
 (324,'2012-01-19',7),
 (325,'2011-11-09',7),
 (325,'2011-11-10',7),
 (325,'2011-11-11',7),
 (325,'2011-11-12',7),
 (325,'2011-11-14',7),
 (325,'2011-11-15',7),
 (325,'2011-11-16',7),
 (325,'2011-11-17',7),
 (325,'2011-11-18',7),
 (325,'2011-11-19',7),
 (325,'2011-11-21',7),
 (325,'2011-11-22',7),
 (325,'2011-11-23',7),
 (325,'2011-11-24',7),
 (325,'2011-11-25',7),
 (325,'2011-11-26',7),
 (325,'2011-11-28',7),
 (325,'2011-11-29',7),
 (325,'2011-11-30',7),
 (325,'2011-12-01',7),
 (325,'2011-12-02',7),
 (325,'2011-12-03',7),
 (325,'2011-12-05',7),
 (325,'2011-12-06',7),
 (325,'2011-12-07',7),
 (325,'2011-12-08',7),
 (325,'2011-12-12',7),
 (325,'2011-12-13',7),
 (325,'2011-12-14',7),
 (325,'2011-12-15',7),
 (325,'2011-12-16',7),
 (325,'2011-12-17',7),
 (325,'2011-12-19',7),
 (325,'2011-12-20',7),
 (325,'2011-12-21',7),
 (325,'2011-12-22',7),
 (325,'2011-12-23',7),
 (325,'2011-12-24',7),
 (325,'2011-12-26',7),
 (325,'2011-12-27',7),
 (325,'2011-12-28',7),
 (325,'2011-12-29',7),
 (325,'2011-12-30',7),
 (325,'2011-12-31',7),
 (325,'2012-01-02',7),
 (325,'2012-01-03',7),
 (325,'2012-01-04',7),
 (325,'2012-01-05',7),
 (325,'2012-01-06',7),
 (325,'2012-01-07',7),
 (325,'2012-01-09',7),
 (325,'2012-01-10',7),
 (325,'2012-01-11',7),
 (325,'2012-01-12',7),
 (325,'2012-01-13',7),
 (325,'2012-01-14',7),
 (325,'2012-01-16',7),
 (325,'2012-01-17',7),
 (325,'2012-01-18',7),
 (327,'2011-11-09',7),
 (327,'2011-11-10',7),
 (327,'2011-11-11',7),
 (327,'2011-11-12',7),
 (327,'2011-11-14',7),
 (327,'2011-11-15',7),
 (327,'2011-11-16',7),
 (327,'2011-11-17',7),
 (327,'2011-11-18',7),
 (327,'2011-11-19',7),
 (327,'2011-11-21',7),
 (327,'2011-11-22',7),
 (327,'2011-11-23',7),
 (327,'2011-11-24',7),
 (327,'2011-11-25',7),
 (327,'2011-11-26',7),
 (327,'2011-11-28',7),
 (327,'2011-11-29',7),
 (327,'2011-11-30',7),
 (327,'2011-12-01',7),
 (327,'2011-12-02',7),
 (327,'2011-12-03',7),
 (327,'2011-12-05',7),
 (327,'2011-12-06',7),
 (327,'2011-12-07',7),
 (327,'2011-12-08',7),
 (327,'2011-12-12',7),
 (327,'2011-12-13',7),
 (327,'2011-12-14',7),
 (327,'2011-12-15',7),
 (327,'2011-12-16',7),
 (327,'2011-12-19',7),
 (327,'2011-12-20',7),
 (327,'2011-12-21',7),
 (327,'2011-12-22',7),
 (327,'2011-12-23',7),
 (327,'2011-12-24',7),
 (327,'2011-12-26',7),
 (327,'2011-12-27',7),
 (327,'2011-12-28',7),
 (327,'2011-12-30',7),
 (327,'2011-12-31',7),
 (327,'2012-01-02',7),
 (327,'2012-01-03',7),
 (327,'2012-01-04',7),
 (327,'2012-01-05',7),
 (327,'2012-01-06',7),
 (327,'2012-01-07',7),
 (327,'2012-01-09',7),
 (327,'2012-01-10',7),
 (327,'2012-01-11',7),
 (327,'2012-01-12',7),
 (327,'2012-01-13',7),
 (327,'2012-01-14',7),
 (327,'2012-01-16',7),
 (327,'2012-01-17',7),
 (327,'2012-01-18',7),
 (327,'2012-01-19',7),
 (327,'2012-01-20',7),
 (327,'2012-01-21',7),
 (327,'2012-01-23',7),
 (327,'2012-01-25',7),
 (327,'2012-01-26',7),
 (327,'2012-01-27',7),
 (327,'2012-01-28',7),
 (327,'2012-01-30',7),
 (327,'2012-01-31',7),
 (327,'2012-02-04',7),
 (327,'2012-02-06',7),
 (327,'2012-02-07',7),
 (327,'2012-02-08',7),
 (328,'2011-11-09',7),
 (328,'2011-11-10',7),
 (328,'2011-11-11',7),
 (328,'2011-11-12',7),
 (328,'2011-11-14',7),
 (328,'2011-11-15',7),
 (328,'2011-11-16',7),
 (328,'2011-11-17',7),
 (330,'2011-11-09',7),
 (330,'2011-11-10',7),
 (330,'2011-11-11',7),
 (330,'2011-11-12',7),
 (330,'2011-11-14',7),
 (330,'2011-11-15',7),
 (330,'2011-11-16',7),
 (330,'2011-11-17',7),
 (330,'2011-11-18',7),
 (330,'2011-11-19',7),
 (330,'2011-11-21',7),
 (330,'2011-11-22',7),
 (330,'2011-11-23',7),
 (330,'2011-11-24',7),
 (330,'2011-11-25',7),
 (330,'2011-11-26',7),
 (330,'2011-11-28',7),
 (330,'2011-11-29',7),
 (330,'2011-11-30',7),
 (330,'2011-12-01',7),
 (330,'2011-12-02',7),
 (330,'2011-12-03',7),
 (330,'2011-12-05',7),
 (330,'2011-12-06',7),
 (330,'2011-12-07',7),
 (330,'2011-12-08',7),
 (330,'2011-12-12',7),
 (330,'2011-12-13',7),
 (330,'2011-12-14',7),
 (330,'2011-12-15',7),
 (330,'2011-12-16',7),
 (330,'2011-12-17',7),
 (330,'2011-12-19',7),
 (330,'2011-12-20',7),
 (330,'2011-12-21',7),
 (330,'2011-12-22',7),
 (330,'2011-12-23',7),
 (330,'2011-12-24',7),
 (330,'2011-12-26',7),
 (330,'2011-12-27',7),
 (330,'2011-12-28',7),
 (331,'2011-11-09',7),
 (331,'2011-11-10',7),
 (331,'2011-11-11',7),
 (331,'2011-11-12',7),
 (331,'2011-11-14',7),
 (331,'2011-11-15',7),
 (331,'2011-11-16',7),
 (331,'2011-11-17',7),
 (331,'2011-11-18',7),
 (331,'2011-11-19',7),
 (331,'2011-11-21',7),
 (331,'2011-11-22',7),
 (331,'2011-11-23',7),
 (331,'2011-11-24',7),
 (331,'2011-11-25',7),
 (331,'2011-11-26',7),
 (331,'2011-11-28',7),
 (331,'2011-11-29',7),
 (331,'2011-11-30',7),
 (331,'2011-12-01',7),
 (331,'2011-12-02',7),
 (331,'2011-12-03',7),
 (331,'2011-12-05',7),
 (331,'2011-12-06',7),
 (331,'2011-12-07',7),
 (331,'2011-12-08',7),
 (331,'2011-12-12',7),
 (332,'2011-11-09',7),
 (332,'2011-11-11',7),
 (332,'2011-11-12',7),
 (332,'2011-11-14',7),
 (332,'2011-11-16',7),
 (332,'2011-11-19',7),
 (332,'2011-11-21',7),
 (332,'2011-11-22',7),
 (332,'2011-11-23',7),
 (336,'2011-11-29',7),
 (336,'2011-11-30',7),
 (336,'2011-12-01',7),
 (370,'2011-11-12',7),
 (370,'2011-11-14',7),
 (370,'2011-11-15',7),
 (398,'2011-11-15',7),
 (398,'2011-11-16',7),
 (398,'2011-11-17',7),
 (398,'2011-11-18',7),
 (398,'2011-11-19',7),
 (398,'2011-11-21',7),
 (398,'2011-11-23',7),
 (430,'2011-11-12',7),
 (438,'2011-11-11',7),
 (439,'2011-11-19',7),
 (439,'2011-11-21',7),
 (439,'2011-11-22',7),
 (439,'2011-11-24',7),
 (439,'2011-11-25',7),
 (551,'2011-11-15',7),
 (551,'2011-11-16',7),
 (571,'2011-11-21',7),
 (573,'2011-11-15',7),
 (573,'2011-11-16',7),
 (573,'2011-11-17',7),
 (573,'2011-11-18',7),
 (573,'2011-11-19',7),
 (573,'2011-11-21',7),
 (573,'2011-11-22',7),
 (573,'2011-11-23',7),
 (573,'2011-11-24',7),
 (573,'2011-11-25',7),
 (573,'2011-11-26',7),
 (573,'2011-11-28',7),
 (573,'2011-11-29',7),
 (573,'2011-11-30',7),
 (573,'2011-12-01',7),
 (573,'2011-12-02',7),
 (573,'2011-12-03',7),
 (573,'2011-12-05',7),
 (573,'2011-12-06',7),
 (573,'2011-12-07',7),
 (573,'2011-12-08',7),
 (573,'2011-12-12',7),
 (573,'2011-12-13',7),
 (573,'2011-12-14',7),
 (573,'2011-12-15',7),
 (573,'2011-12-16',7),
 (573,'2011-12-17',7),
 (573,'2011-12-19',7),
 (573,'2011-12-20',7),
 (573,'2011-12-21',7),
 (573,'2011-12-22',7),
 (573,'2011-12-23',7),
 (573,'2011-12-24',7),
 (573,'2011-12-26',7),
 (573,'2011-12-27',7),
 (573,'2011-12-28',7),
 (573,'2011-12-29',7),
 (573,'2011-12-30',7),
 (573,'2011-12-31',7),
 (573,'2012-01-02',7),
 (573,'2012-01-03',7),
 (573,'2012-01-04',7),
 (573,'2012-01-05',7),
 (573,'2012-01-06',7),
 (573,'2012-01-07',7),
 (573,'2012-01-09',7),
 (573,'2012-01-10',7),
 (573,'2012-01-11',7),
 (573,'2012-01-12',7),
 (573,'2012-01-13',7),
 (573,'2012-01-14',7),
 (573,'2012-01-16',7),
 (573,'2012-01-17',7),
 (573,'2012-01-18',7),
 (573,'2012-01-19',7),
 (575,'2011-11-16',7),
 (577,'2011-11-15',7),
 (577,'2011-11-16',7),
 (577,'2011-11-17',7),
 (577,'2011-11-18',7),
 (577,'2011-11-19',7),
 (577,'2011-11-21',7),
 (577,'2011-11-22',7),
 (577,'2011-11-23',7),
 (579,'2011-11-15',7),
 (579,'2011-11-16',7),
 (632,'2011-12-31',7),
 (658,'2011-11-16',7),
 (659,'2011-11-16',7),
 (660,'2011-11-16',7),
 (704,'2011-11-17',7),
 (746,'2011-11-17',7),
 (746,'2011-11-18',7),
 (746,'2011-11-19',7),
 (746,'2011-11-21',7),
 (746,'2011-11-22',7),
 (746,'2011-11-23',7),
 (747,'2011-11-17',7),
 (747,'2011-11-18',7),
 (747,'2011-11-19',7),
 (747,'2011-11-21',7),
 (747,'2011-11-22',7),
 (747,'2011-11-23',7),
 (758,'2011-11-29',7),
 (758,'2011-11-30',7),
 (758,'2011-12-01',7),
 (778,'2011-11-29',7),
 (778,'2011-11-30',7),
 (778,'2011-12-01',7),
 (778,'2011-12-02',7),
 (827,'2011-11-29',7),
 (827,'2011-11-30',7),
 (827,'2011-12-01',7),
 (827,'2011-12-02',7),
 (827,'2011-12-07',7),
 (827,'2011-12-08',7),
 (834,'2011-12-02',7),
 (867,'2011-11-24',7),
 (868,'2011-11-24',7),
 (869,'2011-11-24',7),
 (887,'2011-11-28',7),
 (889,'2011-11-29',7),
 (889,'2011-11-30',7),
 (889,'2011-12-01',7),
 (889,'2011-12-02',7),
 (890,'2011-11-29',7),
 (890,'2011-11-30',7),
 (890,'2011-12-01',7),
 (898,'2011-11-28',7),
 (899,'2011-11-24',7),
 (901,'2011-11-28',7),
 (901,'2011-11-30',7),
 (901,'2011-12-01',7),
 (902,'2011-11-24',7),
 (950,'2011-11-28',7),
 (950,'2011-11-29',7),
 (950,'2011-11-30',7),
 (950,'2011-12-01',7),
 (950,'2011-12-02',7),
 (950,'2011-12-03',7),
 (950,'2011-12-05',7),
 (950,'2011-12-07',7),
 (950,'2011-12-08',7),
 (950,'2011-12-09',7),
 (959,'2011-11-26',7),
 (959,'2011-11-28',7),
 (959,'2011-11-30',7),
 (959,'2011-12-06',7),
 (960,'2011-11-26',7),
 (960,'2011-11-28',7),
 (960,'2011-11-30',7),
 (960,'2011-12-06',7),
 (1011,'2011-11-29',7),
 (1011,'2011-12-01',7),
 (1038,'2011-11-29',7),
 (1038,'2011-11-30',7),
 (1039,'2011-11-30',7),
 (1039,'2011-12-01',7),
 (1039,'2011-12-02',7),
 (1040,'2011-11-30',7),
 (1042,'2011-11-30',7),
 (1042,'2011-12-01',7),
 (1043,'2011-11-30',7),
 (1062,'2011-12-16',7),
 (1063,'2011-12-16',7),
 (1096,'2011-11-30',7),
 (1096,'2011-12-01',7),
 (1096,'2011-12-02',7),
 (1096,'2011-12-07',7),
 (1132,'2011-12-07',7),
 (1158,'2011-12-02',7),
 (1158,'2011-12-03',7),
 (1158,'2011-12-05',7),
 (1158,'2011-12-07',7),
 (1158,'2011-12-08',7),
 (1159,'2011-12-03',7),
 (1160,'2011-12-03',7),
 (1234,'2011-12-21',7),
 (1234,'2012-01-23',7),
 (1273,'2011-12-07',7),
 (1274,'2011-12-06',7),
 (1274,'2011-12-07',7),
 (1274,'2011-12-08',7),
 (1274,'2011-12-12',7),
 (1274,'2011-12-13',7),
 (1274,'2011-12-14',7),
 (1274,'2011-12-15',7),
 (1274,'2011-12-16',7),
 (1274,'2011-12-17',7),
 (1274,'2011-12-19',7),
 (1274,'2011-12-20',7),
 (1274,'2011-12-21',7),
 (1274,'2011-12-22',7),
 (1274,'2011-12-23',7),
 (1274,'2011-12-24',7),
 (1274,'2011-12-26',7),
 (1274,'2011-12-27',7),
 (1274,'2011-12-28',7),
 (1274,'2011-12-29',7),
 (1274,'2011-12-30',7),
 (1274,'2011-12-31',7),
 (1274,'2012-01-02',7),
 (1274,'2012-01-03',7),
 (1274,'2012-01-04',7),
 (1274,'2012-01-05',7),
 (1274,'2012-01-06',7),
 (1274,'2012-01-07',7),
 (1274,'2012-01-09',7),
 (1274,'2012-01-10',7),
 (1274,'2012-01-11',7),
 (1274,'2012-01-12',7),
 (1274,'2012-01-13',7),
 (1274,'2012-01-14',7),
 (1274,'2012-01-16',7),
 (1274,'2012-01-17',7),
 (1274,'2012-01-18',7),
 (1274,'2012-01-19',7),
 (1274,'2012-01-20',7),
 (1274,'2012-01-21',7),
 (1274,'2012-01-23',7),
 (1274,'2012-01-24',7),
 (1274,'2012-01-25',7),
 (1274,'2012-01-26',7),
 (1274,'2012-01-27',7),
 (1274,'2012-01-28',7),
 (1274,'2012-01-30',7),
 (1274,'2012-01-31',7),
 (1274,'2012-02-01',7),
 (1274,'2012-02-02',7),
 (1274,'2012-02-03',7),
 (1274,'2012-02-04',7),
 (1274,'2012-02-06',7),
 (1274,'2012-02-07',7),
 (1274,'2012-02-08',7),
 (1384,'2011-12-08',7),
 (1459,'2011-12-13',7),
 (1507,'2011-12-19',7),
 (1507,'2011-12-20',7),
 (1507,'2011-12-21',7),
 (1507,'2011-12-23',7),
 (1507,'2011-12-24',7),
 (1507,'2011-12-26',7),
 (1507,'2011-12-27',7),
 (1507,'2011-12-29',7),
 (1507,'2011-12-30',7),
 (1507,'2012-01-03',7),
 (1507,'2012-01-04',7),
 (1507,'2012-01-05',7),
 (1507,'2012-01-06',7),
 (1507,'2012-01-07',7),
 (1507,'2012-01-09',7),
 (1507,'2012-01-10',7),
 (1509,'2012-01-02',7),
 (1571,'2011-12-14',7),
 (1571,'2011-12-15',7),
 (1571,'2011-12-16',7),
 (1642,'2011-12-15',7),
 (1645,'2011-12-15',7),
 (1646,'2011-12-15',7),
 (1782,'2011-12-19',7),
 (1788,'2011-12-22',7),
 (1789,'2012-01-03',7),
 (1797,'2011-12-19',7),
 (1798,'2011-12-19',7),
 (1800,'2011-12-21',7),
 (1800,'2011-12-22',7),
 (1800,'2011-12-23',7),
 (1800,'2011-12-24',7),
 (1800,'2011-12-26',7),
 (1800,'2011-12-27',7),
 (1800,'2011-12-28',7),
 (1800,'2011-12-29',7),
 (1800,'2011-12-30',7),
 (1800,'2011-12-31',7),
 (1800,'2012-01-02',7),
 (1802,'2011-12-19',7),
 (1802,'2011-12-22',7),
 (1814,'2012-01-10',7),
 (1815,'2012-01-10',7),
 (1816,'2011-12-19',7),
 (1816,'2011-12-20',7),
 (1816,'2011-12-21',7),
 (1816,'2011-12-22',7),
 (1816,'2011-12-23',7),
 (1816,'2011-12-24',7),
 (1816,'2011-12-26',7),
 (1816,'2011-12-27',7),
 (1816,'2011-12-28',7),
 (1816,'2011-12-29',7),
 (1816,'2011-12-30',7),
 (1816,'2011-12-31',7),
 (1816,'2012-01-02',7),
 (1816,'2012-01-03',7),
 (1816,'2012-01-04',7),
 (1816,'2012-01-05',7),
 (1816,'2012-01-06',7),
 (1816,'2012-01-07',7),
 (1816,'2012-01-09',7),
 (1816,'2012-01-10',7),
 (1816,'2012-01-11',7),
 (1816,'2012-01-12',7),
 (1816,'2012-01-13',7),
 (1816,'2012-01-14',7),
 (1816,'2012-01-16',7),
 (1816,'2012-01-17',7),
 (1816,'2012-01-18',7),
 (1816,'2012-01-19',7),
 (1821,'2012-01-02',7),
 (1821,'2012-01-10',7),
 (1821,'2012-01-11',7),
 (1821,'2012-01-19',7),
 (1877,'2011-12-28',7),
 (1890,'2011-12-21',7),
 (1891,'2011-12-21',7),
 (1907,'2011-12-22',7),
 (1910,'2011-12-22',7),
 (1949,'2012-01-11',7),
 (1949,'2012-01-19',7),
 (1950,'2011-12-28',7),
 (1950,'2011-12-29',7),
 (1950,'2011-12-30',7),
 (1950,'2011-12-31',7),
 (1950,'2012-01-02',7),
 (1950,'2012-01-03',7),
 (1950,'2012-01-04',7),
 (1950,'2012-01-05',7),
 (1950,'2012-01-06',7),
 (1950,'2012-01-07',7),
 (1950,'2012-01-09',7),
 (1950,'2012-01-10',7),
 (1950,'2012-01-11',7),
 (1950,'2012-01-12',7),
 (1950,'2012-01-13',7),
 (1950,'2012-01-14',7),
 (1950,'2012-01-16',7),
 (1950,'2012-01-17',7),
 (1950,'2012-01-18',7),
 (1950,'2012-01-19',7),
 (1950,'2012-01-20',7),
 (1950,'2012-01-21',7),
 (1950,'2012-01-23',7),
 (1950,'2012-01-24',7),
 (1950,'2012-01-25',7),
 (1950,'2012-01-26',7),
 (1950,'2012-01-27',7),
 (1951,'2011-12-28',7),
 (1951,'2011-12-29',7),
 (1951,'2011-12-30',7),
 (1951,'2011-12-31',7),
 (1951,'2012-01-02',7),
 (1951,'2012-01-03',7),
 (1951,'2012-01-04',7),
 (1951,'2012-01-05',7),
 (1951,'2012-01-06',7),
 (1951,'2012-01-07',7),
 (1951,'2012-01-09',7),
 (1951,'2012-01-10',7),
 (1951,'2012-01-11',7),
 (1951,'2012-01-12',7),
 (1951,'2012-01-13',7),
 (1951,'2012-01-14',7),
 (1951,'2012-01-16',7),
 (1951,'2012-01-17',7),
 (1951,'2012-01-18',7),
 (1951,'2012-01-19',7),
 (1951,'2012-01-20',7),
 (1951,'2012-01-21',7),
 (1951,'2012-01-23',7),
 (1951,'2012-01-24',7),
 (1951,'2012-01-25',7),
 (1952,'2011-12-28',7),
 (1952,'2011-12-29',7),
 (1952,'2011-12-30',7),
 (1952,'2011-12-31',7),
 (1952,'2012-01-02',7),
 (1952,'2012-01-03',7),
 (1952,'2012-01-04',7),
 (1952,'2012-01-05',7),
 (1952,'2012-01-06',7),
 (1952,'2012-01-07',7),
 (1952,'2012-01-09',7),
 (1952,'2012-01-10',7),
 (1952,'2012-01-11',7),
 (1952,'2012-01-12',7),
 (1952,'2012-01-13',7),
 (1952,'2012-01-14',7),
 (1952,'2012-01-16',7),
 (1952,'2012-01-17',7),
 (1952,'2012-01-18',7),
 (1952,'2012-01-19',7),
 (1952,'2012-01-20',7),
 (1952,'2012-01-21',7),
 (1952,'2012-01-24',7),
 (1952,'2012-01-25',7),
 (1952,'2012-01-26',7),
 (1952,'2012-01-27',7),
 (1952,'2012-01-28',7),
 (1952,'2012-01-30',7),
 (1952,'2012-02-01',7),
 (1952,'2012-02-02',7),
 (1952,'2012-02-03',7),
 (1952,'2012-02-04',7),
 (1952,'2012-02-06',7),
 (1952,'2012-02-07',7),
 (1952,'2012-02-08',7),
 (1953,'2011-12-28',7),
 (1953,'2011-12-29',7),
 (1953,'2011-12-30',7),
 (1953,'2011-12-31',7),
 (1953,'2012-01-02',7),
 (1953,'2012-01-03',7),
 (1953,'2012-01-04',7),
 (1953,'2012-01-05',7),
 (1953,'2012-01-06',7),
 (1953,'2012-01-07',7),
 (1953,'2012-01-09',7),
 (1953,'2012-01-11',7),
 (1953,'2012-01-12',7),
 (1953,'2012-01-13',7),
 (1953,'2012-01-14',7),
 (1953,'2012-01-16',7),
 (1953,'2012-01-17',7),
 (1953,'2012-01-18',7),
 (1953,'2012-01-19',7),
 (1953,'2012-01-20',7),
 (1953,'2012-01-21',7),
 (1953,'2012-01-23',7),
 (1953,'2012-01-24',7),
 (1953,'2012-01-25',7),
 (1953,'2012-01-26',7),
 (1953,'2012-01-27',7),
 (1955,'2011-12-28',7),
 (1955,'2011-12-31',7),
 (1955,'2012-01-20',7),
 (1990,'2012-01-05',7),
 (1991,'2012-01-05',7),
 (1994,'2012-01-05',7),
 (2067,'2012-01-04',7),
 (2067,'2012-01-05',7),
 (2067,'2012-01-06',7),
 (2067,'2012-01-07',7),
 (2067,'2012-01-09',7),
 (2067,'2012-01-10',7),
 (2067,'2012-01-11',7),
 (2067,'2012-01-12',7),
 (2067,'2012-01-13',7),
 (2067,'2012-01-14',7),
 (2067,'2012-01-16',7),
 (2070,'2012-01-04',7),
 (2070,'2012-01-05',7),
 (2070,'2012-01-06',7),
 (2070,'2012-01-07',7),
 (2070,'2012-01-09',7),
 (2070,'2012-01-10',7),
 (2070,'2012-01-11',7),
 (2070,'2012-01-12',7),
 (2070,'2012-01-13',7),
 (2070,'2012-01-14',7),
 (2070,'2012-01-16',7),
 (2070,'2012-01-17',7),
 (2070,'2012-01-18',7),
 (2070,'2012-01-19',7),
 (2083,'2012-01-10',7),
 (2086,'2012-01-10',7),
 (2094,'2012-01-06',7),
 (2096,'2012-01-05',7),
 (2100,'2012-01-05',7),
 (2101,'2012-01-05',7),
 (2102,'2012-01-06',7),
 (2102,'2012-01-10',7),
 (2102,'2012-01-11',7),
 (2102,'2012-01-12',7),
 (2102,'2012-01-13',7),
 (2102,'2012-01-19',7),
 (2102,'2012-01-20',7),
 (2102,'2012-01-23',7),
 (2102,'2012-01-25',7),
 (2102,'2012-01-26',7),
 (2102,'2012-01-27',7),
 (2102,'2012-01-28',7),
 (2102,'2012-01-30',7),
 (2102,'2012-01-31',7),
 (2102,'2012-02-01',7),
 (2102,'2012-02-02',7),
 (2102,'2012-02-03',7),
 (2102,'2012-02-06',7),
 (2102,'2012-02-07',7),
 (2102,'2012-02-08',7),
 (2243,'2012-02-02',7),
 (2281,'2012-01-10',7),
 (2346,'2012-01-11',7),
 (2363,'2012-01-12',7),
 (2411,'2012-01-12',7),
 (2417,'2012-01-12',7),
 (2417,'2012-01-13',7),
 (2418,'2012-01-12',7),
 (2418,'2012-01-13',7),
 (2432,'2012-01-18',7),
 (2432,'2012-01-19',7),
 (2432,'2012-01-20',7),
 (2432,'2012-01-21',7),
 (2432,'2012-01-23',7),
 (2432,'2012-01-24',7),
 (2432,'2012-01-25',7),
 (2437,'2012-01-19',7),
 (2437,'2012-01-20',7),
 (2437,'2012-01-21',7),
 (2437,'2012-01-23',7),
 (2437,'2012-01-24',7),
 (2437,'2012-01-25',7),
 (2438,'2012-01-18',7),
 (2446,'2012-01-27',7),
 (2451,'2012-01-12',7),
 (2451,'2012-01-13',7),
 (2451,'2012-01-14',7),
 (2451,'2012-01-16',7),
 (2451,'2012-01-17',7),
 (2451,'2012-01-18',7),
 (2451,'2012-01-19',7),
 (2451,'2012-01-20',7),
 (2451,'2012-01-21',7),
 (2451,'2012-01-23',7),
 (2451,'2012-01-24',7),
 (2451,'2012-01-25',7),
 (2451,'2012-01-26',7),
 (2451,'2012-01-27',7),
 (2451,'2012-01-28',7),
 (2451,'2012-01-30',7),
 (2451,'2012-01-31',7),
 (2451,'2012-02-01',7),
 (2451,'2012-02-02',7),
 (2451,'2012-02-03',7),
 (2451,'2012-02-04',7),
 (2451,'2012-02-06',7),
 (2451,'2012-02-07',7),
 (2451,'2012-02-08',7),
 (2452,'2012-01-19',7),
 (2452,'2012-01-20',7),
 (2452,'2012-01-21',7),
 (2452,'2012-01-23',7),
 (2452,'2012-01-24',7),
 (2452,'2012-01-25',7),
 (2452,'2012-01-26',7),
 (2452,'2012-01-27',7),
 (2452,'2012-01-28',7),
 (2452,'2012-01-30',7),
 (2453,'2012-01-12',7),
 (2453,'2012-01-13',7),
 (2453,'2012-01-14',7),
 (2453,'2012-01-16',7),
 (2453,'2012-01-17',7),
 (2453,'2012-01-18',7),
 (2453,'2012-01-19',7),
 (2453,'2012-01-20',7),
 (2453,'2012-01-21',7),
 (2453,'2012-01-23',7),
 (2453,'2012-01-24',7),
 (2453,'2012-01-25',7),
 (2453,'2012-01-26',7),
 (2453,'2012-01-27',7),
 (2453,'2012-01-28',7),
 (2453,'2012-01-30',7),
 (2453,'2012-01-31',7),
 (2453,'2012-02-01',7),
 (2453,'2012-02-02',7),
 (2453,'2012-02-03',7),
 (2453,'2012-02-06',7),
 (2453,'2012-02-07',7),
 (2453,'2012-02-08',7),
 (2454,'2012-01-16',7),
 (2455,'2012-01-16',7),
 (2455,'2012-01-17',7),
 (2455,'2012-01-18',7),
 (2455,'2012-01-19',7),
 (2455,'2012-01-20',7),
 (2455,'2012-01-21',7),
 (2455,'2012-01-23',7),
 (2455,'2012-01-24',7),
 (2455,'2012-01-25',7),
 (2455,'2012-01-26',7),
 (2455,'2012-01-27',7),
 (2455,'2012-01-28',7),
 (2455,'2012-02-03',7),
 (2456,'2012-01-16',7),
 (2456,'2012-01-17',7),
 (2456,'2012-01-18',7),
 (2456,'2012-01-19',7),
 (2457,'2012-01-16',7),
 (2457,'2012-01-17',7),
 (2457,'2012-01-18',7),
 (2457,'2012-01-19',7),
 (2457,'2012-01-20',7),
 (2457,'2012-01-21',7),
 (2457,'2012-01-23',7),
 (2457,'2012-01-24',7),
 (2457,'2012-01-25',7),
 (2473,'2012-01-13',7),
 (2473,'2012-01-14',7),
 (2473,'2012-01-16',7),
 (2473,'2012-01-17',7),
 (2473,'2012-01-18',7),
 (2473,'2012-01-21',7),
 (2488,'2012-01-13',7),
 (2488,'2012-01-14',7),
 (2489,'2012-01-13',7),
 (2489,'2012-01-14',7),
 (2536,'2012-01-19',7),
 (2536,'2012-01-20',7),
 (2536,'2012-01-21',7),
 (2536,'2012-01-23',7),
 (2536,'2012-01-24',7),
 (2536,'2012-01-25',7),
 (2536,'2012-01-26',7),
 (2536,'2012-01-27',7),
 (2536,'2012-01-28',7),
 (2536,'2012-01-30',7),
 (2536,'2012-01-31',7),
 (2536,'2012-02-01',7),
 (2536,'2012-02-02',7),
 (2536,'2012-02-03',7),
 (2536,'2012-02-04',7),
 (2536,'2012-02-06',7),
 (2536,'2012-02-07',7),
 (2536,'2012-02-08',7),
 (2537,'2012-01-23',7),
 (2538,'2012-01-16',7),
 (2589,'2012-01-19',7),
 (2589,'2012-01-20',7),
 (2589,'2012-01-21',7),
 (2589,'2012-01-23',7),
 (2589,'2012-01-24',7),
 (2589,'2012-01-25',7),
 (2589,'2012-01-26',7),
 (2589,'2012-01-27',7),
 (2589,'2012-01-28',7),
 (2589,'2012-01-30',7),
 (2591,'2012-01-19',7),
 (2591,'2012-01-20',7),
 (2591,'2012-01-21',7),
 (2591,'2012-01-23',7),
 (2591,'2012-01-24',7),
 (2591,'2012-01-25',7),
 (2591,'2012-01-26',7),
 (2591,'2012-01-27',7),
 (2591,'2012-01-28',7),
 (2591,'2012-01-30',7),
 (2599,'2012-02-03',7),
 (2621,'2012-01-18',7),
 (2623,'2012-01-18',7),
 (2629,'2012-01-18',7),
 (2648,'2012-01-19',7),
 (2648,'2012-01-20',7),
 (2648,'2012-01-21',7),
 (2648,'2012-01-23',7),
 (2648,'2012-01-24',7),
 (2648,'2012-01-25',7),
 (2652,'2012-01-18',7),
 (2656,'2012-01-23',7),
 (2656,'2012-01-24',7),
 (2656,'2012-01-25',7),
 (2657,'2012-01-19',7),
 (2657,'2012-01-20',7),
 (2657,'2012-01-21',7),
 (2657,'2012-01-23',7),
 (2658,'2012-01-20',7),
 (2661,'2012-01-19',7),
 (2675,'2012-01-19',7),
 (2705,'2012-01-19',7),
 (2705,'2012-01-20',7),
 (2705,'2012-01-21',7),
 (2705,'2012-01-23',7),
 (2705,'2012-01-24',7),
 (2705,'2012-01-25',7),
 (2705,'2012-01-26',7),
 (2705,'2012-01-27',7),
 (2708,'2012-01-20',7),
 (2708,'2012-01-23',7),
 (2708,'2012-01-24',7),
 (2708,'2012-01-30',7),
 (2709,'2012-01-24',7),
 (2710,'2012-01-24',7),
 (2725,'2012-01-20',7),
 (2725,'2012-01-21',7),
 (2725,'2012-01-23',7),
 (2725,'2012-01-24',7),
 (2725,'2012-01-25',7),
 (2726,'2012-01-20',7),
 (2726,'2012-01-21',7),
 (2726,'2012-01-23',7),
 (2726,'2012-01-24',7),
 (2726,'2012-01-25',7),
 (2738,'2012-01-20',7),
 (2738,'2012-01-21',7),
 (2738,'2012-01-23',7),
 (2738,'2012-01-24',7),
 (2740,'2012-01-20',7),
 (2740,'2012-01-21',7),
 (2740,'2012-01-23',7),
 (2740,'2012-01-24',7),
 (2740,'2012-01-25',7),
 (2740,'2012-01-26',7),
 (2740,'2012-01-27',7),
 (2741,'2012-01-20',7),
 (2742,'2012-01-20',7),
 (2742,'2012-01-21',7),
 (2742,'2012-01-23',7),
 (2742,'2012-01-24',7),
 (2743,'2012-01-20',7),
 (2743,'2012-01-21',7),
 (2743,'2012-01-23',7),
 (2743,'2012-01-24',7),
 (2743,'2012-01-25',7),
 (2743,'2012-01-26',7),
 (2743,'2012-01-27',7),
 (2744,'2012-01-20',7),
 (2750,'2012-01-20',7),
 (2750,'2012-01-21',7),
 (2750,'2012-01-23',7),
 (2750,'2012-01-24',7),
 (2750,'2012-01-25',7),
 (2751,'2012-01-20',7),
 (2751,'2012-01-21',7),
 (2751,'2012-01-23',7),
 (2751,'2012-01-24',7),
 (2751,'2012-01-25',7),
 (2764,'2012-01-20',7),
 (2765,'2012-01-20',7),
 (2838,'2012-01-27',7),
 (2840,'2012-01-23',7),
 (2840,'2012-01-24',7),
 (2840,'2012-01-25',7),
 (2841,'2012-01-23',7),
 (2841,'2012-01-27',7),
 (2848,'2012-01-23',7),
 (2848,'2012-01-24',7),
 (2848,'2012-01-25',7),
 (2857,'2012-01-23',7),
 (2857,'2012-01-24',7),
 (2857,'2012-01-27',7),
 (2886,'2012-01-24',7),
 (2886,'2012-01-25',7),
 (2886,'2012-01-26',7),
 (2886,'2012-01-27',7),
 (2886,'2012-01-28',7),
 (2886,'2012-01-30',7),
 (2886,'2012-01-31',7),
 (2886,'2012-02-01',7),
 (2886,'2012-02-02',7),
 (2886,'2012-02-03',7),
 (2886,'2012-02-04',7),
 (2886,'2012-02-06',7),
 (2886,'2012-02-07',7),
 (2886,'2012-02-08',7),
 (2890,'2012-01-25',7),
 (2907,'2012-01-25',7),
 (2937,'2012-01-25',7),
 (2938,'2012-01-25',7),
 (2939,'2012-01-25',7),
 (2940,'2012-01-25',7),
 (2947,'2012-01-25',7),
 (2955,'2012-01-25',7),
 (2955,'2012-01-26',7),
 (2955,'2012-01-27',7),
 (2955,'2012-01-28',7),
 (2955,'2012-01-30',7),
 (2955,'2012-01-31',7),
 (2955,'2012-02-01',7),
 (2955,'2012-02-02',7),
 (2955,'2012-02-03',7),
 (2955,'2012-02-04',7),
 (2955,'2012-02-06',7),
 (2955,'2012-02-07',7),
 (2955,'2012-02-08',7),
 (2959,'2012-01-25',7),
 (2959,'2012-01-26',7),
 (2959,'2012-01-27',7),
 (2959,'2012-01-28',7),
 (2959,'2012-01-30',7),
 (2959,'2012-01-31',7),
 (2959,'2012-02-01',7),
 (2959,'2012-02-02',7),
 (2959,'2012-02-03',7),
 (2959,'2012-02-04',7),
 (2959,'2012-02-06',7),
 (2959,'2012-02-07',7),
 (2959,'2012-02-08',7),
 (2976,'2012-02-01',7),
 (3010,'2012-01-27',7),
 (3010,'2012-01-28',7),
 (3010,'2012-01-30',7),
 (3010,'2012-01-31',7),
 (3010,'2012-02-01',7),
 (3010,'2012-02-03',7),
 (3010,'2012-02-04',7),
 (3011,'2012-01-27',7),
 (3011,'2012-01-28',7),
 (3011,'2012-01-30',7),
 (3011,'2012-01-31',7),
 (3011,'2012-02-01',7),
 (3011,'2012-02-03',7),
 (3011,'2012-02-04',7),
 (3037,'2012-01-30',7),
 (3037,'2012-01-31',7),
 (3037,'2012-02-01',7),
 (3037,'2012-02-02',7),
 (3037,'2012-02-03',7),
 (3037,'2012-02-04',7),
 (3037,'2012-02-06',7),
 (3037,'2012-02-07',7),
 (3037,'2012-02-08',7),
 (3038,'2012-01-30',7),
 (3038,'2012-01-31',7),
 (3038,'2012-02-01',7),
 (3038,'2012-02-02',7),
 (3038,'2012-02-03',7),
 (3038,'2012-02-04',7),
 (3038,'2012-02-06',7),
 (3038,'2012-02-07',7),
 (3038,'2012-02-08',7),
 (3039,'2012-01-30',7),
 (3039,'2012-01-31',7),
 (3039,'2012-02-01',7),
 (3039,'2012-02-02',7),
 (3039,'2012-02-03',7),
 (3039,'2012-02-04',7),
 (3039,'2012-02-06',7),
 (3039,'2012-02-07',7),
 (3039,'2012-02-08',7),
 (3072,'2012-01-31',7),
 (3072,'2012-02-01',7),
 (3072,'2012-02-02',7),
 (3072,'2012-02-03',7),
 (3072,'2012-02-04',7),
 (3072,'2012-02-06',7),
 (3072,'2012-02-07',7),
 (3072,'2012-02-08',7),
 (3073,'2012-01-31',7),
 (3073,'2012-02-01',7),
 (3073,'2012-02-02',7),
 (3073,'2012-02-03',7),
 (3073,'2012-02-04',7),
 (3073,'2012-02-06',7),
 (3111,'2012-01-31',7),
 (3111,'2012-02-01',7),
 (3111,'2012-02-02',7),
 (3111,'2012-02-03',7),
 (3113,'2012-01-31',7),
 (3113,'2012-02-01',7),
 (3138,'2012-02-01',7),
 (3138,'2012-02-04',7),
 (3138,'2012-02-06',7),
 (3138,'2012-02-07',7),
 (3152,'2012-02-01',7),
 (3152,'2012-02-02',7),
 (3152,'2012-02-03',7),
 (3152,'2012-02-04',7),
 (3152,'2012-02-06',7),
 (3152,'2012-02-07',7),
 (3152,'2012-02-08',7),
 (3162,'2012-02-01',7),
 (3162,'2012-02-02',7),
 (3162,'2012-02-03',7),
 (3181,'2012-02-01',7),
 (3181,'2012-02-03',7),
 (3182,'2012-02-01',7),
 (3182,'2012-02-02',7),
 (3182,'2012-02-03',7),
 (3182,'2012-02-04',7),
 (3191,'2012-02-01',7),
 (3191,'2012-02-02',7),
 (3191,'2012-02-03',7),
 (3191,'2012-02-04',7),
 (3192,'2012-02-01',7),
 (3192,'2012-02-02',7),
 (3192,'2012-02-03',7),
 (3192,'2012-02-04',7),
 (3193,'2012-02-01',7),
 (3193,'2012-02-02',7),
 (3193,'2012-02-03',7),
 (3193,'2012-02-04',7),
 (3212,'2012-02-03',7),
 (3228,'2012-02-02',7),
 (3228,'2012-02-03',7),
 (3228,'2012-02-04',7),
 (3228,'2012-02-06',7),
 (3233,'2012-02-02',7),
 (3233,'2012-02-03',7),
 (3233,'2012-02-04',7),
 (3233,'2012-02-06',7),
 (3233,'2012-02-07',7),
 (3233,'2012-02-08',7),
 (3234,'2012-02-03',7),
 (3234,'2012-02-04',7),
 (3234,'2012-02-06',7),
 (3285,'2012-02-03',7),
 (3285,'2012-02-04',7),
 (3285,'2012-02-06',7),
 (3285,'2012-02-07',7),
 (3285,'2012-02-08',7),
 (3287,'2012-02-03',7),
 (3287,'2012-02-04',7),
 (3287,'2012-02-06',7),
 (3288,'2012-02-04',7),
 (3288,'2012-02-06',7),
 (3288,'2012-02-07',7),
 (3288,'2012-02-08',7),
 (3289,'2012-02-04',7),
 (3289,'2012-02-06',7),
 (3289,'2012-02-07',7),
 (3289,'2012-02-08',7),
 (3305,'2012-02-06',7),
 (3324,'2012-02-06',7),
 (3332,'2012-02-06',7),
 (3332,'2012-02-07',7),
 (3332,'2012-02-08',7),
 (3352,'2012-02-06',7),
 (3352,'2012-02-07',7),
 (3352,'2012-02-08',7),
 (3420,'2012-02-08',7),
 (3421,'2012-02-08',7),
 (3422,'2012-02-08',7),
 (3423,'2012-02-08',7),
 (3449,'2012-02-08',7),
 (3450,'2012-02-08',7),
 (3463,'2012-02-08',7);


--
-- Definition of table `work_order_statuses`
--

