-- MySQL Administrator dump 1.4
--
-- ------------------------------------------------------





--
-- Create schema comm_care_dev
--

CREATE DATABASE IF NOT EXISTS comm_care_dev;
USE comm_care_dev;

--
-- Definition of table `commcare_budgets`
--

CREATE TABLE `commcare_budgets` (
  `recc_id` int(11) NOT NULL,
  `year` smallint(6) DEFAULT NULL,
  `month` tinyint(4) DEFAULT NULL,
  `amount` decimal(10,2) NOT NULL,
  UNIQUE KEY `idx_budget_types` (`recc_id`,`year`,`month`),
  KEY `idx_when` (`year`,`month`),
  CONSTRAINT `commcare_budgets_ibfk_1` FOREIGN KEY (`recc_id`) REFERENCES `reccs` (`id`)
) ENGINE=InnoDB DEFAULT CHARSET=utf8;

--
-- Dumping data for table `commcare_budgets`
--

INSERT INTO `commcare_budgets` (`recc_id`,`year`,`month`,`amount`) VALUES 
 (1,2011,2,'3900.00'),
 (1,2011,3,'3900.00'),
 (1,2011,4,'3900.00'),
 (1,2011,5,'3900.00'),
 (1,2011,6,'3900.00'),
 (1,2011,7,'3900.00'),
 (1,2011,8,'3900.00'),
 (1,2011,9,'3900.00'),
 (1,2011,10,'3900.00'),
 (1,2011,11,'3900.00'),
 (2,2011,2,'4200.00'),
 (2,2011,3,'4200.00'),
 (2,2011,4,'4200.00'),
 (2,2011,5,'4200.00'),
 (2,2011,6,'4200.00'),
 (2,2011,7,'4200.00'),
 (2,2011,8,'4200.00'),
 (2,2011,9,'4200.00'),
 (2,2011,10,'4200.00'),
 (2,2011,11,'4200.00'),
 (3,2011,2,'6000.00'),
 (3,2011,3,'6000.00'),
 (3,2011,4,'6000.00'),
 (3,2011,5,'6000.00'),
 (3,2011,6,'6000.00'),
 (3,2011,7,'6000.00'),
 (3,2011,8,'6000.00'),
 (3,2011,9,'6000.00'),
 (3,2011,10,'6000.00'),
 (3,2011,11,'6000.00'),
 (4,2011,2,'7200.00'),
 (4,2011,3,'7200.00'),
 (4,2011,4,'7200.00'),
 (4,2011,5,'7200.00'),
 (4,2011,6,'7200.00'),
 (4,2011,7,'7200.00'),
 (4,2011,8,'7200.00'),
 (4,2011,9,'7200.00'),
 (4,2011,10,'7200.00'),
 (4,2011,11,'7200.00'),
 (5,2011,2,'3300.00'),
 (5,2011,3,'3300.00'),
 (5,2011,4,'3300.00'),
 (5,2011,5,'3300.00'),
 (5,2011,6,'3300.00'),
 (5,2011,7,'3300.00'),
 (5,2011,8,'3300.00'),
 (5,2011,9,'3300.00'),
 (5,2011,10,'3300.00'),
 (5,2011,11,'3300.00'),
 (6,2011,2,'8900.00'),
 (6,2011,3,'8900.00'),
 (6,2011,4,'8900.00'),
 (6,2011,5,'8900.00'),
 (6,2011,6,'8900.00'),
 (6,2011,7,'8900.00'),
 (6,2011,8,'8900.00'),
 (6,2011,9,'8900.00'),
 (6,2011,10,'8900.00'),
 (6,2011,11,'8900.00'),
 (7,2011,2,'1500.00'),
 (7,2011,3,'1500.00'),
 (7,2011,4,'1500.00'),
 (7,2011,5,'1500.00'),
 (7,2011,6,'1500.00'),
 (7,2011,7,'1500.00'),
 (7,2011,8,'1500.00'),
 (7,2011,9,'1500.00'),
 (7,2011,10,'1500.00'),
 (7,2011,11,'1500.00'),
 (1,2012,2,'2850.00'),
 (1,2012,3,'2850.00'),
 (1,2012,4,'2850.00'),
 (1,2012,5,'2850.00'),
 (1,2012,6,'2850.00'),
 (1,2012,7,'2850.00'),
 (1,2012,8,'2850.00'),
 (1,2012,9,'2850.00'),
 (1,2012,10,'2850.00'),
 (1,2012,11,'2850.00'),
 (2,2012,2,'3060.00'),
 (2,2012,3,'3060.00'),
 (2,2012,4,'3060.00'),
 (2,2012,5,'3060.00'),
 (2,2012,6,'3060.00'),
 (2,2012,7,'3060.00'),
 (2,2012,8,'3060.00'),
 (2,2012,9,'3060.00'),
 (2,2012,10,'3060.00'),
 (2,2012,11,'3060.00'),
 (3,2012,2,'4380.00'),
 (3,2012,3,'4380.00'),
 (3,2012,4,'4380.00'),
 (3,2012,5,'4380.00'),
 (3,2012,6,'4380.00'),
 (3,2012,7,'4380.00'),
 (3,2012,8,'4380.00'),
 (3,2012,9,'4380.00'),
 (3,2012,10,'4380.00'),
 (3,2012,11,'4380.00'),
 (4,2012,2,'5250.00'),
 (4,2012,3,'5250.00'),
 (4,2012,4,'5250.00'),
 (4,2012,5,'5250.00'),
 (4,2012,6,'5250.00'),
 (4,2012,7,'5250.00'),
 (4,2012,8,'5250.00'),
 (4,2012,9,'5250.00'),
 (4,2012,10,'5250.00'),
 (4,2012,11,'5250.00'),
 (5,2012,2,'2400.00'),
 (5,2012,3,'2400.00'),
 (5,2012,4,'2400.00'),
 (5,2012,5,'2400.00'),
 (5,2012,6,'2400.00'),
 (5,2012,7,'2400.00'),
 (5,2012,8,'2400.00'),
 (5,2012,9,'2400.00'),
 (5,2012,10,'2400.00'),
 (5,2012,11,'2400.00'),
 (6,2012,2,'6510.00'),
 (6,2012,3,'6510.00'),
 (6,2012,4,'6510.00'),
 (6,2012,5,'6510.00'),
 (6,2012,6,'6510.00'),
 (6,2012,7,'6510.00'),
 (6,2012,8,'6510.00'),
 (6,2012,9,'6510.00'),
 (6,2012,10,'6510.00'),
 (6,2012,11,'6510.00'),
 (7,2012,2,'1080.00'),
 (7,2012,3,'1080.00'),
 (7,2012,4,'1080.00'),
 (7,2012,5,'1080.00'),
 (7,2012,6,'1080.00'),
 (7,2012,7,'1080.00'),
 (7,2012,8,'1080.00'),
 (7,2012,9,'1080.00'),
 (7,2012,10,'1080.00'),
 (7,2012,11,'1080.00');


--
-- Definition of table `commcare_grant_uses`
--

CREATE TABLE `commcare_grant_uses` (
  `id` int(11) NOT NULL AUTO_INCREMENT,
  `grant_use` varchar(255) DEFAULT NULL,
  `ord` int(11) DEFAULT NULL,
  PRIMARY KEY (`id`),
  UNIQUE KEY `ord` (`ord`)
) ENGINE=InnoDB AUTO_INCREMENT=10 DEFAULT CHARSET=utf8;

--
-- Dumping data for table `commcare_grant_uses`
--

INSERT INTO `commcare_grant_uses` (`id`,`grant_use`,`ord`) VALUES 
 (1,'Funding for awareness campaigns',1),
 (2,'Funding for charity events',2),
 (3,'Funding research',3),
 (4,'Purchasing general equipment',4),
 (5,'Purchasing safety equipment',5),
 (6,'Purchasing sporting equipment',6),
 (7,'Purchasing toys',7),
 (8,'Supported travel',8),
 (9,'Other',9);


--
-- Definition of table `commcare_justifications`
--

CREATE TABLE `commcare_justifications` (
  `id` int(11) NOT NULL AUTO_INCREMENT,
  `justification` varchar(512) NOT NULL,
  `ord` int(11) DEFAULT NULL,
  PRIMARY KEY (`id`),
  UNIQUE KEY `ord` (`ord`)
) ENGINE=InnoDB AUTO_INCREMENT=16 DEFAULT CHARSET=utf8;

--
-- Dumping data for table `commcare_justifications`
--

INSERT INTO `commcare_justifications` (`id`,`justification`,`ord`) VALUES 
 (1,'Organisation operates outside of Australia',1),
 (2,'Individual',2),
 (3,'Church or religious group',3),
 (4,'Political party/association',4),
 (5,'Trade or business association',5),
 (6,'Social club',6),
 (7,'Discriminates race/religion/gender/etc',7),
 (8,'Sporting organisation',8),
 (9,'3rd application',9),
 (10,'4th application',10),
 (11,'Electrical job application approved',11),
 (12,'School (not Parents and Friends Group)',12),
 (13,'Does not satisfy any positive eligibility criteria',13),
 (14,'Contractor',14),
 (15,'Not considered a volunteering role',15);


--
-- Definition of table `commcare_org_purposes`
--

CREATE TABLE `commcare_org_purposes` (
  `id` int(11) NOT NULL AUTO_INCREMENT,
  `purpose` varchar(255) DEFAULT NULL,
  `ord` int(11) DEFAULT NULL,
  PRIMARY KEY (`id`),
  UNIQUE KEY `ord` (`ord`)
) ENGINE=InnoDB AUTO_INCREMENT=12 DEFAULT CHARSET=utf8;

--
-- Dumping data for table `commcare_org_purposes`
--

INSERT INTO `commcare_org_purposes` (`id`,`purpose`,`ord`) VALUES 
 (1,'Animal Welfare',1),
 (2,'Arts & Culture',2),
 (3,'Education',3),
 (4,'Emergency Services',4),
 (5,'Environment/Construction',5),
 (6,'Health',6),
 (7,'Movember',7),
 (8,'Social Welfare',8),
 (9,'Sport and Recreation',9),
 (10,'Youth Programs/Services',10),
 (11,'Other',11);


--
-- Definition of table `commcare_submissions`
--

CREATE TABLE `commcare_submissions` (
  `id` int(11) NOT NULL AUTO_INCREMENT,
  `serial_id` int(11) NOT NULL,
  `load_id` int(11) DEFAULT NULL,
  `service_number` int(11) NOT NULL,
  `which_application` tinyint(4) NOT NULL,
  `is_inkind` bit(1) DEFAULT b'0',
  `is_movember` bit(1) DEFAULT b'0',
  `movember_id` int(11) DEFAULT NULL,
  `movember_team_name` varchar(50) DEFAULT NULL,
  `applicant_name` varchar(50) NOT NULL,
  `applicant_division` int(11) NOT NULL,
  `applicant_work_addr` varchar(255) NOT NULL,
  `applicant_postcode` int(11) NOT NULL,
  `applicant_suburb` varchar(64) NOT NULL,
  `applicant_phone` varchar(16) DEFAULT NULL,
  `applicant_phone_2` varchar(10) DEFAULT NULL,
  `applicant_email` varchar(255) DEFAULT NULL,
  `org_name` varchar(128) NOT NULL,
  `position_in_org` varchar(64) NOT NULL,
  `org_contact_name` varchar(64) NOT NULL,
  `org_contact_phone` varchar(16) DEFAULT NULL,
  `org_contact_email` varchar(255) DEFAULT NULL,
  `org_addr_line1` varchar(128) NOT NULL,
  `org_addr_line2` varchar(128) DEFAULT NULL,
  `org_suburb` varchar(64) NOT NULL,
  `org_postcode` int(11) NOT NULL,
  `org_state` int(11) DEFAULT NULL,
  `org_purpose` int(11) NOT NULL,
  `org_purpose_other` varchar(64) DEFAULT NULL,
  `org_description` text,
  `grant_use` int(11) DEFAULT NULL,
  `grant_use_other` varchar(64) DEFAULT NULL,
  `volunteer_role` int(11) DEFAULT NULL,
  `volunteer_role_other` varchar(64) DEFAULT NULL,
  `contactable` tinyint(4) NOT NULL,
  `recc_id` int(11) NOT NULL,
  `recc_io_number` int(11) NOT NULL,
  `submission_date` datetime NOT NULL,
  `status` tinyint(4) DEFAULT NULL,
  `amount` decimal(8,2) DEFAULT NULL,
  `justification` int(11) DEFAULT NULL,
  `decision_date` datetime DEFAULT NULL,
  `decision_service_number` int(11) DEFAULT NULL,
  `gl_account` int(11) DEFAULT NULL,
  `is_paid` bit(1) DEFAULT NULL,
  `sms_updates` bit(1) NOT NULL DEFAULT b'0',
  PRIMARY KEY (`id`),
  KEY `fk_division` (`applicant_division`),
  KEY `fk_org_purpose` (`org_purpose`),
  KEY `fk_grant_use` (`grant_use`),
  KEY `fk_volunteer_role` (`volunteer_role`),
  KEY `fk_justification` (`justification`),
  KEY `fk_decision_user` (`decision_service_number`),
  KEY `idx_recc_id` (`recc_id`),
  KEY `idx_service_number` (`service_number`),
  KEY `idx_isinkind` (`is_inkind`),
  KEY `idx_is_paid` (`is_paid`),
  KEY `idx_submission_date` (`submission_date`),
  CONSTRAINT `commcare_submissions_ibfk_1` FOREIGN KEY (`applicant_division`) REFERENCES `divisions` (`id`),
  CONSTRAINT `commcare_submissions_ibfk_2` FOREIGN KEY (`org_purpose`) REFERENCES `commcare_org_purposes` (`id`),
  CONSTRAINT `commcare_submissions_ibfk_3` FOREIGN KEY (`grant_use`) REFERENCES `commcare_grant_uses` (`id`),
  CONSTRAINT `commcare_submissions_ibfk_4` FOREIGN KEY (`volunteer_role`) REFERENCES `commcare_volunteer_roles` (`id`),
  CONSTRAINT `commcare_submissions_ibfk_5` FOREIGN KEY (`justification`) REFERENCES `commcare_justifications` (`id`),
  CONSTRAINT `commcare_submissions_ibfk_6` FOREIGN KEY (`decision_service_number`) REFERENCES `users` (`service_number`),
  CONSTRAINT `commcare_submissions_ibfk_7` FOREIGN KEY (`recc_id`) REFERENCES `reccs` (`id`),
  CONSTRAINT `commcare_submissions_ibfk_8` FOREIGN KEY (`recc_id`) REFERENCES `reccs` (`id`)
) ENGINE=InnoDB AUTO_INCREMENT=930 DEFAULT CHARSET=utf8;

--
-- Dumping data for table `commcare_submissions`
--

INSERT INTO `commcare_submissions` (`id`,`serial_id`,`load_id`,`service_number`,`which_application`,`is_inkind`,`is_movember`,`movember_id`,`movember_team_name`,`applicant_name`,`applicant_division`,`applicant_work_addr`,`applicant_postcode`,`applicant_suburb`,`applicant_phone`,`applicant_phone_2`,`applicant_email`,`org_name`,`position_in_org`,`org_contact_name`,`org_contact_phone`,`org_contact_email`,`org_addr_line1`,`org_addr_line2`,`org_suburb`,`org_postcode`,`org_state`,`org_purpose`,`org_purpose_other`,`org_description`,`grant_use`,`grant_use_other`,`volunteer_role`,`volunteer_role_other`,`contactable`,`recc_id`,`recc_io_number`,`submission_date`,`status`,`amount`,`justification`,`decision_date`,`decision_service_number`,`gl_account`,`is_paid`,`sms_updates`) VALUES 
 (1,1,NULL,34491,1,0x00,0x00,NULL,'','Warrick Lang',1,'Noraville',2259,'','0417234114',NULL,'','Norah Head Search & Rescue','','','','','639','Maitland St','Norah Head',2263,2,4,NULL,NULL,NULL,NULL,NULL,NULL,1,5,219020078,'2010-07-15 00:00:00',1,'300.00',NULL,'2010-07-15 00:00:00',NULL,738050,0x01,0x00),
 (2,2,NULL,35806,1,0x00,0x00,NULL,'','Robert  James',1,'Gosford',2250,'','43258761',NULL,'','Matcham Holgate Bushfire Brigade','','','','','15','Wattle Tree Rd','Holgate',2250,2,4,NULL,NULL,NULL,NULL,NULL,NULL,0,5,219020078,'2010-07-15 00:00:00',1,'300.00',NULL,'2010-07-15 00:00:00',NULL,738050,0x01,0x00),
 (3,3,NULL,38221,1,0x00,0x00,NULL,'','Martin Hutchison',1,'Gosford',2256,'','0418967086',NULL,'','Woy Woy Football Club','','','','','PO Box 142','','Woy Woy',2256,2,9,NULL,NULL,NULL,NULL,NULL,NULL,0,5,219020078,'2010-07-15 00:00:00',1,'300.00',NULL,'2010-07-15 00:00:00',NULL,738050,0x01,0x00),
 (4,4,NULL,39833,1,0x00,0x00,NULL,'','Adam McLennon',4,'Block A - Wallsend Admin Building',2290,'','0414192458',NULL,'','Dudley Redhead Junior Soccer Club','','','','','57','Geraldton Avenue','Redhead',2290,2,9,NULL,NULL,NULL,NULL,NULL,NULL,1,6,219020079,'2010-07-15 00:00:00',1,'300.00',NULL,'2010-07-15 00:00:00',NULL,738050,0x01,0x00),
 (5,5,NULL,41248,1,0x00,0x00,NULL,'','Mark  Gilligan',1,'Noraville',2250,'','43258772',NULL,'','ourimbah - wyoming Jr Rugby League Club','','','','','PO Box 166','','Ourimbah',2258,2,9,NULL,NULL,NULL,NULL,NULL,NULL,1,5,219020078,'2010-07-15 00:00:00',1,'300.00',NULL,'2010-07-15 00:00:00',NULL,738050,0x01,0x00),
 (6,6,NULL,41491,1,0x00,0x00,NULL,'','Gino Guerrera ',1,'Grd Flr, Blg 3, Oatley',2035,'','4141192101',NULL,'','KU Randwick Coogee Preschool','','','','','PO Box 267','','Randwick',2031,2,3,NULL,NULL,NULL,NULL,NULL,NULL,0,1,219020074,'2010-07-15 00:00:00',1,'300.00',NULL,'2010-07-15 00:00:00',NULL,738050,0x01,0x00),
 (7,7,NULL,42046,1,0x01,0x00,NULL,'','Peter Stephanou',3,'Lv 6, HOB',2225,'','92694632',NULL,'','The Miranda Bombers AFL Club','','','','','Waratah Oval','No. 4 Rawson Ave','Sutherland',2232,2,9,NULL,NULL,NULL,NULL,NULL,NULL,0,3,219020076,'2010-07-15 00:00:00',1,'0.00',NULL,NULL,NULL,NULL,NULL,0x00),
 (8,8,NULL,42103,1,0x00,0x00,NULL,'','Spencer Steinwede',4,'Gnd Flr, Bldg 6, Zetland',2207,'','0418616860',NULL,'','Rockdale State Emergency Service','','','','','109','Highgate St','Bexley',2207,2,4,NULL,NULL,NULL,NULL,NULL,NULL,1,3,219020076,'2010-07-15 00:00:00',1,'300.00',NULL,'2010-07-15 00:00:00',NULL,738050,0x01,0x00),
 (9,9,NULL,42727,1,0x00,0x00,NULL,'','Pat Keefe',2,'1st Flr, Bldg 3, Oatley',2518,'','95855886',NULL,'','Bellambi SLSC Inc.','','','','','Morgan Place','','Bellambi',2518,2,4,NULL,NULL,NULL,NULL,NULL,NULL,1,3,219020076,'2010-07-15 00:00:00',1,'300.00',NULL,'2010-07-15 00:00:00',NULL,738050,0x01,0x00),
 (10,10,NULL,42727,2,0x00,0x00,NULL,'','Pat Keefe',2,'1st Flr, Bldg 3, Oatley',2518,'','95855886',NULL,'','The Illawarra Woodworkers Group Inc.','','','','','Fairy Meadow Primary School','','Fairy Meadow',2519,2,11,NULL,NULL,NULL,NULL,NULL,NULL,1,3,219020076,'2010-07-15 00:00:00',0,'0.00',NULL,NULL,NULL,738050,NULL,0x00),
 (11,11,NULL,43710,1,0x00,0x00,NULL,'','Jeffery  Smith',1,'Tuggerah',2251,'','43998111',NULL,'','Southern & Ettalong United Football Club','','','','','PO Box 80','','Ettalong Beach',2257,2,9,NULL,NULL,NULL,NULL,NULL,NULL,0,5,219020078,'2010-07-15 00:00:00',1,'300.00',NULL,'2010-07-15 00:00:00',NULL,738050,0x01,0x00),
 (12,12,NULL,44074,1,0x00,0x00,NULL,'','Ben Stadlemann',1,'Tuggerah',2261,'','38179',NULL,'','Dry July Foundation','','','','','PO Box 75','','Randwiick',2031,2,6,NULL,NULL,NULL,NULL,NULL,NULL,1,5,219020078,'2010-07-15 00:00:00',1,'300.00',NULL,'2010-07-15 00:00:00',NULL,738050,0x01,0x00),
 (13,13,NULL,44557,1,0x00,0x00,NULL,'','Michael Griffiths',2,'Block B - Wallsend Admin Building',2298,'','49519679',NULL,'','Scouts Australia - 1st New Lambton Group','','','','','Cnr Queens Rd & Fleet St','','New Lambton',2305,2,10,NULL,NULL,NULL,NULL,NULL,NULL,0,6,219020079,'2010-07-15 00:00:00',1,'300.00',NULL,'2010-07-15 00:00:00',NULL,738050,0x01,0x00),
 (14,14,NULL,44647,1,0x00,0x00,NULL,'','Gregory Bartolo',2,'Building 5, Level 1, 25-27 Pomeroy St, Homebush',2042,'','93946877',NULL,'','Cure Cancer Australia Foundation/Can Too','','','','','Level 6','15-17 Young St','Sydney',2000,2,6,NULL,NULL,NULL,NULL,NULL,NULL,1,1,219020074,'2010-07-15 00:00:00',1,'300.00',NULL,'2010-07-15 00:00:00',NULL,738050,0x01,0x00),
 (15,15,NULL,44989,1,0x00,0x00,NULL,'','Michael Fitzpatrick',4,'Contact Centre - Block A - Wallsend Admin',2285,'','49519553',NULL,'','Debra Australia Inc','','','','','PO Box 226','','Pittsworth',4356,4,6,NULL,NULL,NULL,NULL,NULL,NULL,1,6,219020079,'2010-07-15 00:00:00',1,'300.00',NULL,'2010-07-15 00:00:00',NULL,738050,0x01,0x00),
 (16,16,NULL,45682,1,0x00,0x00,NULL,'','Steven Dimmock',4,'Building 3 - Abbot Street Depot',2290,'','0409839235',NULL,'','Dudley Redhead Junior Soccer Club','','','','','57','Geraldton Avenue','Redhead',2290,2,9,NULL,NULL,NULL,NULL,NULL,NULL,1,6,219020079,'2010-07-15 00:00:00',1,'300.00',NULL,'2010-07-15 00:00:00',NULL,738050,0x01,0x00),
 (17,17,NULL,45907,1,0x00,0x00,NULL,'','Michael Judge',1,'Singleton Depot Orchard Ave Singleton',2330,'','59731',NULL,'','King Stree Public School P & C Assn','','','','','King Street','','Singleton',2330,2,3,NULL,NULL,NULL,NULL,NULL,NULL,1,7,219020080,'2010-07-15 00:00:00',1,'300.00',NULL,'2010-07-15 00:00:00',NULL,738050,0x01,0x00),
 (18,18,NULL,45989,1,0x00,0x00,NULL,'','Scott O\'Bryan',1,'Singleton Depot Orchard Ave Singleton',2330,'','59748',NULL,'','Singleton Pre-School','','','','','York Street','','Singleton',2330,2,3,NULL,NULL,NULL,NULL,NULL,NULL,1,7,219020080,'2010-07-15 00:00:00',1,'300.00',NULL,'2010-07-15 00:00:00',NULL,738050,0x01,0x00),
 (19,19,NULL,46390,1,0x00,0x00,NULL,'','Chelsea Lenton',4,'Contact Centre - Block A - Wallsend Admin',2287,'','49510860',NULL,'','RSPCA','','','','','6-10','Burlington Place','Rutherford',2320,2,1,NULL,NULL,NULL,NULL,NULL,NULL,1,6,219020079,'2010-07-15 00:00:00',1,'300.00',NULL,'2010-07-15 00:00:00',NULL,738050,0x01,0x00),
 (20,20,NULL,46417,1,0x00,0x00,NULL,'','Craig Elliott',4,'Corporate House - Elermore Vale',2290,'','49101312',NULL,'','Dudley Redhead Junior Soccer Club','','','','','57','Geraldton Avenue','Redhead',2290,2,9,NULL,NULL,NULL,NULL,NULL,NULL,1,6,219020079,'2010-07-15 00:00:00',1,'300.00',NULL,'2010-07-15 00:00:00',NULL,738050,0x01,0x00),
 (21,21,NULL,46630,1,0x00,0x00,NULL,'','Claire Hirst',5,'Lv 8, HOB',2224,'','92694738',NULL,'','Gymea North Public School P&C','','','','','Ruby Rd','','Gymea',2227,2,3,NULL,NULL,NULL,NULL,NULL,NULL,1,3,219020076,'2010-07-15 00:00:00',1,'300.00',NULL,'2010-07-15 00:00:00',NULL,738050,0x01,0x00),
 (22,22,NULL,46856,1,0x00,0x00,NULL,'','Gary  Mcdermott',1,'Noraville',2263,'','',NULL,'','Warnervale Netball Club','','','','','9','Lupin Close','Woongarrah',2259,2,9,NULL,NULL,NULL,NULL,NULL,NULL,1,5,219020078,'2010-07-15 00:00:00',1,'300.00',NULL,'2010-07-15 00:00:00',NULL,738050,0x01,0x00),
 (23,23,NULL,46948,1,0x00,0x00,NULL,'','Patricia Conway',4,'Contact Centre - Block A - Wallsend Admin',2290,'','49519998',NULL,'','Dudley Redhead Junior Soccer Club','','','','','57','Geraldton Avenue','Redhead',2290,2,9,NULL,NULL,NULL,NULL,NULL,NULL,1,6,219020079,'2010-07-15 00:00:00',1,'300.00',NULL,'2010-07-15 00:00:00',NULL,738050,0x01,0x00),
 (24,24,NULL,46982,1,0x00,0x00,NULL,'','Ross Marks',1,'Bldg 1, Hornsby Depot',2747,'','0402175580',NULL,'','Prostate Cancer Foundation of Australia','','','','','PO Box 1332','','Lane Cove',1595,2,6,NULL,NULL,NULL,NULL,NULL,NULL,1,2,219020075,'2010-07-15 00:00:00',1,'300.00',NULL,'2010-07-15 00:00:00',NULL,738050,0x01,0x00),
 (25,25,NULL,47062,1,0x00,0x00,NULL,'','Zoe Trueman',7,'Level 22, 570 George St, Sydney',2034,'','92694099',NULL,'','Cure Cancer Australia Foundation/Can Too','','','','','PO Box R185','','Royal Exchange',1225,2,6,NULL,NULL,NULL,NULL,NULL,NULL,1,1,219020074,'2010-07-15 00:00:00',1,'300.00',NULL,'2010-07-15 00:00:00',NULL,738050,0x01,0x00),
 (26,26,NULL,47573,1,0x01,0x00,NULL,'','David Hedger',1,'Hornsby BLDG 2',2250,'','0439905903',NULL,'','Holgate Primary School','','','','','189','Wattle Tree Rd','Holgate',2250,2,3,NULL,NULL,NULL,NULL,NULL,NULL,0,5,219020078,'2010-07-15 00:00:00',1,'0.00',NULL,NULL,NULL,NULL,NULL,0x00),
 (27,27,NULL,48056,1,0x00,0x00,NULL,'','Nick Ellem',2,'Level 1, 33 Judd St, Oatley',2017,'','0428963682',NULL,'','TS Sydney - Australian Navy Cadets','','','','','PO Box 343 ','','Drummoyne',2047,2,10,NULL,NULL,NULL,NULL,NULL,NULL,1,1,219020074,'2010-07-15 00:00:00',1,'300.00',NULL,'2010-07-15 00:00:00',NULL,738050,0x01,0x00),
 (28,28,NULL,48653,1,0x00,0x00,NULL,'','Pamela Richards',4,'Block C - Wallsend Admin Building',2323,'','49519498',NULL,'','Mayfield Senior Soccer Club','','','','','PO Box 348','','Mayfield',2304,2,9,NULL,NULL,NULL,NULL,NULL,NULL,0,6,219020079,'2010-07-15 00:00:00',0,'0.00',NULL,NULL,NULL,738050,NULL,0x00),
 (29,29,NULL,48660,1,0x00,0x00,NULL,'','Rebecca  Greentree',4,'Block A East  - Wallsend Admin Building',2287,'','49519925',NULL,'','Greyhound Rescue','','','','','14','Athlone Cres','Kilarney Heights',2087,2,1,NULL,NULL,NULL,NULL,NULL,NULL,0,6,219020079,'2010-07-15 00:00:00',1,'300.00',NULL,'2010-07-15 00:00:00',NULL,738050,0x01,0x00),
 (30,30,NULL,48762,1,0x00,0x00,NULL,'','Jason Hepple',1,'Block A - Wallsend Admin Building',2290,'','49519431',NULL,'','Dudley Redhead Junior Soccer Club','','','','','57','Geraldton Avenue','Redhead',2290,2,9,NULL,NULL,NULL,NULL,NULL,NULL,0,6,219020079,'2010-07-15 00:00:00',1,'300.00',NULL,'2010-07-15 00:00:00',NULL,738050,0x01,0x00),
 (31,31,NULL,50238,1,0x01,0x00,NULL,'','Nicholas Brice',1,'Bldg 3, Homebush Depot',2121,'','93946974',NULL,'','South Narrabeen Surf Lifesaving Club','','','','','1200','Pittwater Rd','Narrabeen',2101,2,4,NULL,NULL,NULL,NULL,NULL,NULL,1,2,219020075,'2010-07-15 00:00:00',1,'0.00',NULL,NULL,NULL,NULL,NULL,0x00),
 (32,32,NULL,50580,1,0x00,0x00,NULL,'','Lisa Mapstone',4,'Contact Centre - Block A - Wallsend Admin',2290,'','49510131',NULL,'','Felton Street Early Learning Centre','','','','','Felton Street','','Gateshead',2290,2,3,NULL,NULL,NULL,NULL,NULL,NULL,1,6,219020079,'2010-07-15 00:00:00',1,'300.00',NULL,'2010-07-15 00:00:00',NULL,738050,0x01,0x00),
 (33,33,NULL,50934,1,0x00,0x00,NULL,'','Steven Joseph',1,'Gosford',2260,'','0407897695',NULL,'','Rural Fire Services Wamberal','','','','','Tumbi Rd','','Wamberal',2260,2,4,NULL,NULL,NULL,NULL,NULL,NULL,0,5,219020078,'2010-07-15 00:00:00',1,'300.00',NULL,'2010-07-15 00:00:00',NULL,738050,0x01,0x00),
 (34,34,NULL,51097,1,0x00,0x00,NULL,'','Renee White',4,'Block A - Wallsend Admin Building',2290,'','49519960',NULL,'','Dudley Redhead Junior Soccer Club','','','','','57','Geraldton Avenue','Redhead',2290,2,9,NULL,NULL,NULL,NULL,NULL,NULL,0,6,219020079,'2010-07-15 00:00:00',1,'300.00',NULL,'2010-07-15 00:00:00',NULL,738050,0x01,0x00),
 (35,35,NULL,51552,1,0x01,0x00,NULL,'','Scott Edwards',6,'Lv 19, RCH',2227,'','92693403',NULL,'','Gymea Bay Care & Leisure','','','','','PO Box 537','','Gymea',2227,2,9,NULL,NULL,NULL,NULL,NULL,NULL,0,3,219020076,'2010-07-15 00:00:00',1,'0.00',NULL,NULL,NULL,NULL,NULL,0x00),
 (36,36,NULL,51899,1,0x00,0x00,NULL,'','Andrew Back',2,'Level 13, RCH',2066,'','92773576',NULL,'','Zoo2Zoo','','','','','7','Shire Ave','Dubbo',2830,2,6,NULL,NULL,NULL,NULL,NULL,NULL,1,2,219020075,'2010-07-15 00:00:00',1,'300.00',NULL,'2010-07-15 00:00:00',NULL,738050,0x01,0x00),
 (37,37,NULL,52622,1,0x00,0x00,NULL,'','Daniel Farrugia',1,'Gosford/attention Gary Creary',2251,'','',NULL,'','Avoca Football Club','','','','','PO Box 6216','','Kincumber',2251,2,9,NULL,NULL,NULL,NULL,NULL,NULL,0,5,219020078,'2010-07-15 00:00:00',1,'300.00',NULL,'2010-07-15 00:00:00',NULL,738050,0x01,0x00),
 (38,38,NULL,54071,1,0x01,0x00,NULL,'','Alan  Roberts',2,'Chatswood BLDG 1',2250,'','0401431617',NULL,'','Brisbane Waters Rural Fire Service','','','','','Pateman Rd','','Erina',2250,2,4,NULL,NULL,NULL,NULL,NULL,NULL,0,5,219020078,'2010-07-15 00:00:00',1,'0.00',NULL,NULL,NULL,NULL,NULL,0x00),
 (39,39,NULL,54077,1,0x00,0x00,NULL,'','Anthony Parks',1,'Meadowbank Training Centre',2065,'','0402742444',NULL,'','The Salvation Army Oasis Youth Support Network','','','','','365','Crown St','Surry Hills',2010,2,8,NULL,NULL,NULL,NULL,NULL,NULL,0,2,219020075,'2010-07-15 00:00:00',1,'300.00',NULL,'2010-07-15 00:00:00',NULL,738050,0x01,0x00),
 (40,40,NULL,33836,1,0x00,0x00,NULL,'','Gerard Chrimes',4,'Bldg 5, Chatswood',2206,'','94105132',NULL,'','Undercliffe Public School','','','','','Bayview Ave','','Earlwood',2206,2,3,NULL,NULL,NULL,NULL,NULL,NULL,1,3,219020076,'2010-08-15 00:00:00',1,'300.00',NULL,'2010-08-15 00:00:00',NULL,738050,0x01,0x00),
 (41,41,NULL,35087,1,0x00,0x00,NULL,'','Phil Wilson',1,'Noraville',2250,'','43258762',NULL,'','Cancer Council','','','','','153','Dowling St','Wooloomooloo',2011,2,6,NULL,NULL,NULL,NULL,NULL,NULL,1,5,219020078,'2010-08-15 00:00:00',1,'300.00',NULL,'2010-08-15 00:00:00',NULL,738050,0x01,0x00),
 (42,42,NULL,38469,1,0x00,0x00,NULL,'','Wayne  Vaughn',1,'Noraville',2261,'','38714',NULL,'','M.S Australia','','','','','M.S Event','Private Bag 4444','Artarmon',1570,2,6,NULL,NULL,NULL,NULL,NULL,NULL,1,5,219020078,'2010-08-15 00:00:00',1,'300.00',NULL,'2010-08-15 00:00:00',NULL,738050,0x01,0x00),
 (43,43,NULL,39256,1,0x00,0x00,NULL,'','Chris Philips',1,'Bldg 5, Zetland',2207,'','96639309',NULL,'','The Lupus Association of NSW Inc.','','','','','55','Wicks Rd','North Ryde',2113,2,6,NULL,NULL,NULL,NULL,NULL,NULL,0,3,219020076,'2010-08-15 00:00:00',1,'300.00',NULL,'2010-08-15 00:00:00',NULL,738050,0x01,0x00),
 (44,44,NULL,39833,2,0x00,0x00,NULL,'','Adam McLennon',4,'16 Dryandra Place Redhead NSW 2290',2287,'','0414192458',NULL,'','Redhead Rugrats Playgroup','','','','','Girl Guides Hall','Steel St','Redhead',2290,2,3,NULL,NULL,NULL,NULL,NULL,NULL,1,6,219020079,'2010-08-15 00:00:00',1,'300.00',NULL,'2010-08-15 00:00:00',NULL,738050,0x01,0x00),
 (45,45,NULL,40188,1,0x00,0x00,NULL,'','Nick Speranza',1,'130 Johnson Avenue, Zetland',2138,'','0296639354',NULL,'','The Lupus Association of NSW Inc','','','','','55','Wicks Road','North Ryde',2113,2,6,NULL,NULL,NULL,NULL,NULL,NULL,0,1,219020074,'2010-08-15 00:00:00',1,'300.00',NULL,'2010-08-15 00:00:00',NULL,738050,0x01,0x00),
 (46,46,NULL,40472,1,0x00,0x00,NULL,'','John Boyce',1,'Gore Hill Depot',2103,'','94675521',NULL,'','Cicada Australia Inc.','','','','','PO Box 5028','','South Turramurra',2074,2,6,NULL,NULL,NULL,NULL,NULL,NULL,0,2,219020075,'2010-08-15 00:00:00',1,'300.00',NULL,'2010-08-15 00:00:00',NULL,738050,0x01,0x00),
 (47,47,NULL,41336,1,0x00,0x00,NULL,'','Tony Vella',1,'Noraville',2257,'','0417280911',NULL,'','M.S Australia','','','','','M.S Event','Private Bag 4444','Artarmon',1570,2,6,NULL,NULL,NULL,NULL,NULL,NULL,1,5,219020078,'2010-08-15 00:00:00',1,'300.00',NULL,'2010-08-15 00:00:00',NULL,738050,0x01,0x00),
 (48,48,NULL,43710,2,0x00,0x00,NULL,'','Jeffery Smith',1,'Tuggerah',2251,'','0243998111',NULL,'','Bobbi Dillon Fundraising touch Football Day','','','','','PO Box 279','','Woy Woy',2256,2,11,NULL,NULL,NULL,NULL,NULL,NULL,0,5,219020078,'2010-08-15 00:00:00',1,'300.00',NULL,'2010-08-15 00:00:00',NULL,738050,0x01,0x00),
 (49,49,NULL,43724,1,0x00,0x00,NULL,'','Tom Emeleus',8,'Bldg 9A, Homebush Depot',2114,'','93946551',NULL,'','Oxfan Australia','','','','','PO Box 1711','','Strawberry Hils',2012,2,11,NULL,NULL,NULL,NULL,NULL,NULL,1,2,219020075,'2010-08-15 00:00:00',1,'300.00',NULL,'2010-08-15 00:00:00',NULL,738050,0x01,0x00),
 (50,50,NULL,44468,1,0x00,0x00,NULL,'','Leanne  Kerby',1,'6 Roberts St Charlestown',2289,'','49420836',NULL,'','Cancer Council NSW','','','','','22','Lambton Rd','Broadmeadow',2292,2,6,NULL,NULL,NULL,NULL,NULL,NULL,1,6,219020079,'2010-08-15 00:00:00',1,'300.00',NULL,'2010-08-15 00:00:00',NULL,738050,0x01,0x00),
 (51,51,NULL,44591,1,0x00,0x00,NULL,'','Nicholas  Burley',1,'Singleton Depot Orchard Ave Singleton',2330,'','59731',NULL,'','Singleton Heights Pre-School','','','','','Dorsman Dr','','Singleton',2330,2,3,NULL,NULL,NULL,NULL,NULL,NULL,1,7,219020080,'2010-08-15 00:00:00',1,'300.00',NULL,'2010-08-15 00:00:00',NULL,738050,0x01,0x00),
 (52,52,NULL,44591,2,0x00,0x00,NULL,'','Nicholas  Burley',1,'Singleton Depot Orchard Ave Singleton',2330,'','59731',NULL,'','SingletonHeights Public School','','','','','Dorsman Dr','','Singleton',2330,2,3,NULL,NULL,NULL,NULL,NULL,NULL,1,7,219020080,'2010-08-15 00:00:00',1,'300.00',NULL,'2010-08-15 00:00:00',NULL,738050,0x01,0x00),
 (53,53,NULL,44827,1,0x00,0x00,NULL,'','Martin  Clarke',2,'Block B - Wallsend Admin Building',2287,'','49519338',NULL,'','Belswans Junior Soccer Club','','','','','PO Box 3007','','Blacksmiths',2281,2,9,NULL,NULL,NULL,NULL,NULL,NULL,1,6,219020079,'2010-08-15 00:00:00',1,'300.00',NULL,'2010-08-15 00:00:00',NULL,738050,0x01,0x00),
 (54,54,NULL,44924,1,0x00,0x00,NULL,'','Pauline Roberts',4,'Block C - Wallsend Admin Building',2287,'','49510841',NULL,'','Cancer Council NSW','','','','','153','Dowling St','Wooloomooloo',2011,2,6,NULL,NULL,NULL,NULL,NULL,NULL,1,6,219020079,'2010-08-15 00:00:00',1,'300.00',NULL,'2010-08-15 00:00:00',NULL,738050,0x01,0x00),
 (55,55,NULL,45152,1,0x00,0x00,NULL,'','Garry Craig',2,'Block B - Wallsend Admin Building',2287,'','49514033',NULL,'','Port Hunter Basketball Club','','','','','68A','Wolfe St','Newcastle',2300,2,9,NULL,NULL,NULL,NULL,NULL,NULL,1,6,219020079,'2010-08-15 00:00:00',1,'300.00',NULL,'2010-08-15 00:00:00',NULL,738050,0x01,0x00),
 (56,56,NULL,45669,1,0x00,0x00,NULL,'','Doug  Pickering',2,'Block A - Wallsend Admin Building',2287,'','49519610',NULL,'','MS Australia','','','','','Private Bag 4444 ','','Artarmon',1570,2,6,NULL,NULL,NULL,NULL,NULL,NULL,1,6,219020079,'2010-08-15 00:00:00',1,'300.00',NULL,'2010-08-15 00:00:00',NULL,738050,0x01,0x00),
 (57,57,NULL,45975,1,0x00,0x00,NULL,'','Craig Garland',2,'Building 15 - Abbot Street Depot',2287,'','0409366286',NULL,'','Cameron Park Rural Fire Brigade','','','','','PO Box 103','','West Wallsend',2286,2,8,NULL,NULL,NULL,NULL,NULL,NULL,1,6,219020079,'2010-08-15 00:00:00',1,'300.00',NULL,'2010-08-15 00:00:00',NULL,738050,0x01,0x00),
 (58,58,NULL,46144,1,0x00,0x00,NULL,'','Michael Brown',1,'Muswellbrook Depot ',2330,'','0427016178',NULL,'','Riding for the Disabled','','','','','Sandy Creek Rd','','Muswellbrook',2333,2,8,NULL,NULL,NULL,NULL,NULL,NULL,1,7,219020080,'2010-08-15 00:00:00',1,'300.00',NULL,'2010-08-15 00:00:00',NULL,738050,0x01,0x00),
 (59,59,NULL,46205,1,0x00,0x00,NULL,'','Bruce Bennett',1,'Muswellbrook Depot ',2333,'','0428238689',NULL,'','Cystic Fibrosis','','','','','PO Box 254','','North Ryde',1670,2,6,NULL,NULL,NULL,NULL,NULL,NULL,1,7,219020080,'2010-08-15 00:00:00',1,'300.00',NULL,'2010-08-15 00:00:00',NULL,738050,0x01,0x00),
 (60,60,NULL,46208,1,0x00,0x00,NULL,'','Craig Manwarring',1,'Muswellbrook Depot ',2333,'','0428474217',NULL,'','Muswellbrook Child Care Centre','','','','','Skellatar St','','Muswellbrook',2333,2,3,NULL,NULL,NULL,NULL,NULL,NULL,1,7,219020080,'2010-08-15 00:00:00',1,'300.00',NULL,'2010-08-15 00:00:00',NULL,738050,0x01,0x00),
 (61,61,NULL,46637,1,0x01,0x00,NULL,'','Jared Barclay',1,'Oatley',2232,'','0414192102',NULL,'','North Cronulla Surf Club','','','','','Cnr Prince & Mitchell Rd','','Cronulla',2230,2,4,NULL,NULL,NULL,NULL,NULL,NULL,0,3,219020076,'2010-08-15 00:00:00',1,'0.00',NULL,NULL,NULL,NULL,NULL,0x00),
 (62,62,NULL,46869,1,0x00,0x00,NULL,'','Martin Keyes',2,'Oatley',2230,'','0412674413',NULL,'','Marton Soccer Club','','','','','PO Box 562','','Engadine',2233,2,9,NULL,NULL,NULL,NULL,NULL,NULL,0,3,219020076,'2010-08-15 00:00:00',1,'300.00',NULL,'2010-08-15 00:00:00',NULL,738050,0x01,0x00),
 (63,63,NULL,47077,1,0x00,0x00,NULL,'','Marian Attfield',1,'Level 1, 5-7 Bryson St, Chatswood',2079,'','85696376',NULL,'','Lifeline, Harbour to Hawkesbury','','','','','4','Park Ave','Gordon',2072,2,8,NULL,NULL,NULL,NULL,NULL,NULL,0,2,219020075,'2010-08-15 00:00:00',1,'300.00',NULL,'2010-08-15 00:00:00',NULL,738050,0x01,0x00),
 (64,64,NULL,47130,1,0x00,0x00,NULL,'','Karl Bamber',4,'Block B - Wallsend Admin Building',2287,'','49101266',NULL,'','MS Australia','','','','','Private Bag 4444 ','','Artarmon',1570,2,6,NULL,NULL,NULL,NULL,NULL,NULL,1,6,219020079,'2010-08-15 00:00:00',1,'300.00',NULL,'2010-08-15 00:00:00',NULL,738050,0x01,0x00),
 (65,65,NULL,47133,1,0x00,0x00,NULL,'','Peter Bryan',4,'Block B - Wallsend Admin Building',2287,'','49101342',NULL,'','MS Australia','','','','','Private Bag 4444 ','','Artarmon',1570,2,6,NULL,NULL,NULL,NULL,NULL,NULL,1,6,219020079,'2010-08-15 00:00:00',1,'300.00',NULL,'2010-08-15 00:00:00',NULL,738050,0x01,0x00),
 (66,66,NULL,47401,1,0x00,0x00,NULL,'','Christian Bell',4,'Block B - Wallsend Admin Building',2287,'','49539287',NULL,'','MS Australia','','','','','Private Bag 4444 ','','Artarmon',1570,2,6,NULL,NULL,NULL,NULL,NULL,NULL,1,6,219020079,'2010-08-15 00:00:00',1,'300.00',NULL,'2010-08-15 00:00:00',NULL,738050,0x01,0x00),
 (67,67,NULL,47423,1,0x00,0x00,NULL,'','Mark  De Krey',1,'Building 3 - Abbot Street Depot',2287,'','49510118',NULL,'','Pelaw Mains Titans Soccer Club','','','','','PO Box 472','','Kurri Kurri',2327,2,9,NULL,NULL,NULL,NULL,NULL,NULL,1,6,219020079,'2010-08-15 00:00:00',1,'300.00',NULL,'2010-08-15 00:00:00',NULL,738050,0x01,0x00),
 (68,68,NULL,47841,1,0x00,0x00,NULL,'','Renae Johnson',5,'Level 11,HOB, 570 George Street, Sydney',2113,'','0292694465',NULL,'','RSPCA NSW','','','','','62','Hume Highway','Chullora',2190,2,1,NULL,NULL,NULL,NULL,NULL,NULL,1,1,219020074,'2010-08-15 00:00:00',1,'300.00',NULL,'2010-08-15 00:00:00',NULL,738050,0x01,0x00),
 (69,69,NULL,48532,1,0x00,0x00,NULL,'','Gary  Davis',1,'Muswellbrook Depot ',2333,'','0428412483',NULL,'','Scone Amateur Athletics Club','','','','','PO Box 69','','Scone',2337,2,9,NULL,NULL,NULL,NULL,NULL,NULL,1,7,219020080,'2010-08-15 00:00:00',1,'300.00',NULL,'2010-08-15 00:00:00',NULL,738050,0x01,0x00),
 (70,70,NULL,48698,1,0x00,0x00,NULL,'','Andrew Moriarty',6,'Block B - Wallsend Admin Building',2287,'','49101268',NULL,'','Plattsburg Public School P & C Association','','','','','Ranclaud St','','Wallsend',2287,2,3,NULL,NULL,NULL,NULL,NULL,NULL,1,6,219020079,'2010-08-15 00:00:00',1,'300.00',NULL,'2010-08-15 00:00:00',NULL,738050,0x01,0x00),
 (71,71,NULL,48888,1,0x00,0x00,NULL,'','Jim Graham',1,'Oatley',2227,'','0409077184',NULL,'','Gymea Gorillas JRLFC','','','','','PO Box 792','','Gymea',2227,2,9,NULL,NULL,NULL,NULL,NULL,NULL,1,3,219020076,'2010-08-15 00:00:00',1,'300.00',NULL,'2010-08-15 00:00:00',NULL,738050,0x01,0x00),
 (72,72,NULL,49688,1,0x00,0x00,NULL,'','Damien Barnard',1,'Building 3 - Abbot Street Depot',2287,'','0437591941',NULL,'','Cardiff Heights Christian Fellowship','','','','','30','Northville Dr','Edgeworth',2285,2,8,NULL,NULL,NULL,NULL,NULL,NULL,0,6,219020079,'2010-08-15 00:00:00',0,'0.00',NULL,NULL,NULL,738050,NULL,0x00),
 (73,73,NULL,49894,1,0x00,0x00,NULL,'','Peter Coulton',1,'Noraville',2261,'','0407060148',NULL,'','Cancer Council','','','','','PO Box 816','','Potts Point',1336,2,6,NULL,NULL,NULL,NULL,NULL,NULL,0,5,219020078,'2010-08-15 00:00:00',1,'300.00',NULL,'2010-08-15 00:00:00',NULL,738050,0x01,0x00),
 (74,74,NULL,52133,1,0x00,0x00,NULL,'','Luke Barfield',4,'Block B - Wallsend Admin Building',2287,'','49510112',NULL,'','MS Australia','','','','','Private Bag 4444 ','','Artarmon',1570,2,6,NULL,NULL,NULL,NULL,NULL,NULL,1,6,219020079,'2010-08-15 00:00:00',1,'300.00',NULL,'2010-08-15 00:00:00',NULL,738050,0x01,0x00),
 (75,75,NULL,52134,1,0x00,0x00,NULL,'','Rebecca  Rees',4,'Block B - Wallsend Admin Building',2287,'','49101459',NULL,'','MS Australia','','','','','Private Bag 4444 ','','Artarmon',1570,2,6,NULL,NULL,NULL,NULL,NULL,NULL,1,6,219020079,'2010-08-15 00:00:00',1,'300.00',NULL,'2010-08-15 00:00:00',NULL,738050,0x01,0x00),
 (76,76,NULL,52210,1,0x00,0x00,NULL,'','Erin  Counsell',4,'Block B - Wallsend Admin Building',2287,'','49519656',NULL,'','MS Australia','','','','','Private Bag 4444 ','','Artarmon',1570,2,6,NULL,NULL,NULL,NULL,NULL,NULL,1,6,219020079,'2010-08-15 00:00:00',1,'300.00',NULL,'2010-08-15 00:00:00',NULL,738050,0x01,0x00),
 (77,77,NULL,53254,1,0x00,0x00,NULL,'','Danielle Scott',4,'Block B - Wallsend Admin Building',2287,'','49519322',NULL,'','MS Australia','','','','','Private Bag 4444 ','','Artarmon',1570,2,6,NULL,NULL,NULL,NULL,NULL,NULL,1,6,219020079,'2010-08-15 00:00:00',1,'300.00',NULL,'2010-08-15 00:00:00',NULL,738050,0x01,0x00),
 (78,78,NULL,53345,1,0x00,0x00,NULL,'','Jessica Kleinberg',1,'Level 1, 5-7 Bryson St, Chatswood',2111,'','85696381',NULL,'','Engineers Without Borders','','','','','PO Box 388','','Melbourne',3205,7,8,NULL,NULL,NULL,NULL,NULL,NULL,1,2,219020075,'2010-08-15 00:00:00',1,'300.00',NULL,'2010-08-15 00:00:00',NULL,738050,0x01,0x00),
 (79,79,NULL,53368,1,0x00,0x00,NULL,'','Tim Youle',8,'Level 23, HOB',2086,'','92692449',NULL,'','KU Bambara Road Preschool','','','','','Cnr Bambara Rd and Forest Way','','Belrose',2085,2,8,NULL,NULL,NULL,NULL,NULL,NULL,1,2,219020075,'2010-08-15 00:00:00',1,'300.00',NULL,'2010-08-15 00:00:00',NULL,738050,0x01,0x00),
 (80,80,NULL,34133,1,0x00,0x00,NULL,'','Stephen Simmons',1,'Oatley',2214,'','35666',NULL,'','Revesby Heights Junior Cricket Club','','','','','Neptune Park','Edinburgh Drive','Revesby Heights',2212,2,9,NULL,NULL,NULL,NULL,NULL,NULL,1,4,219020077,'2010-08-15 00:00:00',1,'300.00',NULL,'2010-08-15 00:00:00',NULL,738050,0x01,0x00),
 (81,81,NULL,39935,1,0x00,0x00,NULL,'','Robert Addie',1,'B3 Homebush',2155,'','93946562',NULL,'','Baulkham Hills Australian Football Club','','','','','PO Box 6610 ','','Baulkham Hills BC',2153,2,9,NULL,NULL,NULL,NULL,NULL,NULL,1,4,219020077,'2010-08-15 00:00:00',1,'300.00',NULL,'2010-08-15 00:00:00',NULL,738050,0x01,0x00),
 (82,82,NULL,40174,1,0x00,0x00,NULL,'','Chris Lynch',1,'Bdg 5 Zetland',2211,'','0408202145',NULL,'','Illawarra RFS','','','','','Old Illawarra Rd','','Illawon',2234,2,4,NULL,NULL,NULL,NULL,NULL,NULL,1,4,219020077,'2010-08-15 00:00:00',1,'300.00',NULL,'2010-08-15 00:00:00',NULL,738050,0x01,0x00),
 (83,83,NULL,46762,1,0x00,0x00,NULL,'','Tim Dorrian',1,'Gore Hill',2138,'','0419146401',NULL,'','Concord West Public School','','','','','378','Concord Road','Concord West',2138,2,3,NULL,NULL,NULL,NULL,NULL,NULL,1,4,219020077,'2010-08-15 00:00:00',1,'300.00',NULL,'2010-08-15 00:00:00',NULL,738050,0x01,0x00),
 (84,84,NULL,47835,1,0x00,0x00,NULL,'','Tony Khalife',2,'St Davids Rd Haberfield',2045,'','0407256413',NULL,'','Auburn West Public School','','','','','Chiswick Rd','','Auburn',2144,2,3,NULL,NULL,NULL,NULL,NULL,NULL,1,4,219020077,'2010-08-15 00:00:00',1,'300.00',NULL,'2010-08-15 00:00:00',NULL,738050,0x01,0x00),
 (85,85,NULL,48142,1,0x00,0x00,NULL,'','Stephen Ashton',1,'Oatley',2170,'','35945',NULL,'','MS Australia','','','','','80','Betty Cuthbert Drive','Lidcombe',2141,2,6,NULL,NULL,NULL,NULL,NULL,NULL,1,4,219020077,'2010-08-15 00:00:00',1,'300.00',NULL,'2010-08-15 00:00:00',NULL,738050,0x01,0x00),
 (86,86,NULL,48770,1,0x00,0x00,NULL,'','Peter Flood',5,'HOB',2567,'','32056',NULL,'','Multiple Sclerosis Australia','','','','','2A/10','Carrington St','Marrickville',2204,2,6,NULL,NULL,NULL,NULL,NULL,NULL,1,4,219020077,'2010-08-15 00:00:00',1,'300.00',NULL,'2010-08-15 00:00:00',NULL,738050,0x01,0x00),
 (87,87,NULL,53260,1,0x00,0x00,NULL,'','Mano Muhunthan',2,'RCH',2145,'','31761',NULL,'','Girraween Public School','','','','','Bando Rd','','Girraween',2145,2,3,NULL,NULL,NULL,NULL,NULL,NULL,1,4,219020077,'2010-08-15 00:00:00',1,'300.00',NULL,'2010-08-15 00:00:00',NULL,738050,0x01,0x00),
 (88,88,NULL,30715,1,0x01,0x00,NULL,'','Garry O\'Brien',1,'Building 3, 25 - 27 Pomeroy St, Homebush',2007,'','93946973',NULL,'','Glebe/Leichhardt PCYC','','','','','2 - 4','Minogue Cresent','Glebe',2037,2,10,NULL,NULL,NULL,NULL,NULL,NULL,1,1,219020074,'2010-09-15 00:00:00',1,'0.00',NULL,NULL,NULL,NULL,NULL,0x00),
 (89,89,NULL,32928,1,0x00,0x00,NULL,'','Allan Brooker',1,'Bdg 5 Homebush',2168,'','0412814686',NULL,'','NUSwim','','','','','PO Box 22','Union Building','Newcastle University',2308,2,9,NULL,NULL,NULL,NULL,NULL,NULL,1,4,219020077,'2010-09-15 00:00:00',1,'300.00',NULL,'2010-09-15 00:00:00',NULL,738050,0x01,0x00),
 (90,90,NULL,37796,1,0x00,0x00,NULL,'','Stephen Hodge',1,'Bridge St Hornsby',2147,'','38224',NULL,'','St Bernadette\'s Lalor Park Parent Group','','','','','18','Wheeler St','Lalor Park',2147,2,3,NULL,NULL,NULL,NULL,NULL,NULL,1,4,219020077,'2010-09-15 00:00:00',1,'300.00',NULL,'2010-09-15 00:00:00',NULL,738050,0x01,0x00),
 (91,91,NULL,37853,1,0x00,0x00,NULL,'','Julie Brasher',4,'Lv 11, RCH',2234,'','0439304508',NULL,'','Cancer Council NSW','','','','','155','Dowling St','Woolloomooloo',2011,2,6,NULL,NULL,NULL,NULL,NULL,NULL,0,3,219020076,'2010-09-15 00:00:00',1,'300.00',NULL,'2010-09-15 00:00:00',NULL,738050,0x01,0x00),
 (92,92,NULL,38590,2,0x00,0x00,NULL,'','Warrick  Lang',1,'Noraville',2259,'','38590',NULL,'','M.S Australia','','','','','M.S Event','Private Bag 4444','Artarmon',4444,2,6,NULL,NULL,NULL,NULL,NULL,NULL,1,5,219020078,'2010-09-15 00:00:00',1,'300.00',NULL,'2010-09-15 00:00:00',NULL,738050,0x01,0x00),
 (93,93,NULL,38638,1,0x00,0x00,NULL,'','John Lyons',1,'Noraville',2261,'','43258767',NULL,'','M.S Australia','','','','','M.S Event','Private Bag 4444','Artarmon',4444,2,6,NULL,NULL,NULL,NULL,NULL,NULL,1,5,219020078,'2010-09-15 00:00:00',1,'300.00',NULL,'2010-09-15 00:00:00',NULL,738050,0x01,0x00),
 (94,94,NULL,39064,1,0x00,0x00,NULL,'','William  Stien',1,'Noraville',2261,'','0418961926',NULL,'','M.S Australia','','','','','M.S Event','Private Bag 4444','Artarmon',4444,2,6,NULL,NULL,NULL,NULL,NULL,NULL,1,5,219020078,'2010-09-15 00:00:00',1,'300.00',NULL,'2010-09-15 00:00:00',NULL,738050,0x01,0x00),
 (95,95,NULL,39935,1,0x00,0x00,NULL,'','Robert Addie',1,'Bdg 3 Homebush',2155,'','36562',NULL,'','Baulkham Hills Australian Football Club','','','','','PO Box 6610','','Baulkham Hills BC',2153,2,11,NULL,NULL,NULL,NULL,NULL,NULL,1,4,219020077,'2010-09-15 00:00:00',1,'300.00',NULL,'2010-09-15 00:00:00',NULL,738050,0x01,0x00),
 (96,96,NULL,39963,1,0x00,0x00,NULL,'','Paul  Stubbs',1,'Chatswood',2259,'','0418471622',NULL,'','Wyong Water polo','','','','','16','Mountain Ash Rd','Hamlyn Terrace',2259,2,9,NULL,NULL,NULL,NULL,NULL,NULL,1,5,219020078,'2010-09-15 00:00:00',1,'300.00',NULL,'2010-09-15 00:00:00',NULL,738050,0x01,0x00),
 (97,97,NULL,40245,1,0x00,0x00,NULL,'','James Hunkin',2,'Lv 15, HOB',2219,'','92697379',NULL,'','1st Oatley Bay Rover Crew','','','','','Annette St','','Oatley',2223,2,10,NULL,NULL,NULL,NULL,NULL,NULL,1,3,219020076,'2010-09-15 00:00:00',1,'300.00',NULL,'2010-09-15 00:00:00',NULL,738050,0x01,0x00),
 (98,98,NULL,40245,2,0x00,0x00,NULL,'','James Hunkin',2,'Lv 15, HOB',2219,'','92697379',NULL,'','Sans Souci Girl Guides','','','','','Sandringham St','','Sans Souci',2219,2,10,NULL,NULL,NULL,NULL,NULL,NULL,1,3,219020076,'2010-09-15 00:00:00',1,'300.00',NULL,'2010-09-15 00:00:00',NULL,738050,0x01,0x00),
 (99,99,NULL,41754,1,0x00,0x00,NULL,'','Russell Hokin',1,'Silverwater Training Centre',2557,'','0437408873',NULL,'','Mount Annan Swimming Club','','','','','PO Box 352','','Narellan',2567,2,9,NULL,NULL,NULL,NULL,NULL,NULL,1,4,219020077,'2010-09-15 00:00:00',1,'300.00',NULL,'2010-09-15 00:00:00',NULL,738050,0x01,0x00),
 (100,100,NULL,43467,1,0x00,0x00,NULL,'','Michael  Strong',1,'Noraville',2259,'','0408671187',NULL,'','M.S Australia','','','','','M.S Event','Private Bag 4444','Artarmon',4444,2,6,NULL,NULL,NULL,NULL,NULL,NULL,0,5,219020078,'2010-09-15 00:00:00',1,'300.00',NULL,'2010-09-15 00:00:00',NULL,738050,0x01,0x00),
 (101,101,NULL,43567,1,0x00,0x00,NULL,'','Troy Metcalfe',1,'Gosford',2262,'','0407293833',NULL,'','Rural Fire Services Wamberal','','','','','Tumbi Rd','','Wamberal',2260,2,4,NULL,NULL,NULL,NULL,NULL,NULL,1,5,219020078,'2010-09-15 00:00:00',1,'300.00',NULL,'2010-09-15 00:00:00',NULL,738050,0x01,0x00),
 (102,102,NULL,43569,1,0x01,0x00,NULL,'','Rene Ison',1,'Bdg 5 Homebush',2146,'','36603',NULL,'','Pendle Hill Cub Scouts','','','','','Scout Hall','Civic Park, Targo Rd','Pendle Hill',2145,2,10,NULL,NULL,NULL,NULL,NULL,NULL,1,4,219020077,'2010-09-15 00:00:00',1,'0.00',NULL,NULL,NULL,NULL,NULL,0x00),
 (103,103,NULL,44067,1,0x00,0x00,NULL,'','Jonathan Mallin',2,'Gnd Flr Bdg 1 Homebush',2776,'','36763',NULL,'','Blackheath RFS','','','','','Station St','','Blackheath',2785,2,4,NULL,NULL,NULL,NULL,NULL,NULL,1,4,219020077,'2010-09-15 00:00:00',1,'300.00',NULL,'2010-09-15 00:00:00',NULL,738050,0x01,0x00),
 (104,104,NULL,44067,2,0x00,0x00,NULL,'','Jonathan Mallin',2,'Gnd Flr Bdg 1 Homebush',2776,'','36763',NULL,'','Springwood Boys Brigade','','','','','14A','The Avenue','Warrimoo',2774,2,10,NULL,NULL,NULL,NULL,NULL,NULL,1,4,219020077,'2010-09-15 00:00:00',1,'300.00',NULL,'2010-09-15 00:00:00',NULL,738050,0x01,0x00),
 (105,105,NULL,44068,1,0x00,0x00,NULL,'','Joel McElveney',1,'Gnd Flr Bdg 1 51-59 Bridge Rd Hornsby',2154,'','38315',NULL,'','Oxfam','','','','','PO Box 1711','','Strawberry Hills',2012,2,11,NULL,NULL,NULL,NULL,NULL,NULL,1,4,219020077,'2010-09-15 00:00:00',1,'300.00',NULL,'2010-09-15 00:00:00',NULL,738050,0x01,0x00),
 (106,106,NULL,44441,1,0x00,0x00,NULL,'','Fiona Thurlow',4,'Block C - Wallsend Admin Building',2305,'','131502',NULL,'','New Lambton Junior Soccer Club','','','','','PO Box 209','','New Lambton',2305,2,9,NULL,NULL,NULL,NULL,NULL,NULL,1,6,219020079,'2010-09-15 00:00:00',1,'300.00',NULL,'2010-09-15 00:00:00',NULL,738050,0x01,0x00),
 (107,107,NULL,44684,1,0x00,0x00,NULL,'','Kerri  McCaw',4,'Block C - Wallsend Admin Building',2324,'','49510806',NULL,'','Seaham Public School P & C','','','','','Still St','','Seaham',2324,2,3,NULL,NULL,NULL,NULL,NULL,NULL,1,6,219020079,'2010-09-15 00:00:00',1,'300.00',NULL,'2010-09-15 00:00:00',NULL,738050,0x01,0x00),
 (108,108,NULL,44988,1,0x00,0x00,NULL,'','Tracey Neilson',4,'Block C - Wallsend Admin Building',2287,'','49510307',NULL,'','St Johns Primary School P & F Association','','','','','Dickson St','','Lambton',2299,2,3,NULL,NULL,NULL,NULL,NULL,NULL,0,6,219020079,'2010-09-15 00:00:00',1,'300.00',NULL,'2010-09-15 00:00:00',NULL,738050,0x01,0x00),
 (109,109,NULL,45505,1,0x00,0x00,NULL,'','Paul McGuinnes',1,'Building 14 - Abbott St Depot',2299,'','0418242360',NULL,'','NUSwim Swimming Club','','','','','PO Box 22 ','','Callaghan',2308,2,9,NULL,NULL,NULL,NULL,NULL,NULL,1,6,219020079,'2010-09-15 00:00:00',1,'300.00',NULL,'2010-09-15 00:00:00',NULL,738050,0x01,0x00),
 (110,110,NULL,45670,1,0x00,0x00,NULL,'','Simon Young',1,'Building 3 - Abbot Street Depot',2289,'','0408653136',NULL,'','Hamilton South Public School','','','','','96','Kenrick St','Merewether',2291,2,3,NULL,NULL,NULL,NULL,NULL,NULL,1,6,219020079,'2010-09-15 00:00:00',1,'300.00',NULL,'2010-09-15 00:00:00',NULL,738050,0x01,0x00),
 (111,111,NULL,45967,1,0x00,0x00,NULL,'','Garry Jones',1,'Singleton Depot Orchard Ave Singleton',2333,'','59716',NULL,'','Police Citizens Heights Cricket Club','','','','','17','Bathurst St','Singleton',2330,2,9,NULL,NULL,NULL,NULL,NULL,NULL,0,7,219020080,'2010-09-15 00:00:00',1,'300.00',NULL,'2010-09-15 00:00:00',NULL,738050,0x01,0x00),
 (112,112,NULL,46048,1,0x00,0x00,NULL,'','Christopher Cox',1,'Building 3 - Abbot Street Depot',2290,'','0419236763',NULL,'','Newcastle Talent Education Association ','','','','','27','Kendella Pde','Kahibah',2290,2,11,NULL,NULL,NULL,NULL,NULL,NULL,0,6,219020079,'2010-09-15 00:00:00',1,'300.00',NULL,'2010-09-15 00:00:00',NULL,738050,0x01,0x00),
 (113,113,NULL,46207,1,0x00,0x00,NULL,'','Jody Ingold',1,'Muswellbrook Depot ',2333,'','59023',NULL,'','Relay for Life','','','','','','','Muswellbrook',2333,2,6,NULL,NULL,NULL,NULL,NULL,NULL,0,7,219020080,'2010-09-15 00:00:00',1,'300.00',NULL,'2010-09-15 00:00:00',NULL,738050,0x01,0x00),
 (114,114,NULL,46510,1,0x00,0x00,NULL,'','Greg Irvine',1,'Noraville',2262,'','0409322794',NULL,'','Budgewoi Junior Guides','','','','','Narambi Rd','','Buff Point',2262,2,10,NULL,NULL,NULL,NULL,NULL,NULL,0,5,219020078,'2010-09-15 00:00:00',1,'300.00',NULL,'2010-09-15 00:00:00',NULL,738050,0x01,0x00),
 (115,115,NULL,46518,1,0x01,0x00,NULL,'','Robert  Arber',1,'Gosford',2256,'','0419483569',NULL,'','Marine Rescue','','','','','Kurrawa Av','','Point Clair',2256,2,4,NULL,NULL,NULL,NULL,NULL,NULL,0,5,219020078,'2010-09-15 00:00:00',1,'0.00',NULL,NULL,NULL,NULL,NULL,0x00),
 (116,116,NULL,46658,1,0x00,0x00,NULL,'','Jill Brett',1,'Bldg 5, Chatswood Depot',2087,'','94105470',NULL,'','Dragons Abreast Australia','','','','','GPO Box 1948','','Darwin',801,3,6,NULL,NULL,NULL,NULL,NULL,NULL,0,2,219020075,'2010-09-15 00:00:00',1,'300.00',NULL,'2010-09-15 00:00:00',NULL,738050,0x01,0x00),
 (117,117,NULL,46739,1,0x00,0x00,NULL,'','Paul McGlynn',2,'Block A - Wallsend Admin Building',2280,'','49519352',NULL,'','Lake Macquarie Winds','','','','','PO Box 3071','','Valentine',2280,2,11,NULL,NULL,NULL,NULL,NULL,NULL,0,6,219020079,'2010-09-15 00:00:00',1,'300.00',NULL,'2010-09-15 00:00:00',NULL,738050,0x01,0x00),
 (118,118,NULL,46877,1,0x00,0x00,NULL,'','Jenny  Griffen',6,' Level 19, HOB 570 George St Sydney',2050,'','92692625',NULL,'','Dragon\'s Abreast Australia','','','','','PO Box 36923','','Winnellie',821,3,6,NULL,NULL,NULL,NULL,NULL,NULL,1,1,219020074,'2010-09-15 00:00:00',1,'300.00',NULL,'2010-09-15 00:00:00',NULL,738050,0x01,0x00),
 (119,119,NULL,47149,1,0x00,0x00,NULL,'','Joshua  Hayden',2,'Level 8, RCH, 24 Campbell St, Sydney',2007,'','92726226',NULL,'','Dragon\'s Abreast Australia','','','','','PO Box 36923','','Winnellie',821,3,6,NULL,NULL,NULL,NULL,NULL,NULL,1,1,219020074,'2010-09-15 00:00:00',1,'300.00',NULL,'2010-09-15 00:00:00',NULL,738050,0x01,0x00),
 (120,120,NULL,47153,1,0x00,0x00,NULL,'','Michael Portelli',2,'Level 8, RCH, 24 Campbell St, Sydney',2007,'','92723524',NULL,'','Dragon\'s Abreast Australia','','','','','PO Box 36923','','Winnellie',821,3,6,NULL,NULL,NULL,NULL,NULL,NULL,1,1,219020074,'2010-09-15 00:00:00',1,'300.00',NULL,'2010-09-15 00:00:00',NULL,738050,0x01,0x00),
 (121,121,NULL,47254,1,0x00,0x00,NULL,'','Anna Richardson',2,'Level 8, RCH',2077,'','92723724',NULL,'','Dragons Abreast Australia','','','','','GPO Box 1948','','Darwin',801,3,6,NULL,NULL,NULL,NULL,NULL,NULL,1,2,219020075,'2010-09-15 00:00:00',1,'300.00',NULL,'2010-09-15 00:00:00',NULL,738050,0x01,0x00),
 (122,122,NULL,47350,1,0x00,0x00,NULL,'','Darragh O\'Hagan',4,'Block B - Wallsend Admin Building',2291,'','49510765',NULL,'','MS Australia','','','','','Private Bag 4444 ','','Artarmon',1570,2,6,NULL,NULL,NULL,NULL,NULL,NULL,1,6,219020079,'2010-09-15 00:00:00',1,'300.00',NULL,'2010-09-15 00:00:00',NULL,738050,0x01,0x00),
 (123,123,NULL,47412,1,0x00,0x00,NULL,'','Louise  Sneddon',4,'Block C - Wallsend Admin Building',2287,'','49070129',NULL,'','Newcastle Netball Association','','','','','Union St','','Newcastle',2300,2,9,NULL,NULL,NULL,NULL,NULL,NULL,0,6,219020079,'2010-09-15 00:00:00',1,'300.00',NULL,'2010-09-15 00:00:00',NULL,738050,0x01,0x00),
 (124,124,NULL,47473,1,0x00,0x00,NULL,'','Lesa Bradford',4,'Block C - Wallsend Admin Building',2322,'','131502',NULL,'','Thornton Park Junior Cricket Club','','','','','Taylor Ave','','Thornton',2322,2,9,NULL,NULL,NULL,NULL,NULL,NULL,1,6,219020079,'2010-09-15 00:00:00',1,'300.00',NULL,'2010-09-15 00:00:00',NULL,738050,0x01,0x00),
 (125,125,NULL,47649,1,0x00,0x00,NULL,'','Liz Reid',4,'Block C - Wallsend Admin Building',2290,'','49519556',NULL,'','Down Syndrome Association of NSW','','','','','32','Mabel St','Georgetown',2298,2,6,NULL,NULL,NULL,NULL,NULL,NULL,1,6,219020079,'2010-09-15 00:00:00',1,'300.00',NULL,'2010-09-15 00:00:00',NULL,738050,0x01,0x00),
 (126,126,NULL,48178,1,0x00,0x00,NULL,'','David Barlow',1,'Bldg 5, Zetland',2519,'','0448469146',NULL,'','Bulli Surf Life Saving Club','','','','','Trinity Row','','Bulli',2516,2,4,NULL,NULL,NULL,NULL,NULL,NULL,1,3,219020076,'2010-09-15 00:00:00',1,'300.00',NULL,'2010-09-15 00:00:00',NULL,738050,0x01,0x00),
 (127,127,NULL,48697,1,0x00,0x00,NULL,'','Mark De Lacey',3,'Lv 3, HOB',2232,'','0439134070',NULL,'','Dragons Abreast Australia Gift Account','','','','','GPO Box 1948','','Darwin',801,3,6,NULL,NULL,NULL,NULL,NULL,NULL,1,3,219020076,'2010-09-15 00:00:00',1,'300.00',NULL,'2010-09-15 00:00:00',NULL,738050,0x01,0x00),
 (128,128,NULL,48783,1,0x00,0x00,NULL,'','Celia Harris',2,'14 Nelson St Chatswood',2117,'','35310',NULL,'','North Rocks/Carlingford Little Athletics','','','','','5','Dunmore Rd','Epping',2121,2,9,NULL,NULL,NULL,NULL,NULL,NULL,1,4,219020077,'2010-09-15 00:00:00',1,'300.00',NULL,'2010-09-15 00:00:00',NULL,738050,0x01,0x00),
 (129,129,NULL,48888,2,0x00,0x00,NULL,'','James Graham',1,'Lv 1, Bldg 2, Oatley',2227,'','0409077184',NULL,'','Sutherland Little Athletics','','','','','PO Box 374','','Sutherland',1499,2,9,NULL,NULL,NULL,NULL,NULL,NULL,0,3,219020076,'2010-09-15 00:00:00',1,'300.00',NULL,'2010-09-15 00:00:00',NULL,738050,0x01,0x00),
 (130,130,NULL,48907,1,0x00,0x00,NULL,'','May Beadle',1,'Top Flr, Bldg 1, Oatley',2207,'','95855609',NULL,'','Dragons Abreast Australia Gift Account','','','','','GPO Box 1948','','Darwin',801,3,6,NULL,NULL,NULL,NULL,NULL,NULL,0,3,219020076,'2010-09-15 00:00:00',1,'300.00',NULL,'2010-09-15 00:00:00',NULL,738050,0x01,0x00),
 (131,131,NULL,49447,1,0x00,0x00,NULL,'','Lauren Tan',3,'Level 6, HOB',2064,'','92694662',NULL,'','Dragons Abreast Australia','','','','','GPO Box 1948','','Darwin',801,3,6,NULL,NULL,NULL,NULL,NULL,NULL,0,2,219020075,'2010-09-15 00:00:00',1,'300.00',NULL,'2010-09-15 00:00:00',NULL,738050,0x01,0x00),
 (132,132,NULL,49580,1,0x00,0x00,NULL,'','Leonie Martin',4,'Block C - Wallsend Admin Building',2285,'','131502',NULL,'','Glendale Early Education Centre','','','','','Stockland Dr','','Glendale',2285,2,3,NULL,NULL,NULL,NULL,NULL,NULL,1,6,219020079,'2010-09-15 00:00:00',1,'300.00',NULL,'2010-09-15 00:00:00',NULL,738050,0x01,0x00),
 (133,133,NULL,49614,1,0x00,0x00,NULL,'','Megan Bailey',2,'Block A - Wallsend Admin Building',2291,'','49519280',NULL,'','Henry St Community Pre-School','','','','','Henry St','','Merewether',2291,2,3,NULL,NULL,NULL,NULL,NULL,NULL,1,6,219020079,'2010-09-15 00:00:00',1,'300.00',NULL,'2010-09-15 00:00:00',NULL,738050,0x01,0x00),
 (134,134,NULL,49670,1,0x00,0x00,NULL,'','Diane Rozos',5,'Lv 11, HOB',2223,'','92692984',NULL,'','RSPCA NSW','','','','','62','Hume Hwy','Chullora',2190,2,1,NULL,NULL,NULL,NULL,NULL,NULL,0,3,219020076,'2010-09-15 00:00:00',1,'300.00',NULL,'2010-09-15 00:00:00',NULL,738050,0x01,0x00),
 (135,135,NULL,49727,1,0x00,0x00,NULL,'','Chun Yik Lim',6,'Level 8, HOB',2067,'','92694389',NULL,'','Dragons Abreast Australia','','','','','GPO Box 1948','','Darwin',801,3,6,NULL,NULL,NULL,NULL,NULL,NULL,0,2,219020075,'2010-09-15 00:00:00',1,'300.00',NULL,'2010-09-15 00:00:00',NULL,738050,0x01,0x00),
 (136,136,NULL,50198,1,0x00,0x00,NULL,'','Joseph Canaris',1,'Level 8, RCH',2092,'','0404186167',NULL,'','Dragons Abreast Australia','','','','','GPO Box 1948','','Darwin',801,3,6,NULL,NULL,NULL,NULL,NULL,NULL,0,2,219020075,'2010-09-15 00:00:00',1,'300.00',NULL,'2010-09-15 00:00:00',NULL,738050,0x01,0x00),
 (137,137,NULL,50512,1,0x00,0x00,NULL,'','Michelle Fretten',2,'Bldg 1, Homebush',2229,'','93946678',NULL,'','Elouera Surf Life Saving Club','','','','','Mitchell Rd','','Cronulla',2230,2,4,NULL,NULL,NULL,NULL,NULL,NULL,1,3,219020076,'2010-09-15 00:00:00',1,'300.00',NULL,'2010-09-15 00:00:00',NULL,738050,0x01,0x00),
 (138,138,NULL,50673,1,0x00,0x00,NULL,'','Sean McGaharan',1,'Gosford',2263,'','38609',NULL,'','M.S Australia','','','','','M.S Event','Private Bag 4444','Artarmon',4444,2,6,NULL,NULL,NULL,NULL,NULL,NULL,0,5,219020078,'2010-09-15 00:00:00',1,'300.00',NULL,'2010-09-15 00:00:00',NULL,738050,0x01,0x00),
 (139,139,NULL,50762,1,0x00,0x00,NULL,'','Emma Cunningham',6,'Level 14, HOB',2065,'','92692762',NULL,'','Dragons Abreast Australia','','','','','GPO Box 1948','','Darwin',801,3,6,NULL,NULL,NULL,NULL,NULL,NULL,1,2,219020075,'2010-09-15 00:00:00',1,'300.00',NULL,'2010-09-15 00:00:00',NULL,738050,0x01,0x00),
 (140,140,NULL,50802,1,0x00,0x00,NULL,'','Perry Stephenson',2,'Level 10, RCH, 24 Campbell St, Sydney',2035,'','0434950878',NULL,'','MS Australia','','','','','Private bag 4444','','Artamon',1570,2,6,NULL,NULL,NULL,NULL,NULL,NULL,1,1,219020074,'2010-09-15 00:00:00',1,'300.00',NULL,'2010-09-15 00:00:00',NULL,738050,0x01,0x00),
 (141,141,NULL,50933,1,0x00,0x00,NULL,'','Matthew  Ophir',1,'Building 3 - Abbot Street Depot',2289,'','0408653136',NULL,'','Adamstown Primary School P & C','','','','','1A','Bryant St','Adamstown',2291,2,3,NULL,NULL,NULL,NULL,NULL,NULL,1,6,219020079,'2010-09-15 00:00:00',1,'300.00',NULL,'2010-09-15 00:00:00',NULL,738050,0x01,0x00),
 (142,142,NULL,51103,1,0x00,0x00,NULL,'','Jullian  North',2,'Level 8, RCH, 24 Campbell St, Sydney',2050,'','92923790',NULL,'','Dragon\'s Abreast Australia','','','','','PO Box 36923','','Winnellie',821,3,6,NULL,NULL,NULL,NULL,NULL,NULL,1,1,219020074,'2010-09-15 00:00:00',1,'300.00',NULL,'2010-09-15 00:00:00',NULL,738050,0x01,0x00),
 (143,143,NULL,51501,1,0x00,0x00,NULL,'','Victoria Watson',2,'Gnd Flr, Bldg 2, Homebush',2560,'','93946002',NULL,'','RSPCA NSW','','','','','62','Hume Hwy','Chullora',2190,2,1,NULL,NULL,NULL,NULL,NULL,NULL,1,3,219020076,'2010-09-15 00:00:00',1,'300.00',NULL,'2010-09-15 00:00:00',NULL,738050,0x01,0x00),
 (144,144,NULL,52161,1,0x00,0x00,NULL,'','Allan Brooker',6,'Block C - Wallsend Admin Building',2324,'','0458713279',NULL,'','NUSwim Swimming Club','','','','','PO Box 22','','Callaghan',2308,2,9,NULL,NULL,NULL,NULL,NULL,NULL,1,6,219020079,'2010-09-15 00:00:00',1,'300.00',NULL,'2010-09-15 00:00:00',NULL,738050,0x01,0x00),
 (145,145,NULL,52688,1,0x00,0x00,NULL,'','Michael Henry',1,'Gnd Flr, Bldg 1, Homebush',2227,'','88785032',NULL,'','Elouera Surf Life Saving Club','','','','','Mitchell Rd','','Cronulla',2230,2,4,NULL,NULL,NULL,NULL,NULL,NULL,0,3,219020076,'2010-09-15 00:00:00',1,'300.00',NULL,'2010-09-15 00:00:00',NULL,738050,0x01,0x00),
 (146,146,NULL,53015,1,0x00,0x00,NULL,'','Ben Vaughan',1,'Gosford',2261,'','0419637895',NULL,'','M.S Australia','','','','','M.S Event','Private Bag 4444','Artarmon',4444,2,6,NULL,NULL,NULL,NULL,NULL,NULL,0,5,219020078,'2010-09-15 00:00:00',1,'300.00',NULL,'2010-09-15 00:00:00',NULL,738050,0x01,0x00),
 (147,147,NULL,54544,1,0x00,0x00,NULL,'','Greg Smith',4,'Block B - Wallsend Admin Building',2323,'','49544086',NULL,'','MS Australia','','','','','Private Bag 4444 ','','Artarmon',1570,2,6,NULL,NULL,NULL,NULL,NULL,NULL,0,6,219020079,'2010-09-15 00:00:00',1,'300.00',NULL,'2010-09-15 00:00:00',NULL,738050,0x01,0x00),
 (148,148,NULL,30781,1,0x00,0x00,NULL,'','John Cummings',2,'Bldg 3, Oatley',2224,'','0412707368',NULL,'','Multiple Sclerosis Australia','','','','','54','Railway Rd','Blackburn',3130,7,6,NULL,NULL,NULL,NULL,NULL,NULL,1,3,219020076,'2010-10-15 00:00:00',1,'300.00',NULL,'2010-10-15 00:00:00',NULL,738050,0x01,0x00),
 (149,149,NULL,32436,1,0x00,0x00,NULL,'','Colin Haywood',2,'Bldg 3, Oatley',2230,'','0412418004',NULL,'','Cronulla Surf Life Saving Club','','','','','PO Box 8','','Cronulla',2230,2,4,NULL,NULL,NULL,NULL,NULL,NULL,1,3,219020076,'2010-10-15 00:00:00',1,'300.00',NULL,'2010-10-15 00:00:00',NULL,738050,0x01,0x00),
 (150,150,NULL,35087,2,0x00,0x00,NULL,'','Phil  Wilson',1,'Noraville',2250,'','0412465982',NULL,'','M S Australia','','','','','M.S Event','Private Bag 4444','Artarmon',2063,2,6,NULL,NULL,NULL,NULL,NULL,NULL,1,5,219020078,'2010-10-15 00:00:00',1,'300.00',NULL,'2010-10-15 00:00:00',NULL,738050,0x01,0x00),
 (151,151,NULL,35508,1,0x00,0x00,NULL,'','Peter Duffy',8,'Homebush',2251,'','0419630995',NULL,'','Mary Mac\'s Place','','','','','Blackwall rd ','','Woy Woy',2256,2,8,NULL,NULL,NULL,NULL,NULL,NULL,0,5,219020078,'2010-10-15 00:00:00',1,'300.00',NULL,'2010-10-15 00:00:00',NULL,738050,0x01,0x00),
 (152,152,NULL,35806,1,0x00,0x00,NULL,'','Robert  James',2,'Gosford',2250,'','43258761',NULL,'','Gosford RFS comunity Education','','','','','PO Box 7092','','Kariong',2250,2,8,NULL,NULL,NULL,NULL,NULL,NULL,0,5,219020078,'2010-10-15 00:00:00',1,'300.00',NULL,'2010-10-15 00:00:00',NULL,738050,0x01,0x00),
 (153,153,NULL,37827,1,0x00,0x01,NULL,'Team EA','Adam Gaebel',1,'Blg 3, Hornsby Depot',2107,'','94778225',NULL,'','Movember Foundation','','','','','PO Box 292','','Prahran',3181,7,7,NULL,NULL,NULL,NULL,NULL,NULL,0,2,219020075,'2010-10-15 00:00:00',1,'300.00',NULL,'2010-10-15 00:00:00',NULL,738050,0x01,0x00),
 (154,154,NULL,38034,1,0x00,0x00,NULL,'','Russell Jenkins',2,'L1 Bdg3 Oatley',2143,'','95855651',NULL,'','Birrong Public School','','','','','132','Auburn Road','Birrong',2143,2,3,NULL,NULL,NULL,NULL,NULL,NULL,1,4,219020077,'2010-10-15 00:00:00',1,'300.00',NULL,'2010-10-15 00:00:00',NULL,738050,0x01,0x00),
 (155,155,NULL,40693,1,0x00,0x00,NULL,'','Ian Wood',1,'84 Green St Telarah',2323,'','49349194',NULL,'','Newcastle Surf Life Saving Club','','','','','The Esplanade','Newcastle Beach','Newcastle',2300,2,9,NULL,NULL,NULL,NULL,NULL,NULL,1,6,219020079,'2010-10-15 00:00:00',1,'300.00',NULL,'2010-10-15 00:00:00',NULL,738050,0x01,0x00),
 (156,156,NULL,41491,2,0x00,0x00,NULL,'','Gino Guerrera ',1,'Grd Flr, Blg 3, Oatley',2035,'','4141192101',NULL,'','St Stephen\'s Children\'s Centre','','','','','PO Box 3196','','Bellevue Hill',3196,2,3,NULL,NULL,NULL,NULL,NULL,NULL,0,1,219020074,'2010-10-15 00:00:00',1,'300.00',NULL,'2010-10-15 00:00:00',NULL,738050,0x01,0x00),
 (157,157,NULL,43367,1,0x00,0x00,NULL,'','Chris Jeffries',2,'Bldg 3, Oatley',2515,'','0412607976',NULL,'','Multiple Sclerosis Australia','','','','','54','Railway Rd','Blackburn',3130,7,6,NULL,NULL,NULL,NULL,NULL,NULL,0,3,219020076,'2010-10-15 00:00:00',1,'300.00',NULL,'2010-10-15 00:00:00',NULL,738050,0x01,0x00),
 (158,158,NULL,43700,1,0x00,0x00,NULL,'','Peter Jones',4,'Suite 5, 14 Pioneer Ave Tuggerah',2281,'','43998039',NULL,'','Blacksmiths Boardriders Club','','','','','6','Garrawantara St','Blacksmiths',2281,2,9,NULL,NULL,NULL,NULL,NULL,NULL,1,6,219020079,'2010-10-15 00:00:00',1,'300.00',NULL,'2010-10-15 00:00:00',NULL,738050,0x01,0x00),
 (159,159,NULL,43705,1,0x00,0x00,NULL,'','Evan Partridge',1,'Bdg 1 L1 Homebush',2763,'','36552',NULL,'','Noahs Ark Preschool','','','','','32','Highfield Rd','Quakers Hill',2763,2,3,NULL,NULL,NULL,NULL,NULL,NULL,1,4,219020077,'2010-10-15 00:00:00',1,'300.00',NULL,'2010-10-15 00:00:00',NULL,738050,0x01,0x00),
 (160,160,NULL,43881,1,0x00,0x00,NULL,'','Dai Vuong',8,'Meadowbank',2145,'','35045',NULL,'','Dragons Abreast Australia','','','','','GPO Box 1945','','Darwin',801,3,6,NULL,NULL,NULL,NULL,NULL,NULL,1,4,219020077,'2010-10-15 00:00:00',1,'300.00',NULL,'2010-10-15 00:00:00',NULL,738050,0x01,0x00),
 (161,161,NULL,44433,1,0x00,0x00,NULL,'','Jim Carey',1,'Singleton Depot Orchard Ave Singleton',2330,'','0428432766',NULL,'','Singleton & District Junior Cricket Assn','','','','','Lawson St','','Singleton',2330,2,9,NULL,NULL,NULL,NULL,NULL,NULL,1,7,219020080,'2010-10-15 00:00:00',1,'300.00',NULL,'2010-10-15 00:00:00',NULL,738050,0x01,0x00),
 (162,162,NULL,44702,1,0x00,0x01,NULL,'Team EA','George Matlabarow',7,'Lvl 22, HOB',2114,'','92692111',NULL,'','Movember Foundation','','','','','PO Box 292','','Prahran',3181,7,7,NULL,NULL,NULL,NULL,NULL,NULL,0,2,219020075,'2010-10-15 00:00:00',1,'300.00',NULL,'2010-10-15 00:00:00',NULL,738050,0x01,0x00),
 (163,163,NULL,46029,1,0x00,0x00,NULL,'','Scott  Bell',1,'Building 2 - Abbott St Wallsend',2316,'','',NULL,'','Nelson Bay RSL Amateur Swimming Club','','','','','Tomaree Aquatic Centre','','Salamander Bay',2315,2,9,NULL,NULL,NULL,NULL,NULL,NULL,1,6,219020079,'2010-10-15 00:00:00',1,'300.00',NULL,'2010-10-15 00:00:00',NULL,738050,0x01,0x00),
 (164,164,NULL,46047,1,0x00,0x00,NULL,'','Matthew  Cartwright',1,'Maitland Depot',2325,'','0417694202',NULL,'','Coalfields United Amateur Swimming Club','','','','','28','Davis St','Cessnock',2325,2,9,NULL,NULL,NULL,NULL,NULL,NULL,1,6,219020079,'2010-10-15 00:00:00',1,'300.00',NULL,'2010-10-15 00:00:00',NULL,738050,0x01,0x00),
 (165,165,NULL,46122,1,0x00,0x00,NULL,'','Shane Lloyd',1,'Muswellbrook Depot ',2333,'','0409782053',NULL,'','Aberdeen Senior & Little Athletics Centre','','','','','8','Mount St','Aberdeen',2336,2,9,NULL,NULL,NULL,NULL,NULL,NULL,1,7,219020080,'2010-10-15 00:00:00',1,'300.00',NULL,'2010-10-15 00:00:00',NULL,738050,0x01,0x00),
 (166,166,NULL,46219,1,0x01,0x00,NULL,'','Simon White',1,'Muswellbrook Depot ',2330,'','0411727644',NULL,'','Singleton Rugby Club','','','','','Howe St','','Singleton',2330,2,9,NULL,NULL,NULL,NULL,NULL,NULL,1,7,219020080,'2010-10-15 00:00:00',1,'300.00',NULL,'2010-10-15 00:00:00',NULL,NULL,0x01,0x00),
 (167,167,NULL,46219,1,0x00,0x00,NULL,'','Christina Page',1,'Muswellbrook Depot ',2333,'','53202',NULL,'','Muswellbrook Hospital Aux','','','','','King Street','','Muswellbrook',2333,2,8,NULL,NULL,NULL,NULL,NULL,NULL,1,7,219020080,'2010-10-15 00:00:00',1,'300.00',NULL,'2010-10-15 00:00:00',NULL,738050,0x01,0x00),
 (168,168,NULL,46466,1,0x00,0x00,NULL,'','Michael Bridge',1,'Muswellbrook Depot ',2333,'','59074',NULL,'','Singleton Junior Rugby League','','','','','PO Box 307 ','','Singleton',2330,2,9,NULL,NULL,NULL,NULL,NULL,NULL,1,7,219020080,'2010-10-15 00:00:00',1,'300.00',NULL,'2010-10-15 00:00:00',NULL,738050,0x01,0x00),
 (169,169,NULL,46522,1,0x00,0x00,NULL,'','Peter Kramel',1,'Bldg 2, Dee Why Depot',2100,'','99819922',NULL,'','City of Sydney State Emergency Service Unit','','','','','125','Railway Pde','Erskinville',2043,2,4,NULL,NULL,NULL,NULL,NULL,NULL,1,2,219020075,'2010-10-15 00:00:00',1,'300.00',NULL,'2010-10-15 00:00:00',NULL,738050,0x01,0x00),
 (170,170,NULL,46522,2,0x00,0x00,NULL,'','Peter Kramel',1,'Bldg 2, Dee Why Depot',2100,'','99819922',NULL,'','Sydney Metropolitan Wildlife Service','','','','','PO Box 78','','Lindfield',2070,2,1,NULL,NULL,NULL,NULL,NULL,NULL,1,2,219020075,'2010-10-15 00:00:00',1,'300.00',NULL,'2010-10-15 00:00:00',NULL,738050,0x01,0x00),
 (171,171,NULL,46651,1,0x00,0x00,NULL,'','Richard Standen',1,'Muswellbrook Depot ',2333,'','53201',NULL,'','Cancer Council Relay for Life','','','','','22','Lambton Rd','Broadmeadow',2292,2,6,NULL,NULL,NULL,NULL,NULL,NULL,1,7,219020080,'2010-10-15 00:00:00',1,'300.00',NULL,'2010-10-15 00:00:00',NULL,738050,0x01,0x00),
 (172,172,NULL,46802,1,0x00,0x00,NULL,'','Nicola  Lowe',4,'Block A - Wallsend Admin Building',2287,'','49519954',NULL,'','Glendore Child Care Centre','','','','','4-6','Glendore Pde','Maryland',2287,2,3,NULL,NULL,NULL,NULL,NULL,NULL,1,6,219020079,'2010-10-15 00:00:00',1,'300.00',NULL,'2010-10-15 00:00:00',NULL,738050,0x01,0x00),
 (173,173,NULL,46851,1,0x00,0x00,NULL,'','Jeremy Woodbridge',2,'Level 10, 24 Campbell Street, Sydney',2041,'','0292726229',NULL,'','Black Dog Institute','','','','','Hospital Road, Prince of Wales Hospital','','Randwick',2031,2,6,NULL,NULL,NULL,NULL,NULL,NULL,1,1,219020074,'2010-10-15 00:00:00',1,'300.00',NULL,'2010-10-15 00:00:00',NULL,738050,0x01,0x00),
 (174,174,NULL,46851,1,0x00,0x00,NULL,'','Nathan Seckold',1,'Noraville',2262,'','0448963865',NULL,'','Central Coast Diggers Cricket Club','','','','','56','Hiene Avenue','Halekulani',2262,2,9,NULL,NULL,NULL,NULL,NULL,NULL,0,5,219020078,'2010-10-15 00:00:00',1,'300.00',NULL,'2010-10-15 00:00:00',NULL,738050,0x01,0x00),
 (175,175,NULL,47052,1,0x00,0x00,NULL,'','Chris  Boles',1,'Muswellbrook Depot ',2330,'','59096',NULL,'','Muswellbrook PCYC','','','','','Carl St','','Muswellbrook',2333,2,9,NULL,NULL,NULL,NULL,NULL,NULL,1,7,219020080,'2010-10-15 00:00:00',1,'300.00',NULL,'2010-10-15 00:00:00',NULL,738050,0x01,0x00),
 (176,176,NULL,47074,1,0x00,0x00,NULL,'','Linda Prentice',4,'Tuggerah',2261,'','43998057',NULL,'','Cancer Council','','','','','The Hive','Erina Fair','Erina',2250,2,6,NULL,NULL,NULL,NULL,NULL,NULL,1,5,219020078,'2010-10-15 00:00:00',1,'300.00',NULL,'2010-10-15 00:00:00',NULL,738050,0x01,0x00),
 (177,177,NULL,47163,1,0x00,0x00,NULL,'','Sharon Mallin',8,'Silverwater Training Centre',2776,'','30216',NULL,'','Springwood Boys Brigade','','','','','14A','The Avenue','Warrimoo',2774,2,10,NULL,NULL,NULL,NULL,NULL,NULL,1,4,219020077,'2010-10-15 00:00:00',1,'300.00',NULL,'2010-10-15 00:00:00',NULL,738050,0x01,0x00),
 (178,178,NULL,47406,1,0x00,0x00,NULL,'','Nicole Byrne',4,'Block A - Wallsend Admin Building',2280,'','49510860',NULL,'','Jewells OOSHC','','','','','Fencott Drive','','Jewells',2280,2,3,NULL,NULL,NULL,NULL,NULL,NULL,0,6,219020079,'2010-10-15 00:00:00',1,'300.00',NULL,'2010-10-15 00:00:00',NULL,738050,0x01,0x00),
 (179,179,NULL,47525,1,0x00,0x00,NULL,'','Mark Jordan',1,'Singleton Depot Orchard Ave Singleton',2330,'','59720',NULL,'','Singleton Junior Rugby Union','','','','','Howe St','','Howe Singleton',2330,2,9,NULL,NULL,NULL,NULL,NULL,NULL,1,7,219020080,'2010-10-15 00:00:00',1,'300.00',NULL,'2010-10-15 00:00:00',NULL,738050,0x01,0x00),
 (180,180,NULL,47900,1,0x00,0x00,NULL,'','Greg Scott',1,'Gore Hill Overhead',2756,'','0417273310',NULL,'','UWS Hawkesbury Childcare Centre','','','','','Bldg P4','','Richmond',2753,2,3,NULL,NULL,NULL,NULL,NULL,NULL,1,4,219020077,'2010-10-15 00:00:00',1,'300.00',NULL,'2010-10-15 00:00:00',NULL,738050,0x01,0x00),
 (181,181,NULL,47907,1,0x00,0x00,NULL,'','Michael Oldham',1,'Abbott St Wallsend',2323,'','0404075543',NULL,'','East Maitland SchoolBoys Rugby League Club','','','','','PO Box 610','','East Maitland',2323,2,9,NULL,NULL,NULL,NULL,NULL,NULL,1,6,219020079,'2010-10-15 00:00:00',1,'300.00',NULL,'2010-10-15 00:00:00',NULL,738050,0x01,0x00),
 (182,182,NULL,47956,1,0x00,0x00,NULL,'','Robert  Newman',1,'Muswellbrook Depot ',2328,'','59000',NULL,'','Denman Little Athletics','','','','','PO Box 32','','Denamn',2328,2,9,NULL,NULL,NULL,NULL,NULL,NULL,1,7,219020080,'2010-10-15 00:00:00',1,'300.00',NULL,'2010-10-15 00:00:00',NULL,738050,0x01,0x00),
 (183,183,NULL,47981,1,0x00,0x00,NULL,'','Sarah Hall',3,'5 Bridge St, Pymble',2112,'','92697380',NULL,'','National Breast Cancer Foundation','','','','','GPO Box 4126','','Sydney',2001,2,6,NULL,NULL,NULL,NULL,NULL,NULL,1,2,219020075,'2010-10-15 00:00:00',1,'300.00',NULL,'2010-10-15 00:00:00',NULL,738050,0x01,0x00),
 (184,184,NULL,47988,1,0x00,0x00,NULL,'','Robert  Beckingham',1,'Muswellbrook Depot ',2333,'','0488026222',NULL,'','Muswellbrook Junior Rugby League','','','','','PO Box 207','','Muswellbrook',2333,2,9,NULL,NULL,NULL,NULL,NULL,NULL,1,7,219020080,'2010-10-15 00:00:00',1,'300.00',NULL,'2010-10-15 00:00:00',NULL,738050,0x01,0x00),
 (185,185,NULL,47999,1,0x00,0x00,NULL,'','Narelle Smith',2,'L3 UnitA 12 Frederick St Artarmon',2767,'','66287',NULL,'','Cure our Kids','','','','','111/20','Dave St','Brookvale',2100,2,6,NULL,NULL,NULL,NULL,NULL,NULL,1,4,219020077,'2010-10-15 00:00:00',1,'300.00',NULL,'2010-10-15 00:00:00',NULL,738050,0x01,0x00),
 (186,186,NULL,48226,1,0x00,0x00,NULL,'','Belinda  Chung',5,'Level 11,HOB, 570 George Street, Sydney',2009,'','0292694994',NULL,'','Dragon\'s Abreast Australia','','','','','PO Box 36923','','Winnellie',821,3,6,NULL,NULL,NULL,NULL,NULL,NULL,1,1,219020074,'2010-10-15 00:00:00',1,'300.00',NULL,'2010-10-15 00:00:00',NULL,738050,0x01,0x00),
 (187,187,NULL,48226,2,0x00,0x00,NULL,'','Belinda  Chung',5,'Level 11, 570 George Street, Sydney',2009,'','0292694266',NULL,'','Blackwattle Bay Dragon Boat Club','','','','','Unit 8','Underwood Ave','Homebush',2140,2,10,NULL,NULL,NULL,NULL,NULL,NULL,1,1,219020074,'2010-10-15 00:00:00',1,'300.00',NULL,'2010-10-15 00:00:00',NULL,738050,0x01,0x00),
 (188,188,NULL,48286,1,0x00,0x00,NULL,'','Mark Thorley',1,'Muswellbrook Depot ',2333,'','59071',NULL,'','PCYC Muswellbrook','','','','','Carl St','','Muswellbrook',2333,2,9,NULL,NULL,NULL,NULL,NULL,NULL,1,7,219020080,'2010-10-15 00:00:00',1,'300.00',NULL,'2010-10-15 00:00:00',NULL,738050,0x01,0x00),
 (189,189,NULL,48357,1,0x00,0x00,NULL,'','Keith  Donaldson',1,'Green St Telarah',2322,'','',NULL,'','Dads In Distress Hunter Regions ','','','','','PO Box J395','','Coffs Harbour Jetty',2450,2,11,NULL,NULL,NULL,NULL,NULL,NULL,1,6,219020079,'2010-10-15 00:00:00',1,'300.00',NULL,'2010-10-15 00:00:00',NULL,738050,0x01,0x00),
 (190,190,NULL,48720,1,0x00,0x00,NULL,'','Shane Cox',1,'Green St Telarah',2320,'','49349194',NULL,'','Newcastle Surf Life Saving Club','','','','','The Esplanade','Newcastle Beach','Newcastle',2300,2,9,NULL,NULL,NULL,NULL,NULL,NULL,1,6,219020079,'2010-10-15 00:00:00',1,'300.00',NULL,'2010-10-15 00:00:00',NULL,738050,0x01,0x00),
 (191,191,NULL,49585,1,0x00,0x00,NULL,'','Lee-Anne Cox',4,'Block A - Wallsend Admin Building',2283,'','49510860',NULL,'','Toronto Community Child Care','','','','','17','Thorne St','Toronto',2283,2,3,NULL,NULL,NULL,NULL,NULL,NULL,1,6,219020079,'2010-10-15 00:00:00',1,'300.00',NULL,'2010-10-15 00:00:00',NULL,738050,0x01,0x00),
 (192,192,NULL,49978,1,0x00,0x00,NULL,'','Kim Wood',4,'Block A - Wallsend Admin Building',2287,'','49519973',NULL,'','St Patricks Primary School P & F','','','','','Wentworth St','','Wallsend',2287,2,3,NULL,NULL,NULL,NULL,NULL,NULL,1,6,219020079,'2010-10-15 00:00:00',1,'300.00',NULL,'2010-10-15 00:00:00',NULL,738050,0x01,0x00),
 (193,193,NULL,50447,1,0x00,0x01,NULL,'Team EA','Mark Ambrose',1,'Muswellbrook Depot',2330,'','65429078',NULL,'','Movember Foundation','','','','','PO Box 292','','Prahran',3181,7,7,NULL,NULL,NULL,NULL,NULL,NULL,0,7,219020080,'2010-10-15 00:00:00',1,'300.00',NULL,'2010-10-15 00:00:00',NULL,738050,0x01,0x00),
 (194,194,NULL,51768,1,0x00,0x01,NULL,'Team EA','Jonathan Chapman',5,'Lvl 8, HOB',2066,'','92692661',NULL,'','Movember Foundation','','','','','PO Box 292','','Prahran',3181,7,7,NULL,NULL,NULL,NULL,NULL,NULL,0,2,219020075,'2010-10-15 00:00:00',1,'300.00',NULL,'2010-10-15 00:00:00',NULL,738050,0x01,0x00),
 (195,195,NULL,51768,1,0x01,0x00,NULL,'','Jonathan Chapman',5,'Level 8, HOB',2066,'','92692661',NULL,'','Kindy Cove Child Care Centre','','','','','48','Phoenix St','Lane Cove',2066,2,3,NULL,NULL,NULL,NULL,NULL,NULL,1,2,219020075,'2010-10-15 00:00:00',0,'0.00',NULL,NULL,NULL,NULL,NULL,0x00),
 (196,196,NULL,52176,1,0x00,0x00,NULL,'','Anthony Harper',6,'Block C - Wallsend Admin Building',2258,'','0447403857',NULL,'','Cancer Council','','','','','PO Box 5102','','Erina Fair',2250,2,6,NULL,NULL,NULL,NULL,NULL,NULL,1,6,219020079,'2010-10-15 00:00:00',1,'300.00',NULL,'2010-10-15 00:00:00',NULL,738050,0x01,0x00),
 (197,197,NULL,53097,1,0x00,0x00,NULL,'','Vikki Brace',1,'Muswellbrook Depot ',2336,'','59020',NULL,'','Muswellbrook High School - Ag Dept','','','','','King Street','','Muswellbrook',2333,2,3,NULL,NULL,NULL,NULL,NULL,NULL,1,7,219020080,'2010-10-15 00:00:00',1,'300.00',NULL,'2010-10-15 00:00:00',NULL,738050,0x01,0x00),
 (198,198,NULL,22820,1,0x00,0x01,NULL,'Team EA','Rodney Smith',3,'Grnd Flr, 5 Bridge Rd, Pymble',2100,'','92697203',NULL,'','Movember Foundation','','','','','PO Box 292','','Prahran',3181,7,7,NULL,NULL,NULL,NULL,NULL,NULL,0,2,219020075,'2010-11-15 00:00:00',1,'300.00',NULL,'2010-11-15 00:00:00',NULL,738050,0x01,0x00),
 (199,199,NULL,26027,1,0x00,0x01,NULL,'','Charlie Stanborough',2,'Cronulla Zone - 9118',2230,'','0417203907',NULL,'','Movember Foundation','','','','','PO Box 292','','Prahran',3181,7,7,NULL,NULL,NULL,NULL,NULL,NULL,0,3,219020076,'2010-11-15 00:00:00',1,'300.00',NULL,'2010-11-15 00:00:00',NULL,738050,0x01,0x00),
 (200,200,NULL,26164,1,0x00,0x00,NULL,'','Peter Cleary',1,'Bldg 10, Chatswood Depot',2126,'','94105311',NULL,'','West Pennant Hills & Cherrybrook Rotary Club','','','','','PO Box 103','','West Pennant Hills',2125,2,8,NULL,NULL,NULL,NULL,NULL,NULL,1,2,219020075,'2010-11-15 00:00:00',1,'300.00',NULL,'2010-11-15 00:00:00',NULL,738050,0x01,0x00),
 (201,201,NULL,28573,1,0x00,0x01,NULL,'','Col  Bramley',1,'Bldg 3, Judd St, Oatley',2230,'','95855810',NULL,'','Movember Foundation','','','','','PO Box 292','','Prahran',3181,7,7,NULL,NULL,NULL,NULL,NULL,NULL,0,3,219020076,'2010-11-15 00:00:00',1,'300.00',NULL,'2010-11-15 00:00:00',NULL,738050,0x01,0x00);
INSERT INTO `commcare_submissions` (`id`,`serial_id`,`load_id`,`service_number`,`which_application`,`is_inkind`,`is_movember`,`movember_id`,`movember_team_name`,`applicant_name`,`applicant_division`,`applicant_work_addr`,`applicant_postcode`,`applicant_suburb`,`applicant_phone`,`applicant_phone_2`,`applicant_email`,`org_name`,`position_in_org`,`org_contact_name`,`org_contact_phone`,`org_contact_email`,`org_addr_line1`,`org_addr_line2`,`org_suburb`,`org_postcode`,`org_state`,`org_purpose`,`org_purpose_other`,`org_description`,`grant_use`,`grant_use_other`,`volunteer_role`,`volunteer_role_other`,`contactable`,`recc_id`,`recc_io_number`,`submission_date`,`status`,`amount`,`justification`,`decision_date`,`decision_service_number`,`gl_account`,`is_paid`,`sms_updates`) VALUES 
 (202,202,NULL,32954,1,0x00,0x01,NULL,'EA Hornsby Overhead','Antonino Gaglianno',1,'Blg 3, Hornsby Depot',2112,'','94778226',NULL,'','Movember Foundation','','','','','PO Box 292','','Prahran',3181,7,7,NULL,NULL,NULL,NULL,NULL,NULL,0,2,219020075,'2010-11-15 00:00:00',1,'300.00',NULL,'2010-11-15 00:00:00',NULL,738050,0x01,0x00),
 (203,203,NULL,38050,1,0x00,0x01,NULL,'','Claude Oro',1,'Bldg 3, Judd St, Oatley',2230,'','95855814',NULL,'','Movember Foundation','','','','','PO Box 292','','Prahran',3181,7,7,NULL,NULL,NULL,NULL,NULL,NULL,0,3,219020076,'2010-11-15 00:00:00',1,'300.00',NULL,'2010-11-15 00:00:00',NULL,738050,0x01,0x00),
 (204,204,NULL,39075,1,0x00,0x01,NULL,'Team EA','Craig Moody',2,'Lvl 15, HOB',2087,'','92694611',NULL,'','Movember Foundation','','','','','PO Box 292','','Prahran',3181,7,7,NULL,NULL,NULL,NULL,NULL,NULL,0,2,219020075,'2010-11-15 00:00:00',1,'300.00',NULL,'2010-11-15 00:00:00',NULL,738050,0x01,0x00),
 (205,205,NULL,39673,1,0x00,0x01,NULL,'','Brian Willcockson',1,'Bldg 3, Judd St, Oatley',2227,'','0408670546',NULL,'','Movember Foundation','','','','','PO Box 292','','Prahran',3181,7,7,NULL,NULL,NULL,NULL,NULL,NULL,0,3,219020076,'2010-11-15 00:00:00',1,'300.00',NULL,'2010-11-15 00:00:00',NULL,738050,0x01,0x00),
 (206,206,NULL,39810,1,0x00,0x01,NULL,'Civil-ised Bros','Rick Dunstan',2,'Lvl 10, RCH',2084,'','92723865',NULL,'','Movember Foundation','','','','','PO Box 292','','Prahran',3181,7,7,NULL,NULL,NULL,NULL,NULL,NULL,0,2,219020075,'2010-11-15 00:00:00',1,'300.00',NULL,'2010-11-15 00:00:00',NULL,738050,0x01,0x00),
 (207,207,NULL,40165,1,0x00,0x01,NULL,'','Tim Graham',6,'Lvl 14, HOB',2226,'','92692945',NULL,'','Movember Foundation','','','','','PO Box 292','','Prahran',3181,7,7,NULL,NULL,NULL,NULL,NULL,NULL,0,3,219020076,'2010-11-15 00:00:00',1,'300.00',NULL,'2010-11-15 00:00:00',NULL,738050,0x01,0x00),
 (208,208,NULL,40382,1,0x00,0x01,NULL,'Team EA','David Twigg',1,'Bldg 4, 130 Joynton Ave, Zetland',2114,'','96639526',NULL,'','Movember Foundation','','','','','PO Box 292','','Prahran',3181,7,7,NULL,NULL,NULL,NULL,NULL,NULL,0,2,219020075,'2010-11-15 00:00:00',1,'300.00',NULL,'2010-11-15 00:00:00',NULL,738050,0x01,0x00),
 (209,209,NULL,40718,1,0x00,0x01,NULL,'','Frank Cocca',1,'Bldg 3, Judd St, Oatley',2500,'','0417288329',NULL,'','Movember Foundation','','','','','PO Box 292','','Prahran',3181,7,7,NULL,NULL,NULL,NULL,NULL,NULL,0,3,219020076,'2010-11-15 00:00:00',1,'300.00',NULL,'2010-11-15 00:00:00',NULL,738050,0x01,0x00),
 (210,210,NULL,40743,1,0x00,0x00,NULL,'','Darren Morgan',1,'Gnd Flr, Bldg 4, Zetland',2518,'','0409902754',NULL,'','Corrimal Junior Life Saving Club','','','','','15','Princess St','Corrimal',2518,2,4,NULL,NULL,NULL,NULL,NULL,NULL,1,3,219020076,'2010-11-15 00:00:00',1,'300.00',NULL,'2010-11-15 00:00:00',NULL,738050,0x01,0x00),
 (211,211,NULL,40743,2,0x00,0x01,NULL,'','Darren Morgan',1,'Grd Flr, Bldg 4, Zetland',2518,'','0409902754',NULL,'','Movember Foundation','','','','','PO Box 292','','Prahran',3181,7,7,NULL,NULL,NULL,NULL,NULL,NULL,0,3,219020076,'2010-11-15 00:00:00',1,'300.00',NULL,'2010-11-15 00:00:00',NULL,738050,0x01,0x00),
 (212,212,NULL,42046,1,0x00,0x01,NULL,'','Peter Stephanou',1,'Lvl 6, HOB',2225,'','92694632',NULL,'','Movember Foundation','','','','','PO Box 292','','Prahran',3181,7,7,NULL,NULL,NULL,NULL,NULL,NULL,0,3,219020076,'2010-11-15 00:00:00',1,'300.00',NULL,'2010-11-15 00:00:00',NULL,738050,0x01,0x00),
 (213,213,NULL,42134,1,0x00,0x00,NULL,'','Scott Bulmer',6,'Lv 14, HOB',2209,'','92694701',NULL,'','Peakhurst Touch Association','','','','','12','Rona St','Peakhurst',2210,2,9,NULL,NULL,NULL,NULL,NULL,NULL,0,3,219020076,'2010-11-15 00:00:00',1,'300.00',NULL,'2010-11-15 00:00:00',NULL,738050,0x01,0x00),
 (214,214,NULL,42145,1,0x00,0x01,NULL,'Team EA','Joe Panetta',3,'Lvl 13, HOB',2077,'','92694036',NULL,'','Movember Foundation','','','','','PO Box 292','','Prahran',3181,7,7,NULL,NULL,NULL,NULL,NULL,NULL,0,2,219020075,'2010-11-15 00:00:00',1,'300.00',NULL,'2010-11-15 00:00:00',NULL,738050,0x01,0x00),
 (215,215,NULL,43062,1,0x00,0x01,NULL,'','James Martyn',1,'Bldg 3, Judd St, Oatley',2232,'','0419604853',NULL,'','Movember Foundation','','','','','PO Box 292','','Prahran',3181,7,7,NULL,NULL,NULL,NULL,NULL,NULL,0,3,219020076,'2010-11-15 00:00:00',1,'300.00',NULL,'2010-11-15 00:00:00',NULL,738050,0x01,0x00),
 (216,216,NULL,43704,1,0x00,0x01,NULL,'','Luke Parker',1,'Bldg 3, Judd St, Oatley',2234,'','0407292896',NULL,'','Movember Foundation','','','','','PO Box 292','','Prahran',3181,7,7,NULL,NULL,NULL,NULL,NULL,NULL,0,3,219020076,'2010-11-15 00:00:00',1,'300.00',NULL,'2010-11-15 00:00:00',NULL,738050,0x01,0x00),
 (217,217,NULL,43788,1,0x00,0x01,NULL,'','Michael Head',1,'Blg 5, Zetland',2228,'','96639432',NULL,'','Movember Foundation','','','','','PO Box 292','','Prahran',3181,7,7,NULL,NULL,NULL,NULL,NULL,NULL,0,3,219020076,'2010-11-15 00:00:00',1,'300.00',NULL,'2010-11-15 00:00:00',NULL,738050,0x01,0x00),
 (218,218,NULL,43926,1,0x00,0x01,NULL,'','Peter Hickey',5,'Lvl 11, HOB',2223,'','92692338',NULL,'','Movember Foundation','','','','','PO Box 292','','Prahran',3181,7,7,NULL,NULL,NULL,NULL,NULL,NULL,0,3,219020076,'2010-11-15 00:00:00',1,'300.00',NULL,'2010-11-15 00:00:00',NULL,738050,0x01,0x00),
 (219,219,NULL,44065,1,0x00,0x01,NULL,'','Ben Giles',1,'Bldg 3, Judd St, Oatley',2232,'','0418991688',NULL,'','Movember Foundation','','','','','PO Box 292','','Prahran',3181,7,7,NULL,NULL,NULL,NULL,NULL,NULL,0,3,219020076,'2010-11-15 00:00:00',1,'300.00',NULL,'2010-11-15 00:00:00',NULL,738050,0x01,0x00),
 (220,220,NULL,44415,1,0x00,0x00,NULL,'','Sharon Guion',4,'Block A - Wallsend Admin Building',2285,'','49519247',NULL,'','Pedal 4 Pierce','','','','','PO Box 2800','','Tuggeranong',2901,1,6,NULL,NULL,NULL,NULL,NULL,NULL,1,6,219020079,'2010-11-15 00:00:00',1,'300.00',NULL,'2010-11-15 00:00:00',NULL,738050,0x01,0x00),
 (221,221,NULL,44516,1,0x00,0x00,NULL,'','Elizabeth Akerman',2,'Admin Building, Wallsend',2324,'','40354040',NULL,'','Seaham Public School P & C','','','','','Still St','','Seaham',2324,2,3,NULL,NULL,NULL,NULL,NULL,NULL,1,6,219020079,'2010-11-15 00:00:00',1,'300.00',NULL,'2010-11-15 00:00:00',NULL,738050,0x01,0x00),
 (222,222,NULL,44727,1,0x00,0x00,NULL,'','Greg Luxon',1,'Cessnock Depot ( mail to Maitland Depot)',2325,'','0437597782',NULL,'','Coalfields United Amateur Swimming Club','','','','','28','Davis St','Cessnock',2325,2,9,NULL,NULL,NULL,NULL,NULL,NULL,0,6,219020079,'2010-11-15 00:00:00',1,'300.00',NULL,'2010-11-15 00:00:00',NULL,738050,0x01,0x00),
 (223,223,NULL,44843,1,0x00,0x00,NULL,'','Rick Gardiner',1,'Noraville',2261,'','0409982409',NULL,'','East Toukley lions Club','','','','','18','Ray St','East Toukley',2261,2,8,NULL,NULL,NULL,NULL,NULL,NULL,1,5,219020078,'2010-11-15 00:00:00',1,'300.00',NULL,'2010-11-15 00:00:00',NULL,738050,0x01,0x00),
 (224,224,NULL,45123,1,0x00,0x00,NULL,'','Phillip Connolly',3,'Block C - Wallsend Admin Building',2283,'','49519631',NULL,'','Toronto Junior Baseball Club','','','','','PO Box 630','','Toronto',2283,2,9,NULL,NULL,NULL,NULL,NULL,NULL,1,6,219020079,'2010-11-15 00:00:00',1,'300.00',NULL,'2010-11-15 00:00:00',NULL,738050,0x01,0x00),
 (225,225,NULL,45300,1,0x00,0x00,NULL,'','Greg Mason',1,'Building 14 - Abbott St Depot',2299,'','49519518',NULL,'','Shortland Devils Netball Club','','','','','23','Waller St','Shortland',2287,2,9,NULL,NULL,NULL,NULL,NULL,NULL,1,6,219020079,'2010-11-15 00:00:00',1,'300.00',NULL,'2010-11-15 00:00:00',NULL,738050,0x01,0x00),
 (226,226,NULL,45719,1,0x00,0x00,NULL,'','Paul Macey',1,'Training Building, Abbott St Depot',2287,'','49510851',NULL,'','Special Friends of Shortland Public School Inc','','','','','Sandgate Rd','','Shortland',2287,2,3,NULL,NULL,NULL,NULL,NULL,NULL,1,6,219020079,'2010-11-15 00:00:00',1,'300.00',NULL,'2010-11-15 00:00:00',NULL,738050,0x01,0x00),
 (227,227,NULL,45788,1,0x00,0x00,NULL,'','Brendon Burns',1,'14 Pioneer Ave Tuggerah',2287,'','0411237406',NULL,'','Apex Club Newcastle','','','','','48','Alkod Cr','Maryland',2287,2,6,NULL,NULL,NULL,NULL,NULL,NULL,1,6,219020079,'2010-11-15 00:00:00',1,'300.00',NULL,'2010-11-15 00:00:00',NULL,738050,0x01,0x00),
 (228,228,NULL,46109,1,0x00,0x01,NULL,'Team EA','Bernie Daniels',2,'Block B, Wallsend Admin',2335,'','49510717',NULL,'','Movember Foundation','','','','','PO Box 292','','Prahran',3181,7,7,NULL,NULL,NULL,NULL,NULL,NULL,0,7,219020080,'2010-11-15 00:00:00',1,'300.00',NULL,'2010-11-15 00:00:00',NULL,738050,0x01,0x00),
 (229,229,NULL,46301,1,0x00,0x00,NULL,'','Nikki Miller',2,'Oatley',2229,'','0439323453',NULL,'','Cancer Council NSW','','','','','PO Box 816','','Potts Point',1336,2,6,NULL,NULL,NULL,NULL,NULL,NULL,0,3,219020076,'2010-11-15 00:00:00',1,'300.00',NULL,'2010-11-15 00:00:00',NULL,738050,0x01,0x00),
 (230,230,NULL,46308,1,0x00,0x01,NULL,'','Daniel Tomajka',1,'Bldg 3, Judd St, Oatley',2506,'','0419414255',NULL,'','Movember Foundation','','','','','PO Box 292','','Prahran',3181,7,7,NULL,NULL,NULL,NULL,NULL,NULL,0,3,219020076,'2010-11-15 00:00:00',1,'300.00',NULL,'2010-11-15 00:00:00',NULL,738050,0x01,0x00),
 (231,231,NULL,46466,2,0x00,0x01,NULL,'Bar boys (Captain)','Michael Bridge',1,'41 Thomas Mitchell Drive, Mswlbk',2330,'','65429074',NULL,'','Movember Foundation','','','','','PO Box 292','','Prahran',3181,7,7,NULL,NULL,NULL,NULL,NULL,NULL,0,7,219020080,'2010-11-15 00:00:00',1,'300.00',NULL,'2010-11-15 00:00:00',NULL,738050,0x01,0x00),
 (232,232,NULL,46526,1,0x00,0x01,NULL,'','Peter Leate',2,'Lvl 15, HOB',2228,'','92694346',NULL,'','Movember Foundation','','','','','PO Box 292','','Prahran',3181,7,7,NULL,NULL,NULL,NULL,NULL,NULL,0,3,219020076,'2010-11-15 00:00:00',1,'300.00',NULL,'2010-11-15 00:00:00',NULL,738050,0x01,0x00),
 (233,233,NULL,46581,2,0x00,0x01,NULL,'Civil-ised Bros','Jeremy Woodbridge',2,'Lvl 10, RCH',2041,'','92726229',NULL,'','Movember Foundation','','','','','PO Box 292','','Prahran',3181,7,7,NULL,NULL,NULL,NULL,NULL,NULL,0,1,219020074,'2010-11-15 00:00:00',1,'300.00',NULL,'2010-11-15 00:00:00',NULL,738050,0x01,0x00),
 (234,234,NULL,46583,1,0x00,0x01,NULL,'Civil-ised Bros','David Stanbury',2,'Lvl 10, RCH',2087,'','92723764',NULL,'','Movember Foundation','','','','','PO Box 292','','Prahran',3181,7,7,NULL,NULL,NULL,NULL,NULL,NULL,0,2,219020075,'2010-11-15 00:00:00',1,'300.00',NULL,'2010-11-15 00:00:00',NULL,738050,0x01,0x00),
 (235,235,NULL,46658,2,0x00,0x00,NULL,'','Jill Brett',1,'Bldg 5, Chatswood Depot',2087,'','94105470',NULL,'','Cottage Point Rural Fire Brigade','','','','','Cottage Point Rd','','Cottage Point',2084,2,8,NULL,NULL,NULL,NULL,NULL,NULL,0,2,219020075,'2010-11-15 00:00:00',1,'300.00',NULL,'2010-11-15 00:00:00',NULL,738050,0x01,0x00),
 (236,236,NULL,46679,1,0x00,0x00,NULL,'','Jonathan Evans',1,'Suite 7-8, 14 Pioneer Ave Tuggerah',2265,'','0439357402',NULL,'','1st Byattunga Scout Group','','','','','Awaba St','','Morisset',2264,2,10,NULL,NULL,NULL,NULL,NULL,NULL,1,6,219020079,'2010-11-15 00:00:00',1,'300.00',NULL,'2010-11-15 00:00:00',NULL,738050,0x01,0x00),
 (237,237,NULL,46680,1,0x00,0x01,NULL,'','Joel Fisher',1,'Bldg 3, Judd St, Oatley',2232,'','0437399050',NULL,'','Movember Foundation','','','','','PO Box 292','','Prahran',3181,7,7,NULL,NULL,NULL,NULL,NULL,NULL,0,3,219020076,'2010-11-15 00:00:00',1,'300.00',NULL,'2010-11-15 00:00:00',NULL,738050,0x01,0x00),
 (238,238,NULL,46685,1,0x00,0x01,NULL,'Team EA','Brent Jenkinson',1,'130 Joynton Ave, Zetland',2033,'','96639302',NULL,'','Movember Foundation','','','','','PO Box 292','','Prahran',3181,7,7,NULL,NULL,NULL,NULL,NULL,NULL,0,1,219020074,'2010-11-15 00:00:00',1,'300.00',NULL,'2010-11-15 00:00:00',NULL,738050,0x01,0x00),
 (239,239,NULL,46690,1,0x00,0x01,NULL,'Team EA','Tim Robertson',1,'Lvl 6, HOB',2114,'','92694228',NULL,'','Movember Foundation','','','','','PO Box 292','','Prahran',3181,7,7,NULL,NULL,NULL,NULL,NULL,NULL,0,2,219020075,'2010-11-15 00:00:00',1,'300.00',NULL,'2010-11-15 00:00:00',NULL,738050,0x01,0x00),
 (240,240,NULL,46855,1,0x00,0x00,NULL,'','Steven  Cambell',1,'Gosford',2261,'','38603',NULL,'','Berkeley Vale Jr Touch Football','','','','','Berkeley Vale Oval','','Berkeley Vale',2261,2,9,NULL,NULL,NULL,NULL,NULL,NULL,1,5,219020078,'2010-11-15 00:00:00',1,'300.00',NULL,'2010-11-15 00:00:00',NULL,738050,0x01,0x00),
 (241,241,NULL,46896,1,0x00,0x01,NULL,'','Luke Powell',1,'Bldg 3, Judd St, Oatley',2230,'','0412170780',NULL,'','Movember Foundation','','','','','PO Box 292','','Prahran',3181,7,7,NULL,NULL,NULL,NULL,NULL,NULL,0,3,219020076,'2010-11-15 00:00:00',1,'300.00',NULL,'2010-11-15 00:00:00',NULL,738050,0x01,0x00),
 (242,242,NULL,46940,1,0x00,0x00,NULL,'','David Williams',4,'Lv 2, RCH',2233,'','82601780',NULL,'','Multiple Sclerosis Australia','','','','','54','Railway Rd','Blackburn',3130,7,6,NULL,NULL,NULL,NULL,NULL,NULL,1,3,219020076,'2010-11-15 00:00:00',1,'300.00',NULL,'2010-11-15 00:00:00',NULL,738050,0x01,0x00),
 (243,243,NULL,46989,1,0x00,0x01,NULL,'Team EA','Mark Appleton',3,'Lvl 13, HOB',2044,'','92692759',NULL,'','Movember Foundation','','','','','PO Box 292','','Prahran',3181,7,7,NULL,NULL,NULL,NULL,NULL,NULL,0,1,219020074,'2010-11-15 00:00:00',1,'300.00',NULL,'2010-11-15 00:00:00',NULL,738050,0x01,0x00),
 (244,244,NULL,47010,1,0x00,0x01,NULL,'Team EA','Jonathan Feldman',3,'Lvl 3, HOB',2089,'','92692316',NULL,'','Movember Foundation','','','','','PO Box 292','','Prahran',3181,7,7,NULL,NULL,NULL,NULL,NULL,NULL,0,2,219020075,'2010-11-15 00:00:00',1,'300.00',NULL,'2010-11-15 00:00:00',NULL,738050,0x01,0x00),
 (245,245,NULL,47020,1,0x00,0x01,NULL,'Team EA','Craig Platts',1,'Bldg 4, Lvl 1, Zetland',2114,'','96639340',NULL,'','Movember Foundation','','','','','PO Box 292','','Prahran',3181,7,7,NULL,NULL,NULL,NULL,NULL,NULL,0,2,219020075,'2010-11-15 00:00:00',1,'300.00',NULL,'2010-11-15 00:00:00',NULL,738050,0x01,0x00),
 (246,246,NULL,47024,1,0x00,0x01,NULL,'','Tyson Geer',1,'130 Joynton Ave, Zetland',2233,'','96639502',NULL,'','Movember Foundation','','','','','PO Box 292','','Prahran',3181,7,7,NULL,NULL,NULL,NULL,NULL,NULL,0,3,219020076,'2010-11-15 00:00:00',1,'300.00',NULL,'2010-11-15 00:00:00',NULL,738050,0x01,0x00),
 (247,247,NULL,47090,1,0x00,0x01,NULL,'Team EA','Frank Steele',2,'Lvl 15, HOB',2075,'','92697201',NULL,'','Movember Foundation','','','','','PO Box 292','','Prahran',3181,7,7,NULL,NULL,NULL,NULL,NULL,NULL,0,2,219020075,'2010-11-15 00:00:00',1,'300.00',NULL,'2010-11-15 00:00:00',NULL,738050,0x01,0x00),
 (248,248,NULL,47264,1,0x00,0x01,NULL,'Individual','Matt Edwards',1,'Bldg 16, Abbott St, Wallsend',2335,'','49101407',NULL,'','Movember Foundation','','','','','PO Box 292','','Prahran',3181,7,7,NULL,NULL,NULL,NULL,NULL,NULL,0,7,219020080,'2010-11-15 00:00:00',1,'300.00',NULL,'2010-11-15 00:00:00',NULL,738050,0x01,0x00),
 (249,249,NULL,47272,1,0x00,0x01,NULL,'','Timothy Spedding',1,'Bldg 3, Judd St, Oatley',2233,'','95855810',NULL,'','Movember Foundation','','','','','PO Box 292','','Prahran',3181,7,7,NULL,NULL,NULL,NULL,NULL,NULL,0,3,219020076,'2010-11-15 00:00:00',1,'300.00',NULL,'2010-11-15 00:00:00',NULL,738050,0x01,0x00),
 (250,250,NULL,47323,1,0x01,0x00,NULL,'','Graham Bennett',2,'Gnd Flr, Bdg 1, Homebush',2572,'','0438249651',NULL,'','RFS Thirlmere','','','','','Mason St','','Thirlmere',2572,2,4,NULL,NULL,NULL,NULL,NULL,NULL,1,4,219020077,'2010-11-15 00:00:00',0,'0.00',NULL,NULL,NULL,NULL,NULL,0x00),
 (251,251,NULL,47414,1,0x00,0x01,NULL,'','Peter Ashton',1,'Bldg 3, Judd St, Oatley',2229,'','0408638453',NULL,'','Movember Foundation','','','','','PO Box 292','','Prahran',3181,7,7,NULL,NULL,NULL,NULL,NULL,NULL,0,3,219020076,'2010-11-15 00:00:00',1,'300.00',NULL,'2010-11-15 00:00:00',NULL,738050,0x01,0x00),
 (252,252,NULL,47425,1,0x00,0x01,NULL,'Ram Rod Team','Jonas Lynch',1,'Lvl 1, Blg 1, Hornsby',2114,'','94778391',NULL,'','Movember Foundation','','','','','PO Box 292','','Prahran',3181,7,7,NULL,NULL,NULL,NULL,NULL,NULL,0,2,219020075,'2010-11-15 00:00:00',1,'300.00',NULL,'2010-11-15 00:00:00',NULL,738050,0x01,0x00),
 (253,253,NULL,47491,1,0x00,0x00,NULL,'','Stephen Bursill',1,'Bldg 3, Homebush',2213,'','0418991691',NULL,'','Panania East Hills RSL Cricket Club','','','','','28','Childs St','Panania',2213,2,9,NULL,NULL,NULL,NULL,NULL,NULL,1,3,219020076,'2010-11-15 00:00:00',1,'300.00',NULL,'2010-11-15 00:00:00',NULL,738050,0x01,0x00),
 (254,254,NULL,47710,1,0x00,0x01,NULL,'EA Hornsby Overhead','Matt  Smith',1,'2 Shaft St, Silverwater',2077,'','0407075489',NULL,'','Movember Foundation','','','','','PO Box 292','','Prahran',3181,7,7,NULL,NULL,NULL,NULL,NULL,NULL,0,2,219020075,'2010-11-15 00:00:00',1,'300.00',NULL,'2010-11-15 00:00:00',NULL,738050,0x01,0x00),
 (255,255,NULL,47748,1,0x00,0x01,NULL,'Team EA','Robert Reid',1,'Lvl 1, Blg 5, Zetland',2031,'','96639382',NULL,'','Movember Foundation','','','','','PO Box 292','','Prahran',3181,7,7,NULL,NULL,NULL,NULL,NULL,NULL,0,1,219020074,'2010-11-15 00:00:00',1,'300.00',NULL,'2010-11-15 00:00:00',NULL,738050,0x01,0x00),
 (256,256,NULL,47772,1,0x00,0x01,NULL,'Taree Old Boys & Punters Club','John Bedding',1,'Lvl 1, Blg 2, Homebush',2034,'','93946041',NULL,'','Movember Foundation','','','','','PO Box 292','','Prahran',3181,7,7,NULL,NULL,NULL,NULL,NULL,NULL,0,1,219020074,'2010-11-15 00:00:00',1,'300.00',NULL,'2010-11-15 00:00:00',NULL,738050,0x01,0x00),
 (257,257,NULL,47901,1,0x00,0x01,NULL,'EA Hornsby Overhead','Brad Sutton',1,'Bldg 3, 51-59 Bridge Rd, Hornsby',2080,'','0400397326',NULL,'','Movember Foundation','','','','','PO Box 292','','Prahran',3181,7,7,NULL,NULL,NULL,NULL,NULL,NULL,0,2,219020075,'2010-11-15 00:00:00',1,'300.00',NULL,'2010-11-15 00:00:00',NULL,738050,0x01,0x00),
 (258,258,NULL,47907,2,0x00,0x00,NULL,'','Michael Oldham',1,'Abbott St Wallsend',2323,'','0404075543',NULL,'','East Maitland Parents & Old Boys','','','','','20','Myra St','East Maitland',2323,2,9,NULL,NULL,NULL,NULL,NULL,NULL,1,6,219020079,'2010-11-15 00:00:00',1,'300.00',NULL,'2010-11-15 00:00:00',NULL,738050,0x01,0x00),
 (259,259,NULL,47920,1,0x00,0x01,NULL,'','Todd Thornborough',2,'Lvl 2, Blg 5, Homebush',2223,'','93946994',NULL,'','Movember Foundation','','','','','PO Box 292','','Prahran',3181,7,7,NULL,NULL,NULL,NULL,NULL,NULL,0,3,219020076,'2010-11-15 00:00:00',1,'300.00',NULL,'2010-11-15 00:00:00',NULL,738050,0x01,0x00),
 (260,260,NULL,47924,1,0x00,0x01,NULL,'','Lee Savage',2,'141 Wattle Road',2226,'','0448462153',NULL,'','Movember Foundation','','','','','PO Box 292','','Prahran',3181,7,7,NULL,NULL,NULL,NULL,NULL,NULL,0,3,219020076,'2010-11-15 00:00:00',1,'300.00',NULL,'2010-11-15 00:00:00',NULL,738050,0x01,0x00),
 (261,261,NULL,47936,1,0x00,0x01,NULL,'','Anthony Lennon',1,'Bldg 3, Judd St, Oatley',2518,'','0417018823',NULL,'','Movember Foundation','','','','','PO Box 292','','Prahran',3181,7,7,NULL,NULL,NULL,NULL,NULL,NULL,0,3,219020076,'2010-11-15 00:00:00',1,'300.00',NULL,'2010-11-15 00:00:00',NULL,738050,0x01,0x00),
 (262,262,NULL,47984,1,0x00,0x00,NULL,'','Janelle Meades',1,'Lv 1, Bldg 1, Oatley',2229,'','95855807',NULL,'','MJ\'s Day','','','','','1-3','Lincoln St','Stanmore',2048,2,6,NULL,NULL,NULL,NULL,NULL,NULL,1,3,219020076,'2010-11-15 00:00:00',1,'300.00',NULL,'2010-11-15 00:00:00',NULL,738050,0x01,0x00),
 (263,263,NULL,48107,1,0x00,0x00,NULL,'','Rebecca  Tod',4,'Block A - Wallsend Admin Building',2264,'','49510860',NULL,'','Glendale Early Education Centre','','','','','Argenton Dr','','Glendale',2285,2,3,NULL,NULL,NULL,NULL,NULL,NULL,1,6,219020079,'2010-11-15 00:00:00',1,'300.00',NULL,'2010-11-15 00:00:00',NULL,738050,0x01,0x00),
 (264,264,NULL,48152,1,0x00,0x01,NULL,'','Will Cable',1,'Bldg 3, Judd St, Oatley',2230,'','0429921338',NULL,'','Movember Foundation','','','','','PO Box 292','','Prahran',3181,7,7,NULL,NULL,NULL,NULL,NULL,NULL,0,3,219020076,'2010-11-15 00:00:00',1,'300.00',NULL,'2010-11-15 00:00:00',NULL,738050,0x01,0x00),
 (265,265,NULL,48169,1,0x00,0x01,NULL,'','Charles Rheinberger',1,'Bldg 3, Judd St, Oatley',2228,'','95855604',NULL,'','Movember Foundation','','','','','PO Box 292','','Prahran',3181,7,7,NULL,NULL,NULL,NULL,NULL,NULL,0,3,219020076,'2010-11-15 00:00:00',1,'300.00',NULL,'2010-11-15 00:00:00',NULL,738050,0x01,0x00),
 (266,266,NULL,48207,1,0x00,0x00,NULL,'','Matthew  Woods',1,'Noraville Overhead',2259,'','0400337949',NULL,'','KWK Gymnastics Sportz Academy','','','','','4/18','Accolade Ave','Morisset',2264,2,9,NULL,NULL,NULL,NULL,NULL,NULL,0,6,219020079,'2010-11-15 00:00:00',1,'300.00',NULL,'2010-11-15 00:00:00',NULL,738050,0x01,0x00),
 (267,267,NULL,48225,1,0x00,0x01,NULL,'Team EA','Paul Wehbe',1,'Lvl 1, Blg 4, Zetland',2062,'','96639345',NULL,'','Movember Foundation','','','','','PO Box 292','','Prahran',3181,7,7,NULL,NULL,NULL,NULL,NULL,NULL,0,2,219020075,'2010-11-15 00:00:00',1,'300.00',NULL,'2010-11-15 00:00:00',NULL,738050,0x01,0x00),
 (268,268,NULL,48286,2,0x00,0x01,NULL,'Bar boys','Mark Thorley',1,'PO Box 196, Muswellbrook',2333,'','65429071',NULL,'','Movember Foundation','','','','','PO Box 292','','Prahran',3181,7,7,NULL,NULL,NULL,NULL,NULL,NULL,0,7,219020080,'2010-11-15 00:00:00',1,'300.00',NULL,'2010-11-15 00:00:00',NULL,738050,0x01,0x00),
 (269,269,NULL,48355,1,0x00,0x01,NULL,'Team EA','Elias Achkar',1,'Lvl 6, HOB',2026,'','92697148',NULL,'','Movember Foundation','','','','','PO Box 292','','Prahran',3181,7,7,NULL,NULL,NULL,NULL,NULL,NULL,0,1,219020074,'2010-11-15 00:00:00',1,'300.00',NULL,'2010-11-15 00:00:00',NULL,738050,0x01,0x00),
 (270,270,NULL,48356,1,0x00,0x01,NULL,'','Tim Knight',2,'Lvl 1, Regents Park',2226,'','92697220',NULL,'','Movember Foundation','','','','','PO Box 292','','Prahran',3181,7,7,NULL,NULL,NULL,NULL,NULL,NULL,0,3,219020076,'2010-11-15 00:00:00',1,'300.00',NULL,'2010-11-15 00:00:00',NULL,738050,0x01,0x00),
 (271,271,NULL,48411,1,0x00,0x00,NULL,'','Luke Weatherstone',2,'Oatley',2233,'','0434193822',NULL,'','Multiple Sclerosis Australia','','','','','54','Railway Rd','Blackburn',3130,7,6,NULL,NULL,NULL,NULL,NULL,NULL,0,3,219020076,'2010-11-15 00:00:00',1,'300.00',NULL,'2010-11-15 00:00:00',NULL,738050,0x01,0x00),
 (272,272,NULL,48566,1,0x00,0x01,NULL,'','Stuart Clarke',1,'Blg 5, Homebush (Substation)',2230,'','0437609354',NULL,'','Movember Foundation','','','','','PO Box 292','','Prahran',3181,7,7,NULL,NULL,NULL,NULL,NULL,NULL,0,3,219020076,'2010-11-15 00:00:00',1,'300.00',NULL,'2010-11-15 00:00:00',NULL,738050,0x01,0x00),
 (273,273,NULL,48791,1,0x00,0x00,NULL,'','Peter Andruschthak',1,'2 Abbott St Wallsend',2287,'','0437571539',NULL,'','Maryland Early Education & Child Care Centre','','','','','34-36','Boundary Rd','Maryland',2287,2,3,NULL,NULL,NULL,NULL,NULL,NULL,0,6,219020079,'2010-11-15 00:00:00',1,'300.00',NULL,'2010-11-15 00:00:00',NULL,738050,0x01,0x00),
 (274,274,NULL,48837,1,0x00,0x01,NULL,'','Paul Nakhle',2,'Bldg 1, 25-27 Pomeroy St, Homebush',2221,'','0419631174',NULL,'','Movember Foundation','','','','','PO Box 292','','Prahran',3181,7,7,NULL,NULL,NULL,NULL,NULL,NULL,0,3,219020076,'2010-11-15 00:00:00',1,'300.00',NULL,'2010-11-15 00:00:00',NULL,738050,0x01,0x00),
 (275,275,NULL,48841,1,0x00,0x01,NULL,'','Michael Frost',1,'Bldg 3, Judd St, Oatley',2233,'','0418228324',NULL,'','Movember Foundation','','','','','PO Box 292','','Prahran',3181,7,7,NULL,NULL,NULL,NULL,NULL,NULL,0,3,219020076,'2010-11-15 00:00:00',1,'300.00',NULL,'2010-11-15 00:00:00',NULL,738050,0x01,0x00),
 (276,276,NULL,49020,1,0x00,0x01,NULL,'Team EA','Lachlan Dunwoodie',2,'Lvl 2, Bryson St, Chatswood',2010,'','0407942372',NULL,'','Movember Foundation','','','','','PO Box 292','','Prahran',3181,7,7,NULL,NULL,NULL,NULL,NULL,NULL,0,1,219020074,'2010-11-15 00:00:00',1,'300.00',NULL,'2010-11-15 00:00:00',NULL,738050,0x01,0x00),
 (277,277,NULL,49100,1,0x00,0x01,NULL,'','Michael Stirling',1,'Bldg 3, Judd St, Oatley',2232,'','0407519078',NULL,'','Movember Foundation','','','','','PO Box 292','','Prahran',3181,7,7,NULL,NULL,NULL,NULL,NULL,NULL,0,3,219020076,'2010-11-15 00:00:00',1,'300.00',NULL,'2010-11-15 00:00:00',NULL,738050,0x01,0x00),
 (278,278,NULL,49102,1,0x00,0x01,NULL,'','Michael Tapp',1,'Bldg 3, Judd St, Oatley',2232,'','0428261667',NULL,'','Movember Foundation','','','','','PO Box 292','','Prahran',3181,7,7,NULL,NULL,NULL,NULL,NULL,NULL,0,3,219020076,'2010-11-15 00:00:00',1,'300.00',NULL,'2010-11-15 00:00:00',NULL,738050,0x01,0x00),
 (279,279,NULL,49119,1,0x00,0x00,NULL,'','Rhys Brooker',1,'Green St Telarah',2323,'','0459086857',NULL,'','Movember Foundation','','','','','PO Box 292','','Prahran',3181,7,7,NULL,NULL,NULL,NULL,NULL,NULL,0,6,219020079,'2010-11-15 00:00:00',1,'300.00',NULL,'2010-11-15 00:00:00',NULL,738050,0x01,0x00),
 (280,280,NULL,49227,1,0x00,0x01,NULL,'Team EA','Joel Mungoven',1,'Lvl 6, HOB',2088,'','92697145',NULL,'','Movember Foundation','','','','','PO Box 292','','Prahran',3181,7,7,NULL,NULL,NULL,NULL,NULL,NULL,0,2,219020075,'2010-11-15 00:00:00',1,'300.00',NULL,'2010-11-15 00:00:00',NULL,738050,0x01,0x00),
 (281,281,NULL,49397,1,0x00,0x01,NULL,'','Brendon Choice',1,'Grd Flr, Bldg 5, Zetland',2517,'','0417291632',NULL,'','Movember Foundation','','','','','PO Box 292','','Prahran',3181,7,7,NULL,NULL,NULL,NULL,NULL,NULL,0,3,219020076,'2010-11-15 00:00:00',1,'300.00',NULL,'2010-11-15 00:00:00',NULL,738050,0x01,0x00),
 (282,282,NULL,49748,1,0x00,0x00,NULL,'','Steve Head',1,'Gosford',2250,'','38520',NULL,'','Niagra Park Jr Australian Football Club','','','','','69','Blackbutt St','Wyoming',2250,2,9,NULL,NULL,NULL,NULL,NULL,NULL,1,5,219020078,'2010-11-15 00:00:00',1,'300.00',NULL,'2010-11-15 00:00:00',NULL,738050,0x01,0x00),
 (283,283,NULL,49867,1,0x00,0x01,NULL,'Team EA','Sean Allen',4,'Dee Why Depot',2088,'','0438444090',NULL,'','Movember Foundation','','','','','PO Box 292','','Prahran',3181,7,7,NULL,NULL,NULL,NULL,NULL,NULL,0,2,219020075,'2010-11-15 00:00:00',1,'300.00',NULL,'2010-11-15 00:00:00',NULL,738050,0x01,0x00),
 (284,284,NULL,50077,1,0x00,0x00,NULL,'','Lisa Neath',1,'Level 1, Building 1, 25 - 27 Pomeroy St, Homebush',2031,'','0293946822',NULL,'','Australian Cancer Research Foundation','','','','','PO Box 9989','','Sydney',2000,2,6,NULL,NULL,NULL,NULL,NULL,NULL,1,1,219020074,'2010-11-15 00:00:00',1,'300.00',NULL,'2010-11-15 00:00:00',NULL,738050,0x01,0x00),
 (285,285,NULL,50229,1,0x00,0x01,NULL,'','David Robertson',1,'Bldg 3, Judd St, Oatley',2230,'','0408906509',NULL,'','Movember Foundation','','','','','PO Box 292','','Prahran',3181,7,7,NULL,NULL,NULL,NULL,NULL,NULL,0,3,219020076,'2010-11-15 00:00:00',1,'300.00',NULL,'2010-11-15 00:00:00',NULL,738050,0x01,0x00),
 (286,286,NULL,50271,1,0x00,0x01,NULL,'','Aaron Miller',1,'Silverwater',2229,'','0406965151',NULL,'','Movember Foundation','','','','','PO Box 292','','Prahran',3181,7,7,NULL,NULL,NULL,NULL,NULL,NULL,0,3,219020076,'2010-11-15 00:00:00',1,'300.00',NULL,'2010-11-15 00:00:00',NULL,738050,0x01,0x00),
 (287,287,NULL,50369,1,0x00,0x01,NULL,'Team EA','Luke Mungoven',1,'Lvl 6, HOB',2095,'','92692545',NULL,'','Movember Foundation','','','','','PO Box 292','','Prahran',3181,7,7,NULL,NULL,NULL,NULL,NULL,NULL,0,2,219020075,'2010-11-15 00:00:00',1,'300.00',NULL,'2010-11-15 00:00:00',NULL,738050,0x01,0x00),
 (288,288,NULL,50711,1,0x00,0x01,NULL,'','Greg Uebel',1,'Bldg 3, Judd St, Oatley',2233,'','0408698428',NULL,'','Movember Foundation','','','','','PO Box 292','','Prahran',3181,7,7,NULL,NULL,NULL,NULL,NULL,NULL,0,3,219020076,'2010-11-15 00:00:00',1,'300.00',NULL,'2010-11-15 00:00:00',NULL,738050,0x01,0x00),
 (289,289,NULL,50750,1,0x00,0x01,NULL,'CIS_CBD','Karlos Gajewski',4,'Lvl 11, RCH',2010,'','0458218859',NULL,'','Movember Foundation','','','','','PO Box 292','','Prahran',3181,7,7,NULL,NULL,NULL,NULL,NULL,NULL,0,1,219020074,'2010-11-15 00:00:00',1,'300.00',NULL,'2010-11-15 00:00:00',NULL,738050,0x01,0x00),
 (290,290,NULL,51052,1,0x00,0x01,NULL,'Team EA','Anthony Stuart',4,'Lvl 2, RCH',2042,'','92693751',NULL,'','Movember Foundation','','','','','PO Box 292','','Prahran',3181,7,7,NULL,NULL,NULL,NULL,NULL,NULL,0,1,219020074,'2010-11-15 00:00:00',1,'300.00',NULL,'2010-11-15 00:00:00',NULL,738050,0x01,0x00),
 (291,291,NULL,51077,1,0x00,0x01,NULL,'Team EA','Alex Watters',3,'Lvl 6, HOB',2060,'','92694783',NULL,'','Movember Foundation','','','','','PO Box 292','','Prahran',3181,7,7,NULL,NULL,NULL,NULL,NULL,NULL,0,2,219020075,'2010-11-15 00:00:00',1,'300.00',NULL,'2010-11-15 00:00:00',NULL,738050,0x01,0x00),
 (292,292,NULL,51103,2,0x00,0x01,NULL,'Team EA','Julian North',2,'Lvl 8, RCH',2050,'','92723790',NULL,'','Movember Foundation','','','','','PO Box 292','','Prahran',3181,7,7,NULL,NULL,NULL,NULL,NULL,NULL,0,1,219020074,'2010-11-15 00:00:00',1,'300.00',NULL,'2010-11-15 00:00:00',NULL,738050,0x01,0x00),
 (293,293,NULL,51121,1,0x00,0x01,NULL,'Team EA','James Alexander',1,'Lvl 1, Bldg 4, Zetland',2088,'','96639504',NULL,'','Movember Foundation','','','','','PO Box 292','','Prahran',3181,7,7,NULL,NULL,NULL,NULL,NULL,NULL,0,2,219020075,'2010-11-15 00:00:00',1,'300.00',NULL,'2010-11-15 00:00:00',NULL,738050,0x01,0x00),
 (294,294,NULL,51265,1,0x00,0x00,NULL,'','Tony Markoski',1,'Gnd Flr, Bldg 1, Oatley',2220,'','95855778',NULL,'','Arncliffe Scots Baseball Club','','','','','33','Wazir St','Arncliffe',2205,2,9,NULL,NULL,NULL,NULL,NULL,NULL,1,3,219020076,'2010-11-15 00:00:00',1,'300.00',NULL,'2010-11-15 00:00:00',NULL,738050,0x01,0x00),
 (295,295,NULL,51479,1,0x00,0x00,NULL,'','Mark Pearson',8,'Meadowbank',2154,'','0400391601',NULL,'','Multiple Sclerosis Australia','','','','','Private Bag 4444','','Artarmon',1570,2,6,NULL,NULL,NULL,NULL,NULL,NULL,1,4,219020077,'2010-11-15 00:00:00',1,'300.00',NULL,'2010-11-15 00:00:00',NULL,738050,0x01,0x00),
 (296,296,NULL,51515,1,0x00,0x00,NULL,'','Nicola Evans',2,'Mezzanine, 570 George Street, Sydney',2041,'','0292692857',NULL,'','Toxteth Kindergarden Inc','','','','','49','Johnston Street','Annandale',2038,2,3,NULL,NULL,NULL,NULL,NULL,NULL,0,1,219020074,'2010-11-15 00:00:00',1,'300.00',NULL,'2010-11-15 00:00:00',NULL,738050,0x01,0x00),
 (297,297,NULL,51634,1,0x00,0x01,NULL,'','Carla Torres-Alvarez',3,'Lvl 6, HOB',2218,'','92692034',NULL,'','Movember Foundation','','','','','PO Box 292','','Prahran',3181,7,7,NULL,NULL,NULL,NULL,NULL,NULL,0,3,219020076,'2010-11-15 00:00:00',1,'300.00',NULL,'2010-11-15 00:00:00',NULL,738050,0x01,0x00),
 (298,298,NULL,51682,1,0x00,0x01,NULL,'Team EA','Matthew Arber',4,'Dee Why Depot',2026,'','0427249451',NULL,'','Movember Foundation','','','','','PO Box 292','','Prahran',3181,7,7,NULL,NULL,NULL,NULL,NULL,NULL,0,1,219020074,'2010-11-15 00:00:00',1,'300.00',NULL,'2010-11-15 00:00:00',NULL,738050,0x01,0x00),
 (299,299,NULL,51716,1,0x00,0x01,NULL,'','David Fraser',1,'Bldg 3, Judd St, Oatley',2228,'','0409916108',NULL,'','Movember Foundation','','','','','PO Box 292','','Prahran',3181,7,7,NULL,NULL,NULL,NULL,NULL,NULL,0,3,219020076,'2010-11-15 00:00:00',1,'300.00',NULL,'2010-11-15 00:00:00',NULL,738050,0x01,0x00),
 (300,300,NULL,51767,1,0x00,0x01,NULL,'Team EA','Anthony Conyngham',2,'Lvl 13, RCH',2031,'','85696668',NULL,'','Movember Foundation','','','','','PO Box 292','','Prahran',3181,7,7,NULL,NULL,NULL,NULL,NULL,NULL,0,1,219020074,'2010-11-15 00:00:00',1,'300.00',NULL,'2010-11-15 00:00:00',NULL,738050,0x01,0x00),
 (301,301,NULL,52152,1,0x00,0x01,NULL,'','Jason Attard',6,'Lvl 14, HOB',2233,'','0427404634',NULL,'','Movember Foundation','','','','','PO Box 292','','Prahran',3181,7,7,NULL,NULL,NULL,NULL,NULL,NULL,0,3,219020076,'2010-11-15 00:00:00',1,'300.00',NULL,'2010-11-15 00:00:00',NULL,738050,0x01,0x00),
 (302,302,NULL,52174,1,0x00,0x00,NULL,'','Diana Charteris',2,'B2 Homebush',2050,'','36643',NULL,'','WIRES','','','','','PO Box 260','','Forestville',2087,2,1,NULL,NULL,NULL,NULL,NULL,NULL,1,4,219020077,'2010-11-15 00:00:00',1,'300.00',NULL,'2010-11-15 00:00:00',NULL,738050,0x01,0x00),
 (303,303,NULL,52524,1,0x00,0x01,NULL,'Team EA','Tony Tarrant',6,'Lvl 19, HOB',2007,'','92694720',NULL,'','Movember Foundation','','','','','PO Box 292','','Prahran',3181,7,7,NULL,NULL,NULL,NULL,NULL,NULL,0,1,219020074,'2010-11-15 00:00:00',1,'300.00',NULL,'2010-11-15 00:00:00',NULL,738050,0x01,0x00),
 (304,304,NULL,52727,1,0x00,0x01,NULL,'IE Grad Mo Bros','John  Granger',3,'5 Bridge St, Pymble',2066,'','92697223',NULL,'','Movember Foundation','','','','','PO Box 292','','Prahran',3181,7,7,NULL,NULL,NULL,NULL,NULL,NULL,0,2,219020075,'2010-11-15 00:00:00',1,'300.00',NULL,'2010-11-15 00:00:00',NULL,738050,0x01,0x00),
 (305,305,NULL,52952,1,0x00,0x01,NULL,'EA Young Guns','Olsen Garland',8,'Homebush',2330,'','0411544066',NULL,'','Movember Foundation','','','','','PO Box 292','','Prahran',3181,7,7,NULL,NULL,NULL,NULL,NULL,NULL,0,7,219020080,'2010-11-15 00:00:00',1,'300.00',NULL,'2010-11-15 00:00:00',NULL,738050,0x01,0x00),
 (306,306,NULL,53311,1,0x00,0x01,NULL,'Team EA','Malcolm Jefferson',4,'Dee Why Depot',2099,'','0457505797',NULL,'','Movember Foundation','','','','','PO Box 292','','Prahran',3181,7,7,NULL,NULL,NULL,NULL,NULL,NULL,0,2,219020075,'2010-11-15 00:00:00',1,'300.00',NULL,'2010-11-15 00:00:00',NULL,738050,0x01,0x00),
 (307,307,NULL,53358,1,0x00,0x00,NULL,'','Sharyn Rogers',4,'Block A - Wallsend Admin Building',2304,'','49100202',NULL,'','Duchenne Foundation','','','','','PO Box 409','','Spit Junction',2088,2,6,NULL,NULL,NULL,NULL,NULL,NULL,0,6,219020079,'2010-11-15 00:00:00',1,'300.00',NULL,'2010-11-15 00:00:00',NULL,738050,0x01,0x00),
 (308,308,NULL,53393,1,0x00,0x01,NULL,'Team EA','Colette Stuto',3,'Lvl 13, HOB',2046,'','92694648',NULL,'','Movember Foundation','','','','','PO Box 292','','Prahran',3181,7,7,NULL,NULL,NULL,NULL,NULL,NULL,0,1,219020074,'2010-11-15 00:00:00',1,'300.00',NULL,'2010-11-15 00:00:00',NULL,738050,0x01,0x00),
 (309,309,NULL,53437,1,0x00,0x01,NULL,'','Hal Hissey',3,'Lvl 9, HOB',2223,'','92692626',NULL,'','Movember Foundation','','','','','PO Box 292','','Prahran',3181,7,7,NULL,NULL,NULL,NULL,NULL,NULL,0,3,219020076,'2010-11-15 00:00:00',1,'300.00',NULL,'2010-11-15 00:00:00',NULL,738050,0x01,0x00),
 (310,310,NULL,53438,1,0x00,0x01,NULL,'Mo Schmoes','Greg Curtis',2,'Lvl 1, Harris St, Pyrmont',2074,'','0457521496',NULL,'','Movember Foundation','','','','','PO Box 292','','Prahran',3181,7,7,NULL,NULL,NULL,NULL,NULL,NULL,0,2,219020075,'2010-11-15 00:00:00',1,'300.00',NULL,'2010-11-15 00:00:00',NULL,738050,0x01,0x00),
 (311,311,NULL,53474,1,0x00,0x01,NULL,'','Sajeed Rahman',3,'Lvl 13, HOB',2220,'','92692305',NULL,'','Movember Foundation','','','','','PO Box 292','','Prahran',3181,7,7,NULL,NULL,NULL,NULL,NULL,NULL,0,3,219020076,'2010-11-15 00:00:00',1,'300.00',NULL,'2010-11-15 00:00:00',NULL,738050,0x01,0x00),
 (312,312,NULL,53501,1,0x00,0x01,NULL,'','Gerry Crilly',6,'Lvl 14, HOB',2527,'','92694402',NULL,'','Movember Foundation','','','','','PO Box 292','','Prahran',3181,7,7,NULL,NULL,NULL,NULL,NULL,NULL,0,3,219020076,'2010-11-15 00:00:00',1,'300.00',NULL,'2010-11-15 00:00:00',NULL,738050,0x01,0x00),
 (313,313,NULL,54024,1,0x00,0x01,NULL,'','Matthew Faferko',2,'Lvl 13, RCH',2233,'','85696359',NULL,'','Movember Foundation','','','','','PO Box 292','','Prahran',3181,7,7,NULL,NULL,NULL,NULL,NULL,NULL,0,3,219020076,'2010-11-15 00:00:00',1,'300.00',NULL,'2010-11-15 00:00:00',NULL,738050,0x01,0x00),
 (314,314,NULL,54025,1,0x00,0x01,NULL,'Team EA','Nick Warry',1,'Lvl 1, Chatswood',2050,'','85696367',NULL,'','Movember Foundation','','','','','PO Box 292','','Prahran',3181,7,7,NULL,NULL,NULL,NULL,NULL,NULL,0,1,219020074,'2010-11-15 00:00:00',1,'300.00',NULL,'2010-11-15 00:00:00',NULL,738050,0x01,0x00),
 (315,315,NULL,54107,1,0x00,0x01,NULL,'Team EA','Chris Boston',1,'Homebush ',2034,'','',NULL,'','Movember Foundation','','','','','PO Box 292','','Prahran',3181,7,7,NULL,NULL,NULL,NULL,NULL,NULL,0,1,219020074,'2010-11-15 00:00:00',1,'300.00',NULL,'2010-11-15 00:00:00',NULL,738050,0x01,0x00),
 (316,316,NULL,54180,1,0x00,0x01,NULL,'','Ben Bird',1,'Lvl 1, Bldg 2, 25-27 Pomeroy St, Homebush',2518,'','0457911312',NULL,'','Movember Foundation','','','','','PO Box 292','','Prahran',3181,7,7,NULL,NULL,NULL,NULL,NULL,NULL,0,3,219020076,'2010-11-15 00:00:00',1,'300.00',NULL,'2010-11-15 00:00:00',NULL,738050,0x01,0x00),
 (317,317,NULL,54244,1,0x00,0x01,NULL,'Team EA','Rod Dewey',1,'Bldg 4, Grd Flr, Zetland',2017,'','96639290',NULL,'','Movember Foundation','','','','','PO Box 292','','Prahran',3181,7,7,NULL,NULL,NULL,NULL,NULL,NULL,0,1,219020074,'2010-11-15 00:00:00',1,'300.00',NULL,'2010-11-15 00:00:00',NULL,738050,0x01,0x00),
 (318,318,NULL,54712,1,0x00,0x01,NULL,'','John Simpson',1,'35-45 Judd St, Oatley',2233,'','0459806848',NULL,'','Movember Foundation','','','','','PO Box 292','','Prahran',3181,7,7,NULL,NULL,NULL,NULL,NULL,NULL,0,3,219020076,'2010-11-15 00:00:00',1,'300.00',NULL,'2010-11-15 00:00:00',NULL,738050,0x01,0x00),
 (319,319,NULL,33480,1,0x00,0x00,NULL,'','Peter Brogan',2,'Bldg 5, Chatswood Depot',2082,'','94105165',NULL,'','Berowra Waters Rural Fire Brigade','','','','','PO Box 279','','Berowra',2081,2,4,NULL,NULL,NULL,NULL,NULL,NULL,1,2,219020075,'2010-12-15 00:00:00',1,'300.00',NULL,'2010-12-15 00:00:00',NULL,738050,0x01,0x00),
 (320,320,NULL,33480,2,0x00,0x00,NULL,'','Peter Brogan',2,'Bldg 5, Chatswood Depot',2082,'','94105165',NULL,'','Berowra Tower Brigade','','','','','1049','Pacific Hwy','Cowan',2081,2,4,NULL,NULL,NULL,NULL,NULL,NULL,1,2,219020075,'2010-12-15 00:00:00',1,'300.00',NULL,'2010-12-15 00:00:00',NULL,738050,0x01,0x00),
 (321,321,NULL,44170,1,0x00,0x01,NULL,'','Scott Barrington',2,'Blackwattle Bay Zone Depot',2500,'','96603158',NULL,'','Movember Foundation','','','','','PO Box 292','','Prahran',3181,7,7,NULL,NULL,NULL,NULL,NULL,NULL,0,3,219020076,'2010-12-15 00:00:00',0,'0.00',NULL,NULL,NULL,738050,NULL,0x00),
 (322,322,NULL,45967,1,0x00,0x00,NULL,'','Garry Jones',1,'Singleton Depot Orchard Ave Singleton',2330,'','0428243382',NULL,'','Singleton Junior Rugby League Football Club','','','','','PO Box 307','','Singleton',2330,2,9,NULL,NULL,NULL,NULL,NULL,NULL,1,7,219020080,'2010-12-15 00:00:00',1,'300.00',NULL,'2010-12-15 00:00:00',NULL,738050,0x01,0x00),
 (323,323,NULL,45983,1,0x00,0x00,NULL,'','John Frazer',1,'Singleton Depot Orchard Ave Singleton',2330,'','0409687316',NULL,'','Singleton Public School - Support Unit','','','','','8','Hunter St','Singleton',2330,2,3,NULL,NULL,NULL,NULL,NULL,NULL,1,7,219020080,'2010-12-15 00:00:00',1,'300.00',NULL,'2010-12-15 00:00:00',NULL,738050,0x01,0x00),
 (324,324,NULL,46200,2,0x00,0x00,NULL,'','Leanne  Halsey',1,'Singleton Depot Orchard Ave Singleton',2330,'','59716',NULL,'','Singleton Public School','','','','','8','Hunter St','Singleton',2330,2,3,NULL,NULL,NULL,NULL,NULL,NULL,1,7,219020080,'2010-12-15 00:00:00',1,'300.00',NULL,'2010-12-15 00:00:00',NULL,738050,0x01,0x00),
 (325,325,NULL,46200,1,0x00,0x00,NULL,'','Leanne  Halsey',1,'Singleton Depot Orchard Ave Singleton',2330,'','59716',NULL,'','Colleen Gale Children\'s Services','','','','','1','Marcus Pl','Singleton',2330,2,3,NULL,NULL,NULL,NULL,NULL,NULL,1,7,219020080,'2010-12-15 00:00:00',1,'300.00',NULL,'2010-12-15 00:00:00',NULL,738050,0x01,0x00),
 (326,326,NULL,46301,1,0x00,0x01,NULL,'','Nikki Miller',2,'Blackwattle Bay Zone Depot',2229,'','0439323453',NULL,'','Movember Foundation','','','','','PO Box 292','','Prahran',3181,7,7,NULL,NULL,NULL,NULL,NULL,NULL,0,3,219020076,'2010-12-15 00:00:00',0,'0.00',NULL,NULL,NULL,738050,NULL,0x00),
 (327,327,NULL,46955,1,0x00,0x01,NULL,'','Peter Shori',1,'Lvl 1, Blg 5, Zetland',2207,'','0419421736',NULL,'','Movember Foundation','','','','','PO Box 292','','Prahran',3181,7,7,NULL,NULL,NULL,NULL,NULL,NULL,0,3,219020076,'2010-12-15 00:00:00',1,'300.00',NULL,'2010-12-15 00:00:00',NULL,738050,0x01,0x00),
 (328,328,NULL,47038,1,0x00,0x01,NULL,'','Jason Krstanoski',1,'Lvl 1, Blg 5, Zetland',2234,'','96639422',NULL,'','Movember Foundation','','','','','PO Box 292','','Prahran',3181,7,7,NULL,NULL,NULL,NULL,NULL,NULL,0,3,219020076,'2010-12-15 00:00:00',1,'300.00',NULL,'2010-12-15 00:00:00',NULL,738050,0x01,0x00),
 (329,329,NULL,47224,1,0x00,0x01,NULL,'','Robert De Beus',6,'Lvl 19, RCH',2224,'','80013370',NULL,'','Movember Foundation','','','','','PO Box 292','','Prahran',3181,7,7,NULL,NULL,NULL,NULL,NULL,NULL,0,3,219020076,'2010-12-15 00:00:00',1,'300.00',NULL,'2010-12-15 00:00:00',NULL,738050,0x01,0x00),
 (330,330,NULL,47255,1,0x00,0x01,NULL,'Team EA','Anthony Colebourn',1,'Lvl 1, Blg 5, Homebush',2112,'','0409175731',NULL,'','Movember Foundation','','','','','PO Box 292','','Prahran',3181,7,7,NULL,NULL,NULL,NULL,NULL,NULL,0,2,219020075,'2010-12-15 00:00:00',1,'300.00',NULL,'2010-12-15 00:00:00',NULL,738050,0x01,0x00),
 (331,331,NULL,47658,1,0x00,0x01,NULL,'Bondi Boonie','Paul Cleary',2,'Blg 1, Chatswood - Protection',2067,'','0408168561',NULL,'','Movember Foundation','','','','','PO Box 292','','Prahran',3181,7,7,NULL,NULL,NULL,NULL,NULL,NULL,0,2,219020075,'2010-12-15 00:00:00',1,'300.00',NULL,'2010-12-15 00:00:00',NULL,738050,0x01,0x00),
 (332,332,NULL,47689,1,0x00,0x00,NULL,'','Mark Ryan',1,'Singleton Depot Orchard Ave Singleton',2330,'','0437378509',NULL,'','Singleton Branch Girl Guides Aust','','','','','York Street','','Singleton',2330,2,10,NULL,NULL,NULL,NULL,NULL,NULL,1,7,219020080,'2010-12-15 00:00:00',1,'300.00',NULL,'2010-12-15 00:00:00',NULL,738050,0x01,0x00),
 (333,333,NULL,48132,1,0x00,0x01,NULL,'','Goran Monevski',1,'Blg 3, Oatley',2220,'','0438195153',NULL,'','Movember Foundation','','','','','PO Box 292','','Prahran',3181,7,7,NULL,NULL,NULL,NULL,NULL,NULL,0,3,219020076,'2010-12-15 00:00:00',1,'300.00',NULL,'2010-12-15 00:00:00',NULL,738050,0x01,0x00),
 (334,334,NULL,48255,1,0x00,0x00,NULL,'','Jock Thompson',1,'Muswellbrook Depot ',2333,'','59000',NULL,'','Lake Gelnbawn Field Archery& Recreation Club','','','','','PO Box 181','','Scone',2337,2,9,NULL,NULL,NULL,NULL,NULL,NULL,1,7,219020080,'2010-12-15 00:00:00',1,'300.00',NULL,'2010-12-15 00:00:00',NULL,738050,0x01,0x00),
 (335,335,NULL,49055,1,0x00,0x01,NULL,'','Michael Arthur',1,'Blg 3, Oatley',2233,'','0414192156',NULL,'','Movember Foundation','','','','','PO Box 292','','Prahran',3181,7,7,NULL,NULL,NULL,NULL,NULL,NULL,0,3,219020076,'2010-12-15 00:00:00',1,'300.00',NULL,'2010-12-15 00:00:00',NULL,738050,0x01,0x00),
 (336,336,NULL,49574,1,0x00,0x00,NULL,'','Paul Colebourn',3,'Level 3, HOB',2112,'','92694619',NULL,'','MS Australia','','','','','PO Box 210','','Lidcombe',1825,2,6,NULL,NULL,NULL,NULL,NULL,NULL,1,2,219020075,'2010-12-15 00:00:00',1,'300.00',NULL,'2010-12-15 00:00:00',NULL,738050,0x01,0x00),
 (337,337,NULL,50263,1,0x00,0x01,NULL,'','Anthony Huckstep',1,'Silverwater',2229,'','0423045772',NULL,'','Movember Foundation','','','','','PO Box 292','','Prahran',3181,7,7,NULL,NULL,NULL,NULL,NULL,NULL,0,3,219020076,'2010-12-15 00:00:00',0,'0.00',NULL,NULL,NULL,738050,NULL,0x00),
 (338,338,NULL,50940,1,0x00,0x00,NULL,'','David Gothard',1,'Muswellbrook Depot ',2333,'','59000',NULL,'','Lake Gelnbawn Field Archery& Recreation Club','','','','','PO Box 181','','Scone',2337,2,9,NULL,NULL,NULL,NULL,NULL,NULL,1,7,219020080,'2010-12-15 00:00:00',1,'300.00',NULL,'2010-12-15 00:00:00',NULL,738050,0x01,0x00),
 (339,339,NULL,52515,2,0x00,0x00,NULL,'','Simon White',1,'Singleton Depot Orchard Ave Singleton',2330,'','59000',NULL,'','Valley Cricket Club','','','','','Lawson Ave','','Singleton',2330,2,9,NULL,NULL,NULL,NULL,NULL,NULL,1,7,219020080,'2010-12-15 00:00:00',1,'300.00',NULL,'2010-12-15 00:00:00',NULL,738050,0x01,0x00),
 (340,340,NULL,54050,1,0x00,0x00,NULL,'','Darren  Fitzpatrick',8,'71 Constitution Road, Meadowbank',2031,'','0288785032',NULL,'','Cancer Council of NSW','','','','','153','Dowling St','Wooloomooloo',2011,2,6,NULL,NULL,NULL,NULL,NULL,NULL,1,1,219020074,'2010-12-15 00:00:00',1,'300.00',NULL,'2010-12-15 00:00:00',NULL,738050,0x01,0x00),
 (341,341,NULL,54057,1,0x00,0x00,NULL,'','Paul Kennell',8,'71 Constitution Road, Meadowbank',2040,'','O408888117',NULL,'','Cancer Council of NSW','','','','','153','Dowling St','Wooloomooloo',2011,2,6,NULL,NULL,NULL,NULL,NULL,NULL,1,1,219020074,'2010-12-15 00:00:00',1,'300.00',NULL,'2010-12-15 00:00:00',NULL,738050,0x01,0x00),
 (342,342,NULL,43785,1,0x00,0x00,NULL,'','Neil Denby',8,'71 Constitution rd Meadowbank',2146,'','96883201',NULL,'','Cancer Council of NSW','','','','','153','Dowling St','Woolloomooloo',2011,2,6,NULL,NULL,NULL,NULL,NULL,NULL,1,4,219020077,'2011-01-15 00:00:00',1,'300.00',NULL,'2011-01-15 00:00:00',NULL,738050,0x01,0x00),
 (343,343,NULL,43795,1,0x00,0x00,NULL,'','Chis  Neal',8,'71 Constitution rd Meadowbank',2782,'','35063',NULL,'','Cancer Council of NSW','','','','','153','Dowling St','Woolloomooloo',2011,2,6,NULL,NULL,NULL,NULL,NULL,NULL,1,4,219020077,'2011-01-15 00:00:00',1,'300.00',NULL,'2011-01-15 00:00:00',NULL,738050,0x01,0x00),
 (344,344,NULL,44180,1,0x00,0x00,NULL,'','Andrew Mcvey',8,'71 Constitution rd Meadowbank',2564,'','35033',NULL,'','Cancer Council of NSW','','','','','153','Dowling St','Woolloomooloo',2011,2,6,NULL,NULL,NULL,NULL,NULL,NULL,1,4,219020077,'2011-01-15 00:00:00',1,'300.00',NULL,'2011-01-15 00:00:00',NULL,738050,0x01,0x00),
 (345,345,NULL,47155,1,0x00,0x00,NULL,'','Jeff Watts',8,'71 Constitution rd Meadowbank',2199,'','35062',NULL,'','Cancer Council of NSW','','','','','153','Dowling St','Woolloomooloo',2011,2,6,NULL,NULL,NULL,NULL,NULL,NULL,1,4,219020077,'2011-01-15 00:00:00',1,'300.00',NULL,'2011-01-15 00:00:00',NULL,738050,0x01,0x00),
 (346,346,NULL,47263,1,0x00,0x00,NULL,'','Aaron  Carter',8,'71 Constitution rd Meadowbank',2148,'','35043',NULL,'','Cancer Council of NSW','','','','','153','Dowling St','Woolloomooloo',2011,2,6,NULL,NULL,NULL,NULL,NULL,NULL,1,4,219020077,'2011-01-15 00:00:00',1,'300.00',NULL,'2011-01-15 00:00:00',NULL,738050,0x01,0x00),
 (347,347,NULL,47683,1,0x00,0x00,NULL,'','Jonathan Worrell',8,'71 Constitution rd Meadowbank',2147,'','35026',NULL,'','Cancer Council of NSW','','','','','153','Dowling St','Woolloomooloo',2011,2,6,NULL,NULL,NULL,NULL,NULL,NULL,1,4,219020077,'2011-01-15 00:00:00',1,'300.00',NULL,'2011-01-15 00:00:00',NULL,738050,0x01,0x00),
 (348,348,NULL,47684,1,0x00,0x00,NULL,'','Trenton Bradley',8,'71 Constitution rd Meadowbank',2124,'','35039',NULL,'','Cancer Council of NSW','','','','','153','Dowling St','Woolloomooloo',2011,2,6,NULL,NULL,NULL,NULL,NULL,NULL,1,4,219020077,'2011-01-15 00:00:00',1,'300.00',NULL,'2011-01-15 00:00:00',NULL,738050,0x01,0x00),
 (349,349,NULL,51421,1,0x00,0x00,NULL,'','Rosemary Foster',8,'71 Constitution rd Meadowbank',2138,'','35026',NULL,'','Cancer Council of NSW','','','','','153','Dowling St','Woolloomooloo',2011,2,6,NULL,NULL,NULL,NULL,NULL,NULL,1,4,219020077,'2011-01-15 00:00:00',1,'300.00',NULL,'2011-01-15 00:00:00',NULL,738050,0x01,0x00),
 (350,350,NULL,52691,1,0x00,0x00,NULL,'','Bob Tao',8,'71 Constitution rd Meadowbank',2166,'','0403632629',NULL,'','Cancer Council of NSW','','','','','153','Dowling St','Woolloomooloo',2011,2,6,NULL,NULL,NULL,NULL,NULL,NULL,1,4,219020077,'2011-01-15 00:00:00',1,'300.00',NULL,'2011-01-15 00:00:00',NULL,738050,0x01,0x00),
 (351,351,NULL,53004,1,0x00,0x00,NULL,'','Ruth Greenway',2,'L17 HOB',2173,'','32254',NULL,'','National Breast Cancer Foundation','','','','','GPO Box 4126','','Sydney',2001,2,6,NULL,NULL,NULL,NULL,NULL,NULL,1,4,219020077,'2011-01-15 00:00:00',1,'300.00',NULL,'2011-01-15 00:00:00',NULL,738050,0x01,0x00),
 (352,352,NULL,53007,1,0x00,0x00,NULL,'','Nick Batsikas',8,'71 Constitution rd Meadowbank',2208,'','35026',NULL,'','Cancer Council of NSW','','','','','153','Dowling St','Woolloomooloo',2011,2,6,NULL,NULL,NULL,NULL,NULL,NULL,1,4,219020077,'2011-01-15 00:00:00',1,'300.00',NULL,'2011-01-15 00:00:00',NULL,738050,0x01,0x00),
 (353,353,NULL,54038,1,0x00,0x00,NULL,'','Adam Baxter',8,'71 Constitution rd Meadowbank',2122,'','0401388395',NULL,'','Cancer Council of NSW','','','','','153','Dowling St','Woolloomooloo',2011,2,6,NULL,NULL,NULL,NULL,NULL,NULL,1,4,219020077,'2011-01-15 00:00:00',1,'300.00',NULL,'2011-01-15 00:00:00',NULL,738050,0x01,0x00),
 (354,354,NULL,54045,1,0x00,0x00,NULL,'','Richie Coombes',8,'71 Constitution rd Meadowbank',2763,'','0415246066',NULL,'','Cancer Council of NSW','','','','','153','Dowling St','Woolloomooloo',2011,2,6,NULL,NULL,NULL,NULL,NULL,NULL,1,4,219020077,'2011-01-15 00:00:00',1,'300.00',NULL,'2011-01-15 00:00:00',NULL,738050,0x01,0x00),
 (355,355,NULL,54046,1,0x00,0x00,NULL,'','Steven Donahue-Langly',8,'71 Constitution rd Meadowbank',2170,'','97301221',NULL,'','Cancer Council of NSW','','','','','153','Dowling St','Woolloomooloo',2011,2,6,NULL,NULL,NULL,NULL,NULL,NULL,1,4,219020077,'2011-01-15 00:00:00',1,'300.00',NULL,'2011-01-15 00:00:00',NULL,738050,0x01,0x00),
 (356,356,NULL,54048,1,0x00,0x00,NULL,'','Ben Dudley',8,'71 Constitution rd Meadowbank',2566,'','0404046015',NULL,'','Cancer Council of NSW','','','','','153','Dowling St','Woolloomooloo',2011,2,6,NULL,NULL,NULL,NULL,NULL,NULL,1,4,219020077,'2011-01-15 00:00:00',1,'300.00',NULL,'2011-01-15 00:00:00',NULL,738050,0x01,0x00),
 (357,357,NULL,54051,1,0x00,0x00,NULL,'','Blake Fredericks',8,'71 Constitution rd Meadowbank',2203,'','35026',NULL,'','Cancer Council of NSW','','','','','153','Dowling St','Woolloomooloo',2011,2,6,NULL,NULL,NULL,NULL,NULL,NULL,1,4,219020077,'2011-01-15 00:00:00',1,'300.00',NULL,'2011-01-15 00:00:00',NULL,738050,0x01,0x00),
 (358,358,NULL,54054,1,0x00,0x00,NULL,'','Mark Hanratty',8,'71 Constitution rd Meadowbank',2567,'','0419207690',NULL,'','Cancer Council of NSW','','','','','153','Dowling St','Woolloomooloo',2011,2,6,NULL,NULL,NULL,NULL,NULL,NULL,1,4,219020077,'2011-01-15 00:00:00',1,'300.00',NULL,'2011-01-15 00:00:00',NULL,738050,0x01,0x00),
 (359,359,NULL,54059,1,0x00,0x00,NULL,'','Adam Kovaceevic',8,'71 Constitution rd Meadowbank',2176,'','0433445491',NULL,'','Cancer Council of NSW','','','','','153','Dowling St','Woolloomooloo',2011,2,6,NULL,NULL,NULL,NULL,NULL,NULL,1,4,219020077,'2011-01-15 00:00:00',1,'300.00',NULL,'2011-01-15 00:00:00',NULL,738050,0x01,0x00),
 (360,360,NULL,54063,1,0x00,0x00,NULL,'','Antonio Lupo',8,'71 Constitution rd Meadowbank',2210,'','0422404182',NULL,'','Cancer Council of NSW','','','','','153','Dowling St','Woolloomooloo',2011,2,6,NULL,NULL,NULL,NULL,NULL,NULL,1,4,219020077,'2011-01-15 00:00:00',1,'300.00',NULL,'2011-01-15 00:00:00',NULL,738050,0x01,0x00),
 (361,361,NULL,54068,1,0x00,0x00,NULL,'','Mick Martin',8,'71 Constitution rd Meadowbank',2756,'','0432664730',NULL,'','Cancer Council of NSW','','','','','153','Dowling St','Woolloomooloo',2011,2,6,NULL,NULL,NULL,NULL,NULL,NULL,1,4,219020077,'2011-01-15 00:00:00',1,'300.00',NULL,'2011-01-15 00:00:00',NULL,738050,0x01,0x00),
 (362,362,NULL,54069,1,0x00,0x00,NULL,'','Darren McCarthy',8,'71 Constitution rd Meadowbank',2137,'','0412466015',NULL,'','Cancer Council of NSW','','','','','153','Dowling St','Woolloomooloo',2011,2,6,NULL,NULL,NULL,NULL,NULL,NULL,1,4,219020077,'2011-01-15 00:00:00',1,'300.00',NULL,'2011-01-15 00:00:00',NULL,738050,0x01,0x00),
 (363,363,NULL,54070,1,0x00,0x00,NULL,'','Aaron  McIntyre',8,'71 Constitution rd Meadowbank',2574,'','0414893120',NULL,'','Cancer Council of NSW','','','','','153','Dowling St','Woolloomooloo',2011,2,6,NULL,NULL,NULL,NULL,NULL,NULL,1,4,219020077,'2011-01-15 00:00:00',1,'300.00',NULL,'2011-01-15 00:00:00',NULL,738050,0x01,0x00),
 (364,364,NULL,54071,1,0x00,0x00,NULL,'','Luke Morris',8,'71 Constitution rd Meadowbank',2173,'','0402213200',NULL,'','Cancer Council of NSW','','','','','153','Dowling St','Woolloomooloo',2011,2,6,NULL,NULL,NULL,NULL,NULL,NULL,1,4,219020077,'2011-01-15 00:00:00',1,'300.00',NULL,'2011-01-15 00:00:00',NULL,738050,0x01,0x00),
 (365,365,NULL,54079,1,0x00,0x00,NULL,'','Yann Piat',8,'71 Constitution rd Meadowbank',2753,'','0434113092',NULL,'','Cancer Council of NSW','','','','','153','Dowling St','Woolloomooloo',2011,2,6,NULL,NULL,NULL,NULL,NULL,NULL,1,4,219020077,'2011-01-15 00:00:00',1,'300.00',NULL,'2011-01-15 00:00:00',NULL,738050,0x01,0x00),
 (366,366,NULL,54083,1,0x00,0x00,NULL,'','Cameron Richardson',8,'71 Constitution rd Meadowbank',2130,'','0434642146',NULL,'','Cancer Council of NSW','','','','','153','Dowling St','Woolloomooloo',2011,2,6,NULL,NULL,NULL,NULL,NULL,NULL,1,4,219020077,'2011-01-15 00:00:00',1,'300.00',NULL,'2011-01-15 00:00:00',NULL,738050,0x01,0x00),
 (367,367,NULL,54085,1,0x00,0x00,NULL,'','Adrian Smith ',8,'71 Constitution rd Meadowbank',2038,'','0421873898',NULL,'','Cancer Council of NSW','','','','','153','Dowling St','Woolloomooloo',2011,2,6,NULL,NULL,NULL,NULL,NULL,NULL,1,4,219020077,'2011-01-15 00:00:00',1,'300.00',NULL,'2011-01-15 00:00:00',NULL,738050,0x01,0x00),
 (368,368,NULL,54091,1,0x00,0x00,NULL,'','Adam Turner',8,'71 Constitution rd Meadowbank',2170,'','35026',NULL,'','Cancer Council of NSW','','','','','153','Dowling St','Woolloomooloo',2011,2,6,NULL,NULL,NULL,NULL,NULL,NULL,1,4,219020077,'2011-01-15 00:00:00',1,'300.00',NULL,'2011-01-15 00:00:00',NULL,738050,0x01,0x00),
 (369,369,NULL,20780,1,0x00,0x00,NULL,'','Greg Shaw',3,'Block B - Wallsend Admin Building',2291,'','40354045',NULL,'','Boolaroo Speers Point Swimming Club Inc','','','','','PO Box 710','','Warners Bay',2282,2,9,NULL,NULL,NULL,NULL,NULL,NULL,0,6,219020079,'2011-02-15 00:00:00',1,'300.00',NULL,'2011-02-15 00:00:00',NULL,738050,0x01,0x00),
 (370,370,NULL,37931,1,0x00,0x00,NULL,'','Jose Elias',2,'Bldg 3, Oatley',2206,'','0412607919',NULL,'','Maddison Cerebral Palsy Inc.','','','','','7','Wilbur St','Greenacre',2190,2,6,NULL,NULL,NULL,NULL,NULL,NULL,1,3,219020076,'2011-02-15 00:00:00',1,'300.00',NULL,'2011-02-15 00:00:00',NULL,738050,0x01,0x00),
 (371,371,NULL,38224,1,0x00,0x00,NULL,'','David Myers',1,'DB 5, Abbott Street, Wallsend',2320,'','40356000',NULL,'','Vintage Junior Golf Foundation','','','','','Vintage Dr','','Rothbury',2320,2,9,NULL,NULL,NULL,NULL,NULL,NULL,1,6,219020079,'2011-02-15 00:00:00',1,'300.00',NULL,'2011-02-15 00:00:00',NULL,738050,0x01,0x00),
 (372,372,NULL,39766,1,0x00,0x00,NULL,'','Craig Williams',8,'Wallsend',2259,'','0407061625',NULL,'','Catherine Hill Bay SLSC(nippers)','','','','','PO Box 6147','','Lake Munmorah',2259,2,9,NULL,NULL,NULL,NULL,NULL,NULL,1,5,219020078,'2011-02-15 00:00:00',1,'300.00',NULL,'2011-02-15 00:00:00',NULL,738050,0x01,0x00),
 (373,373,NULL,42870,1,0x00,0x00,NULL,'','John  Scheweikert',1,'Noraville',2259,'','0407270416',NULL,'','Variety the Chidrens Charity','','','','','6','Torepy Place','Broadmeadow',2292,2,6,NULL,NULL,NULL,NULL,NULL,NULL,1,5,219020078,'2011-02-15 00:00:00',1,'300.00',NULL,'2011-02-15 00:00:00',NULL,738050,0x01,0x00),
 (374,374,NULL,43705,2,0x00,0x00,NULL,'','Evan Partridge',2,'5 Bridge St Pymble',2763,'','66602',NULL,'','Quakers Hill JRLFC','','','','','9','Riverstone Rd','Riverstone',2765,2,9,NULL,NULL,NULL,NULL,NULL,NULL,1,4,219020077,'2011-02-15 00:00:00',1,'300.00',NULL,'2011-02-15 00:00:00',NULL,738050,0x01,0x00),
 (375,375,NULL,43724,2,0x00,0x00,NULL,'','Tom Emeleus',8,'Bldg 9A, Homebush Depot',2114,'','0417242893',NULL,'','NSW Cancer Council','','','','','153','Dowling St','Woolloomooloo',2011,2,6,NULL,NULL,NULL,NULL,NULL,NULL,1,2,219020075,'2011-02-15 00:00:00',1,'300.00',NULL,'2011-02-15 00:00:00',NULL,738050,0x01,0x00),
 (376,376,NULL,44550,1,0x00,0x00,NULL,'','Nicole  Dickson',2,'Block B - Wallsend Admin Building',2287,'','40354041',NULL,'','Maitland District Motorcycle Club','','','','','PO Box 310','','Kurri Kurri',2327,2,9,NULL,NULL,NULL,NULL,NULL,NULL,0,6,219020079,'2011-02-15 00:00:00',0,'0.00',NULL,NULL,NULL,738050,NULL,0x00),
 (377,377,NULL,44981,1,0x00,0x00,NULL,'','Benjamin Homard',1,'DB 5, Abbott Street, Wallsend',2282,'','40356000',NULL,'','Warners Bay Early Learning & Care Centre','','','','','Cnr King & Charles St','','Warners Bay',2282,2,3,NULL,NULL,NULL,NULL,NULL,NULL,1,6,219020079,'2011-02-15 00:00:00',1,'300.00',NULL,'2011-02-15 00:00:00',NULL,738050,0x01,0x00),
 (378,378,NULL,44989,2,0x00,0x00,NULL,'','Michael Fitzpatrick',4,'Block A - Wallsend Admin Building',2285,'','49519553',NULL,'','Edgeworth Public School P & C','','','','','Minmi Road','','Edgeworth',2285,2,3,NULL,NULL,NULL,NULL,NULL,NULL,1,6,219020079,'2011-02-15 00:00:00',1,'300.00',NULL,'2011-02-15 00:00:00',NULL,738050,0x01,0x00),
 (379,379,NULL,45026,1,0x00,0x00,NULL,'','Sue  Bricknell',4,'Block A - Wallsend Admin Building',2282,'','49510841',NULL,'','Leukaemia Foundation','','','','','GPO Box 9954','','Sydney',2000,2,6,NULL,NULL,NULL,NULL,NULL,NULL,1,6,219020079,'2011-02-15 00:00:00',0,'0.00',NULL,NULL,NULL,738050,NULL,0x00),
 (380,380,NULL,45289,1,0x00,0x00,NULL,'','John Oswald',1,'Block A - Wallsend Admin Building',2303,'','40356000',NULL,'','Hamilton South Public School P & C','','','','','Jenner Pde','','Hamilton South',2303,2,3,NULL,NULL,NULL,NULL,NULL,NULL,0,6,219020079,'2011-02-15 00:00:00',1,'300.00',NULL,'2011-02-15 00:00:00',NULL,738050,0x01,0x00),
 (381,381,NULL,45381,1,0x00,0x00,NULL,'','Ed King',1,'Building 3 - Abbot Street Depot',2287,'','49519225',NULL,'','1st South Wallsend Scout Group','','','','','Cardiff Rd','','Wallsend',2287,2,10,NULL,NULL,NULL,NULL,NULL,NULL,1,6,219020079,'2011-02-15 00:00:00',1,'300.00',NULL,'2011-02-15 00:00:00',NULL,738050,0x01,0x00),
 (382,382,NULL,45501,1,0x00,0x00,NULL,'','Craig Bellamy',3,'Block A - Wallsend Admin Building',2287,'','49511421',NULL,'','Leukaemia Foundation','','','','','GPO Box 9954','','Sydney',2000,2,6,NULL,NULL,NULL,NULL,NULL,NULL,1,6,219020079,'2011-02-15 00:00:00',1,'300.00',NULL,'2011-02-15 00:00:00',NULL,738050,0x01,0x00),
 (383,383,NULL,45538,1,0x00,0x00,NULL,'','Greg Sessions',1,'DB 5, Abbott Street, Wallsend',2291,'','40356000',NULL,'','Merewether Beachbabes Playgroup','','','','','Glebe Rd','','Merewether',2291,2,3,NULL,NULL,NULL,NULL,NULL,NULL,1,6,219020079,'2011-02-15 00:00:00',1,'300.00',NULL,'2011-02-15 00:00:00',NULL,738050,0x01,0x00),
 (384,384,NULL,45656,1,0x00,0x00,NULL,'','Jenny  Clarke',1,'DB 5, Abbott Street, Wallsend',2287,'','40356000',NULL,'','Nelson Bay Football Club','','','','','Stockton Rd','','Nelson Bay',2315,2,9,NULL,NULL,NULL,NULL,NULL,NULL,1,6,219020079,'2011-02-15 00:00:00',1,'300.00',NULL,'2011-02-15 00:00:00',NULL,738050,0x01,0x00),
 (385,385,NULL,45680,1,0x00,0x00,NULL,'','Belinda Handford',2,'Building 6 - Abbott St Depot',2285,'','49519671',NULL,'','Edgeworth Public School P & C','','','','','Minmi Road','','Edgeworth',2285,2,3,NULL,NULL,NULL,NULL,NULL,NULL,1,6,219020079,'2011-02-15 00:00:00',1,'300.00',NULL,'2011-02-15 00:00:00',NULL,738050,0x01,0x00),
 (386,386,NULL,45714,1,0x00,0x00,NULL,'','Keiran Jeffriess',1,'Building 3 - Abbot Street Depot',2287,'','0419618273',NULL,'','Maryland Public School P & C','','','','','John T Bell Dr','','Maryland',2287,2,3,NULL,NULL,NULL,NULL,NULL,NULL,1,6,219020079,'2011-02-15 00:00:00',1,'300.00',NULL,'2011-02-15 00:00:00',NULL,738050,0x01,0x00),
 (387,387,NULL,45789,1,0x00,0x00,NULL,'','Chris Jeffery',1,'Block A - Wallsend Admin Building',2285,'','49519246',NULL,'','Edgeworth Public School P & C','','','','','Minmi Road','','Edgeworth',2285,2,3,NULL,NULL,NULL,NULL,NULL,NULL,1,6,219020079,'2011-02-15 00:00:00',1,'300.00',NULL,'2011-02-15 00:00:00',NULL,738050,0x01,0x00),
 (388,388,NULL,45827,1,0x00,0x00,NULL,'','Robert Adams',2,'Building 15 - Abbot Street Depot',2287,'','0418263005',NULL,'','Lions Club of Elermore Vale Inc','','','','','PO Box 62','','Jesmond',2299,2,8,NULL,NULL,NULL,NULL,NULL,NULL,1,6,219020079,'2011-02-15 00:00:00',1,'300.00',NULL,'2011-02-15 00:00:00',NULL,738050,0x01,0x00),
 (389,389,NULL,45979,1,0x00,0x00,NULL,'','Glenn McIntosh',1,'Building 12 - Abbott St Wallsend',2323,'','0439585928',NULL,'','Kurri Mongrel Bastards Mountain Bike Club Inc','','','','','C/ Station Hotel','','Kurri Kurri',2327,2,11,NULL,NULL,NULL,NULL,NULL,NULL,0,6,219020079,'2011-02-15 00:00:00',1,'300.00',NULL,'2011-02-15 00:00:00',NULL,738050,0x01,0x00),
 (390,390,NULL,45989,2,0x00,0x00,NULL,'','Scott O\'Bryan',1,'Singleton Depot Orchard Ave Singleton',2330,'','65719748',NULL,'','Singleton Pre-School','','','','','56','York St','Singleton',2330,2,3,NULL,NULL,NULL,NULL,NULL,NULL,1,7,219020080,'2011-02-15 00:00:00',1,'300.00',NULL,'2011-02-15 00:00:00',NULL,738050,0x01,0x00),
 (391,391,NULL,46206,2,0x00,0x00,NULL,'','Darrell Byron',1,'Muswellbrook Depot',2333,'','0265429000',NULL,'','Muswellbrook PCYC','','','','','Carl St','','Muswellbrook',2333,2,9,NULL,NULL,NULL,NULL,NULL,NULL,1,7,219020080,'2011-02-15 00:00:00',1,'300.00',NULL,'2011-02-15 00:00:00',NULL,738050,0x01,0x00),
 (392,392,NULL,46207,2,0x00,0x00,NULL,'','Jody Ingold',1,'Muswellbrook Depot',2333,'','0265429000',NULL,'','Muswellbrook PCYC','','','','','Carl St','','Muswellbrook',2333,2,9,NULL,NULL,NULL,NULL,NULL,NULL,1,7,219020080,'2011-02-15 00:00:00',1,'300.00',NULL,'2011-02-15 00:00:00',NULL,738050,0x01,0x00),
 (393,393,NULL,46601,1,0x00,0x00,NULL,'','Angela Wahlstedt',4,'Block A - Wallsend Admin Building',2285,'','49519954',NULL,'','Edgeworth Public School P & C','','','','','Minmi Road','','Edgeworth',2285,2,3,NULL,NULL,NULL,NULL,NULL,NULL,1,6,219020079,'2011-02-15 00:00:00',1,'300.00',NULL,'2011-02-15 00:00:00',NULL,738050,0x01,0x00),
 (394,394,NULL,47115,1,0x00,0x00,NULL,'','Brad Whittard',2,'Block B - Wallsend Admin Building',2287,'','40354047',NULL,'','RSPCA New South Wales','','','','','62','Hume Highway','Chullora',2190,2,11,NULL,NULL,NULL,NULL,NULL,NULL,1,6,219020079,'2011-02-15 00:00:00',1,'300.00',NULL,'2011-02-15 00:00:00',NULL,738050,0x01,0x00),
 (395,395,NULL,47437,1,0x00,0x00,NULL,'','Rachael Morante',4,'Block A - Wallsend Admin Building',2285,'','40354091',NULL,'','Edgeworth Public School P & C','','','','','Minmi Road','','Edgeworth',2285,2,3,NULL,NULL,NULL,NULL,NULL,NULL,1,6,219020079,'2011-02-15 00:00:00',1,'300.00',NULL,'2011-02-15 00:00:00',NULL,738050,0x01,0x00),
 (396,396,NULL,47798,1,0x00,0x00,NULL,'','David Mulally',7,'Lv 22, HOB',2500,'','92694230',NULL,'','Skola Maltija of Wollongong','','','','','PO Box 467','','Unanderra',2526,2,3,NULL,NULL,NULL,NULL,NULL,NULL,1,3,219020076,'2011-02-15 00:00:00',1,'300.00',NULL,'2011-02-15 00:00:00',NULL,738050,0x01,0x00),
 (397,397,NULL,47988,2,0x00,0x00,NULL,'','Robert  Beckingham',1,'Muswellbrook Depot',2333,'','0265429000',NULL,'','Muswellbrook PCYC','','','','','Carl St','','Muswellbrook',2333,2,9,NULL,NULL,NULL,NULL,NULL,NULL,1,7,219020080,'2011-02-15 00:00:00',1,'300.00',NULL,'2011-02-15 00:00:00',NULL,738050,0x01,0x00),
 (398,398,NULL,48708,1,0x00,0x00,NULL,'','Scott  Vickers',1,'Customer Connections, Abbott St Depot',2291,'','49510117',NULL,'','Everyday Hero Pty Ltd','','','','','PO Box 600','','Katoomba',2780,2,8,NULL,NULL,NULL,NULL,NULL,NULL,1,6,219020079,'2011-02-15 00:00:00',1,'300.00',NULL,'2011-02-15 00:00:00',NULL,738050,0x01,0x00),
 (399,399,NULL,49201,1,0x00,0x00,NULL,'','David Sidney',1,'Level 1, Bldg 1, Hornsby Depot',2067,'','94778216',NULL,'','Hornsby RSL Squardron','','','','','2','High St','Hornsby',2077,2,8,NULL,NULL,NULL,NULL,NULL,NULL,1,2,219020075,'2011-02-15 00:00:00',1,'300.00',NULL,'2011-02-15 00:00:00',NULL,738050,0x01,0x00),
 (400,400,NULL,49580,2,0x00,0x00,NULL,'','Leonie Martin',4,'Block A - Wallsend Admin Building',2285,'','49100202',NULL,'','Edgeworth Public School P & C','','','','','Minmi Road','','Edgeworth',2285,2,3,NULL,NULL,NULL,NULL,NULL,NULL,0,6,219020079,'2011-02-15 00:00:00',1,'300.00',NULL,'2011-02-15 00:00:00',NULL,738050,0x01,0x00),
 (401,401,NULL,50098,1,0x00,0x00,NULL,'','Terry Perkins',2,'Block B - Wallsend Admin Building',2286,'','0458207304',NULL,'','Glendale Early Education Centre','','','','','4','Stockland Dr','Argenton',2284,2,3,NULL,NULL,NULL,NULL,NULL,NULL,1,6,219020079,'2011-02-15 00:00:00',1,'300.00',NULL,'2011-02-15 00:00:00',NULL,738050,0x01,0x00),
 (402,402,NULL,50377,1,0x00,0x00,NULL,'','Terrance Johnson',1,'Gore Hill Depot',2097,'','94675521',NULL,'','Warringah Junior Baseball Club','','','','','52','Coniston ST','Wheeler Heights',2097,2,9,NULL,NULL,NULL,NULL,NULL,NULL,1,2,219020075,'2011-02-15 00:00:00',1,'300.00',NULL,'2011-02-15 00:00:00',NULL,738050,0x01,0x00);
INSERT INTO `commcare_submissions` (`id`,`serial_id`,`load_id`,`service_number`,`which_application`,`is_inkind`,`is_movember`,`movember_id`,`movember_team_name`,`applicant_name`,`applicant_division`,`applicant_work_addr`,`applicant_postcode`,`applicant_suburb`,`applicant_phone`,`applicant_phone_2`,`applicant_email`,`org_name`,`position_in_org`,`org_contact_name`,`org_contact_phone`,`org_contact_email`,`org_addr_line1`,`org_addr_line2`,`org_suburb`,`org_postcode`,`org_state`,`org_purpose`,`org_purpose_other`,`org_description`,`grant_use`,`grant_use_other`,`volunteer_role`,`volunteer_role_other`,`contactable`,`recc_id`,`recc_io_number`,`submission_date`,`status`,`amount`,`justification`,`decision_date`,`decision_service_number`,`gl_account`,`is_paid`,`sms_updates`) VALUES 
 (403,403,NULL,50608,1,0x00,0x00,NULL,'','Mark  Round',1,'Block C - Wallsend Admin Building',2283,'','49511335',NULL,'','Rathmines Scout Group','','','','','PO Box 4005','','Rathmines',2283,2,8,NULL,NULL,NULL,NULL,NULL,NULL,1,6,219020079,'2011-02-15 00:00:00',1,'300.00',NULL,'2011-02-15 00:00:00',NULL,738050,0x01,0x00),
 (404,404,NULL,50858,1,0x00,0x00,NULL,'','Ryan Warnes',8,'71 Constitution rd Meadowbank',2232,'','0414669021',NULL,'','Cancer Council of NSW','','','','','153','Dowling St','Woolloomooloo',2011,2,6,NULL,NULL,NULL,NULL,NULL,NULL,0,3,219020076,'2011-02-15 00:00:00',1,'300.00',NULL,'2011-02-15 00:00:00',NULL,738050,0x01,0x00),
 (405,405,NULL,51121,2,0x00,0x00,NULL,'','James Alexander',1,'Level 1, Bldg 4, Zetland Depot',2088,'','96639504',NULL,'','Australian Red Cross blood Service','','','','','153','Clarence St','Sydney',2000,2,6,NULL,NULL,NULL,NULL,NULL,NULL,0,2,219020075,'2011-02-15 00:00:00',1,'300.00',NULL,'2011-02-15 00:00:00',NULL,738050,0x01,0x00),
 (406,406,NULL,51178,1,0x00,0x00,NULL,'','Lisa Riordan',6,'RCH',2566,'','85696621',NULL,'','Westcare','','','','','PO Box 737','','Kingswood',2747,2,8,NULL,NULL,NULL,NULL,NULL,NULL,1,4,219020077,'2011-02-15 00:00:00',1,'300.00',NULL,'2011-02-15 00:00:00',NULL,738050,0x01,0x00),
 (407,407,NULL,51548,1,0x00,0x00,NULL,'','Rebecca Mason',7,'Lv 19, HOB',2230,'','92692490',NULL,'','The Smith Family','','','','','Lv 9','117 Clarence St','Sydney',2000,2,8,NULL,NULL,NULL,NULL,NULL,NULL,1,3,219020076,'2011-02-15 00:00:00',1,'300.00',NULL,'2011-02-15 00:00:00',NULL,738050,0x01,0x00),
 (408,408,NULL,51548,2,0x00,0x00,NULL,'','Rebecca Mason',7,'Lv 19, HOB',2230,'','92692490',NULL,'','Parents, Families & Friends of Lesbians and Gays','','','','','PO Box 3751','','Marsfield',2122,2,8,NULL,NULL,NULL,NULL,NULL,NULL,1,3,219020076,'2011-02-15 00:00:00',1,'300.00',NULL,'2011-02-15 00:00:00',NULL,738050,0x01,0x00),
 (409,409,NULL,51552,1,0x00,0x00,NULL,'','Scott Edwards',6,'Lv 19, RCH',2227,'','80013403',NULL,'','Gymea Bay Care & Leisure Centre','','','','','PO Box 537','','Gymea',2227,2,9,NULL,NULL,NULL,NULL,NULL,NULL,0,3,219020076,'2011-02-15 00:00:00',0,'0.00',NULL,NULL,NULL,738050,NULL,0x00),
 (410,410,NULL,51767,2,0x00,0x00,NULL,'','Anthony Conyngham',2,'24 Campbell Street, Sydney',2031,'','0437978960',NULL,'','Maroubra Saints Junior AFL','','','','','PO Box 4115','','Maroubra South',2035,2,10,NULL,NULL,NULL,NULL,NULL,NULL,1,1,219020074,'2011-02-15 00:00:00',1,'300.00',NULL,'2011-02-15 00:00:00',NULL,738050,0x01,0x00),
 (411,411,NULL,51776,1,0x00,0x00,NULL,'','Jude Woloschyn',4,'Block A - Wallsend Admin Building',2289,'','131535',NULL,'','Ronald McDonald House in the Hunter','','','','','PO Box 21','','The Junction',2291,2,8,NULL,NULL,NULL,NULL,NULL,NULL,1,6,219020079,'2011-02-15 00:00:00',1,'300.00',NULL,'2011-02-15 00:00:00',NULL,738050,0x01,0x00),
 (412,412,NULL,51779,1,0x00,0x00,NULL,'','Erin  Griffiths',4,'Block A - Wallsend Admin Building',2280,'','131535',NULL,'','Belmont Community Child Care Centre','','','','','5a','Glover Street','Belmont',2280,2,3,NULL,NULL,NULL,NULL,NULL,NULL,1,6,219020079,'2011-02-15 00:00:00',1,'300.00',NULL,'2011-02-15 00:00:00',NULL,738050,0x01,0x00),
 (413,413,NULL,52013,2,0x00,0x00,NULL,'','Nola connor',1,'Muswellbrook Depot',2333,'','0265429000',NULL,'','Muswellbrook PCYC','','','','','Carl St','','Muswellbrook',2333,2,9,NULL,NULL,NULL,NULL,NULL,NULL,1,7,219020080,'2011-02-15 00:00:00',1,'300.00',NULL,'2011-02-15 00:00:00',NULL,738050,0x01,0x00),
 (414,414,NULL,52161,2,0x00,0x00,NULL,'','Allan  Brooker',6,'Block C - Wallsend Admin Building',2324,'','0458713279',NULL,'','NUSwim Swimming Club','','','','','PO Box 22','','Callaghan',2308,2,9,NULL,NULL,NULL,NULL,NULL,NULL,1,6,219020079,'2011-02-15 00:00:00',0,'0.00',NULL,NULL,NULL,738050,NULL,0x00),
 (415,415,NULL,52519,1,0x00,0x00,NULL,'','Brock Morgan',1,'Merriwa Depot Bettington St Merriwa ',2329,'','0439612503',NULL,'','Merriwa Touch Ass.','','','','','49','Bow St','Merriwa',2329,2,9,NULL,NULL,NULL,NULL,NULL,NULL,1,7,219020080,'2011-02-15 00:00:00',1,'300.00',NULL,'2011-02-15 00:00:00',NULL,738050,0x01,0x00),
 (416,416,NULL,52667,1,0x00,0x00,NULL,'','Gareth Da-Ibarra',8,'71 Constitution rd Meadowbank',2233,'','0416833686',NULL,'','Cancer Council of NSW','','','','','153','Dowling St','Woolloomooloo',2011,2,6,NULL,NULL,NULL,NULL,NULL,NULL,0,3,219020076,'2011-02-15 00:00:00',1,'300.00',NULL,'2011-02-15 00:00:00',NULL,738050,0x01,0x00),
 (417,417,NULL,54036,1,0x00,0x00,NULL,'','Magnus Agren',8,'71 Constitution rd Meadowbank',2227,'','0439450792',NULL,'','Cancer Council of NSW','','','','','153','Dowling St','Woolloomooloo',2011,2,6,NULL,NULL,NULL,NULL,NULL,NULL,1,3,219020076,'2011-02-15 00:00:00',1,'300.00',NULL,'2011-02-15 00:00:00',NULL,738050,0x01,0x00),
 (418,418,NULL,54037,1,0x00,0x00,NULL,'','Jordan Barry',8,'71 Constitution rd Meadowbank',2226,'','0424170400',NULL,'','Cancer Council of NSW','','','','','153','Dowling St','Woolloomooloo',2011,2,6,NULL,NULL,NULL,NULL,NULL,NULL,1,3,219020076,'2011-02-15 00:00:00',1,'300.00',NULL,'2011-02-15 00:00:00',NULL,738050,0x01,0x00),
 (419,419,NULL,54040,1,0x00,0x00,NULL,'','Matt Bishop',8,'Meadowbank',2251,'','0405620864',NULL,'','Cancer Council','','','','','The Hive','Erina Fair','Erina',2250,2,6,NULL,NULL,NULL,NULL,NULL,NULL,1,5,219020078,'2011-02-15 00:00:00',1,'300.00',NULL,'2011-02-15 00:00:00',NULL,738050,0x01,0x00),
 (420,420,NULL,54041,1,0x00,0x00,NULL,'','Phil Browne',8,'Meadowbank',2250,'','0435913201',NULL,'','Cancer Council','','','','','The Hive','Erina Fair','Erina',2250,2,6,NULL,NULL,NULL,NULL,NULL,NULL,1,5,219020078,'2011-02-15 00:00:00',1,'300.00',NULL,'2011-02-15 00:00:00',NULL,738050,0x01,0x00),
 (421,421,NULL,54055,1,0x00,0x00,NULL,'','Carson Hebron',8,'Meadowbank',2258,'','0431063487',NULL,'','Cancer Council','','','','','The Hive','Erina Fair','Erina',2250,2,6,NULL,NULL,NULL,NULL,NULL,NULL,1,5,219020078,'2011-02-15 00:00:00',1,'300.00',NULL,'2011-02-15 00:00:00',NULL,738050,0x01,0x00),
 (422,422,NULL,54061,1,0x00,0x00,NULL,'','Aaron Leete',8,'Meadowbank',2250,'','0438262679',NULL,'','Cancer Council','','','','','The Hive','Erina Fair','Erina',2250,2,6,NULL,NULL,NULL,NULL,NULL,NULL,1,5,219020078,'2011-02-15 00:00:00',1,'300.00',NULL,'2011-02-15 00:00:00',NULL,738050,0x01,0x00),
 (423,423,NULL,54074,1,0x00,0x00,NULL,'','Paulo Nascimento',8,'71 Constitution rd Meadowbank',2525,'','42207127',NULL,'','Cancer Council of NSW','','','','','153','Dowling St','Woolloomooloo',2011,2,6,NULL,NULL,NULL,NULL,NULL,NULL,1,3,219020076,'2011-02-15 00:00:00',1,'300.00',NULL,'2011-02-15 00:00:00',NULL,738050,0x01,0x00),
 (424,424,NULL,54075,1,0x00,0x00,NULL,'','Robert Norton',8,'71 Constitution rd Meadowbank',2233,'','0406626096',NULL,'','Cancer Council of NSW','','','','','153','Dowling St','Woolloomooloo',2011,2,6,NULL,NULL,NULL,NULL,NULL,NULL,1,3,219020076,'2011-02-15 00:00:00',1,'300.00',NULL,'2011-02-15 00:00:00',NULL,738050,0x01,0x00),
 (425,425,NULL,54078,1,0x00,0x00,NULL,'','Alexander Pettit',8,'Meadowbank',2250,'','0418615630',NULL,'','Cancer Council','','','','','The Hive','Erina Fair','Erina',2250,2,6,NULL,NULL,NULL,NULL,NULL,NULL,1,5,219020078,'2011-02-15 00:00:00',1,'300.00',NULL,'2011-02-15 00:00:00',NULL,738050,0x01,0x00),
 (426,426,NULL,54088,1,0x00,0x00,NULL,'','Luke Thompson',8,'71 Constitution rd Meadowbank',2234,'','0407983555',NULL,'','Cancer Council of NSW','','','','','153','Dowling St','Woolloomooloo',2011,2,6,NULL,NULL,NULL,NULL,NULL,NULL,0,3,219020076,'2011-02-15 00:00:00',1,'300.00',NULL,'2011-02-15 00:00:00',NULL,738050,0x01,0x00),
 (427,427,NULL,54095,1,0x00,0x00,NULL,'','Shane Williams',8,'71 Constitution rd Meadowbank',2234,'','0405602811',NULL,'','Cancer Council of NSW','','','','','153','Dowling St','Woolloomooloo',2011,2,6,NULL,NULL,NULL,NULL,NULL,NULL,1,3,219020076,'2011-02-15 00:00:00',1,'300.00',NULL,'2011-02-15 00:00:00',NULL,738050,0x01,0x00),
 (428,428,NULL,30715,1,0x00,0x00,NULL,'','Garry O\'Brien',1,'Building 3, 25-27 Pomeroy Street, Homebush',2007,'','93946973',NULL,'','Glebe/Leichardt PCYC','','','','','2-4','Minogue Cresent','Glebe',2037,2,10,NULL,NULL,NULL,NULL,NULL,NULL,0,1,219020074,'2011-03-15 00:00:00',1,'300.00',NULL,'2011-03-15 00:00:00',NULL,738050,0x01,0x00),
 (429,429,NULL,35831,1,0x00,0x00,NULL,'','William Lister',1,'West Gosford',2251,'','0439808411',NULL,'','Kincumber Roos FC','','','','','PO Box 6053','','Kincumber',2251,2,9,NULL,NULL,NULL,NULL,NULL,NULL,1,5,219020078,'2011-03-15 00:00:00',1,'300.00',NULL,'2011-03-15 00:00:00',NULL,738050,0x01,0x00),
 (430,430,NULL,37935,1,0x00,0x00,NULL,'','Sandra Johnson',8,'Lv 23, HOB',2229,'','92692718',NULL,'','Ovarian Cancer Australia','','','','','Lv 2','210 Lonsdale St','Melbourne',3000,7,6,NULL,NULL,NULL,NULL,NULL,NULL,0,3,219020076,'2011-03-15 00:00:00',1,'300.00',NULL,'2011-03-15 00:00:00',NULL,738050,0x01,0x00),
 (431,431,NULL,38327,1,0x00,0x00,NULL,'','Don Holmes',1,'Noraville',2262,'','0417435878',NULL,'','Central Coast Local health Network','','','','','PO Box 361','','Gosford',2250,2,8,NULL,NULL,NULL,NULL,NULL,NULL,1,5,219020078,'2011-03-15 00:00:00',1,'300.00',NULL,'2011-03-15 00:00:00',NULL,738050,0x01,0x00),
 (432,432,NULL,42409,1,0x00,0x00,NULL,'','Jim Wall',1,'West Gosford',2251,'','0417268365',NULL,'','Kincumber Roos FC','','','','','PO Box 6053','','Kincumber',2251,2,9,NULL,NULL,NULL,NULL,NULL,NULL,1,5,219020078,'2011-03-15 00:00:00',1,'300.00',NULL,'2011-03-15 00:00:00',NULL,738050,0x01,0x00),
 (433,433,NULL,43519,1,0x00,0x00,NULL,'','Cathy Chandler',8,'L23 HOB',2153,'','32794',NULL,'','Ovarian Cancer Australia','','','','','Level 2','210 Londsdale St','Melbourne',3000,7,6,NULL,NULL,NULL,NULL,NULL,NULL,1,4,219020077,'2011-03-15 00:00:00',1,'300.00',NULL,'2011-03-15 00:00:00',NULL,738050,0x01,0x00),
 (434,434,NULL,44071,1,0x00,0x00,NULL,'','Bradley Rigo',1,'Tuggerah',2250,'','0408657726',NULL,'','Central Coast Rugby Leauge Association','','','','','3','Mildon rd','Tuggerah',2259,2,9,NULL,NULL,NULL,NULL,NULL,NULL,1,5,219020078,'2011-03-15 00:00:00',1,'300.00',NULL,'2011-03-15 00:00:00',NULL,738050,0x01,0x00),
 (435,435,NULL,44340,1,0x00,0x00,NULL,'','Nicki  Carroll',1,'Building 3 - Abbot Street Depot',2290,'','49519502',NULL,'','1st Belmont North Sea Scouts','','','','','Master Street','','Belmont North',2280,2,9,NULL,NULL,NULL,NULL,NULL,NULL,0,6,219020079,'2011-03-15 00:00:00',1,'300.00',NULL,'2011-03-15 00:00:00',NULL,738050,0x01,0x00),
 (436,436,NULL,45148,1,0x00,0x00,NULL,'','Stephen Dewey',1,'Building 3 - Abbot Street Depot',2282,'','0409322704',NULL,'','Westpac Rescue Helicopter Service','','','','','Bavin Road','','Broadmeadow',2303,2,6,NULL,NULL,NULL,NULL,NULL,NULL,1,6,219020079,'2011-03-15 00:00:00',1,'300.00',NULL,'2011-03-15 00:00:00',NULL,738050,0x01,0x00),
 (437,437,NULL,45554,1,0x00,0x00,NULL,'','Barrie Newton',1,'Building 3 - Abbot Street Depot',2324,'','0417473533',NULL,'','Westpac Rescue Helicopter Service','','','','','Bavin Road','','Broadmeadow',2292,2,6,NULL,NULL,NULL,NULL,NULL,NULL,1,6,219020079,'2011-03-15 00:00:00',1,'300.00',NULL,'2011-03-15 00:00:00',NULL,738050,0x01,0x00),
 (438,438,NULL,45615,1,0x00,0x00,NULL,'','John  Pattison',1,'Block C - Wallsend Admin Building',2287,'','49511554',NULL,'','Westpac Rescue Helicopter Service','','','','','Bavin Road','','Broadmeadow',2292,2,6,NULL,NULL,NULL,NULL,NULL,NULL,1,6,219020079,'2011-03-15 00:00:00',1,'300.00',NULL,'2011-03-15 00:00:00',NULL,738050,0x01,0x00),
 (439,439,NULL,45696,1,0x00,0x00,NULL,'','David Crossley',1,'Building 3 - Abbot Street Depot',2287,'','49511238',NULL,'','Westpac Rescue Helicopter Service','','','','','Bavin Road','','Broadmeadow',2292,2,6,NULL,NULL,NULL,NULL,NULL,NULL,1,6,219020079,'2011-03-15 00:00:00',1,'300.00',NULL,'2011-03-15 00:00:00',NULL,738050,0x01,0x00),
 (440,440,NULL,46047,2,0x00,0x00,NULL,'','Matthew  Cartwright',1,'84 Green St Rutherford',2325,'','0417694202',NULL,'','Kurri Kurri Netball ','','','','','PO Box 263','','Kurri Kurri',2322,2,9,NULL,NULL,NULL,NULL,NULL,NULL,1,6,219020079,'2011-03-15 00:00:00',1,'300.00',NULL,'2011-03-15 00:00:00',NULL,738050,0x01,0x00),
 (441,441,NULL,46049,1,0x00,0x00,NULL,'','Neville  Smith',1,'Cessnock Depot ( mail to Maitland Depot)',2325,'','0408254611',NULL,'','Cancer Council NSW','','','','','22','Lambton Rd','Broadmeadow',2292,2,6,NULL,NULL,NULL,NULL,NULL,NULL,0,6,219020079,'2011-03-15 00:00:00',1,'300.00',NULL,'2011-03-15 00:00:00',NULL,738050,0x01,0x00),
 (442,442,NULL,46208,2,0x00,0x00,NULL,'','cRAIG Manwarring',1,'Muswellbrook Depot',2333,'','0265429000',NULL,'','WYBONG BUSH FIRE BRIGADE','','','','','Yarraman Rd','','Wybong',2333,2,8,NULL,NULL,NULL,NULL,NULL,NULL,1,7,219020080,'2011-03-15 00:00:00',1,'300.00',NULL,'2011-03-15 00:00:00',NULL,738050,0x01,0x00),
 (443,443,NULL,46212,1,0x00,0x00,NULL,'','mark richards',1,'Muswellbrook Depot',2330,'','0427284328',NULL,'','Whittingham Rural fire Brigade','','','','','Range Rd','','Whittingham',2330,2,8,NULL,NULL,NULL,NULL,NULL,NULL,1,7,219020080,'2011-03-15 00:00:00',1,'300.00',NULL,'2011-03-15 00:00:00',NULL,738050,0x01,0x00),
 (444,444,NULL,46306,2,0x00,0x00,NULL,'','John Price',2,'Chatswood Depot',2147,'','0416095205',NULL,'','Leukaemia Foundation','','','','','4/44','Hampden Rd','Artarmon',2064,2,6,NULL,NULL,NULL,NULL,NULL,NULL,1,4,219020077,'2011-03-15 00:00:00',1,'300.00',NULL,'2011-03-15 00:00:00',NULL,738050,0x01,0x00),
 (445,445,NULL,46510,1,0x00,0x00,NULL,'','greg Irvine',1,'Noraville',2262,'','0409322794',NULL,'','Bugewoi Girl Guides','','','','','Narambi Dr','','Buff Point',2262,2,9,NULL,NULL,NULL,NULL,NULL,NULL,1,5,219020078,'2011-03-15 00:00:00',1,'300.00',NULL,'2011-03-15 00:00:00',NULL,738050,0x01,0x00),
 (446,446,NULL,46998,1,0x00,0x00,NULL,'','Rachael O\'Hara',4,'116 Lake Road Elermore Vale',2325,'','49510834',NULL,'','Cancer Council NSW','','','','','22','Lambton Rd','Broadmeadow',2292,2,6,NULL,NULL,NULL,NULL,NULL,NULL,1,6,219020079,'2011-03-15 00:00:00',1,'300.00',NULL,'2011-03-15 00:00:00',NULL,738050,0x01,0x00),
 (447,447,NULL,47130,2,0x00,0x00,NULL,'','Karl Bamber',4,'Block B - Wallsend Admin Building',2287,'','49511266',NULL,'','Kaleidoscope - John Hunter Children\'s Hospital','','','','','Lookout Road','','New Lambton',2305,2,6,NULL,NULL,NULL,NULL,NULL,NULL,1,6,219020079,'2011-03-15 00:00:00',1,'300.00',NULL,'2011-03-15 00:00:00',NULL,738050,0x01,0x00),
 (448,448,NULL,47133,2,0x00,0x00,NULL,'','Peter Bryan',4,'Block B - Wallsend Admin Building',2318,'','40354079',NULL,'','Kaleidoscope - John Hunter Children\'s Hospital','','','','','Lookout Road','','New Lambton',2305,2,6,NULL,NULL,NULL,NULL,NULL,NULL,1,6,219020079,'2011-03-15 00:00:00',1,'300.00',NULL,'2011-03-15 00:00:00',NULL,738050,0x01,0x00),
 (449,449,NULL,47350,2,0x00,0x00,NULL,'','Darragh O\'Hagan',4,'Block B - Wallsend Admin Building',2291,'','40354112',NULL,'','Duchenne Foundation','','','','','PO Box 409','','Spit Junction',2088,2,6,NULL,NULL,NULL,NULL,NULL,NULL,1,6,219020079,'2011-03-15 00:00:00',1,'300.00',NULL,'2011-03-15 00:00:00',NULL,738050,0x01,0x00),
 (450,450,NULL,47569,1,0x00,0x00,NULL,'','Luke  Seaman',1,'Horsby',2250,'','0294778239',NULL,'','Leukaemia Foundation','','','','','Level 4','44 Hampden Rd','Atarmon',2064,2,6,NULL,NULL,NULL,NULL,NULL,NULL,1,5,219020078,'2011-03-15 00:00:00',1,'300.00',NULL,'2011-03-15 00:00:00',NULL,738050,0x01,0x00),
 (451,451,NULL,48088,1,0x00,0x00,NULL,'','Yuliana Conglest',4,'Level 12, 24 Campbell Stree, Sydney',2000,'','92723894',NULL,'','Australian Red Cross Blood Service','','','','','153','Clarence St','Sydney',2000,2,6,NULL,NULL,NULL,NULL,NULL,NULL,0,1,219020074,'2011-03-15 00:00:00',1,'300.00',NULL,'2011-03-15 00:00:00',NULL,738050,0x01,0x00),
 (452,452,NULL,48094,1,0x00,0x00,NULL,'','Janene  Tobin',1,'84 Green St Rutherford',2323,'','49349142',NULL,'','Maitland JSC','','','','','PO Box 124','','East Maitland',2323,2,9,NULL,NULL,NULL,NULL,NULL,NULL,1,6,219020079,'2011-03-15 00:00:00',1,'300.00',NULL,'2011-03-15 00:00:00',NULL,738050,0x01,0x00),
 (453,453,NULL,48094,2,0x00,0x00,NULL,'','Janene  Tobin',1,'84 Green St Rutherford',2323,'','49349142',NULL,'','Ashtonfield Public School P & C Association','','','','','Norfolk Street','','Ashtonfield',2323,2,3,NULL,NULL,NULL,NULL,NULL,NULL,1,6,219020079,'2011-03-15 00:00:00',1,'300.00',NULL,'2011-03-15 00:00:00',NULL,738050,0x01,0x00),
 (454,454,NULL,48100,1,0x00,0x00,NULL,'','Sarah-Jayne Short',4,'Block A - Wallsend Admin Building',2325,'','0495180276',NULL,'','Cancer Council NSW','','','','','22','Lambton Rd','Broadmeadow',2292,2,6,NULL,NULL,NULL,NULL,NULL,NULL,1,6,219020079,'2011-03-15 00:00:00',1,'300.00',NULL,'2011-03-15 00:00:00',NULL,738050,0x01,0x00),
 (455,455,NULL,48353,1,0x00,0x00,NULL,'','Denise  Adam',1,'Muswellbrook Depot',2333,'','0265429065',NULL,'','Muswellbrook Netball Association','','','','','Karoola Park','','Muswellbrook',2333,2,9,NULL,NULL,NULL,NULL,NULL,NULL,1,7,219020080,'2011-03-15 00:00:00',1,'300.00',NULL,'2011-03-15 00:00:00',NULL,738050,0x01,0x00),
 (456,456,NULL,48799,1,0x00,0x00,NULL,'','Andrew Cuthbertson',1,'Noraville',2262,'','0418868035',NULL,'','Wyong Water polo Club','','','','','16','Mountain Ash Rd','Muswellbrook',2259,2,9,NULL,NULL,NULL,NULL,NULL,NULL,1,5,219020078,'2011-03-15 00:00:00',1,'300.00',NULL,'2011-03-15 00:00:00',NULL,738050,0x01,0x00),
 (457,457,NULL,48838,1,0x00,0x00,NULL,'','Christian Drinan',1,'Muswellbrook Depot',2337,'','0429467341',NULL,'','Muswellbrook Football club Incorporated','','','','','PO Box 303 ','','Hamlyn Terrace',2333,2,9,NULL,NULL,NULL,NULL,NULL,NULL,1,7,219020080,'2011-03-15 00:00:00',1,'300.00',NULL,'2011-03-15 00:00:00',NULL,738050,0x01,0x00),
 (458,458,NULL,49361,1,0x00,0x00,NULL,'','Anthony O\'Brien',7,'Level 22, HOB',2096,'','92692114',NULL,'','Harbord Devils Junior Cricket Club','','','','','PO Box 309','','Brookvale',2100,2,9,NULL,NULL,NULL,NULL,NULL,NULL,1,2,219020075,'2011-03-15 00:00:00',1,'300.00',NULL,'2011-03-15 00:00:00',NULL,738050,0x01,0x00),
 (459,459,NULL,49969,1,0x00,0x00,NULL,'','Sharon Furby',4,'Block A - Wallsend Admin Building',2323,'','40354092',NULL,'','The Leukaemia Foundation of Australia Limited Worlds Greatest Shave','','','','','GPO Box 9954','','Sydney',2000,2,6,NULL,NULL,NULL,NULL,NULL,NULL,1,6,219020079,'2011-03-15 00:00:00',1,'300.00',NULL,'2011-03-15 00:00:00',NULL,738050,0x01,0x00),
 (460,460,NULL,50332,1,0x00,0x00,NULL,'','Hanna Wutke',8,'Level 23, 570 George Street, Sydney',2025,'','92694566',NULL,'','Ovarian Cancer Australia','','','','','Level 2','210 Londsdale St','Melbourne',3000,7,6,NULL,NULL,NULL,NULL,NULL,NULL,1,1,219020074,'2011-03-15 00:00:00',1,'300.00',NULL,'2011-03-15 00:00:00',NULL,738050,0x01,0x00),
 (461,461,NULL,50580,2,0x00,0x00,NULL,'','Lisa  Mapstone',4,'Block A - Wallsend Admin Building',2290,'','49510131',NULL,'','Debra Australia Inc','','','','','PO Box 226','','Pittsworth',4356,4,6,NULL,NULL,NULL,NULL,NULL,NULL,1,6,219020079,'2011-03-15 00:00:00',1,'300.00',NULL,'2011-03-15 00:00:00',NULL,738050,0x01,0x00),
 (462,462,NULL,50991,1,0x00,0x00,NULL,'','Terry McGovern',1,'51/59 Bridge Rd Hornsby',2121,'','38283',NULL,'','MS Australia','','','','','Study MS Centre','80 Betty Cuthbert Dr','Lidcombe',2141,2,6,NULL,NULL,NULL,NULL,NULL,NULL,1,4,219020077,'2011-03-15 00:00:00',1,'300.00',NULL,'2011-03-15 00:00:00',NULL,738050,0x01,0x00),
 (463,463,NULL,51319,1,0x00,0x00,NULL,'','Marc Tarring',1,'West Gosford',2250,'','0407107949',NULL,'','Umina Soccer club','','','','','Melbourne Avenue','','Umina beach',2257,2,9,NULL,NULL,NULL,NULL,NULL,NULL,1,5,219020078,'2011-03-15 00:00:00',1,'300.00',NULL,'2011-03-15 00:00:00',NULL,738050,0x01,0x00),
 (464,464,NULL,52134,2,0x00,0x00,NULL,'','Rebecca  Rees',4,'Block B - Wallsend Admin Building',2298,'','40354107',NULL,'','Kaleidoscope - John Hunter Children\'s Hospital','','','','','Lookout Road','','New Lambton',2305,2,6,NULL,NULL,NULL,NULL,NULL,NULL,1,6,219020079,'2011-03-15 00:00:00',1,'300.00',NULL,'2011-03-15 00:00:00',NULL,738050,0x01,0x00),
 (465,465,NULL,52210,2,0x00,0x00,NULL,'','Erin  Counsell',4,'Block B - Wallsend Admin Building',2290,'','49519656',NULL,'','Kaleidoscope - John Hunter Children\'s Hospital','','','','','Lookout Road','','New Lambton',2305,2,6,NULL,NULL,NULL,NULL,NULL,NULL,1,6,219020079,'2011-03-15 00:00:00',1,'300.00',NULL,'2011-03-15 00:00:00',NULL,738050,0x01,0x00),
 (466,466,NULL,53016,1,0x00,0x00,NULL,'','Mark Annabel',1,'West Gosford',2251,'','0407446348',NULL,'','Woodport Netball','','','','','PO Box 3227','','Erina',2251,2,9,NULL,NULL,NULL,NULL,NULL,NULL,1,5,219020078,'2011-03-15 00:00:00',1,'300.00',NULL,'2011-03-15 00:00:00',NULL,738050,0x01,0x00),
 (467,467,NULL,53252,1,0x00,0x00,NULL,'','Anna Howard',4,'Block B - Wallsend Admin Building',2289,'','40354108',NULL,'','Kaleidoscope - John Hunter Children\'s Hospital','','','','','Lookout Road','','New Lambton',2305,2,6,NULL,NULL,NULL,NULL,NULL,NULL,1,6,219020079,'2011-03-15 00:00:00',1,'300.00',NULL,'2011-03-15 00:00:00',NULL,738050,0x01,0x00),
 (468,468,NULL,53387,1,0x00,0x00,NULL,'','Peter Delore',2,'145 Newcastle Road Wallsend',2299,'','49519356',NULL,'','Lambton Waratah Scout Group','','','','','Elder Street','','Lambton',2299,2,9,NULL,NULL,NULL,NULL,NULL,NULL,0,6,219020079,'2011-03-15 00:00:00',1,'300.00',NULL,'2011-03-15 00:00:00',NULL,738050,0x01,0x00),
 (469,469,NULL,53487,1,0x00,0x00,NULL,'','Emma Coleman',8,'Level 23, 570 George Street, Sydney',2010,'','92694314',NULL,'','Ovarian Cancer Australia','','','','','Level 2','210 Londsdale St','Melbourne',3000,7,6,NULL,NULL,NULL,NULL,NULL,NULL,1,1,219020074,'2011-03-15 00:00:00',1,'300.00',NULL,'2011-03-15 00:00:00',NULL,738050,0x01,0x00),
 (470,470,NULL,55547,1,0x00,0x00,NULL,'','Jane Wilde',4,'Block A - Wallsend Admin Building',2283,'','131535',NULL,'','1st Toronto Scout Group','','','','','PO Box 409','','Toronto',2283,2,9,NULL,NULL,NULL,NULL,NULL,NULL,1,6,219020079,'2011-03-15 00:00:00',1,'300.00',NULL,'2011-03-15 00:00:00',NULL,738050,0x01,0x00),
 (471,471,NULL,41309,1,0x00,0x00,NULL,'','Andrew Stenning',1,'Chatswood',2263,'','0407189811',NULL,'','Alzheimers Australia','','','','','Bldg 21','','North Ryde',2113,2,6,NULL,NULL,NULL,NULL,NULL,NULL,1,5,219020078,'2011-04-15 00:00:00',1,'300.00',NULL,'2011-04-15 00:00:00',NULL,738050,0x01,0x00),
 (472,472,NULL,43305,1,0x00,0x00,NULL,'','Scott Alford',2,'Gnd Flr, Bldg 1, Homebush',2233,'','0407216887',NULL,'','Garie Surf Life Saving Club Inc.','','','','','PO Box 168','','Engadine',2233,2,4,NULL,NULL,NULL,NULL,NULL,NULL,1,3,219020076,'2011-04-15 00:00:00',1,'300.00',NULL,'2011-04-15 00:00:00',NULL,738050,0x01,0x00),
 (473,473,NULL,44910,1,0x00,0x00,NULL,'','Louise  Oakley',1,'DB 5, Abbott Street, Wallsend',2326,'','40356000',NULL,'','The Mai-Wel Group','','','','','South Street','','Telarah',2320,2,8,NULL,NULL,NULL,NULL,NULL,NULL,1,6,219020079,'2011-04-15 00:00:00',1,'300.00',NULL,'2011-04-15 00:00:00',NULL,738050,0x01,0x00),
 (474,474,NULL,44981,2,0x00,0x00,NULL,'','Benjamin Homard',1,'DB 5, Abbott Street, Wallsend',2282,'','40356006',NULL,'','The Mai-Wel Group','','','','','South Street','','Telarah',2320,2,8,NULL,NULL,NULL,NULL,NULL,NULL,0,6,219020079,'2011-04-15 00:00:00',1,'300.00',NULL,'2011-04-15 00:00:00',NULL,738050,0x01,0x00),
 (475,475,NULL,45036,1,0x00,0x00,NULL,'','Lynne Powell',1,'Building 16 - Abbot Street Depot',2307,'','49510117',NULL,'','Shortland Devils Netball Club','','','','','23','Waller St','Shortland',2307,2,9,NULL,NULL,NULL,NULL,NULL,NULL,1,6,219020079,'2011-04-15 00:00:00',1,'300.00',NULL,'2011-04-15 00:00:00',NULL,738050,0x01,0x00),
 (476,476,NULL,45387,1,0x00,0x00,NULL,'','Bruce Pilgrim',1,'DB 5, Abbott Street, Wallsend',2285,'','40356000',NULL,'','The Mai-Wel Group','','','','','South Street','','Telarah',2320,2,8,NULL,NULL,NULL,NULL,NULL,NULL,0,6,219020079,'2011-04-15 00:00:00',1,'300.00',NULL,'2011-04-15 00:00:00',NULL,738050,0x01,0x00),
 (477,477,NULL,45388,1,0x00,0x00,NULL,'','Andrew Gray',1,'DB 5, Abbott Street, Wallsend',2287,'','40356000',NULL,'','The Mai-Wel Group','','','','','South Street','','Telarah',2320,2,8,NULL,NULL,NULL,NULL,NULL,NULL,1,6,219020079,'2011-04-15 00:00:00',1,'300.00',NULL,'2011-04-15 00:00:00',NULL,738050,0x01,0x00),
 (478,478,NULL,45534,1,0x00,0x00,NULL,'','John Riches',1,'DB 5, Abbott Street, Wallsend',2292,'','40356000',NULL,'','The Mai-Wel Group','','','','','South Street','','Telarah',2320,2,8,NULL,NULL,NULL,NULL,NULL,NULL,0,6,219020079,'2011-04-15 00:00:00',1,'300.00',NULL,'2011-04-15 00:00:00',NULL,738050,0x01,0x00),
 (479,479,NULL,45659,2,0x00,0x00,NULL,'','Jenny  Clarke',1,'DB 5, Abbott Street, Wallsend',2316,'','40356000',NULL,'','The Mai-Wel Group','','','','','South Street','','Telarah',2320,2,8,NULL,NULL,NULL,NULL,NULL,NULL,0,6,219020079,'2011-04-15 00:00:00',1,'300.00',NULL,'2011-04-15 00:00:00',NULL,738050,0x01,0x00),
 (480,480,NULL,45797,1,0x00,0x00,NULL,'','Chad Jones',1,'84 Green Street Telarah',2327,'','49349180',NULL,'','Kurri Kurri & District Pre-School Kindergarten','','','','','Cnr Boundary & Tarro Str','','Kurri Kurri',2327,2,3,NULL,NULL,NULL,NULL,NULL,NULL,1,6,219020079,'2011-04-15 00:00:00',1,'300.00',NULL,'2011-04-15 00:00:00',NULL,738050,0x01,0x00),
 (481,481,NULL,45942,1,0x00,0x00,NULL,'','Tony  Lawrence',1,'DB 5, Abbott Street, Wallsend',2320,'','40356000',NULL,'','The Mai-Wel Group','','','','','South Street','','Telarah',2320,2,8,NULL,NULL,NULL,NULL,NULL,NULL,0,6,219020079,'2011-04-15 00:00:00',1,'300.00',NULL,'2011-04-15 00:00:00',NULL,738050,0x01,0x00),
 (482,482,NULL,46788,1,0x00,0x00,NULL,'','Edgar Boavista',1,'Bldg 3, Judd St, Oatley',2500,'','0418643679',NULL,'','Coniston Junior Soccer Club','','','','','Gladstone Ave','','Coniston',2500,2,9,NULL,NULL,NULL,NULL,NULL,NULL,1,3,219020076,'2011-04-15 00:00:00',1,'300.00',NULL,'2011-04-15 00:00:00',NULL,738050,0x01,0x00),
 (483,483,NULL,46855,1,0x00,0x00,NULL,'','Steven Cambell',1,'Gosford',2261,'','38603',NULL,'','Kilarney Vale District Soccer Cliub','','','','','The Entrance Rd','','Bateau Bay',2261,2,9,NULL,NULL,NULL,NULL,NULL,NULL,1,5,219020078,'2011-04-15 00:00:00',1,'300.00',NULL,'2011-04-15 00:00:00',NULL,738050,0x01,0x00),
 (484,484,NULL,47206,1,0x00,0x00,NULL,'','Alice Chaffey',2,'L8 RCH',2121,'','0407939116',NULL,'','Australian Breastfeeding Assoc','','','','','1818-1822','Malvern Rd','East Malvern',3146,7,6,NULL,NULL,NULL,NULL,NULL,NULL,1,4,219020077,'2011-04-15 00:00:00',1,'300.00',NULL,'2011-04-15 00:00:00',NULL,738050,0x01,0x00),
 (485,485,NULL,47206,2,0x00,0x00,NULL,'','Alice Chaffey',2,'L8 RCH',2121,'','0407939116',NULL,'','Banksia Cottage','','','','','Bldg 6A','','North Ryde',2113,2,3,NULL,NULL,NULL,NULL,NULL,NULL,1,4,219020077,'2011-04-15 00:00:00',1,'300.00',NULL,'2011-04-15 00:00:00',NULL,738050,0x01,0x00),
 (486,486,NULL,47478,1,0x00,0x00,NULL,'','Penny  Pring-Shambler',4,'Block A - Wallsend Admin Building',2324,'','49510860',NULL,'','Debra Australia Inc','','','','','PO Box 226','','Pittsworth',4356,4,6,NULL,NULL,NULL,NULL,NULL,NULL,1,6,219020079,'2011-04-15 00:00:00',1,'300.00',NULL,'2011-04-15 00:00:00',NULL,738050,0x01,0x00),
 (487,487,NULL,47607,1,0x00,0x00,NULL,'','Stuart Turnbull ',1,'DB 5, Abbott Street, Wallsend',2305,'','40356000',NULL,'','The Mai-Wel Group','','','','','South Street','','Telarah',2320,2,8,NULL,NULL,NULL,NULL,NULL,NULL,0,6,219020079,'2011-04-15 00:00:00',1,'300.00',NULL,'2011-04-15 00:00:00',NULL,738050,0x01,0x00),
 (488,488,NULL,47779,1,0x00,0x00,NULL,'','Elizabeth Czipri',1,'DB 5, Abbott Street, Wallsend',2318,'','40356000',NULL,'','The Mai-Wel Group','','','','','South Street','','Telarah',2320,2,8,NULL,NULL,NULL,NULL,NULL,NULL,0,6,219020079,'2011-04-15 00:00:00',1,'300.00',NULL,'2011-04-15 00:00:00',NULL,738050,0x01,0x00),
 (489,489,NULL,48789,1,0x00,0x00,NULL,'','Paul Hockings',2,'Tuggerah',2257,'','0419014469',NULL,'','Woy Woy cricket Club','','','','','PO Box 683','','Woy Woy',2256,2,9,NULL,NULL,NULL,NULL,NULL,NULL,0,5,219020078,'2011-04-15 00:00:00',1,'300.00',NULL,'2011-04-15 00:00:00',NULL,738050,0x01,0x00),
 (490,490,NULL,49582,1,0x00,0x00,NULL,'','Amanda  Keevers',1,'DB 5, Abbott Street, Wallsend',2285,'','40356007',NULL,'','Cardiff Early Education & Care Centre','','','','','54','Harrison Street','Cardiff',2285,2,3,NULL,NULL,NULL,NULL,NULL,NULL,1,6,219020079,'2011-04-15 00:00:00',1,'300.00',NULL,'2011-04-15 00:00:00',NULL,738050,0x01,0x00),
 (491,491,NULL,49976,1,0x00,0x00,NULL,'','Miranda  Panton',4,'Block A - Wallsend Admin Building',2322,'','131535',NULL,'','RSPCA New South Wales','','','','','24','Merinda Cl','Adamstown Heights',2289,2,1,NULL,NULL,NULL,NULL,NULL,NULL,1,6,219020079,'2011-04-15 00:00:00',1,'300.00',NULL,'2011-04-15 00:00:00',NULL,738050,0x01,0x00),
 (492,492,NULL,50337,1,0x00,0x00,NULL,'','Sharon Sim',8,'L23 HOB',2153,'','34265',NULL,'','Dress for Success','','','','','Unit 4 / 13','Conder St','Burwood',2134,2,8,NULL,NULL,NULL,NULL,NULL,NULL,1,4,219020077,'2011-04-15 00:00:00',1,'300.00',NULL,'2011-04-15 00:00:00',NULL,738050,0x01,0x00),
 (493,493,NULL,50416,1,0x00,0x00,NULL,'','Marie Vincent',1,'Muswellbrook Depot',2333,'','0265429000',NULL,'','THE CANCER COUNCIL NSW ABMT','','','','','PO Box 86','','Potts Point',1335,2,6,NULL,NULL,NULL,NULL,NULL,NULL,0,7,219020080,'2011-04-15 00:00:00',1,'300.00',NULL,'2011-04-15 00:00:00',NULL,738050,0x01,0x00),
 (494,494,NULL,50710,1,0x00,0x00,NULL,'','Michael Fisher',1,'Oatley poles',2213,'','35771',NULL,'','Revesby Heights Junior Football Club','','','','','PO Box 100','','Revesby North',2212,2,9,NULL,NULL,NULL,NULL,NULL,NULL,1,4,219020077,'2011-04-15 00:00:00',1,'300.00',NULL,'2011-04-15 00:00:00',NULL,738050,0x01,0x00),
 (495,495,NULL,51141,1,0x00,0x00,NULL,'','Jeremy Wilson',8,'Silverwater Learning Centre',2144,'','0411427449',NULL,'','Auburn Warriors JRLFC','','','','','Cnr Chisholm and Mary St','','Auburn',2144,2,9,NULL,NULL,NULL,NULL,NULL,NULL,1,4,219020077,'2011-04-15 00:00:00',1,'300.00',NULL,'2011-04-15 00:00:00',NULL,738050,0x01,0x00),
 (496,496,NULL,52096,1,0x00,0x00,NULL,'','Rowan Fetterplace',1,'DB 5, Abbott Street, Wallsend',2322,'','0457838230',NULL,'','The Mai-Wel Group','','','','','South Street','','Telarah',2320,2,8,NULL,NULL,NULL,NULL,NULL,NULL,0,6,219020079,'2011-04-15 00:00:00',1,'300.00',NULL,'2011-04-15 00:00:00',NULL,738050,0x01,0x00),
 (497,497,NULL,39921,1,0x00,0x00,NULL,'','Grant Hooper',4,'Units 39-42, 11-21 Underwood Rd, Homebush',2209,'','87193036',NULL,'','2nd Mortdale Scout Group','','','','','Cnr Gungah Bay Rd & Roberts Ave','','Mortdale',2223,2,10,NULL,NULL,NULL,NULL,NULL,NULL,0,3,219020076,'2011-05-15 00:00:00',1,'300.00',NULL,'2011-05-15 00:00:00',NULL,738050,0x01,0x00),
 (498,498,NULL,43522,1,0x00,0x00,NULL,'','David Burns',1,'Bldg 1, Judd St, Oatley',2232,'','95855922',NULL,'','St George District Athletics Club','','','','','1','Scott St','Kogarah',2217,2,9,NULL,NULL,NULL,NULL,NULL,NULL,1,3,219020076,'2011-05-15 00:00:00',1,'300.00',NULL,'2011-05-15 00:00:00',NULL,738050,0x01,0x00),
 (499,499,NULL,45168,1,0x00,0x00,NULL,'','Michael Evans',1,'Abbott St Wallsend',2289,'','0400361655',NULL,'','Kotara Scout Group','','','','','Railway Street','','Kotara',2289,2,11,NULL,NULL,NULL,NULL,NULL,NULL,1,6,219020079,'2011-05-15 00:00:00',1,'300.00',NULL,'2011-05-15 00:00:00',NULL,738050,0x01,0x00),
 (500,500,NULL,45926,1,0x00,0x00,NULL,'','Daryl Taylor',1,'Singleton Depot Orchard Ave Singleton',2330,'','65719731',NULL,'','SINGLETON SCOUT GROUP','','','','','Edward St','','Singleton',2330,2,8,NULL,NULL,NULL,NULL,NULL,NULL,1,7,219020080,'2011-05-15 00:00:00',1,'300.00',NULL,'2011-05-15 00:00:00',NULL,738050,0x01,0x00),
 (501,501,NULL,46123,1,0x00,0x00,NULL,'','Peter White',1,'Muswellbrook Depot',2337,'','65429027',NULL,'','Scone Junior Rugby Union','','','','','Aberdeen St','','Scone',2337,2,9,NULL,NULL,NULL,NULL,NULL,NULL,1,7,219020080,'2011-05-15 00:00:00',1,'300.00',NULL,'2011-05-15 00:00:00',NULL,738050,0x01,0x00),
 (502,502,NULL,46911,1,0x00,0x00,NULL,'','Belinda Olteanu',1,'Muswellbrook Depot',2337,'','65429058',NULL,'','WINGEN SCHOOL OF ARTS','','','','','NEH ','','Wingen',2337,2,8,NULL,NULL,NULL,NULL,NULL,NULL,1,7,219020080,'2011-05-15 00:00:00',1,'300.00',NULL,'2011-05-15 00:00:00',NULL,738050,0x01,0x00),
 (503,503,NULL,47260,1,0x00,0x00,NULL,'','Grant Bailey',2,'Block B - Wallsend Admin Building',2285,'','44027',NULL,'','Edgeworth Community Preschool','','','','','11','Albert Street','Edgeworth',2285,2,3,NULL,NULL,NULL,NULL,NULL,NULL,1,6,219020079,'2011-05-15 00:00:00',1,'300.00',NULL,'2011-05-15 00:00:00',NULL,738050,0x01,0x00),
 (504,504,NULL,47981,2,0x00,0x00,NULL,'','Sarah Hall',3,'5 Bridge St, Pymble',2112,'','95697380',NULL,'','Cancer Council NSW','','','','','153','Dowling St','Woolloomooloo',2011,2,6,NULL,NULL,NULL,NULL,NULL,NULL,1,2,219020075,'2011-05-15 00:00:00',1,'300.00',NULL,'2011-05-15 00:00:00',NULL,738050,0x01,0x00),
 (505,505,NULL,48054,1,0x00,0x00,NULL,'','Jo-Anne Bailey',2,'Exec. Level, Block A, Wallsend Admin',2285,'','50769',NULL,'','Edgeworth Community Preschool','','','','','11','Albert Street','Edgeworth',2285,2,3,NULL,NULL,NULL,NULL,NULL,NULL,1,6,219020079,'2011-05-15 00:00:00',1,'300.00',NULL,'2011-05-15 00:00:00',NULL,738050,0x01,0x00),
 (506,506,NULL,48059,1,0x00,0x00,NULL,'','Francine Morris',4,'116 Lake Road Elermore Vale',2290,'','49510730',NULL,'','Kahibah Football Club','','','','','PO Box 5112','','Kahibah',2290,2,9,NULL,NULL,NULL,NULL,NULL,NULL,1,6,219020079,'2011-05-15 00:00:00',1,'300.00',NULL,'2011-05-15 00:00:00',NULL,738050,0x01,0x00),
 (507,507,NULL,48074,1,0x00,0x00,NULL,'','Scott  Brouwer',4,'Building 3 - Abbot Street Depot',2289,'','0408606772',NULL,'','Kotara Scout Group','','','','','Railway Street','','Kotara',2289,2,11,NULL,NULL,NULL,NULL,NULL,NULL,1,6,219020079,'2011-05-15 00:00:00',1,'300.00',NULL,'2011-05-15 00:00:00',NULL,738050,0x01,0x00),
 (508,508,NULL,48107,2,0x00,0x00,NULL,'','Rebecca  Tod',4,'Block A - Wallsend Admin Building',2264,'','49510860',NULL,'','YMCA Lake Macquarie Boolaroo','','','','','Second Street','','Boolaroo',2284,2,3,NULL,NULL,NULL,NULL,NULL,NULL,1,6,219020079,'2011-05-15 00:00:00',1,'300.00',NULL,'2011-05-15 00:00:00',NULL,738050,0x01,0x00),
 (509,509,NULL,48245,1,0x00,0x00,NULL,'','Bradley Shrimpton',1,'84 Green St Telarah',2323,'','0419981291',NULL,'','Rutherford Public School P & C','','','','','Weblands Street','','Rutherford',2320,2,3,NULL,NULL,NULL,NULL,NULL,NULL,0,6,219020079,'2011-05-15 00:00:00',1,'300.00',NULL,'2011-05-15 00:00:00',NULL,738050,0x01,0x00),
 (510,510,NULL,48474,1,0x00,0x00,NULL,'','Anoushka Colquhoun',1,'Muswellbrook Depot',2333,'','0265429036',NULL,'','Muswellbrook Child Care Centre','','','','','Skellatar St','','Muswellbrook',2333,2,3,NULL,NULL,NULL,NULL,NULL,NULL,1,7,219020080,'2011-05-15 00:00:00',1,'300.00',NULL,'2011-05-15 00:00:00',NULL,738050,0x01,0x00),
 (511,511,NULL,49582,2,0x00,0x00,NULL,'','Amanda  Keevers',1,'DB 5, Abbott Street, Wallsend',2285,'','40356000',NULL,'','The Mai-Wel Group','','','','','South Street','','Telarah',2320,2,8,NULL,NULL,NULL,NULL,NULL,NULL,1,6,219020079,'2011-05-15 00:00:00',1,'300.00',NULL,'2011-05-15 00:00:00',NULL,738050,0x01,0x00),
 (512,512,NULL,49600,1,0x00,0x00,NULL,'','Sharon Gilbey',1,'84 Green Street Telarah',2321,'','59105',NULL,'','Kurri Kurri Junior Football Club','','','','','PO Box 710','','Kurri Kurri',2327,2,9,NULL,NULL,NULL,NULL,NULL,NULL,1,6,219020079,'2011-05-15 00:00:00',1,'300.00',NULL,'2011-05-15 00:00:00',NULL,738050,0x01,0x00),
 (513,513,NULL,52039,1,0x00,0x00,NULL,'','Peter Watson',6,'Lv 14, HOB',2558,'','92694705',NULL,'','Eagle Vale Netball Club','','','','','9','Sepik Place','Kearns',2558,2,9,NULL,NULL,NULL,NULL,NULL,NULL,1,3,219020076,'2011-05-15 00:00:00',0,'0.00',NULL,NULL,NULL,738050,NULL,0x00),
 (514,514,NULL,52187,1,0x00,0x00,NULL,'','Tony  Bisegna',2,'Building 15 - Abbot Street Depot',2289,'','0457100603',NULL,'','Kotara Scout Group','','','','','Railway Street','','Kotara',2289,2,11,NULL,NULL,NULL,NULL,NULL,NULL,0,6,219020079,'2011-05-15 00:00:00',1,'300.00',NULL,'2011-05-15 00:00:00',NULL,738050,0x01,0x00),
 (515,515,NULL,53160,1,0x00,0x00,NULL,'','Russell  Smith',1,'Building 2, Thornton Pole Depot',2289,'','0407944568',NULL,'','Charlestown Scout Group','','','','','James Street','','Charlestown',2290,2,11,NULL,NULL,NULL,NULL,NULL,NULL,1,6,219020079,'2011-05-15 00:00:00',1,'300.00',NULL,'2011-05-15 00:00:00',NULL,738050,0x01,0x00),
 (516,516,NULL,54847,1,0x00,0x00,NULL,'','Melida Rodriguez',1,'Bldg 1, Level 1, Hornsby Depot',2064,'','94778325',NULL,'','Artarmon Public School','','','','','McMillian Rd','','Artarmon',2064,2,3,NULL,NULL,NULL,NULL,NULL,NULL,1,2,219020075,'2011-05-15 00:00:00',1,'300.00',NULL,'2011-05-15 00:00:00',NULL,738050,0x01,0x00),
 (517,517,NULL,55352,1,0x00,0x00,NULL,'','Don Zeman',2,'Block B - Wallsend Admin Building',2299,'','59471',NULL,'','Kotara Scout Group','','','','','Railway Street','','Kotara',2289,2,11,NULL,NULL,NULL,NULL,NULL,NULL,1,6,219020079,'2011-05-15 00:00:00',1,'300.00',NULL,'2011-05-15 00:00:00',NULL,738050,0x01,0x00),
 (518,518,NULL,55404,1,0x00,0x00,NULL,'','Evan Steverson',1,'Exec. Level, Block A, Wallsend Admin',2305,'','40354104',NULL,'','Kotara Scout Group','','','','','Railway Street','','Kotara',2289,2,11,NULL,NULL,NULL,NULL,NULL,NULL,1,6,219020079,'2011-05-15 00:00:00',1,'300.00',NULL,'2011-05-15 00:00:00',NULL,738050,0x01,0x00),
 (519,517,NULL,34061,1,0x00,0x00,NULL,NULL,'Roger Campbell',1,'Bldg 2, Hornsby',2082,'Berowra Heights','0412338675',NULL,'','Thredbo Ski Patrol Association','President','Mark Spilsbury','0413843545','markspils@gmail.com','PO Box 549','','St Ives',2075,2,4,NULL,NULL,5,NULL,11,NULL,1,2,219020075,'2011-06-20 12:32:32',1,'300.00',NULL,'2011-06-21 16:02:20',42,738050,0x01,0x00),
 (520,496,NULL,50422,1,0x00,0x00,NULL,NULL,'Glen Anderson',8,'Silverwater',2150,'Parramatta','0411111111',NULL,'','Engineers without borders foundation','NSW President','John McKibbin','','nsw@ewb.org.au','99 Howard ST','','North Melbourne',3051,2,3,NULL,NULL,1,NULL,11,NULL,1,4,219020077,'2011-06-20 14:26:18',1,'300.00',NULL,'2011-06-20 15:16:39',42,738050,0x01,0x00),
 (521,497,NULL,51628,1,0x00,0x00,NULL,NULL,'John Davis',2,'11 St Davids road',2565,'Ingleburn','0411103393',NULL,'johndavis@energy.com.au','Connell\'s point sailing club inc','President','John Bennett','0295467607','j.m.bennett@bigpond.com','PO box 556 ','','Hurstville',2221,2,9,NULL,NULL,4,NULL,11,NULL,1,4,219020077,'2011-06-20 14:26:52',1,'300.00',NULL,'2011-06-20 15:16:39',42,738050,0x01,0x00),
 (522,470,NULL,43277,1,0x00,0x00,NULL,NULL,'Keith Grima',2,'Silverwater',2019,'Botany','0407468189',NULL,'kgrima@ausgrid.com.au','Maroubra Surf Life Saving','President','Tim Murray','0293941336','maroubra@bigpond.net.au','PO Box 104','','Maroubra',2035,2,9,NULL,NULL,9,'Training for community education',9,NULL,1,1,219020074,'2011-06-20 14:31:02',1,'300.00',NULL,'2011-06-30 15:30:52',3,738050,0x01,0x00),
 (523,498,NULL,51141,1,0x00,0x00,NULL,NULL,'Jeremy Wilson',8,'Silverwater',2144,'Auburn','0411427449',NULL,'','Auburn Warriors Football Club','Secretary','Lana Brisenden','','lana.brisenden@hotmail.com','Cnr Chisholm & Mary St','','Auburn',2144,2,9,NULL,NULL,6,NULL,2,NULL,1,4,219020077,'2011-06-20 14:35:44',1,'300.00',NULL,'2011-06-20 15:16:39',42,738050,0x01,0x00),
 (524,499,NULL,50029,1,0x00,0x00,NULL,NULL,'Alex Spiteri',2,'Level: 10, Roden Cutler House',2170,'liverpool','0492723879',NULL,'aspeteri@energy.com.au','Cancer Council NSW','Manager','Christine Attenborough','0293341900','','PO Box 816','','Potts Point',1335,2,6,NULL,NULL,1,NULL,5,NULL,1,4,219020077,'2011-06-20 14:42:22',1,'300.00',NULL,'2011-06-20 15:15:59',42,738050,0x01,0x00),
 (525,500,NULL,47163,2,0x00,0x00,NULL,NULL,'Sharon Mallin',8,'Silverwater',2776,'Faulconbridge','0424336873',NULL,'smallin@ausgrid.com.au','Heartfelt','President','Gavin Blue','','vic@heartfelt.org.au','7-11 Phoenix St','','South Yarra',3143,2,8,NULL,NULL,2,NULL,11,NULL,1,4,219020077,'2011-06-20 14:47:46',1,'300.00',NULL,'2011-06-20 15:15:59',42,738050,0x01,0x00),
 (526,501,NULL,39881,1,0x00,0x00,NULL,NULL,'Greg Ross',3,'Level: Grd Flr, Pymble',2117,'Dundas','0409365826',NULL,'gross@ausgrid.com.au','Dundas united recreation Club','Club Treasurer','Paul Reid','','paul.reid@ingrealestate.com','PO Box 3049','','Telopea',2117,2,9,NULL,NULL,4,NULL,2,NULL,1,4,219020077,'2011-06-20 14:48:17',1,'300.00',NULL,'2011-06-20 15:15:59',42,738050,0x01,0x00),
 (527,502,NULL,50927,1,0x00,0x00,NULL,NULL,'Paul Ryan',6,'Level: 14, George St.',2153,'Baulkham Hills','0411111111',NULL,'pryan@ausgrid.com.au','Parramatta District Junior Rugby Union','Chairman - Junior Rep Committee','Howard Malyon','','parrareps@gmail.com','parrareps@gmail.com','','Parramatta',2150,2,9,NULL,NULL,8,NULL,2,NULL,1,4,219020077,'2011-06-20 14:52:00',1,'300.00',NULL,'2011-06-20 15:15:59',42,738050,0x01,0x00),
 (528,503,NULL,53342,1,0x00,0x00,NULL,NULL,'Dion Roche',1,'Level: 1, Chatswood - Bryson St Office',2138,'Concord West','0427208511',NULL,'droche@ausgrid.com.au','Concord West Rhodes Preschool','Director / Teacher','Vera Jenkins','0297435788','concordwpre@bigpond.com','Killoola St','','Concord West',2138,2,3,NULL,NULL,4,NULL,5,NULL,1,4,219020077,'2011-06-20 14:54:54',1,'300.00',NULL,'2011-06-20 15:15:59',42,738050,0x01,0x00),
 (529,504,NULL,35064,2,0x00,0x00,NULL,NULL,'Peter Huby',2,'Level: Mezzanine, George St.',2154,'Castle Hill','0412425596',NULL,'phuby@ausgrid.com.au','Trigeminal Neuralgia Association of Australia','President','Irene Wood','0245796226','irene.wood@tnaaustralia.org.au','Po Box 1611','','Castle Hill',1765,2,6,NULL,NULL,1,NULL,1,NULL,1,4,219020077,'2011-06-20 14:57:08',1,'300.00',NULL,'2011-06-20 15:15:59',42,738050,0x01,0x00),
 (530,505,NULL,47774,2,0x00,0x00,NULL,NULL,'Ena Lauff',8,'Level: 15, George St.',2121,'North Epping','0411111111',NULL,'elauff@ausgrid.com.au','North Epping Rangers','President & mini soccer coordinator','Helen Armson','','','North Epping Oval','Boundary Road','North Epping',2121,2,9,NULL,NULL,6,NULL,2,NULL,1,4,219020077,'2011-06-20 14:59:11',1,'300.00',NULL,'2011-06-20 15:16:39',42,738050,0x01,0x00),
 (531,506,NULL,47774,1,0x00,0x00,NULL,NULL,'Ena Lauff',2,'Level: 15, George St.',2121,'North Epping','0411111111',NULL,'','North Epping Kindergarten','Social Committee Convenor','Leanne Diggle','','leannediggle@hotmail.com','275 Malton Road','','North Epping',2121,2,3,NULL,NULL,4,NULL,5,NULL,1,4,219020077,'2011-06-20 15:02:04',1,'300.00',NULL,'2011-06-20 15:15:59',42,738050,0x01,0x00),
 (532,507,NULL,44933,1,0x00,0x00,NULL,NULL,'Lokesh Varma',6,'Level: 21, George St.',2118,'Carlingford','0403173300',NULL,'lvarma@ausgrid.com.au','North Sydney Boy\'s High School Falconians\' Union Inc','President','Tim Donahoo','0434184482','tim.donahoo@mortgagechoice.com.au','28 Raeburn Ave','','Castlecrag',2068,2,3,NULL,NULL,9,'Support and promote intrests of the school',5,NULL,1,4,219020077,'2011-06-20 15:02:26',0,NULL,12,'2011-06-20 15:15:59',42,NULL,NULL,0x00),
 (533,508,NULL,49997,1,0x00,0x00,NULL,NULL,'Dean Pafumi',1,'Level: Grd Flr, Bldg 2, Hornsby',2137,'Concord','0411111111',NULL,'dpafumi@ausgrid.com.au','Worlds Greatest Shave - Leukaemia Foundation','General Manager NSW & ACT','Stuart Allen','','wgsinfo@leukaemia.org.au','GPO Box 9984','','Sydney',2000,2,6,NULL,NULL,2,NULL,5,NULL,1,4,219020077,'2011-06-20 15:05:28',1,'300.00',NULL,'2011-06-20 15:15:59',42,738050,0x01,0x00),
 (534,518,NULL,44858,1,0x00,0x00,NULL,NULL,'Julia Reilly',3,'Level: 9, George St.',2090,'Cremorne','0492694357',NULL,'','Room to Read','Sydney Office Leader','Raji Ambikairajah','0407897281','rajiambia@gmail.com','PO Box 549','','Balgowlah',2093,2,3,NULL,NULL,2,NULL,6,NULL,0,2,219020075,'2011-06-21 15:02:01',0,NULL,1,'2011-06-24 14:36:21',42,NULL,NULL,0x00),
 (535,519,NULL,50786,2,0x00,0x00,NULL,NULL,'Emma Cunningham',2,'Level: 1, Bldg 1, Homebush',2065,'St Leonards','0493946790',NULL,'','Monikas Doggie Rescue','Founder ','Monika Biernacki','0294863133','admin@doggierescue.com','8 Chiltern Road','','Ingleside',2101,2,1,NULL,NULL,9,'no-kill shelter',11,NULL,0,2,219020075,'2011-06-21 15:15:35',1,'300.00',NULL,'2011-06-21 16:02:20',42,738050,0x01,0x00),
 (536,520,NULL,36506,1,0x00,0x00,NULL,NULL,'Colin Phillips',1,'Level: Grd Flr, Bldg 2, Dee Why',2093,'Balgowlah','0499819917',NULL,'','Meals on Wheels','Food Services Co ordinator','Tom ','0289669938','manlymow@zipworld.com.au','PO Box 190','','Manly',1655,2,8,NULL,NULL,9,'food and services for the elderly',11,NULL,0,2,219020075,'2011-06-21 17:27:08',1,'300.00',NULL,'2011-07-04 14:37:48',8,738050,0x01,0x00),
 (537,521,NULL,44300,1,0x00,0x00,NULL,NULL,'Sue Chapman',1,'Level: 1, Bldg 1, Homebush',2112,'Ryde','0412307490',NULL,'','Putney Public School P & C Association','Vice President','Tonia Amy','0298076255','','193 Morrison Road','','Putney',2112,2,3,NULL,NULL,4,NULL,12,'Regular role class parent, fundraiser, reading volunteer, member',0,2,219020075,'2011-06-22 08:13:59',1,'300.00',NULL,'2011-06-23 15:33:51',42,738050,0x01,0x00),
 (538,522,NULL,41399,1,0x00,0x00,NULL,NULL,'Peter Gleeson',2,'Level: Grd Flr, Bldg 1, Chatswood',2077,'Hornsby Heights','0494105284',NULL,'','1st Hornsby Heights Scout group','Treasurer','Lynne Slevin','0299871660','slevin@bigpond.com','6 Armen Way','','Hornsby Heights',2077,2,3,NULL,NULL,4,NULL,11,NULL,1,2,219020075,'2011-06-22 08:18:34',1,'300.00',NULL,'2011-06-23 15:33:51',42,738050,0x01,0x00),
 (539,523,NULL,20750,1,0x00,0x00,NULL,NULL,'Neil Austen',1,'Level: Grd Flr, Bldg 2, Dee Why',2097,'Collaroy','0499879901',NULL,'','Rotary Club of Manly Sunrise','President','Doug Miller','0419166557','douglasmiller09@optusnet.com.au','C/- 1/18 King Avenue','','Balgowlah',2093,2,11,'Supporting designated charities',NULL,9,'running education classes',3,NULL,1,2,219020075,'2011-06-22 08:23:29',1,'300.00',NULL,'2011-06-23 15:33:51',42,738050,0x01,0x00),
 (540,524,NULL,33482,2,0x00,0x00,NULL,NULL,'Mal Ellis',1,'Building 4, Hornsby',2114,'West Ryde','0408498671',NULL,'','Lions Club of Epping Eastwood','President','Christine Ramsey','0298888801','christine.ramsey@au.domayne.com','PO Box 469','','Epping',2121,2,11,'Physical & financial where  possible',NULL,2,NULL,5,NULL,1,2,219020075,'2011-06-22 08:26:27',1,'300.00',NULL,'2011-06-23 15:33:51',42,738050,0x01,0x00),
 (541,525,NULL,34088,1,0x00,0x00,NULL,NULL,'Malcolm Lucas',2,'Castle Cove Zone Depot',2093,'Balgowlah','0417202947',NULL,'','Lifeline Northern Beaches Inc','CEO','Shirley Eggleton','0299495522','shirley@lifelinenb.org.au','Lifeline Northern Beaches Inc','PO Box 681','Balgowlah',2093,2,8,NULL,NULL,9,'Training telephone counsellors on Crisis Line',11,NULL,0,2,219020075,'2011-06-22 10:57:38',1,'300.00',NULL,'2011-06-24 14:36:21',42,738050,0x01,0x00),
 (542,511,NULL,46142,1,0x00,0x00,NULL,NULL,'Chris Power',1,'Muswellbrook',2330,'Singleton','0465429043',NULL,'','DENMAN PONY CLUB','PRESIDENT','MARK WICKS','0265472703','','LOT 14 ','GREY GUM RD','DENMAN',2328,2,9,NULL,NULL,6,NULL,11,NULL,1,7,219020080,'2011-06-22 11:18:52',1,'300.00',NULL,'2011-06-22 11:27:21',42,738050,0x01,0x00),
 (543,512,NULL,46906,3,0x01,0x00,NULL,NULL,'Paul Roeth',1,'Singleton',2330,'Singleton','0411787486',NULL,'','SINGLETON ARCHERY SOCIETY','CLUB PRESIDENT','MICHAEL CAELLI','0265732349','singleton.archery.society@gmail.com','380','GRESFORD RD','Sedgefield',2330,2,9,NULL,NULL,NULL,NULL,11,NULL,1,7,219020080,'2011-06-22 11:35:22',NULL,NULL,NULL,NULL,NULL,NULL,NULL,0x00),
 (544,513,NULL,45967,1,0x00,0x00,NULL,NULL,'Garry Jones',1,'Singleton',2330,'Singleton','0465719716',NULL,'','SINGLETON JUNIOR RUGBY LEAGUE','PRESIDENT','DARREN WARD','0265712261','','*','BATHURST ST','SINGLETON',2330,2,9,NULL,NULL,6,NULL,11,NULL,1,7,219020080,'2011-06-22 11:47:56',0,NULL,9,'2011-06-23 16:46:49',42,NULL,NULL,0x00),
 (545,490,NULL,42626,3,0x01,0x00,NULL,NULL,'Stephen Clark',1,'Unit 1, Tuggerah',2259,'gwandalan','0414192417',NULL,'','1st gwandalan scout group','building coordinator','russell brown','0466434552','','lot 15 koowong rd','','gwandalan',2259,2,3,NULL,NULL,NULL,NULL,11,NULL,1,5,219020078,'2011-06-23 11:03:32',NULL,NULL,NULL,NULL,NULL,NULL,NULL,0x00),
 (546,491,NULL,41248,1,0x00,0x00,NULL,NULL,'Mark Gilligan',1,'Noraville Depot',2250,'Niagara Park','0443258772',NULL,'','ourimbah-wyoming junior rugby league club','secretary','rob bradley','0412246891','ourimbahjuniors@bigpond.com','po box 166 ','','Ourimbah',2258,2,9,NULL,NULL,6,NULL,11,NULL,1,5,219020078,'2011-06-23 11:18:01',0,NULL,13,'2011-06-23 11:49:03',42,NULL,NULL,0x00),
 (547,492,NULL,49748,1,0x00,0x00,NULL,NULL,'stephen head',1,'west gosford',2250,'Wyoming','0443258520',NULL,'','NARARA WYOMING JUNIOR CRICKET CLUB','TREASURER','GEOFF TURNER','0432401004','treasure@nararajuniorcricket.com.au','REBWICK ST','','Wyoming',2250,2,9,NULL,NULL,6,NULL,11,NULL,1,5,219020078,'2011-06-23 11:32:06',1,'300.00',NULL,'2011-06-23 11:45:41',42,738050,0x01,0x00),
 (548,493,NULL,55549,1,0x00,0x00,NULL,NULL,'Amy Duroux',4,'Block A, West, Wallsend Admin.',2262,'Doyalson','0411111111',NULL,'','Junior trials Motorcycle Club','President','Paul & Michelle Grant','0204373009','info@juniortraials.com.au','cnr of Pacific Hwy & KangangraDr Gwandalan','','Tuggerah',2259,2,9,NULL,NULL,9,'Track maitenance',11,NULL,0,5,219020078,'2011-06-23 12:01:04',1,'300.00',NULL,'2011-06-23 12:02:09',42,738050,0x01,0x00),
 (549,519,NULL,47528,1,0x00,0x00,NULL,NULL,'Brett Pont',2,'Bldg 15, Wallsend Depot',2318,'Medowie','0404601916',NULL,'bpont@ausgrid.com.au','1st Medowie Scout Group','Group Leader','Tania Jones','','','26 Coolabah Rd','','Medowie',2218,2,10,NULL,NULL,4,NULL,5,NULL,1,6,219020079,'2011-06-23 13:44:18',1,'300.00',NULL,'2011-06-23 15:00:47',42,738050,0x01,0x00),
 (550,520,NULL,52852,1,0x00,0x00,NULL,NULL,'Jordan Holliday',2,'Block B, East, Wallsend Admin.',2282,'Eleebana','0400000000',NULL,'JHolliday@ausgrid.com.au','Disabled Surfers ASsociation of Australia Inc','Hunter Branch Secretary','Belinda Parkinson','','belinda@meekswest.com.au','PO Box 50','','Cardiff',2285,2,6,NULL,NULL,6,NULL,12,'Disability',1,6,219020079,'2011-06-23 13:50:57',1,'300.00',NULL,'2011-06-23 15:00:47',42,738050,0x01,0x00),
 (551,521,NULL,46647,1,0x00,0x00,NULL,NULL,'Chad Lewis',2,'Bldg 15, Wallsend Depot',2321,'Heddon Greta','0417473980',NULL,'CLewis@ausgrid.com.au','Mulbring Cricket Club','Secretary','Chad Lewis','','','Vincent St','','Mulbring',2323,2,9,NULL,NULL,6,NULL,9,NULL,1,6,219020079,'2011-06-23 13:53:43',1,'300.00',NULL,'2011-06-23 15:00:47',42,738050,0x01,0x00),
 (552,522,NULL,50628,1,0x00,0x00,NULL,NULL,'Andrew Macdonald',2,'Block B, Wallsend Admin.',2286,'West Wallsend','0408863876',NULL,'amacdonald@ausgrid.com.au','Quigley Cooperative','Chairperson','Coral Allen','','coralallen@quigleycoop.org.au','C/O Bolton Point Hall','','Bolton Point',2283,2,8,NULL,NULL,4,NULL,11,NULL,1,6,219020079,'2011-06-23 13:56:23',1,'300.00',NULL,'2011-06-23 15:00:47',42,738050,0x01,0x00),
 (553,523,NULL,49610,1,0x00,0x00,NULL,NULL,'Mark O\'Toole',2,'Block B, East, Wallsend Admin.',2280,'Belmont','0417473980',NULL,'mark.otoole@ausgrid.com.au','The Marching Koalas','Manager','Geoff Lynch','','marching_koalas@yahoo.com','PO Box 2104','','Dangar',2309,2,2,NULL,NULL,8,NULL,5,NULL,1,6,219020079,'2011-06-23 13:58:51',1,'300.00',NULL,'2011-06-23 15:00:47',42,738050,0x01,0x00),
 (554,524,NULL,45637,1,0x00,0x00,NULL,NULL,'Graeme Wuolanne',1,'Wallsend Admin.',2283,'Fassifern','0417492259',NULL,'','Maitland Soccer Club Inc','Treasurer','Paul Osland','','','PO Box 832','','East Maitland',2323,2,9,NULL,NULL,5,NULL,6,NULL,1,6,219020079,'2011-06-23 14:38:47',0,NULL,13,'2011-06-23 15:00:47',42,NULL,NULL,0x00),
 (555,525,NULL,46029,1,0x00,0x00,NULL,NULL,'Scott Bell',8,'Bldg 2, Wallsend Depot',2316,'BOAT HARBOUR','0439733913',NULL,'','FINGAL BAY SURF CLUB (NIPPERS)','PRESIDENT','PAT CONNAUGHTON','0412284200','','MARINE DR','','Fingal Bay',2315,2,10,NULL,NULL,6,NULL,11,NULL,1,6,219020079,'2011-06-23 15:21:37',1,'300.00',NULL,'2011-06-24 14:39:35',42,738050,0x01,0x00),
 (556,526,NULL,55035,1,0x00,0x00,NULL,NULL,'Megan Cox',4,'Block A, West, Wallsend Admin.',2295,'STOCKTON','0400000000',NULL,'MEGAnCox@ausgrid.com.au','STOCKTON SURF LIFESAVING CLUB','PRESIDENT','NOEL BURNS','0437048185','noelburns@optusnet.com.au','PO BOX 29','','Stockton',2295,2,9,NULL,NULL,6,NULL,11,NULL,1,6,219020079,'2011-06-23 15:29:59',1,'300.00',NULL,'2011-06-24 14:39:35',42,738050,0x01,0x00),
 (557,527,NULL,54849,1,0x00,0x00,NULL,NULL,'Matthew Foster',4,'Block A, West, Wallsend Admin.',2300,'NEWCASTLE','0400000000',NULL,'MFOSTER@AUSGRID.COM.AU','DRY JULY','BENEFICIARY','CALVARY MATER HOSPITAL','','SUPPORT@DRYJULY.COM','PO BOX 751','','Randwick',2031,2,6,NULL,NULL,3,NULL,6,NULL,1,6,219020079,'2011-06-23 15:35:53',1,'300.00',NULL,'2011-06-24 14:39:35',42,738050,0x01,0x00),
 (558,528,NULL,55547,1,0x00,0x00,NULL,NULL,'Jane Wilde',4,'Block A, West, Wallsend Admin.',2283,'Toronto','0400000000',NULL,'','TORONTO AMATEUR SAILING CLUB','JUNIOR INSTRUCTOR','PAUL CONNRLLY','0412424388','pcx001@iinet.net.au','VICTORY PARADE','','Toronto',2283,2,9,NULL,NULL,5,NULL,11,NULL,1,6,219020079,'2011-06-23 15:39:16',1,'300.00',NULL,'2011-06-24 14:39:31',42,738050,0x01,0x00),
 (559,529,NULL,44441,2,0x00,0x00,NULL,NULL,'Fiona Thurlow',4,'Block A, Wallsend Admin.',2305,'New Lambton','0400000000',NULL,'','New Lambton South Public School P & C Committee','President','Samanth Nyman','0411057578','sam_nyman@hotmail.com','45 St James Rd','','New Lambton',2305,2,10,NULL,NULL,5,NULL,5,NULL,1,6,219020079,'2011-06-23 15:42:29',1,'300.00',NULL,'2011-06-24 14:39:31',42,738050,0x01,0x00),
 (560,530,NULL,48584,1,0x00,0x00,NULL,NULL,'Kathy Provost',2,'Bldg 16, Wallsend Depot',2287,'Maryland','0400000000',NULL,'','Maryland Shortland Scout Group','Group Leader','Steve Pratt','0437517608','','35 Kyambla Crescent','','Maryland',2287,2,10,NULL,NULL,4,NULL,11,NULL,1,6,219020079,'2011-06-23 15:44:59',1,'300.00',NULL,'2011-06-24 14:39:31',42,738050,0x01,0x00),
 (561,531,NULL,44336,1,0x00,0x00,NULL,NULL,'Stephanie Lindsay',4,'Block A, Wallsend Admin.',2304,'Mayfield','0400000000',NULL,'','Soul Cafe / Lifeshapers Family Services','Manager','Nikki Carreria','0249698827','','Dennison Street','','Newcastle',2300,2,8,NULL,NULL,4,NULL,11,NULL,1,6,219020079,'2011-06-23 15:50:04',1,'300.00',NULL,'2011-06-24 14:39:31',42,738050,0x01,0x00),
 (562,532,NULL,46679,2,0x00,0x00,NULL,NULL,'Jonathan Evans',1,'Unit 7/8, Tuggerah',2265,'Cooranbong','0400000000',NULL,'','Girl Guides Association (NSW) Lakelands Division','Senior Guide Leader','Leisa Evans','0416081426','leisa_evans@intermode.on.net','11 Litchener Road','','Long Jetty',2261,2,10,NULL,NULL,4,NULL,11,NULL,1,6,219020079,'2011-06-23 15:53:38',1,'300.00',NULL,'2011-06-24 14:39:31',42,738050,0x01,0x00),
 (563,533,NULL,44516,2,0x00,0x00,NULL,NULL,'Elizabeth Akerman',2,'Block B, East, Wallsend Admin.',2324,'Eagleton','0400000000',NULL,'','Seaham - Bowthorne Football Club','Club Secretary','Tim Griffiths','0417031718','tgriffo@bigpond.com','Bowthorne Park ','Morpeth Street','Wallalong',2320,2,9,NULL,NULL,6,NULL,11,NULL,1,6,219020079,'2011-06-23 15:56:51',1,'300.00',NULL,'2011-06-24 14:39:31',42,738050,0x01,0x00),
 (564,534,NULL,49978,2,0x00,0x00,NULL,NULL,'Kim Wood',4,'Block A, Wallsend Admin.',2287,'Maryland','0400000000',NULL,'','Glendale Child Care Centre','Director','Sue Legg','0249656590','','4-8 Glendore Parade','','Maryland',2287,2,3,NULL,NULL,4,NULL,5,NULL,1,6,219020079,'2011-06-23 15:59:13',1,'300.00',NULL,'2011-06-24 14:39:31',42,738050,0x01,0x00),
 (565,535,NULL,53615,1,0x00,0x00,NULL,NULL,'Aurora Falanga',4,'Block A, Wallsend Admin.',2287,'Wallsend','0400000000',NULL,'','Kotara Scouts','Group Leader','Scott Brouwer','0408606772','sbrouwer@ausgrid.com.au','Park Road','','Kotara',2289,2,10,NULL,NULL,6,NULL,11,NULL,1,6,219020079,'2011-06-23 16:02:33',1,'300.00',NULL,'2011-06-24 14:39:31',42,738050,0x01,0x00),
 (566,536,NULL,47740,1,0x00,0x00,NULL,NULL,'Rachael Greber',1,'Charlestown Office',2320,'Rutherford','0400000000',NULL,'','Mrs Australia Quest ','Cheif Executive Officer','Karen Sabarre','0249502828','Karen@ite.com.au','94 Aries Way','','Elermore Vale',2287,2,6,NULL,NULL,3,NULL,11,NULL,1,6,219020079,'2011-06-23 16:05:56',1,'300.00',NULL,'2011-06-24 14:39:31',42,738050,0x01,0x00),
 (567,537,NULL,47649,2,0x00,0x00,NULL,NULL,'Liz Reid',1,'Block A, Foyer, Wallsend Admin.',2290,'Charlestown','0400000000',NULL,'','Macquarie Care Incorporated','Co-Ordinator','Jennifer Wendtman','0401599825','Macquariecare@gmail.com','Po Box 1000','','Warners Bay',2282,2,10,NULL,NULL,4,NULL,11,NULL,1,6,219020079,'2011-06-23 16:08:57',1,'300.00',NULL,'2011-06-24 14:39:31',42,738050,0x01,0x00),
 (568,538,NULL,44910,1,0x00,0x00,NULL,NULL,'Louise Oakley',1,'Block A, Wallsend Admin.',2326,'Weston','0400000000',NULL,'','McGarth Foundation Ltd','Breast Care Nurse','Rebecca Cheneny','0289626100','','PO Box 4','','Northbridge',2063,2,6,NULL,NULL,3,NULL,5,NULL,1,6,219020079,'2011-06-23 16:11:12',1,'300.00',NULL,'2011-06-24 14:39:17',42,738050,0x01,0x00),
 (569,539,NULL,45388,1,0x00,0x00,NULL,NULL,'Andrew Gray',1,'Block A, Wallsend Admin.',2282,'Lakelands','0400000000',NULL,'','McGarth Foundation Ltd','Breast Care Nurse','Rebecca Cheneny','0289626100','','Po Box 4','','Northbridge',2063,2,6,NULL,NULL,3,NULL,5,NULL,1,6,219020079,'2011-06-23 16:13:50',1,'300.00',NULL,'2011-06-24 14:39:17',42,738050,0x01,0x00),
 (570,509,NULL,40174,1,0x00,0x00,NULL,NULL,'Chris Lynch',1,'Level: 1, Bldg 5, Zetland',2211,'Padstow','0408202145',NULL,'','Illawong Rural Fire Brigade','Treasurer','Greg Last','0403940101','greg.last@ato.gov.au','Old Illawarra Rd ','','Illawong',2234,2,4,NULL,NULL,9,'to help cover building costs',12,'Deputy Captain (volunteer)',0,4,219020077,'2011-06-23 16:19:40',1,'300.00',NULL,'2011-06-30 16:12:00',42,738050,0x01,0x00),
 (571,526,NULL,44858,1,0x00,0x00,NULL,NULL,'Julia Reilly',3,'Level: 9, George St.',2090,'Cremorne','0492694357',NULL,'','Multiple Sclerosis Australia','Fundraising Marrickville','Kyah Elliot','0296460600','lidcombe.reception@msaustralia.org.au','P O Box 210','','Lidcombe',1825,2,6,NULL,NULL,3,NULL,6,NULL,1,2,219020075,'2011-06-23 17:00:56',1,'300.00',NULL,'2011-06-24 14:36:21',42,738050,0x01,0x00),
 (572,540,NULL,45367,1,0x00,0x00,NULL,NULL,'Murray Pickering',1,'Block A, Wallsend Admin.',2290,'Charlestown','0400000000',NULL,'','McGarth Foundation Ltd','Breast Care Nurse','Rebecca Cheney','0289626100','','Po Box 4','','Northbridge',2063,2,6,NULL,NULL,3,NULL,5,NULL,1,6,219020079,'2011-06-23 17:13:06',1,'300.00',NULL,'2011-06-24 14:39:17',42,738050,0x01,0x00),
 (573,494,NULL,47213,1,0x00,0x00,NULL,NULL,'John Kearnes',1,'Block A, Wallsend Admin.',2256,'Blackwall','0400000000',NULL,'','McGarth Foundation Ltd','Breast Care Nurse','Rebecca Cheneny','0289626100','','Po Box 4','','Northbridge',2063,2,6,NULL,NULL,3,NULL,5,NULL,1,5,219020078,'2011-06-23 17:22:28',1,'300.00',NULL,'2011-06-27 14:35:54',42,738050,0x01,0x00),
 (574,541,NULL,45824,1,0x00,0x00,NULL,NULL,'Darren Perks',1,'Block C, Bunker, Wallsend Admin.',2280,'Valentine','0400000000',NULL,'','McGarth Foundation Ltd','Breast Care Nurse','Rebecca Cheney','0289626100','','Po Box 4','','Northbridge',2063,2,6,NULL,NULL,3,NULL,5,NULL,1,6,219020079,'2011-06-23 17:27:16',1,'300.00',NULL,'2011-06-24 14:39:17',42,738050,0x01,0x00),
 (575,542,NULL,45387,1,0x00,0x00,NULL,NULL,'Bruce Pilgrim',1,'Block A, Wallsend Admin.',2285,'Macquarie Hills','0400000000',NULL,'','McGarth Foundation Ltd','Breast Care Nurse','Rebecca Cheney','0289626100','','Po Box 4','','Northbridge',2063,2,6,NULL,NULL,3,NULL,5,NULL,1,6,219020079,'2011-06-23 17:29:03',1,'300.00',NULL,'2011-06-24 14:39:17',42,738050,0x01,0x00),
 (576,543,NULL,52096,1,0x00,0x00,NULL,NULL,'Rowan Fetterplace',1,'Block A, Wallsend Admin.',2322,'Thornton','0400000000',NULL,'','McGrath Foundation Ltd','Brreast Care Nurse','Rebecca Cheney ','0289626100','','Po Box 4','','Northbridge',2063,2,6,NULL,NULL,3,NULL,5,NULL,1,6,219020079,'2011-06-23 17:31:01',1,'300.00',NULL,'2011-06-24 14:39:17',42,738050,0x01,0x00),
 (577,544,NULL,47776,1,0x00,0x00,NULL,NULL,'Miles Buckley',1,'Block A, Wallsend Admin.',2318,'Medowie','0400000000',NULL,'','McGrath Foundation Ltd','Breast Care Nurse','Rebecca Cheneny','0289626100','','Po Box 4','','Northbridge',2063,2,6,NULL,NULL,3,NULL,5,NULL,1,6,219020079,'2011-06-23 17:34:05',1,'300.00',NULL,'2011-06-24 14:39:17',42,738050,0x01,0x00),
 (578,545,NULL,45942,1,0x00,0x00,NULL,NULL,'Anthony Lawrence',1,'Block A, Wallsend Admin.',2320,'Lorn','0400000000',NULL,'','McGrath Foundation Ltd','Breast Care Nurse','Rebecca Cheney','0289626100','','Po Box 4','','Northbridge',2063,2,6,NULL,NULL,3,NULL,5,NULL,1,6,219020079,'2011-06-23 17:36:48',1,'300.00',NULL,'2011-06-24 14:39:17',42,738050,0x01,0x00),
 (579,546,NULL,47779,1,0x00,0x00,NULL,NULL,'Elizabeth Czipri',1,'Block A, Wallsend Admin.',2318,'Fullerton Cove','0400000000',NULL,'','McGrath Foundation Ltd','Breast Care Nurse','Rebecca Cheney','0289626100','','Po Box 4','','Northbridge',2063,2,6,NULL,NULL,3,NULL,5,NULL,1,6,219020079,'2011-06-24 08:27:43',1,'300.00',NULL,'2011-06-24 14:39:17',42,738050,0x01,0x00),
 (580,514,NULL,55672,1,0x00,0x00,NULL,NULL,'ZAC HERMON',8,'MUSWELLBROOK',2333,'Muswellbrook','0465429009',NULL,'','MUSWELLBROOK NETBALL ASS.','PRESIDENT','TRACEY GOLDMAN','0265425727','tracey@goldman.id.au','*','KAROOLA PARK','Muswellbrook',2333,2,9,NULL,NULL,4,NULL,5,NULL,1,7,219020080,'2011-06-24 11:30:51',1,'300.00',NULL,'2011-06-24 14:47:15',42,738050,0x01,0x00),
 (581,515,NULL,48353,2,0x00,0x00,NULL,NULL,'Denise Adam',1,'Muswellbrook',2333,'Muswellbrook','0465429065',NULL,'dadam@ausgrid.com','MUSWELLBROOK HOSPITAL AUXILIARY','PRESIDENT','SUE DURHAM','0265432683','','37','RUTHWHITE AVE','Muswellbrook',2333,2,6,NULL,NULL,4,NULL,11,NULL,1,7,219020080,'2011-06-24 11:35:05',1,'300.00',NULL,'2011-06-24 14:47:15',42,738050,0x01,0x00),
 (582,516,NULL,47686,1,0x00,0x00,NULL,NULL,'Ken Garland',1,'Muswellbrook',2333,'Muswellbrook','0459060714',NULL,'','MUSWELLBROOK AUSTRALIAN FOOTBALL CLUB','JUNIOR CO-ORDINATOR','DONNA MULANE','0265435119','sdmullane@bigpond.com','1320','SANDY CK RD ','Muswellbrook',2333,2,9,NULL,NULL,6,NULL,2,NULL,1,7,219020080,'2011-06-24 11:48:44',1,'300.00',NULL,'2011-06-24 14:47:15',42,738050,0x01,0x00),
 (583,517,NULL,47768,2,0x00,0x00,NULL,NULL,'Jon Olteanu',1,'Muswellbrook',2337,'WINGEN','0465429000',NULL,'','GLENBAWN FIELD ARCHERS','PRESIDENT','SIMON GALLEN','0413328455','','NEW ENGLAND HWY','','WINGEN',2337,2,9,NULL,NULL,6,NULL,11,NULL,1,7,219020080,'2011-06-24 11:53:41',1,'300.00',NULL,'2011-06-24 14:47:15',42,738050,0x01,0x00),
 (584,518,NULL,46140,2,0x00,0x00,NULL,NULL,'Paul Medd',1,'Merriwa Depot',2329,'MERRIWA','0465482703',NULL,'','MERRIWA JUNIOR RUGBY LEAGUE & NETBALL CLUB','SECRETARY','KELLIE WALKER','','ortowalk@bigpond.com','PO BOX 61','','Merriwa',2329,2,9,NULL,NULL,6,NULL,2,NULL,1,7,219020080,'2011-06-24 11:56:16',1,'300.00',NULL,'2011-06-24 14:47:15',42,738050,0x01,0x00),
 (585,519,NULL,46140,1,0x00,0x00,NULL,NULL,'Paul Medd',1,'Merriwa Depot',2329,'MERRIWA','0465482703',NULL,'','MERRIWA CENTRAL SCHOOL (ROAR PROGRAM)','TEACHER','ADAM JOHNSTON','','merriwa-c.school@det.nsw.edu.au','*','BOW ST','MERRIWA',2329,2,9,NULL,NULL,6,NULL,2,NULL,1,7,219020080,'2011-06-24 11:58:23',1,'300.00',NULL,'2011-06-24 14:47:03',42,738050,0x01,0x00),
 (586,520,NULL,46154,1,0x00,0x00,NULL,NULL,'Andrew Taylor',1,'Merriwa Depot',2329,'MERRIWA','0428112097',NULL,'','ROAR MERRIWA CENTRAL FOOTBALL ACADEMY','COACH','ADAM JOHNSTON','0265482119','adam.johnston@det.nsw.edu.au','MCS','BOW ST','MERRIWA',2329,2,9,NULL,NULL,6,NULL,2,NULL,1,7,219020080,'2011-06-24 12:00:59',1,'300.00',NULL,'2011-06-24 14:47:03',42,738050,0x01,0x00);
INSERT INTO `commcare_submissions` (`id`,`serial_id`,`load_id`,`service_number`,`which_application`,`is_inkind`,`is_movember`,`movember_id`,`movember_team_name`,`applicant_name`,`applicant_division`,`applicant_work_addr`,`applicant_postcode`,`applicant_suburb`,`applicant_phone`,`applicant_phone_2`,`applicant_email`,`org_name`,`position_in_org`,`org_contact_name`,`org_contact_phone`,`org_contact_email`,`org_addr_line1`,`org_addr_line2`,`org_suburb`,`org_postcode`,`org_state`,`org_purpose`,`org_purpose_other`,`org_description`,`grant_use`,`grant_use_other`,`volunteer_role`,`volunteer_role_other`,`contactable`,`recc_id`,`recc_io_number`,`submission_date`,`status`,`amount`,`justification`,`decision_date`,`decision_service_number`,`gl_account`,`is_paid`,`sms_updates`) VALUES 
 (587,521,NULL,46154,2,0x00,0x00,NULL,NULL,'Andrew Taylor',1,'Merriwa Depot',2329,'Merriwa','0428112097',NULL,'','MERRIWA JUNIOR RUGBY LEAGUE & NETBALL ASS.','PRESIDENT','MAX McNAUGHT','','ortowalk@bigpond.com','PO BOX 61','','MERRIWA',2329,2,9,NULL,NULL,6,NULL,11,NULL,1,7,219020080,'2011-06-24 12:04:37',1,'300.00',NULL,'2011-06-24 14:47:03',42,738050,0x01,0x00),
 (588,522,NULL,46144,1,0x00,0x00,NULL,NULL,'Michael Brown',1,'Muswellbrook',2337,'SCONE','0465429000',NULL,'','SCONE PUBLIC SCHOOL','SPECIAL ED TEACHER','DENENE THOMPSON','','denene.thompson@det.nsw.edu.au','SPS','LIVERPOOL ST ','SCONE',2337,2,3,NULL,NULL,4,NULL,11,NULL,1,7,219020080,'2011-06-24 12:08:02',1,'300.00',NULL,'2011-06-24 14:47:03',42,738050,0x01,0x00),
 (589,523,NULL,48474,2,0x00,0x00,NULL,NULL,'Anoushka Colquhoun',1,'Muswellbrook',2333,'Muswellbrook','0465429036',NULL,'','MUSWELLBROOK RUGBY UNION CLUB','CAPTAIN','MARK SNOW','0409662566','marksnow81@yahoo.com.au','PO BOX 356','','MUSWELLBROOK',2333,2,9,NULL,NULL,6,NULL,11,NULL,1,7,219020080,'2011-06-24 12:09:50',1,'300.00',NULL,'2011-06-24 14:47:03',42,738050,0x01,0x00),
 (590,524,NULL,46219,2,0x00,0x00,NULL,NULL,'Christina Page',1,'Muswellbrook',2333,'Muswellbrook','0465423202',NULL,'','MBK JUNIOR RUGBY LEAGUE FC','SECRETARY','KIM BEVERSTOCK','0265432222','kim@challserv.org.au','PO BOX 211','','Muswellbrook',2333,2,9,NULL,NULL,6,NULL,11,NULL,1,7,219020080,'2011-06-24 12:20:06',1,'300.00',NULL,'2011-06-24 14:49:58',42,738050,0x01,0x00),
 (591,525,NULL,47912,1,0x00,0x00,NULL,NULL,'Joshua Eveleigh',1,'Muswellbrook',2333,'Muswellbrook','0465429000',NULL,'','MUSWELLBROOK RUGBY UNION CLUB','CAPTAIN','MARK SNOW','0409662566','marksnow81@yahoo.com.au','PO BOX 356','','Muswellbrook',2333,2,9,NULL,NULL,6,NULL,4,NULL,1,7,219020080,'2011-06-24 12:22:36',1,'300.00',NULL,'2011-06-24 14:47:03',42,738050,0x01,0x00),
 (592,547,NULL,44310,1,0x00,0x00,NULL,NULL,'Karen Beverstock',1,'Muswellbrook',2328,'Denman','0465429036',NULL,'','KAIGAN-KAN KARATE-DO','INSTRUCTOR','NATALIE YOUNG','0265764364','kagonkan@hotmail.com','2468','GOLDEN HWY','Denman',2328,2,9,NULL,NULL,6,NULL,10,NULL,1,6,219020079,'2011-06-24 12:27:36',1,'300.00',NULL,'2011-06-24 14:39:17',42,738050,0x01,0x00),
 (593,526,NULL,49837,1,0x00,0x00,NULL,NULL,'Richard Montgomery',1,'Singleton',2330,'Singleton','0465429000',NULL,'','CAMP QUALITY NEWCASTLE','FUNDRAISING CO-ORDINATOR','DONNA GEORGE','','donna.george@campquality.org.au','PO BOX 268','','Charlestown',2290,2,6,NULL,NULL,2,NULL,5,NULL,1,7,219020080,'2011-06-24 12:30:47',1,'300.00',NULL,'2011-06-24 14:47:03',42,738050,0x01,0x00),
 (594,527,NULL,45967,1,0x00,0x00,NULL,NULL,'Garry Jones',1,'Singleton',2330,'Singleton','0465719716',NULL,'','SINGLETON JUNIOR RUGBY LEAGUE ','PRESIDENT','DARREN WARD','','','*','BATHURST ST','Singleton',2330,2,9,NULL,NULL,6,NULL,2,NULL,1,7,219020080,'2011-06-24 12:35:04',0,NULL,9,'2011-06-30 11:25:32',42,NULL,NULL,0x00),
 (595,528,NULL,44759,1,0x00,0x00,NULL,NULL,'Kelly Flanagan',1,'Muswellbrook',2333,'Muswellbrook','0465429058',NULL,'','MUSWELLBROOK CHILD CARE CENTRE','SECRETARY','CHERYL MCLEAN','','','*','SKELLATAR ST','Muswellbrook',2333,2,3,NULL,NULL,7,NULL,11,NULL,1,7,219020080,'2011-06-24 14:33:59',1,'300.00',NULL,'2011-06-24 14:47:03',42,738050,0x01,0x00),
 (596,495,NULL,48283,1,0x00,0x00,NULL,NULL,'Melissa Daniels',3,'Unit 12, Tuggerah',2259,'Tuggerah','0440770105',NULL,'','St Cecilias P & F Association','x','St Cecilias ','','','St Celilias Catholic Primary School Panonia rd ','','Wyong',2259,2,3,NULL,NULL,4,NULL,11,NULL,0,5,219020078,'2011-06-24 16:40:30',1,'300.00',NULL,'2011-06-24 16:40:58',42,738050,0x01,0x00),
 (597,496,NULL,41852,1,0x00,0x00,NULL,NULL,'Brent Bourne',8,'Level: 1, Unit 11, Tuggerah',2250,'Gosford','0440912561',NULL,'','Empire Bay Netball','x','x','','','PO BOX 142','','Woy Woy',2256,2,9,NULL,NULL,6,NULL,11,NULL,0,5,219020078,'2011-06-24 16:45:11',1,'300.00',NULL,'2011-06-24 16:44:58',42,738050,0x01,0x00),
 (598,497,NULL,39120,1,0x00,0x00,NULL,NULL,'Brett Shaw',4,'Level: 5, Roden Cutler House',2250,'Gosford','0441419246',NULL,'','Kincumber colts','x','x','','','PO BOX 6049 ','','Kincumber',2251,2,9,NULL,NULL,6,NULL,11,NULL,0,5,219020078,'2011-06-24 16:49:31',1,'300.00',NULL,'2011-06-24 16:49:51',42,738050,0x01,0x00),
 (599,498,NULL,39963,1,0x00,0x00,NULL,NULL,'Paul Stubbs',8,'Chatswood',2250,'Gosford','0441847162',NULL,'','Entrance District Jr Hockey Club','z','x','','','2 Billabong place ','','Tacoma',2259,2,9,NULL,NULL,6,NULL,11,NULL,0,5,219020078,'2011-06-24 16:52:46',1,'300.00',NULL,'2011-06-24 16:53:03',42,738050,0x01,0x00),
 (600,499,NULL,53198,1,0x00,0x00,NULL,NULL,'Craig Shepherd',4,'Level: 1, Roden Cutler House',2250,'Gosford','0480013335',NULL,'','Valley Veiw Public School P & C','x','x','','','Chamberlain rd ','','Wyoming',2250,2,3,NULL,NULL,4,NULL,11,NULL,0,5,219020078,'2011-06-24 16:55:21',1,'300.00',NULL,'2011-06-24 16:55:39',42,738050,0x01,0x00),
 (601,500,NULL,47034,1,0x00,0x00,NULL,NULL,'Anthony Withers',1,'Level: 7, Hornsby',2259,'Tuggerah','0440055571',NULL,'','Kilarney Vale Disrict Soccer Club','x','x','','','Yakalla st ','','The Entrance',2261,2,9,NULL,NULL,6,NULL,11,NULL,0,5,219020078,'2011-06-24 16:58:12',1,'300.00',NULL,'2011-06-24 16:58:38',42,738050,0x01,0x00),
 (602,501,NULL,48738,1,0x00,0x00,NULL,NULL,'Darran Miller',1,'Gosford Depot',2257,'UMINA','0458203390',NULL,'','UMINA UNITED SOCCER CLUB INC-JUNIORS','TREASURER','CHERYL DUNSTON','0403502237','','PO BOX 3023','','Umina',2257,2,9,NULL,NULL,3,NULL,11,NULL,0,5,219020078,'2011-06-27 07:54:29',1,'300.00',NULL,'2011-06-27 14:25:10',42,738050,0x01,0x00),
 (603,502,NULL,34804,1,0x00,0x00,NULL,NULL,'Laurience Ashwell',1,'Noraville Depot',2259,'KANWAL','0418284829',NULL,'','WARNERVALE RUGBY CLUB - JUNIORS','PRESIDENT','JIM BIlLTON','0418284829','jbilton@optusnest.com.au','PO BOX 4793','','Lake Haven',2263,2,9,NULL,NULL,6,NULL,10,NULL,1,5,219020078,'2011-06-27 08:19:52',1,'300.00',NULL,'2011-06-27 14:25:10',42,738050,0x01,0x00),
 (604,503,NULL,47571,1,0x00,0x00,NULL,NULL,'Jeff Corcoran',1,'Bldg 7, Gosford Depot',2251,'KINCUMBER','0411111111',NULL,'','KINCUMBER COLTS J.R.L.F.C','PRESIDNET','SCOTT JACKSON','0402329510','networkkincumber@dodo.com.au','PO BOX 6049','','KUNCUMBER',2251,2,9,NULL,NULL,6,NULL,2,NULL,1,5,219020078,'2011-06-27 08:23:25',1,'300.00',NULL,'2011-06-27 14:25:10',42,738050,0x01,0x00),
 (605,504,NULL,48209,1,0x00,0x00,NULL,NULL,'John Robb',1,'Bldg 4, Gosford Depot',2250,'GOSFORD','0416167492',NULL,'','TERRIGAL SURF LIFE SAVING CLUB','BOAT CAPTAIN','KRISTINA O\'HAGAN','0401677669','ohag1kri@police.nsw.gov.au','TERRIGAL ESPLANADE','','TERRIGAL',2260,2,9,NULL,NULL,5,NULL,2,NULL,1,5,219020078,'2011-06-27 08:26:42',1,'300.00',NULL,'2011-06-27 14:25:10',42,738050,0x01,0x00),
 (606,505,NULL,43687,1,0x00,0x00,NULL,NULL,'Graham Chaney',1,'Bldg 2, Gosford Depot',2260,'FORRESTERS BEACH','0408496045',NULL,'','KILLARNEY DISTRICT SOCCER CLUB','NON-COMP FOOTBALL MANAGER','KARL WALLACE','0419479399','kdwallace@bigpond.com','EDSACC OVAL- CNR OF CENTRAL COAST HWY & YAKALLA RD','','Bateau Bay',2261,2,9,NULL,NULL,6,NULL,3,NULL,0,5,219020078,'2011-06-27 08:34:43',1,'300.00',NULL,'2011-06-27 14:25:10',42,738050,0x01,0x00),
 (607,506,NULL,38221,1,0x00,0x00,NULL,NULL,'Martin Hutchison',1,'Gosford Depot',2256,'Woy Woy','0418967086','','','Woy Woy Football Club Junior','President','David Cornwall','0413119333','david.cornwall@optusnet.com.au','PO Box 142','','Woy Woy',2256,2,9,NULL,NULL,6,NULL,5,NULL,1,5,219020078,'2011-06-28 12:45:41',1,'300.00',NULL,'2011-06-28 14:57:07',43,738050,0x01,0x00),
 (608,527,NULL,55535,1,0x00,0x00,NULL,NULL,'Andrew Mclaren',4,'Level: G, Bldg , Dee Why',2099,'Dee Why','0448263961','','','Manly Allambie United Fotball Club','Public Officer','David Bonney','0412361146','dave_bonney@optus.com.au','Box 9, 343 Condamine St','','Manly Vale',2193,2,9,NULL,NULL,6,NULL,2,NULL,0,2,219020075,'2011-06-28 13:08:34',1,'300.00',NULL,'2011-06-28 13:09:39',8,738050,0x01,0x00),
 (609,529,NULL,46103,1,0x00,0x00,NULL,NULL,'Richard Jones',1,'Muswellbrook',2333,'Muswellbrook','0428867771','0265429045','','Muswellbrook junior Cricket','president','Nochole White','','','19','Northerly Close','Musweelbrook',2333,2,9,NULL,NULL,6,NULL,2,NULL,1,7,219020080,'2011-06-29 14:34:58',1,'300.00',NULL,'2011-08-03 14:22:00',36,738050,0x01,0x00),
 (610,514,NULL,40719,1,0x00,0x00,NULL,NULL,'Doug Chalker',1,'Level: 1, Bldg 1, Oatley',2224,'Sylvania','','0295855586','','Blakehurst Junior Rugby Union Football Club','President','Arthur brown','','athur08@tpg.com.au','101 Belmore Rd','','Peakhurst',2210,2,9,NULL,NULL,6,NULL,2,NULL,0,3,219020076,'2011-06-29 15:03:47',1,'300.00',NULL,'2011-06-30 15:04:45',13,738050,0x01,0x00),
 (611,515,NULL,39050,1,0x00,0x00,NULL,NULL,'Karen Tye',1,'Level: 2, Bldg 1, Oatley',2229,'Caringbah','','0295855624','','2nd caringbah scouts','Group Leader','Ron Hack','','ron.hack@bigpond.com','jacaranda rd','','Caringbah',2229,2,10,NULL,NULL,9,'Camping equipment',1,NULL,1,3,219020076,'2011-06-29 15:06:30',1,'300.00',NULL,'2011-06-30 15:04:45',13,738050,0x01,0x00),
 (612,516,NULL,48453,1,0x00,0x00,NULL,NULL,'Andrew Devlin',1,'Level: 1, Bldg 1, Oatley',2233,'Heathcote','','0295855764','','Engadine Eagles Football club','Secretary','Cathy Berry','','info@engadineeagles.net.au','Po Box 132','','Engadine',2233,2,9,NULL,NULL,6,NULL,2,NULL,0,3,219020076,'2011-06-29 15:09:05',1,'300.00',NULL,'2011-06-30 15:04:45',13,738050,0x01,0x00),
 (613,517,NULL,39785,1,0x00,0x00,NULL,NULL,'Anthony Agius',1,'Level: 1, Bldg 1, Oatley',2223,'Oatley','','0295855680','','All Saints Oatley West Soccer Club Inc','Secretary','Richard Boardman','','lboardman@optusnet.com.au','po box 292','','Oatley',2223,2,9,NULL,NULL,6,NULL,1,NULL,1,3,219020076,'2011-06-29 15:11:47',1,'300.00',NULL,'2011-06-30 15:04:45',13,738050,0x01,0x00),
 (614,510,NULL,40106,1,0x00,0x00,NULL,NULL,'Peter Davies',1,'Level: 1, Oatley',2206,'Earlwood','0419762599','','','south eastern junior rugby league football club','vice president','brad o\'hare','','judy.ohare@bigpond.com.au','12 torens st','','Matraville',2036,2,9,NULL,NULL,6,NULL,2,NULL,0,4,219020077,'2011-06-29 15:15:31',1,'300.00',NULL,'2011-06-30 16:12:00',42,738050,0x01,0x00),
 (615,518,NULL,31582,1,0x00,0x00,NULL,NULL,'Ian Purves',1,'Level: 1, Bldg 3, Oatley',2229,'Caringbah','0418466632','','','1st caringbah scout camp','Group Leader','ron head','','bmhead@bigpond.net.au','po box 1495','','Caringbah',1495,2,10,NULL,NULL,4,NULL,11,NULL,0,3,219020076,'2011-06-29 15:18:54',1,'300.00',NULL,'2011-06-30 15:04:45',13,738050,0x01,0x00),
 (616,548,NULL,45904,1,0x00,0x00,NULL,NULL,'Jeff Hugo',1,'Maitland Depot',2325,'Cessnock','0412068990','0249349148','jhugo@ausgrid.com.au','Cessnock City Hornets Football Club','President','Neville Chapman','0404107536','nevjules@bigpond.net.au','PO Box 400','','Cessnock',2325,2,9,NULL,NULL,6,NULL,10,NULL,0,6,219020079,'2011-06-29 15:32:48',1,'300.00',NULL,'2011-07-28 13:09:19',34,738050,0x01,0x00),
 (617,549,NULL,55042,1,0x00,0x00,NULL,NULL,'Toni Winter',4,'Block A, West, Wallsend Admin.',2283,'Fassifern','0416299123','0249505071','twinter@ausgrid.com.au','St Paul\'s High School Booragul','Secretary','Jasmine Outteridge','0249586711','','Primrose St','','Booragul',2284,2,9,NULL,NULL,6,NULL,11,NULL,0,6,219020079,'2011-06-30 10:50:12',0,NULL,12,'2011-07-28 13:09:19',34,NULL,NULL,0x00),
 (618,550,NULL,55042,2,0x00,0x00,NULL,NULL,'Toni Winter',4,'Block A, West, Wallsend Admin.',2283,'Fassifern','0416299123','0249505071','twinter@ausgrid.com.au','Toronto Awaba Junior Soccer Club','Secretary','Janine Roberts','0249504638','','PO Box 958','','Toronto',2283,2,9,NULL,NULL,6,NULL,1,NULL,1,6,219020079,'2011-06-30 10:55:28',1,'300.00',NULL,'2011-07-28 13:09:19',34,738050,0x01,0x00),
 (619,519,NULL,41713,1,0x00,0x00,NULL,NULL,'Barbara Edwards',1,'Level: 1, Bldg 2, Homebush',2232,'Kirrawee','','0293946915','bedwards@ausgrid.com.au','cancer council australia','event manager','christine attenborough','1300656585','abmt@nswcc.org.au','po box 816','','Potts Point',1335,2,6,NULL,NULL,1,NULL,5,NULL,1,3,219020076,'2011-06-30 14:47:22',1,'300.00',NULL,'2011-06-30 15:04:45',13,738050,0x01,0x00),
 (620,511,NULL,43196,1,0x00,0x00,NULL,NULL,'James Blazquez',2,'Level: 17, George St.',2206,'Earlwood','','0292692662','','Maroubra Nippers SLSC','Director of Junior Development','Danny Donohoe','0418202525','dd_building@optusnet.com.au','marine parade ','','Maroubra',2035,2,9,NULL,NULL,6,NULL,5,NULL,1,4,219020077,'2011-06-30 15:09:16',1,'300.00',NULL,'2011-06-30 16:12:00',42,738050,0x01,0x00),
 (621,520,NULL,48179,1,0x00,0x00,NULL,NULL,'Scott Abbott',1,'Level: 1, Bldg 5, Zetland',2227,'Gymea','0448860829','','sabbott@ausgrid.com.au','Australian Red Cross Blood Service','Senior Finance Business Partner','Gabby Richards','','','17 O\'Riordan St ','','Alexandria',2015,2,6,NULL,NULL,1,NULL,12,'donate blood',1,3,219020076,'2011-06-30 15:21:17',1,'300.00',NULL,'2011-06-30 16:09:02',13,738050,0x01,0x00),
 (622,471,NULL,55804,1,0x00,0x00,NULL,NULL,'Anant Tayal',3,'Level 13, 570 Street Sydney',2010,'Darlinghurst','0450047367','','','Engineers Without Borders','NSW President','John Mckibbon','','','PO Box 388 ','','South Melbourne',3205,7,5,NULL,NULL,4,NULL,3,NULL,1,1,219020074,'2011-06-30 15:22:58',1,'300.00',NULL,'2011-06-30 15:30:52',3,738050,0x01,0x00),
 (623,521,NULL,43129,1,0x00,0x00,NULL,NULL,'Stephen Lunn',1,'Level: 1, Bldg 1, Homebush',2228,'Yowie Bay','','0293946524','slunn@ausgrid.com.au','1st Lilli Pilli Sea Scouts','Leader','Lisa Viney','0409943886','lisaviney@optusnet.com.au','Swan St','','Lilli Pilli',2229,2,10,NULL,NULL,4,NULL,12,'Cub Scout Leader',1,3,219020076,'2011-06-30 15:37:34',1,'300.00',NULL,'2011-06-30 16:09:02',13,738050,0x01,0x00),
 (624,472,NULL,44211,3,0x01,0x00,NULL,NULL,'Glen Noble',4,'Level: 2, Roden Cutler House',2026,'Bondi','','1300723492','','Acon Health Ltd','Client Services Manager','Vicky Coumbe','0292062000','','414 Elizabeth Street','','Surry Hills',2010,2,8,NULL,NULL,NULL,NULL,1,NULL,0,1,219020074,'2011-06-30 15:47:48',NULL,NULL,NULL,NULL,NULL,NULL,NULL,0x00),
 (625,522,NULL,47024,1,0x00,0x00,NULL,NULL,'Tyson Geer',1,'Level: Grd Flr, Bldg 4, Zetland',2233,'Engadine','','','tgeer@ausgrid.com.au','Australian Red Cross Blood Services','Senior Finance Business Partner','Gabby Richards','','','17 O\'Riordan Street','','Alexandria',2015,2,6,NULL,NULL,1,NULL,12,'Blood Donor',1,3,219020076,'2011-06-30 15:48:05',1,'300.00',NULL,'2011-06-30 16:09:02',13,738050,0x01,0x00),
 (626,523,NULL,43407,1,0x00,0x00,NULL,NULL,'Robert Lowe',4,'Menai Depot',2233,'Yarrawarrah','','','rlowe@ausgrid.com.au','Sandy Point Rural Fire Service','President','Mark Cassidy','0417270577','mcassidy@cdmcomputers.com.au','St George Cresent','','Sandy Point',2172,2,4,NULL,NULL,4,NULL,11,NULL,1,3,219020076,'2011-06-30 16:00:27',1,'300.00',NULL,'2011-06-30 16:09:02',13,738050,0x01,0x00),
 (627,524,NULL,43439,1,0x00,0x00,NULL,NULL,'Cesare Chiodi',2,'Bldg 4, Homebush',2505,'Port Kembla','','0293946833','cchiodi@ausgrid.com.au','Port Kembla Junior Football Club','President','Emanuel Sarkhosh','','pkjsc@hotmail.com','PO BOX 144','','Warrawong',2502,2,9,NULL,NULL,6,NULL,2,NULL,1,3,219020076,'2011-06-30 16:06:54',1,'300.00',NULL,'2011-06-30 16:09:02',13,738050,0x01,0x00),
 (628,1,NULL,39833,1,0x00,0x00,NULL,NULL,'Adam Mclennan',4,'16 dryandra place redhead 2290  i work from home could you post out please',2290,'redhead','0414192458','','amclennan@ausgrid.com.au','dudley redhead united football club','secretary','vicki morrison','0249447595','vickimorrison@drufc','po box 9','','Redhead',2290,2,9,NULL,NULL,4,NULL,2,NULL,1,6,219020079,'2011-07-04 16:08:02',1,'300.00',NULL,'2011-07-28 13:16:45',34,738050,0x01,0x00),
 (629,1,NULL,49647,1,0x00,0x00,NULL,NULL,'Brendon Crown',3,'Level: 9, George St.',2234,'Menai','0400384894','','bcrown@ausgrid.com.au','Menai Junior Rugby Union Club','President','Damien White','0410519744','d.white@tsc.nsw.edu.au','PO Box 1086','','Menai Central',2234,2,9,NULL,NULL,4,NULL,2,NULL,1,3,219020076,'2011-07-04 16:36:53',1,'300.00',NULL,'2011-07-28 08:31:23',13,738050,0x01,0x00),
 (630,1,NULL,39015,3,0x01,0x00,NULL,NULL,'David Simmons',4,'Central Coast/Hunter Field based from home',2259,'Jilliby','0414192459','','dsimmons@ausgrid.com.au','Junior Trials Mini Cycle Club','President','Paul Grant','0414533254','on-time@bigpond.net.au','PO BOX 3653','','Tuggerah',2259,2,9,NULL,NULL,NULL,NULL,3,NULL,1,5,219020078,'2011-07-04 17:24:22',NULL,NULL,NULL,NULL,NULL,NULL,NULL,0x00),
 (631,2,NULL,47412,1,0x00,0x00,NULL,NULL,'Louise Snedden',4,'Block C, Wallsend Admin.',2304,'MAYFIELD','0435490823','','','NEWCASTLE NETBALL ASSOCIATION INC.','PRESIDENT / SECRETARY','DEL SAUNDERS / AILEEN SHUTT','0249294200','a.shutt@newcastlenetball.com.au','UNION STREET','','Cooks Hill',2300,2,9,NULL,NULL,6,NULL,11,NULL,1,6,219020079,'2011-07-04 18:59:14',1,'300.00',NULL,'2011-07-28 13:16:45',34,738050,0x01,0x00),
 (632,1,NULL,46762,1,0x00,0x00,NULL,NULL,'Tim Dorrian',1,'Chatswood',2138,'Concord West','0419146401','','TDorrian@ausgrid.com.au','Concord West Public School P&C','Secretary','Kylie Dorrian','0415864660','leetusdesigns@optusnet.com.au','378 Concord Rd','','Concord West',2138,2,10,NULL,NULL,6,NULL,11,NULL,1,4,219020077,'2011-07-05 12:50:22',1,'300.00',NULL,'2011-07-18 14:19:40',18,738050,0x01,0x00),
 (633,3,NULL,47496,1,0x00,0x00,NULL,NULL,'Melissa Kovacs',4,'Block A, Wallsend Admin.',2322,'WOODBERRY','0435483328','','MKOVACS@AUSGRID.COM.AU','EXTREME PERFORMING ARTS DANCE STUDIO','OWNER','ALISHA WATKINS','0417474706','alisha.watkins@yahoo.com.au','unit 1-56 Gleenwood drive ','','Thornton',2322,2,9,NULL,NULL,2,NULL,10,NULL,1,6,219020079,'2011-07-05 18:48:04',1,'300.00',NULL,'2011-07-28 13:16:45',34,738050,0x01,0x00),
 (634,2,NULL,34498,1,0x00,0x00,NULL,NULL,'Malcolm Pickford',1,'Zetland',2508,'Helensburgh','0414192134','0296639208','mpickford@ausgrid.com.au','Helensburgh Stanwell Park Surf Life Saving Club','President','Carl Williams','0242943035','carl.williams@citi.com','PO Box 11','','Helensburgh',2508,2,9,NULL,NULL,6,NULL,11,NULL,1,3,219020076,'2011-07-06 10:02:34',1,'300.00',NULL,'2011-07-28 08:31:23',13,738050,0x01,0x00),
 (635,1,NULL,53345,1,0x00,0x00,NULL,NULL,'Jessica Kleinberg',3,'Level: 16, George St.',2111,'Gladesville','0415033641','','JKleinberg@ausgrid.com.au','Engineers Without Borders, Australia','NSW president','John McKibben','0403003477','nsw@ewb.org.au','PO Box 388','','South Melbourne',3205,7,8,NULL,NULL,4,NULL,11,NULL,1,2,219020075,'2011-07-06 18:00:00',1,'300.00',NULL,'2011-07-20 12:02:31',8,738050,0x01,0x00),
 (636,2,NULL,46522,1,0x00,0x00,NULL,NULL,'Peter Kramel',1,'Level: Grd Flr, Bldg 2, Dee Why',2100,'Beacon Hill','0407283739','0299819922','pkramel@ausgrid.com.au','Sydney Wildlife','Chairperson Northern Beaches Branch','Jodie Lewis','0407813149','jodilewis@brownbear.com.au','PO Box 78','','Linfield',2070,2,1,NULL,NULL,4,NULL,11,NULL,1,2,219020075,'2011-07-07 07:55:16',1,'300.00',NULL,'2011-07-20 09:49:17',8,738050,0x01,0x00),
 (637,4,NULL,45607,1,0x00,0x00,NULL,NULL,'Daryl Redman',1,'Maitland Depot',2295,'Stockton','0407896061','','','stockton jnr soccer club','president','mat rolston','0421233050','','137 roxburgh st','','Stockton',2295,2,9,NULL,NULL,6,NULL,2,NULL,1,6,219020079,'2011-07-11 11:10:33',1,'300.00',NULL,'2011-07-28 13:16:45',34,738050,0x01,0x00),
 (638,5,NULL,50160,1,0x00,0x00,NULL,NULL,'Matthew Butler',1,'Maitland Depot',2323,'East Maitland','0400471480','','','shamrock hill early learning +long day care','Admin','Jenny','0249338632','','19 galway Bay Drive','','Ashtonfield',2323,2,10,NULL,NULL,2,NULL,5,NULL,1,6,219020079,'2011-07-11 11:13:56',1,'300.00',NULL,'2011-07-28 13:16:45',34,738050,0x01,0x00),
 (639,6,NULL,50437,2,0x00,0x00,NULL,NULL,'Cameron Heazlewood',1,'Maitland Depot',2320,'Bolwarra','0409915650','','','enough is enough anti violence ,ovement inc','representative?','Julie Wade','0295424029','','2/10-12 boyle st','po box 799 ','Sutherland',1499,2,9,NULL,NULL,5,NULL,2,NULL,1,6,219020079,'2011-07-11 11:18:35',1,'300.00',NULL,'2011-07-28 13:16:45',34,738050,0x01,0x00),
 (640,7,NULL,53605,3,0x01,0x00,NULL,NULL,'Barry Bonning',2,'Block B, Wallsend Admin.',2290,'Tingira Heights','0414494730','0249101465','bbonning@ausgrid.com.au','Marine Rescue Lake Macquarie','Unit Commander','James Wright','0430521510','uc.lakemacquarie@marinerescuensw.com.au','PO Box 101','','Swansea',2281,2,4,NULL,NULL,NULL,NULL,11,NULL,1,6,219020079,'2011-07-11 11:51:39',NULL,NULL,NULL,NULL,NULL,NULL,NULL,0x00),
 (641,8,NULL,44989,1,0x00,0x00,NULL,NULL,'Michael Fitzpatrick',4,'Block A, Wallsend Admin.',2285,'Cameron Park','','0249519553','mfitzpat@ausgrid.com.au','DEBRA Australia','Secretary','Sue McKenna','0746937003','secretary@debra.org.au','PO Box 226','','Pittsworth',4356,4,6,NULL,NULL,3,NULL,7,NULL,1,6,219020079,'2011-07-11 12:48:15',1,'300.00',NULL,'2011-07-28 13:16:45',34,738050,0x01,0x00),
 (642,9,NULL,44557,1,0x00,0x00,NULL,NULL,'Michael Griffiths',2,'Block B, Wallsend Admin.',2298,'Waratah','0414192436','','mkg@ausgrid.com.au','Scouts Australia','Group Leader 1st New Lambton','Gary Fallon','0408150792','gnfallon@consultgrs.com.au','5 Ridge Lane','','Lambton',2305,2,10,NULL,NULL,3,NULL,12,'Scout Leader',1,6,219020079,'2011-07-11 16:23:00',1,'300.00',NULL,'2011-07-28 13:16:45',34,738050,0x01,0x00),
 (643,10,NULL,44441,1,0x00,0x00,NULL,NULL,'Fiona Thurlow',4,'Block A, Wallsend Admin.',2305,'New Lambton','','','fthurlow@ausgrid.com.au','NEW LAMBTON SOUTH PUBLIC SCHOOL P & C ASSOCIATION','FUNDRAISING COMMITTEE PRESIDENT ','SAMANTHA NYMAN','','sam_nyman@hotmail.com','ST JAMES RD','','New Lambton',2305,2,3,NULL,NULL,9,'To establish a kitchen garden in the school grounds',5,NULL,1,6,219020079,'2011-07-12 11:08:38',1,'300.00',NULL,'2011-07-28 13:16:45',34,738050,0x01,0x00),
 (644,2,NULL,44071,2,0x00,0x00,NULL,NULL,'Bradley Rigo',1,'Level: 1, Tuggerah',2250,'Wyoming','0408657726','0243998095','brigo@ausgrid.com.au','Central Coast Rugby League Referees Association','Treasurer','Gavin King','0409905942','gavin@concours.com.au',' 3 Mildon Road Tuggerah NSW 2259 ','','Tuggerah',2259,2,9,NULL,NULL,4,NULL,11,NULL,1,5,219020078,'2011-07-12 11:14:07',1,'300.00',NULL,'2011-07-21 13:11:28',24,738050,0x01,0x00),
 (645,1,NULL,46113,1,0x00,0x00,NULL,NULL,'Geoff Blyth',1,'Muswellbrook',2337,'Wingen','0427684100','','gblyth@ausgrid.com.au','Wingen School of Arts','President','Deanna Faulks','0432634020','','Madeline St','','Wingen',2337,2,2,NULL,NULL,9,'Diabled access',11,NULL,0,7,219020080,'2011-07-12 11:49:56',1,'300.00',NULL,'2011-08-05 11:26:04',36,738050,0x01,0x00),
 (646,11,NULL,50628,1,0x00,0x00,NULL,NULL,'Andrew Macdonald',2,'Block B, Wallsend Admin.',2286,'West Wallsend','0408863876','','amacdonald@ausgrid.com.au','Quigley Cooperative','Chairperson','Coral Allen','0249598055','coralallen@quigleycoop.org.au','C/O Bolton Point Hall','68A Middlepoint Rd','Bolton Point',2283,2,8,NULL,NULL,4,NULL,1,NULL,1,6,219020079,'2011-07-12 13:05:38',1,'300.00',NULL,'2011-07-28 13:16:45',34,738050,0x01,0x00),
 (647,12,NULL,47528,1,0x00,0x00,NULL,NULL,'Brett Pont',2,'Bldg 15, Wallsend Depot',2318,'Medowie','0409601916','','bpont@ausgrid.com.au','Medowie Football Club','Vice President','Mark Beadle','0249817212','mv63@optusnet.com.au','PO Box 133','','Medowie',2318,2,9,NULL,NULL,6,NULL,12,'Manager (Junior Team)',1,6,219020079,'2011-07-12 14:33:58',1,'300.00',NULL,'2011-07-28 13:16:45',34,738050,0x01,0x00),
 (648,13,NULL,50933,1,0x00,0x00,NULL,NULL,'Matthew Ophir',1,'Bldg 3, Wallsend Depot',2289,'Adamstown','','0249519415','','Adamstown Primary School P & C','Treasurer','Mark Wilson','','','Bryant St','','Adamstown',2289,2,3,NULL,NULL,4,NULL,11,NULL,1,6,219020079,'2011-07-12 14:37:58',1,'300.00',NULL,'2011-07-28 13:16:45',34,738050,0x01,0x00),
 (649,14,NULL,46317,1,0x00,0x00,NULL,NULL,'Shane Williams',2,'Bldg 12, Wallsend Depot',2285,'Cardiff','0438283501','','','Cardiff junior Aussie Rules Club','president','Peter Risby','','','PO Box 261','','Cardiff',2285,2,9,NULL,NULL,4,NULL,11,NULL,1,6,219020079,'2011-07-13 10:28:17',1,'300.00',NULL,'2011-07-28 13:16:45',34,738050,0x01,0x00),
 (650,3,NULL,50377,1,0x00,0x00,NULL,NULL,'Terry Johnson',1,'Gore Hill Depot',2097,'Wheeler Heights','0430011684','','TJohnson@ausgrid.com.au','Warringah Baseball Club','Registrar','Benita Illingworth','0299721057','benitaillingworth@bigpond.com','52 Coniston Street','','Wheeler Heights',2097,2,9,NULL,NULL,6,NULL,2,NULL,1,2,219020075,'2011-07-13 14:11:19',1,'300.00',NULL,'2011-07-20 09:49:17',8,738050,0x01,0x00),
 (651,3,NULL,48552,1,0x00,0x00,NULL,NULL,'Troy Tracey',1,'Abbott St, Wallsend',2263,'Norah Head','0407241231','0249101264','tktracey@ausgrid.com',' Norah Head Coastcare/Rate Payers','Co-Ordinator','Gerry Larkin','0412226438','','PO Box 166','','Toukley',2263,2,5,NULL,NULL,4,NULL,11,NULL,1,5,219020078,'2011-07-13 15:21:34',1,'300.00',NULL,'2011-07-21 13:11:28',24,738050,0x01,0x00),
 (652,2,NULL,47654,3,0x01,0x00,NULL,NULL,'Val Poremskis',1,'Level: 1, Bldg 2, Homebush',2782,'Wentworth Falls','0418116621','','','South Katoomba Rural Fire Brigade','Executive Officer','Val Poremskis','0418116621','briewood@yahoo.com.au','Farnells Road','','Katoomba',2780,2,4,NULL,NULL,NULL,NULL,11,NULL,1,4,219020077,'2011-07-14 07:45:31',NULL,NULL,NULL,NULL,NULL,NULL,NULL,0x00),
 (653,15,NULL,48749,1,0x00,0x00,NULL,NULL,'Ebonney Rhodes',1,'Contestability - Block A, Wallsend Admin.',2280,'Floraville','0410548407','0249101469','erhodes@ausgrid.com.au','Charlestown Chatterboxes','Secretary','Kristine Grealy','0249659448','kristine.grealy@gmail.com','17 James Street','','Charlestown',2290,2,10,NULL,NULL,4,NULL,11,NULL,1,6,219020079,'2011-07-14 08:20:47',1,'300.00',NULL,'2011-07-28 13:16:45',34,738050,0x01,0x00),
 (654,4,NULL,48668,1,0x00,0x00,NULL,NULL,'James Blair',1,'Level: Grd Flr, Bldg 2, Hornsby',2251,'copacabana','0429924617','0294778263','jamesblair@ausgrid.com.au','Avoca beach nippers','president','Murray Tancred','0408023102','','Avoca Drive','','Avoca Beach',2251,2,9,NULL,NULL,6,NULL,2,NULL,1,5,219020078,'2011-07-14 10:03:59',1,'300.00',NULL,'2011-07-21 13:11:28',24,738050,0x01,0x00),
 (655,4,NULL,46554,1,0x00,0x00,NULL,NULL,'David Ross',1,'Level: Grd Flr, Bldg 2, Hornsby',2082,'Berowra Heights','0408266835','0294778320','dross@ausgrid.com.au','Berowra RSL Sub-branch','Junior Vice President','David Ross','0294778320','dross@ausgrid.com.au','977 Pacific Hwy ','','Berowra',2081,2,8,NULL,NULL,2,NULL,5,NULL,1,2,219020075,'2011-07-14 10:08:15',1,'300.00',NULL,'2011-07-20 09:49:17',8,738050,0x01,0x00),
 (656,16,NULL,49396,1,0x00,0x00,NULL,NULL,'Damien Schweinberger',1,'Block A, Wallsend Admin.',2323,'East Maitland','0408656055','','dsweinberger@ausgrid.com.au','Maitland hockey association','President','Rosslyn Sherlock','0249335927','rosslyn.sherlock@det.nsw.edu.au','32 Nillo St','','Lorn',2320,2,9,NULL,NULL,6,NULL,2,NULL,1,6,219020079,'2011-07-14 11:54:52',1,'300.00',NULL,'2011-07-28 13:16:45',34,738050,0x01,0x00),
 (657,17,NULL,44405,1,0x00,0x00,NULL,NULL,'Lee Williams',2,'Bldg 12, Wallsend Depot',2285,'CARDIFF','0418238324','','','CARDIFF HAWKS JUNIOR AFL CLUB ','PRESIDENT','PETER RISBY','0419584401','','P.O. BOX 261','','CARDIFF',2285,2,9,NULL,NULL,6,NULL,11,NULL,1,6,219020079,'2011-07-14 19:48:10',1,'300.00',NULL,'2011-07-28 13:16:45',34,738050,0x01,0x00),
 (658,5,NULL,35806,1,0x00,0x00,NULL,NULL,'Robert James',2,'Level: 3, George St.',2250,'Matcham','0429677031','0292692774','rjames@ausgrid.com.au','Matcham Holgate Bush fire Brigade','Captain','George Slennett','0427480944','','15 Wattle Tree Rd, ','','Holgate',2250,2,4,NULL,NULL,4,NULL,12,'Treasurer',0,5,219020078,'2011-07-15 06:53:08',1,'300.00',NULL,'2011-07-21 13:11:28',24,738050,0x01,0x00),
 (659,3,NULL,48888,1,0x00,0x00,NULL,NULL,'James Graham',1,'Level: 1, Bldg 2, Oatley',2227,'Gymea Bay','0409077184','0418140726','james.graham@ausgrid. com.au','Gymea JRLFC','President','Chris Allen','0418279240','','Cnr of Box and Corea Rds','','Gymea',2227,2,9,NULL,NULL,6,NULL,2,NULL,1,3,219020076,'2011-07-15 15:09:14',1,'300.00',NULL,'2011-07-28 08:31:23',13,738050,0x01,0x00),
 (660,6,NULL,46866,1,0x00,0x00,NULL,NULL,'Phillip Wells',1,'Level: Grd Flr, Bldg 3, Hornsby',2251,'Davistown','0438249626','0294778280','','Davistown RSL Amateur Fishing Club','President','Justin Shelly','0432448690','','19 Murna Rd','','Davistown',2251,2,9,NULL,NULL,9,'Trophies/encouragement awards for Junior/Sub Junior Divisions',4,NULL,1,5,219020078,'2011-07-15 16:01:05',1,'300.00',NULL,'2011-07-21 13:11:28',24,738050,0x01,0x00),
 (661,7,NULL,46363,1,0x00,0x00,NULL,NULL,'David Mcmillan',1,'Level: Grd Flr, Bldg 3, Hornsby',2259,'Lake Munmorah','0438040762','0294778280','','Gwandalan Summerland PT FC','President','Les Gazzard','','lgassard@bigpond.net.au','P.O Box 8034','','Summerland Point',2259,2,9,NULL,NULL,4,NULL,2,NULL,1,5,219020078,'2011-07-15 16:13:04',1,'300.00',NULL,'2011-07-21 13:11:28',24,738050,0x01,0x00),
 (662,5,NULL,47077,1,0x00,0x00,NULL,NULL,'Marian Attfield',1,'Chatswood - Bryson St Office',2079,'Mount Colah','','0285696376','','Lifeline H2H','CEO','Wendy Carver','0294988805','','4 Park Avenue','','Gordon',2072,2,11,'Telephone Counselling',NULL,9,'Training materials',11,NULL,1,2,219020075,'2011-07-15 16:29:05',1,'300.00',NULL,'2011-07-20 09:49:17',8,738050,0x01,0x00),
 (663,18,NULL,45538,1,0x00,0x00,NULL,NULL,'Greg Sessions',1,'Block C, Bunker, Wallsend Admin.',2291,'Merewether','0409366064','0249632075','bigsesso@gmail.com','B.N.C.Netball Club','President','Cherie Aoke-Peru','0423840398','bncnetballclub@live.com.au','176 Morgan Street','','Merewether',2291,2,9,NULL,NULL,4,NULL,3,NULL,1,6,219020079,'2011-07-18 08:03:12',1,'300.00',NULL,'2011-07-28 13:16:45',34,738050,0x01,0x00),
 (664,19,NULL,49693,1,0x00,0x00,NULL,NULL,'Ian Wood',1,'Maitland Depot',2323,'Tenambit','0403988154','','','Newcastle Surf Lifesaving Club - Nippers','Nippers Co-Ordinator','Gavin Johns','0429231451','','The Esplande','newcastle beach','Newcastle',2300,2,9,NULL,NULL,4,NULL,3,NULL,1,6,219020079,'2011-07-18 09:06:16',1,'300.00',NULL,'2011-07-28 13:16:45',34,738050,0x01,0x00),
 (665,6,NULL,51899,1,0x00,0x00,NULL,NULL,'Andrew Back',2,'Level 1, Ausgrid Learning Centre, 48-50 Holker Street Silverwater, NSW 2128',2066,'Lane Cove','0402293724','0287451511','aback@ausgrid.com.au','Zoo2Zoo Incorporated','Chair Person','Andrew McKay','0405494684','info@zoo2zoo.com','7 Shire Ave','','Dubbo',2830,2,6,NULL,NULL,1,NULL,3,NULL,1,2,219020075,'2011-07-18 10:36:26',1,'300.00',NULL,'2011-07-20 09:49:17',8,738050,0x01,0x00),
 (666,3,NULL,34133,1,0x00,0x00,NULL,NULL,'Steve Simmons',1,'Level: Grd Flr, Bldg 1, Oatley',2214,'Milperra','0411111111','0295855666','','Revesby Heights Rhinos JRLFC','Secretary','Nigel Pitchford','0433510488','pitchford@optusnet.com.au','Edinburgh Dr','','Revesby Heights',2212,2,9,NULL,NULL,6,NULL,2,NULL,1,4,219020077,'2011-07-18 13:50:03',1,'300.00',NULL,'2011-07-18 14:19:40',18,738050,0x01,0x00),
 (667,1,NULL,52174,2,0x00,0x00,NULL,NULL,'Diana Charteris',2,'Bldg 2, Homebush',2050,'Camperdown','0411111111','0293946643','','Cure Cancer Australia Foundation','Founder & Director','Anne Crawford','0280726188','info@cantoo.org.au','PO Box R185','','Royal Exchange',1225,2,6,NULL,NULL,3,NULL,6,NULL,1,1,219020074,'2011-07-18 14:13:05',1,'300.00',NULL,'2011-08-31 11:54:03',2,738050,0x01,0x00),
 (668,4,NULL,49235,1,0x00,0x00,NULL,NULL,'Virginia Meikle',5,'Level: 11, George St.',2120,'Westleigh','0411111111','0282887801','','Beecroft Cherrybook Junior Rugby Union','President','Dion Ngataid','','','PO Box 616','','Pennant Hills',1715,2,6,NULL,NULL,6,NULL,2,NULL,1,4,219020077,'2011-07-18 14:15:46',1,'300.00',NULL,'2011-07-18 14:19:40',18,738050,0x01,0x00),
 (669,5,NULL,50238,1,0x00,0x00,NULL,NULL,'Nicholas Brice',8,'Homebush Garage',2121,'Epping','0411111111','0293946974','','North Rocks Rural Fire Brigade','Captain','John Meredith','','','102 Murray Farm Rd','','Carlingford',2118,2,4,NULL,NULL,4,NULL,11,NULL,1,4,219020077,'2011-07-18 14:19:00',1,'300.00',NULL,'2011-07-18 14:19:40',18,738050,0x01,0x00),
 (670,6,NULL,43803,1,0x00,0x00,NULL,NULL,'David Tapp',2,'Level: 1, Bldg 3, Oatley',2207,'Bexley','0407931006','','dtapp@ausgrid.com.au','Bexley Jack and Jill Preschool Inc','Director','Catherine Atkinson','0295875048','bexleyjackandjillpreschool@hotmail.com','131 Queen Victoria St','','Bexley',2207,2,3,NULL,NULL,4,NULL,4,NULL,0,4,219020077,'2011-07-19 18:44:13',1,'300.00',NULL,'2011-09-20 15:38:29',103,738050,0x01,0x00),
 (671,2,NULL,45983,1,0x00,0x00,NULL,NULL,'John Frazer',1,'Singleton',2330,'Singleton','0409687316','','','SINGLETON HIGH SCHOOL SUPPORT UNIT','TEACHER','MEGAN PARISH','0265711169','','-','YORK ST','Singleton',2330,2,3,NULL,NULL,4,NULL,11,NULL,1,7,219020080,'2011-07-20 11:05:16',1,'300.00',NULL,'2011-07-20 11:05:51',36,738050,0x01,0x00),
 (672,20,NULL,48762,1,0x00,0x00,NULL,NULL,'Jason Hepple',1,'Wallsend Admin.',2290,'Redhead','0438451172','0249519431','jhepple@ausgrid.com.au','Dudley Redhead United Junior Football Club','President','Jim Cresnar','','','57 Geraldton Drive','','Redhead',2290,2,9,NULL,NULL,4,NULL,10,NULL,0,6,219020079,'2011-07-21 10:10:26',1,'300.00',NULL,'2011-07-28 13:16:45',34,738050,0x01,0x00),
 (673,7,NULL,40188,1,0x00,0x00,NULL,NULL,'Nick Speranza',1,'Level: 1, Bldg 5, Zetland',2138,'Concord West','0419281716','','nsperanza@ausgrid.com.au','The Lupus Association of NSW','Accounts and Administration','Angela Hafner','0298786055','admin@lupusnsw.org.au','55 Wicks Road,','','North Ryde',2113,2,6,NULL,NULL,1,NULL,5,NULL,1,4,219020077,'2011-07-21 12:27:51',1,'300.00',NULL,'2011-09-20 15:38:29',103,738050,0x01,0x00),
 (674,8,NULL,39256,1,0x00,0x00,NULL,NULL,'Chris Philips',1,'Level: Grd Flr, Bldg 5, Zetland',2207,'Bexley','0408496306','','cphilips@ausgrid.com.au','The Lupus Association of NSW','Accounts & Admin','Angela Hafner','0298786055','admin@lupusnsw.org.au','55 Wicks Rd','','North Ryde',2113,2,6,NULL,NULL,1,NULL,5,NULL,1,4,219020077,'2011-07-21 12:36:58',1,'300.00',NULL,'2011-09-20 15:38:29',103,738050,0x01,0x00),
 (675,2,NULL,46977,1,0x00,0x00,NULL,NULL,'Peter Meilak',1,'Level: Grd Flr, Bldg 5, Zetland',2040,'Leichhardt','0409038287','','nsperanza@ausgrid.com.au','The Lupus Association of NSW','Accounts and Administration','Angela Hafner','0298786055','admin@lupusnsw.org.au','55 Wicks Road','','North Ryde',2113,2,6,NULL,NULL,3,NULL,5,NULL,1,1,219020074,'2011-07-21 12:41:33',1,'300.00',NULL,'2011-08-31 11:54:03',2,738050,0x01,0x00),
 (676,8,NULL,51330,1,0x00,0x00,NULL,NULL,'Aaron Degenhardt',1,'Bldg 4, Noraville Depot',2261,'Berkeley Vale','0428613231','','','st john fisher primary school','fair co-ordinator','rochelle hedges','0409450866','skf.fair@gmail.com','hisks lane ','','Tumbi Umbi',2261,2,3,NULL,NULL,4,NULL,11,NULL,1,5,219020078,'2011-07-21 13:18:59',1,'300.00',NULL,'2011-07-21 13:26:06',24,738050,0x01,0x00),
 (677,9,NULL,44389,1,0x00,0x00,NULL,NULL,'Jamie Gauci',1,'Zetland',2205,'Arncliffe','0409999098','','jamie_g@optusnet.com.au','The Lupus Association of NSW','Accounts and Administration','Angela Hafner','0298786055','admin@lupusnsw.org.au','55 Wicks Road','','North Ryde',2113,2,6,NULL,NULL,3,NULL,5,NULL,1,4,219020077,'2011-07-21 13:21:34',1,'300.00',NULL,'2011-09-20 15:38:28',103,738050,0x01,0x00),
 (678,9,NULL,42626,3,0x01,0x00,NULL,NULL,'Stephen Clark',1,'Unit 1, Tuggerah',2259,'Summerland Point','0414192417','','','first qwandalan scout group','building co-ordinator','russell brown','0466434252','','lot 15 koowong rd','','qwandalan',2259,2,10,NULL,NULL,NULL,NULL,11,NULL,1,5,219020078,'2011-07-21 13:25:23',NULL,NULL,NULL,NULL,NULL,NULL,NULL,0x00),
 (679,10,NULL,39963,1,0x00,0x00,NULL,NULL,'Paul Stubbs',8,'tuggerah',2259,'Hamlyn Terrace','0418471622','','pstubbs@ausgrid.com.au','wyong junior waterpolo','tresurer','margaret stubbs','0408924411','pmhk95@gmail.com','16 mountain ash rd','','Hamlyn Terrace',2259,2,9,NULL,NULL,6,NULL,11,NULL,1,5,219020078,'2011-07-21 13:35:56',1,'300.00',NULL,'2011-07-21 13:37:10',24,738050,0x01,0x00),
 (680,10,NULL,34313,1,0x00,0x00,NULL,NULL,'Joe Carini',2,'Level: 1, Bldg 6, Zetland',2200,'Bankstown','0414580713','','jcarini@ausgrid.com.au','The Lupus Association of NSW','Accounts and Administration','Angela Hafner','0298786055','admin@lupusnsw.org.au','55 Wicks Road','','North Ryde',2113,2,6,NULL,NULL,3,NULL,5,NULL,1,4,219020077,'2011-07-21 15:54:40',1,'300.00',NULL,'2011-09-20 15:38:28',103,738050,0x01,0x00),
 (681,3,NULL,45907,1,0x00,0x00,NULL,NULL,'Michael Judge',1,'Singleton',2330,'Singleton','','0265719731','mjudge@ausgrid.com.au','King St School P&C','President','Kirsty Bates','0265724439','','King St ','','Singleton',2330,2,3,NULL,NULL,4,NULL,11,NULL,0,7,219020080,'2011-07-26 08:07:15',1,'300.00',NULL,'2011-08-05 11:26:04',36,738050,0x01,0x00),
 (682,11,NULL,55628,1,0x00,0x00,NULL,NULL,'Kevin O\'Connor',8,'Silverwater Learning Centre',2145,'Greystanes','0400465751','0287451564','','Prostate Cancer Foundation of Australia','Donations Officer','Martin Palin','0418419258','','PO Box 1332','','Lane Cove',1595,2,6,NULL,NULL,3,NULL,5,NULL,1,4,219020077,'2011-07-26 13:51:49',1,'300.00',NULL,'2011-09-20 15:38:28',103,738050,0x01,0x00),
 (683,11,NULL,39963,2,0x00,0x00,NULL,NULL,'Paul Stubbs',8,'Chatswood',2259,'Hamlyn Terrace','0408924411','','pstubbs@ausgrid.com.au','The Entrance Junior Hockey Club','teasurer','Lyn woods','','woodsscl@bigpond.net.au','2 Billabong PL','','Tacoma',2259,2,9,NULL,NULL,6,NULL,11,NULL,1,5,219020078,'2011-07-26 14:20:48',1,'300.00',NULL,'2011-08-25 13:28:58',25,738050,0x01,0x00),
 (684,21,NULL,47582,1,0x00,0x00,NULL,NULL,'Chris Harris',1,'Bldg 3, Wallsend Depot',2290,'Hillsborough','0448238676','0249101207','chris.harris@ausgrid.com.au','South Cardiff Junior Soccer Club','President','Brian McLean','0414433971','mcleanx4@y7mail.com','PO box 280','','Cardiff',2285,2,9,NULL,NULL,6,NULL,8,NULL,1,6,219020079,'2011-07-26 15:12:55',1,'300.00',NULL,'2011-07-28 13:16:45',34,738050,0x01,0x00),
 (685,12,NULL,33836,1,0x00,0x00,NULL,NULL,'Gerard Chrimes',4,'Level: Grd Flr, Bldg 5, Chatswood Measurement Testing',2206,'Earlwood','0411154246','','gchrimes@ausgrid.com.au','Earlwood Public School Parents and Citizens Association','President','Els vanLeeuwen','0295583432','','143-157 Bayview Ave','','Undercliffe',2206,2,3,NULL,NULL,4,NULL,11,NULL,1,4,219020077,'2011-07-27 12:16:12',1,'300.00',NULL,'2011-09-20 15:38:28',103,738050,0x01,0x00),
 (686,13,NULL,39921,1,0x00,0x00,NULL,NULL,'Grant Hooper',4,'Level: 1, Homebush Business Village',2209,'Beverly Hills','','0287193036','','2nd Mortdale Scout Group','Scout Group Secretary','Elaine Bricknell','0409421785','bricko@optusnet.com.au','Cnr Gungah Bay Rd & Roberts Ave','','Mortdale',2223,2,10,NULL,NULL,6,NULL,4,NULL,0,4,219020077,'2011-07-28 08:22:52',1,'300.00',NULL,'2011-09-20 15:38:28',103,738050,0x01,0x00),
 (687,22,NULL,45366,1,0x00,0x00,NULL,NULL,'Greg Woollett',1,'Block A, Wallsend Admin.',2283,'Fishing Point','0419415936','','','1st rathmines scout group','Group Leader','Grace Curry','0439914813','','stilling st','','Rathmines',2283,2,10,NULL,NULL,5,NULL,11,NULL,1,6,219020079,'2011-07-28 13:22:02',1,'300.00',NULL,'2011-07-28 13:24:27',34,738050,0x01,0x00),
 (688,23,NULL,50608,1,0x00,0x00,NULL,NULL,'Mark Round',1,'Block C, Wallsend Admin.',2283,'Balmoral','0419201742','0249753427','mround@ausgrid.com.au','1St Rathmines Scout Group','Group Leader','Grace Curry','0249753014','gracecurry@hotmail.com','2 Cheapside St','','Rathmines',2283,2,10,NULL,NULL,4,NULL,12,'Scout Leader',1,6,219020079,'2011-07-28 13:48:06',1,'300.00',NULL,'2011-09-01 13:21:45',34,738050,0x01,0x00),
 (689,14,NULL,51967,1,0x00,0x00,NULL,NULL,'Graham Chai',2,'Ground Floor, 9 - 13 Carter St Lidcombe',2135,'Strathfield','0412994594','0293946506','GChai@ausgrid.com.au','Homebush Public School P & C','President','Tom Khanthan','0418118072','tom.khanthan@services.nsw.gov.au','Rochester St','','Homebush',2140,2,10,NULL,NULL,9,'Library Books',9,NULL,1,4,219020077,'2011-07-29 09:55:54',1,'300.00',NULL,'2011-09-20 15:38:28',103,738050,0x01,0x00),
 (690,4,NULL,43407,1,0x00,0x00,NULL,NULL,'Robert Lowe',4,'Menai Depot',2233,'Yarrawarrah','0417411452','0285696710','rlowe@ausgrid.com.au','318 Squadron Australian Air Force Cadets','Officer Commanding','David Miskov','','info@318squadron.com','Rawson Ave','','Sutherland',2232,2,10,NULL,NULL,4,NULL,6,NULL,0,3,219020076,'2011-07-29 13:45:34',0,NULL,13,'2011-08-30 16:27:13',13,NULL,NULL,0x00),
 (691,12,NULL,35806,2,0x00,0x00,NULL,NULL,'Robert James',2,'Level: 3, George St.',2250,'Matcham','0429677031','0292692774','rjames@ausgrid.com.au','Gosford RFS Community Education','Community Safety Officer.','Talone Higgins','0243402911','','155 Woy Woy Rd,','','Kariong',2250,2,4,NULL,NULL,1,NULL,4,NULL,0,5,219020078,'2011-07-29 14:09:50',1,'300.00',NULL,'2011-08-25 13:28:58',25,738050,0x01,0x00),
 (692,24,NULL,45682,1,0x00,0x00,NULL,NULL,'Steve Dimmock',4,'Bldg 3, Wallsend Depot',2290,'charlestown','0409839235','','','lake macquarie bmx club','vice president','brad goman','0428094950','brad@bonzer-racing.com','mary st ','','Argenton',2284,2,9,NULL,NULL,4,NULL,11,NULL,1,6,219020079,'2011-08-01 09:03:34',1,'300.00',NULL,'2011-09-01 13:27:36',34,738050,0x01,0x00),
 (693,5,NULL,32436,1,0x00,0x00,NULL,NULL,'Colin Haywood',2,'Level: 1, Bldg 3, Oatley',2230,'Cronulla','0412418004','','chaywood@ausgrid.com.au','Cronulla Surf Lifesaving Club','Assistant Secretary','Jenny Pinker','0295271654','admin@cronullasurfclub.com','PO Box 8','','Cronulla',2230,2,9,NULL,NULL,5,NULL,11,NULL,1,3,219020076,'2011-08-01 10:01:08',1,'300.00',NULL,'2011-08-30 16:26:55',13,738050,0x01,0x00),
 (694,25,NULL,44441,2,0x00,0x00,NULL,NULL,'Fiona Thurlow',4,'Block A, Wallsend Admin.',2305,'New Lambton','','','','NEW LAMBTON FOOTBALL CLUB','TREASURER','CHRIS MAY','0427119853','chris.may@iinet.net.au','PO BOX 209','','New Lambton',2305,2,9,NULL,NULL,6,NULL,5,NULL,1,6,219020079,'2011-08-02 10:46:03',1,'300.00',NULL,'2011-09-01 13:27:36',34,738050,0x01,0x00),
 (695,4,NULL,46911,1,0x00,0x00,NULL,NULL,'Belinda Olteanu',1,'Muswellbrook',2337,'Wingen','0465429058','','bolteanu@ausgrid.com.au','WINGEN SCHOOL OF ARTS','PRESIDENT','DEANNA FAULKS','0432634020','','MADELINE ST','','Wingen',2337,2,2,NULL,NULL,5,NULL,1,NULL,1,7,219020080,'2011-08-02 14:40:31',1,'300.00',NULL,'2011-09-09 10:12:25',36,738050,0x01,0x00),
 (696,26,NULL,45036,1,0x00,0x00,NULL,NULL,'Lynne Powell',1,'Bldg 16, Wallsend Depot',2307,'Shortland','0434172688','0249513520','lpowell@ausgrid.com.au','Shortland Devils Netball Club','President','Lynne Powell','0434172688','lpowell@ausgrid.com.au','23 Waller Street','','Shortland',2307,2,9,NULL,NULL,6,NULL,7,NULL,1,6,219020079,'2011-08-03 11:47:23',1,'300.00',NULL,'2011-09-01 13:27:36',34,738050,0x01,0x00),
 (697,27,NULL,48797,1,0x00,0x00,NULL,NULL,'Paul Young',1,'Level: Top Floor, Maitland Office',2323,'East Maitland','0419982364','','pyoung@ausgrid.com.au','Tenambit Sharks Football Club','President','Grant Black','','tenambitfc@hotmail.com','P.O BOX 474','','East Maitland',2323,2,9,NULL,NULL,4,NULL,2,NULL,1,6,219020079,'2011-08-03 14:20:50',1,'300.00',NULL,'2011-09-01 13:27:36',34,738050,0x01,0x00),
 (698,7,NULL,47010,1,0x00,0x00,NULL,NULL,'Jonathan Feldman',2,'Level: 3, George St.',2089,'Neutral Bay','0421325902','0292692316','jfeldman@ausgrid.com.au','Inner West Community Band','Treasurer','Jonathan Feldman','','','23/88 Wycombe Rd','','Neutral Bay',2089,2,2,NULL,NULL,4,NULL,1,NULL,0,2,219020075,'2011-08-04 11:34:58',NULL,NULL,NULL,NULL,NULL,NULL,NULL,0x00),
 (699,28,NULL,47860,1,0x00,0x00,NULL,NULL,'Jenni Playdon',4,'Block B, West, Wallsend Admin.',2305,'new lambton','0404338052','','jplaydon@ausgrid.com.au','Muscular Dystrophy Foundation Aust','Fundraising Manager','Frances Lemon','0292470055','frances.lemon@supportmd.org.au','Level 9','1 York Street','Sydney',2000,2,6,NULL,NULL,3,NULL,5,NULL,1,6,219020079,'2011-08-04 15:10:59',1,'300.00',NULL,'2011-09-01 13:27:36',34,738050,0x01,0x00),
 (700,29,NULL,51059,1,0x00,0x00,NULL,NULL,'Joanne Skafte',4,'Block A, Wallsend Admin.',2323,'East Maitland','0423574557','0249366777','jskafte@ausgrid.com.au','Shamrock Hill Early Learning and Day Care Centre','Director','Janee Binee','0249338632','','19 galway bay drive','','ashtonfiled',2323,2,11,'Non Profit Child Care Centre',NULL,4,NULL,10,NULL,0,6,219020079,'2011-08-04 16:33:16',1,'300.00',NULL,'2011-09-01 13:27:36',34,738050,0x01,0x00),
 (701,13,NULL,44547,1,0x00,0x00,NULL,NULL,'Margaret Dixon',4,'Level 19, 321 Kent Street, Sydney NSW 2000',2250,'Lisarow','0417406681','0282887859','mdixon@ausgrid.com.au','Wyoming Football Club','Secretary','Allan Chan','0416069662','secretary@wyomingfc.com.au','PO Box 9085','','Wyoming',2250,2,9,NULL,NULL,6,NULL,12,'Parent/Fundraiser/Helper',1,5,219020078,'2011-08-05 14:53:08',1,'300.00',NULL,'2011-08-25 13:26:51',25,738050,0x01,0x00),
 (702,30,NULL,45300,1,0x00,0x00,NULL,NULL,'Greg Mason',8,'Bldg 14, Wallsend Depot',2299,'lambton','0438267992','0249519518','gmason@ausgrid.com.au','Shortland Junior Girls Netball U12','Manager','Mr Greg Mason','0249519518','gmmason@tpg.com.au','52 Roberts Circuit','','Lambton',2299,2,9,NULL,NULL,6,NULL,3,NULL,1,6,219020079,'2011-08-08 09:03:23',1,'300.00',NULL,'2011-09-01 13:27:36',34,738050,0x01,0x00),
 (703,14,NULL,34491,1,0x00,0x00,NULL,NULL,'Warrick Laing',1,'Noraville Depot',2259,'ROCKY POINT','0417234114','0243258590','wlaing@ausgrid.com.au','MS AUSTRALIA','SPONSORSHIP','PETER OCONNELL','1300733690','peter.oconnell@msaustralia.org.au','MS EVENTS','LOCKED BAG 7001','Marrickville',1475,2,6,NULL,NULL,9,'GONG BIKE RIDE FUNDRAISER',6,NULL,1,5,219020078,'2011-08-08 10:56:37',1,'300.00',NULL,'2011-08-25 13:29:23',25,738050,0x01,0x00),
 (704,15,NULL,28802,3,0x01,0x00,NULL,NULL,'Robert Edwards',7,'Level: 17, George St.',2250,'Wyoming','0414192444','0243242316','redwards2@ausgrid.com.au','1st Wyoming Scouts','Cub Scout Leader','Bob Edwards','0243242316','redwards2@ausgrid.com.au','Maidensbrush Road','','Wyoming',2250,2,10,NULL,NULL,NULL,NULL,12,'CubScout Leader',1,5,219020078,'2011-08-08 11:18:36',NULL,NULL,NULL,NULL,NULL,NULL,NULL,0x00),
 (705,16,NULL,41336,1,0x00,0x00,NULL,NULL,'Tony Vella',1,'Bldg 6, Noraville Depot',2251,'Kincumber','0417280911','0243258656','tvella@ausgrid.com.au','MS AUSTRALIA','Sponsorship','Peter Oconnell','1300733690','peter.oconnell@msaustralia.org.au','MS EVENTS','LOCKED BAG 7001','Marrickville',1475,2,6,NULL,NULL,9,'Gong bike  ride fundraiser',6,NULL,1,5,219020078,'2011-08-08 11:50:35',1,'300.00',NULL,'2011-08-25 13:29:23',25,738050,0x01,0x00),
 (706,6,NULL,41754,1,0x00,0x00,NULL,NULL,'Russell Hokin',8,'Silverwater',2557,'Rossmore','0437408873','','Rhokin@ausgrid.com.au','Mount Annan Swimming Club','Treasurer','Darren Alchin','','Mount.Annan.Swimming@gmail.com','P.O.Box352','','Narellan',2567,2,9,NULL,NULL,6,NULL,10,NULL,1,3,219020076,'2011-08-08 14:15:07',1,'300.00',NULL,'2011-08-30 16:26:55',13,738050,0x01,0x00),
 (707,15,NULL,44067,1,0x00,0x00,NULL,NULL,'Jonathan Mallin',2,'Level: 1,  9-13 Carter St, Lidcombe',2776,'Faulconbridge','0407193648','','jmallin@ausgrid.com.au','Blackheath/Mt Victoria RFS','Captain','Larry Howard','0488080280','Larry.Howard@endeavourenergy.com.au','Station St','','Blackheath',2785,2,4,NULL,NULL,5,NULL,11,NULL,1,4,219020077,'2011-08-09 11:59:17',1,'300.00',NULL,'2011-08-17 08:48:48',18,738050,0x01,0x00),
 (708,16,NULL,44067,2,0x00,0x00,NULL,NULL,'Jonathan Mallin',2,'Level: 1,  9-13 Carter St, Lidcombe',2776,'Faulconbridge','0407193648','','jmallin@ausgrid.com.au','Springwood Boys Brigade','Secretary','Kirsty O\'Brien','','','C/- 27 Taronga Way','','Faulconbridge',2776,2,10,NULL,NULL,4,NULL,12,'Officer In Charge (Captain)',1,4,219020077,'2011-08-09 12:02:39',1,'300.00',NULL,'2011-08-17 08:48:48',18,738050,0x01,0x00),
 (709,7,NULL,46630,2,0x00,0x00,NULL,NULL,'Claire Hirst',5,'Level: 8, George St.',2224,'Sylvania','0405211334','','chirst@ausgrid.com.au','Gymea North Public School Parents and Citizens','President','Nicole Royen','','','ruby rd','','Gymea',2227,2,3,NULL,NULL,4,NULL,1,NULL,1,3,219020076,'2011-08-09 15:53:02',1,'300.00',NULL,'2011-08-30 16:26:55',13,738050,0x01,0x00),
 (710,31,NULL,47489,1,0x00,0x00,NULL,NULL,'Dean Robertson',2,'Bldg 12, Wallsend Depot',2285,'Glendale','0400309607','','drobertson@ausgrid.com.au','South Wallsend Junior Soccer','Secretary','Angela Jordan','0448063860','','Croudace Street','','Elermore Vale',2287,2,9,NULL,NULL,6,NULL,2,NULL,1,6,219020079,'2011-08-10 19:22:10',1,'300.00',NULL,'2011-09-01 13:27:36',34,738050,0x01,0x00),
 (711,32,NULL,45979,1,0x00,0x00,NULL,NULL,'Glenn Mcintosh',2,'Bldg 12, Wallsend Depot',2323,'East Maitland','0439585928','','gkmacka@bigpond.com.au','Maitland saints jnr afl club','co coach','glenn mcintosh','0439585928','','22 wilton dr ','','east maitland',2323,2,9,NULL,NULL,6,NULL,2,NULL,1,6,219020079,'2011-08-10 19:40:10',1,'300.00',NULL,'2011-09-01 13:27:36',34,738050,0x01,0x00),
 (712,33,NULL,46317,2,0x00,0x00,NULL,NULL,'Shane Williams',2,'Bldg 12, Wallsend Depot',2285,'Cardiff','0438283501','','willy.81@hotmail.com','cardiff community preschool','director/authorised supervisor','James Petkovic','0249548954','','152 main rd','','Cardiff',2285,2,3,NULL,NULL,4,NULL,11,NULL,1,6,219020079,'2011-08-10 19:46:41',1,'300.00',NULL,'2011-09-01 13:27:36',34,738050,0x01,0x00),
 (713,3,NULL,55804,1,0x00,0x00,NULL,NULL,'Anant',3,'HOB',2010,'Darlinghurst','0450047367','','atayal@ausgrid.com.au','Starlight Children\'s Foundation','Volunteer Coordinator NSW','Peter Gould','0284255941','peter.gould@starlight.org.au','Level 3/80 Chandos St ','','Naremburn',2065,2,10,NULL,NULL,2,NULL,11,NULL,1,1,219020074,'2011-08-12 11:07:25',1,'300.00',NULL,'2011-08-31 11:55:18',2,738050,0x01,0x00),
 (714,17,NULL,43467,1,0x00,0x00,NULL,NULL,'Michael Strong',1,'Bldg 6, Noraville Depot',2259,'Lake Munmorah','0408671187','','mstrong@ausgrid.com.au','MS Australia','Sponsorship','Peter O\'Connell','1300733690','peter.oconnell@msauatralia.org.au','MS Events, Locked Bag 7001','','Marrickville',1475,2,6,NULL,NULL,3,NULL,6,NULL,0,5,219020078,'2011-08-12 11:58:03',1,'300.00',NULL,'2011-08-25 13:29:23',25,738050,0x01,0x00),
 (715,18,NULL,48209,1,0x00,0x00,NULL,NULL,'John Robb',1,'Bldg 4, Gosford Depot',2250,'Gosford','0416167492','','johnrobb86@hotmail.com','Terrigal Surf Life Saving ','Captian','Kristina O\'hagan','0401677669','ohag1kri@police.nsw.gov.au','Terrigal SLSC','','Terrigal',2260,2,11,'Surf Life Saving Club',NULL,4,NULL,11,NULL,1,5,219020078,'2011-08-12 13:58:24',1,'300.00',NULL,'2011-08-25 13:29:23',25,738050,0x01,0x00),
 (716,17,NULL,44333,1,0x00,0x00,NULL,NULL,'Belinda Armstrong',7,'Level: 22, George St.',2204,'Marrickville','','0292692469','barmstrong@ausgrid.com.au','St Michael\'s Primary School P&F Assocation','Volunteer','Nicolle McGettigan','','','Percival Road','','Stanmore',2048,2,3,NULL,NULL,4,NULL,4,NULL,0,4,219020077,'2011-08-15 11:11:28',1,'300.00',NULL,'2011-08-17 08:48:48',18,738050,0x01,0x00),
 (717,8,NULL,43305,1,0x00,0x00,NULL,NULL,'Scott Alford',2,'3/19 Carter Street, Lidcombe',2233,'Engadine','0417216887','','salford@ausgrid.com.au','Engading Dragons Cricket Club','Secretary','Neil Croker','0418674495','edcc_secretary@engadinedragonscc.org.au','5 Peak Street ','','Engadine',2233,2,9,NULL,NULL,6,NULL,10,NULL,1,3,219020076,'2011-08-15 11:12:02',1,'300.00',NULL,'2011-08-30 16:26:55',13,738050,0x01,0x00),
 (718,8,NULL,47841,1,0x00,0x00,NULL,NULL,'Renae Johnson',5,'Level: 11, 321 Kent Street',2113,'North Ryde','0409129005','','rjohnson@ausgrid.com.au','RSPCA NSW - Cupcake Day','Events Manager','Sarah Rossiter','0297707555','','RSPCA Head office','62 Hume Highway','Chullora',2190,2,1,NULL,NULL,2,NULL,5,NULL,1,2,219020075,'2011-08-16 18:00:04',1,'300.00',NULL,'2011-08-17 09:44:15',8,738050,0x01,0x00),
 (719,4,NULL,49215,1,0x00,0x00,NULL,NULL,'Rebecca Taylor',5,'Level: 19, 321 Kent St.',2008,'Chippendale','','','','RSPCA NSW - Cupcake Day','Events Manager','Sarah Rossiter','','','RSPCA Head Office','62 Hume Highway','Chullora',2190,2,1,NULL,NULL,2,NULL,5,NULL,1,1,219020074,'2011-08-16 18:25:51',1,'300.00',NULL,'2011-08-31 11:55:18',2,738050,0x01,0x00),
 (720,18,NULL,46441,1,0x00,0x00,NULL,NULL,'Julie Walker',2,'Level: 15, George St.',2782,'Wentworth Falls','0437605908','','jwalker@ausgrid.com.au','Wentworth Falls Public School P&C','Chair - P&C Artfest committee','Mark Davis','0414628505','mark@functionalart.com.au','Falls Road','','Wentworth Falls',2782,2,3,NULL,NULL,4,NULL,5,NULL,1,4,219020077,'2011-08-17 09:14:05',1,'300.00',NULL,'2011-09-20 15:39:12',103,738050,0x01,0x00),
 (721,5,NULL,49717,1,0x00,0x00,NULL,NULL,'Theo Godschalk',1,'Singleton',2330,'Singleton','0408881167','','','Ourcare Services','General Manager','Leslie Aidie','0265712300','ladie@shacc.org','PO Box 219','','Singleton Army Camp',2331,2,6,NULL,NULL,8,NULL,11,NULL,1,7,219020080,'2011-08-17 13:52:21',1,'300.00',NULL,'2011-09-09 10:12:25',36,738050,0x01,0x00),
 (722,19,NULL,43569,1,0x00,0x00,NULL,NULL,'Rene\' Ison',1,'Level: 1, Bldg 5, Homebush',2146,'Toongabbie','0439641533','','rison@ausgrid.com.au','Metella Rd Out of School Hours Child Care','Co-ordinator','David Martin','0425353663','mrascadmin@bigpond.com.au','117-131 Metella Rd ','','Toongabbie',2146,2,3,NULL,NULL,7,NULL,9,NULL,1,4,219020077,'2011-08-18 08:00:27',1,'300.00',NULL,'2011-09-20 15:39:12',103,738050,0x01,0x00),
 (723,6,NULL,46208,3,0x01,0x00,NULL,NULL,'Craig Manwarring',8,'Muswellbrook',2333,'Wybong','0428474217','','cmanwarring@ausgrid.com.au','Muswellbrook Child Care Centre','Authorised Superviser','Karlie Norman','0265434205','','Muswellbrook Child Care','Skellatar Street','Muswellbrook',2333,2,3,NULL,NULL,NULL,NULL,12,'Treasurer',1,7,219020080,'2011-08-18 12:04:57',1,'5000.00',NULL,'2011-10-26 08:37:34',40,159020435,NULL,0x00),
 (724,34,NULL,47728,1,0x00,0x00,NULL,NULL,'Jim Hickey',2,'Block B, Wallsend Admin.',2315,'corlette','0439446244','0249510873','jhickey@ausgrid.com.au','Nelson Bay Tennis Club','Head Coach','Peter Doohan','0249814090','nelsonbaytennis@bigpond.com','61 dowling st','','Nelson Bay',2315,2,9,NULL,NULL,6,NULL,2,NULL,1,6,219020079,'2011-08-18 12:39:53',1,'300.00',NULL,'2011-09-01 13:27:36',34,738050,0x01,0x00),
 (725,20,NULL,39725,1,0x00,0x00,NULL,NULL,'Jeff Graham',1,'Level: 1, Bldg 5, Homebush',2171,'Horningsea Park','0417263528','0293946965','jgraham@ausgrid.com.au','Mustangs Baseball','President','George Johnstone','0404448230','mustangsbaseball@live.com','115 Wycombe Rd','','Yagoona',2199,2,9,NULL,NULL,6,NULL,12,'Coach, Umpire, Committe Member',0,4,219020077,'2011-08-18 15:40:43',1,'300.00',NULL,'2011-09-20 15:39:12',103,738050,0x01,0x00),
 (726,9,NULL,42727,1,0x00,0x00,NULL,NULL,'Pat Keefe',2,'Level: 1, Bldg 3, Oatley',2518,'Towradgi','0429019620','','pkeefe@ausgrid.com.au','Bellambi SLSC','Secretary','Rachel Hines','','','Morgan Pl','','Bellambi',2518,2,4,NULL,NULL,5,NULL,11,NULL,0,3,219020076,'2011-08-19 08:12:00',1,'300.00',NULL,'2011-08-30 16:26:55',13,738050,0x01,0x00),
 (727,21,NULL,51501,1,0x00,0x00,NULL,NULL,'Victoria Watson',2,'Bldg 2, Homebush',2560,'Glen Alpine','0419630411','','vwatson@ausgrid.com.au','RSPCA NSW','Events Manager','Sarah Rossiter','0297824445','cupcake@rspcansw.org.au','PO Box 34','','Yagoona',2190,2,1,NULL,NULL,9,'Funding shelters, vet services, inspectors, animal ambulances',6,NULL,1,4,219020077,'2011-08-19 13:29:19',1,'300.00',NULL,'2011-09-20 15:39:12',103,738050,0x01,0x00),
 (728,19,1,47910,1,0x00,0x00,NULL,NULL,'David Jenkins',1,'noraville',2263,'Gorokan','0408246574','','','Kanwal Warnervale Rovers football club','tresurer','Allan Ryan','0439662325','','po box 6076','','Gorokan',2263,2,9,NULL,NULL,9,'junior coaching clinic',11,NULL,1,5,219020078,'2011-08-19 13:22:56',1,'300.00',NULL,'2011-08-25 13:29:23',25,738050,0x01,0x01),
 (729,20,NULL,46855,1,0x00,0x00,NULL,NULL,'Steven Campbell',1,'Gosford Depot',2261,'tumbi umbi','0419257776','0243258603','scampbell@ausgrid.com.au','berkeley vale junior touch','president','shane hayne','0407208769','','old chittaway rd ','','Berkeley Vale',2261,2,9,NULL,NULL,6,NULL,11,NULL,1,5,219020078,'2011-08-19 14:23:18',1,'300.00',NULL,'2011-08-25 13:29:23',25,738050,0x01,0x00),
 (730,10,NULL,30781,1,0x00,0x00,NULL,NULL,'John Cummings',2,'Level: 1, Bldg 3, Oatley',2224,'Sylvania','','','','MS AUSTRALIA','EVENT ORGANISER','MS EVENTS','','','LOCKED BAG 7001','','Marrickville',1475,2,6,NULL,NULL,3,NULL,5,NULL,1,3,219020076,'2011-08-22 14:56:51',1,'300.00',NULL,'2011-08-30 16:26:55',13,738050,0x01,0x00),
 (731,35,NULL,46048,1,0x00,0x00,NULL,NULL,'Christopher Cox',1,'Bldg 3, Wallsend Depot',2290,'Kahibah','0419236763','0249510784','ccox@augrid.com.au','Suzuki Talent Education Association','Director','Nicole Cox','0425235436','nic_newcastlesuzuki@exemail.com.au','27 Kendella Pde Kahibah','','Kahibah',2290,2,2,NULL,NULL,9,'To purchase Buzzy for shots for  the John Hunter Childrens Ho   ',11,NULL,1,6,219020079,'2011-08-23 11:08:54',1,'300.00',NULL,'2011-09-01 13:27:36',34,738050,0x01,0x00),
 (732,36,NULL,48696,1,0x00,0x00,NULL,NULL,'Glenn Baggs',1,'Block C, Wallsend Admin.',2291,'Merewether','0400731124','0249519421','gbaggs@ausgrid.com.au','Suzuki Talent Education Association','Director','Nicole Cox','0425235436','nic_newcastlesuzuki@exemail.com.au','27 Kendella Pde','','Kahibah',2290,2,2,NULL,NULL,9,'To purchase Buzzy for shots for the Hunter Childrens Hospital',11,NULL,1,6,219020079,'2011-08-23 11:39:28',1,'300.00',NULL,'2011-09-01 13:27:36',34,738050,0x01,0x00),
 (733,11,NULL,43056,1,0x00,0x00,NULL,NULL,'Jason Keen',2,'St Peters Zone Depot',2223,'Mortdale','','','jkeen@ausgrid.com','Renown United Sports Club','Honorary Secretary','Bev Armstrong','0457034095','renownunited@bigpond.com','PO Box 327','','Mortdale',2223,2,9,NULL,NULL,6,NULL,2,NULL,0,3,219020076,'2011-08-23 14:24:45',1,'300.00',NULL,'2011-08-30 16:26:55',13,738050,0x01,0x00),
 (734,37,NULL,47350,1,0x00,0x00,NULL,NULL,'Darragh O\'Hagan',4,'Block B, Wallsend Admin.',2291,'Merewether','0400700427','','dohagan@ausgrid.com.au','Muscukar Dystrophy Foundation Aust.','Fundraising Manager','Frances Lemon','0292470055','frances.lemon@supportmd.com.au','Level 9, ','1 York Street','Sydney',2000,2,6,NULL,NULL,3,NULL,6,NULL,1,6,219020079,'2011-08-24 11:48:51',1,'300.00',NULL,'2011-09-01 13:27:36',34,738050,0x01,0x00),
 (735,38,NULL,45642,1,0x00,0x00,NULL,NULL,'Peter Storey',2,'Block B, Wallsend Admin.',2287,'Wallsend','0438627749','0240354046','pstorey@ausgrid.com.au','Hunter Marching Koalas','Director','Geoff Lynch','0413186711','marching_koalas@yahoo.com','PO BOX 2104','','Dangar',2309,2,2,NULL,NULL,4,NULL,11,NULL,1,6,219020079,'2011-08-24 17:07:36',1,'300.00',NULL,'2011-09-01 13:27:36',34,738050,0x01,0x00),
 (736,5,NULL,46581,2,0x00,0x00,NULL,NULL,'Jeremy Woodbridge',2,'Level: 10, Roden Cutler House',2041,'Balmain East','0409786902','0292726229','jwoodbridge@ausgrid.com.au','Zoo2Zoo Incorporated','Zoo2Zoo organising committee member','Andrew Back','0287451511','sydney@zoo2zoo.com','26 campbell St','','Haymarket',2000,2,6,NULL,NULL,3,NULL,6,NULL,1,1,219020074,'2011-08-24 17:23:22',1,'300.00',NULL,'2011-08-31 11:55:18',2,738050,0x01,0x00),
 (737,21,NULL,48789,1,0x00,0x00,NULL,NULL,'Paul Hockings',2,'Tuggerah',2257,'Umina Beach','0419014469','','phockings@ausgrid.com.au','Woy Woy Junior Cricket Club','Secretary','Russell Downey','0418657202','rdowney@comcen.com.au','PO Box 683','','Woy Woy',2257,2,9,NULL,NULL,6,NULL,1,NULL,1,5,219020078,'2011-08-25 07:02:49',1,'300.00',NULL,'2011-08-25 13:29:23',25,738050,0x01,0x00),
 (738,22,NULL,40722,1,0x00,0x00,NULL,NULL,'Andrew Currie',1,'Unit 14, Tuggerah',2257,'Empire Bay','0408463628','0243998174','acurrie@ausgrid.com.au','Southern Ettalong United Soccer Club','President','Gary Fish','0422518098','Gary.Fish@workcover.nsw.gov.au','Alpha Rd ','','Woy Woy',2256,2,9,NULL,NULL,4,NULL,2,NULL,1,5,219020078,'2011-08-25 07:51:34',1,'300.00',NULL,'2011-08-25 13:29:23',25,738050,0x01,0x00),
 (739,39,NULL,47260,1,0x00,0x00,NULL,NULL,'Grant Bailey',2,'Block B, East, Wallsend Admin.',2285,'Cameron Park','0409511737','0240354027','gbailey1@ausgrid.com.au','Edgeworth Community Preschool','Director','Beth Watson','','','11 Albert St','','Edgeworth',2285,2,3,NULL,NULL,5,NULL,4,NULL,1,6,219020079,'2011-08-25 08:10:39',1,'300.00',NULL,'2011-09-01 13:27:36',34,738050,0x01,0x00),
 (740,22,NULL,35064,1,0x00,0x00,NULL,NULL,'Peter Huby',2,'Level: Mezzanine, George St.',2154,'Castle Hill','0412425596','0285696898','phuby@ausgrid.com.au','Trigeminal Neuralgia of Australia','President','Irene Wood ','0245796226','irene.wood@tnaaustralia.org.au ','P O BOX 1611','','CASTLE HILL',1765,2,6,NULL,NULL,1,NULL,11,NULL,1,4,219020077,'2011-08-25 08:13:34',1,'300.00',NULL,'2011-09-20 15:39:12',103,738050,0x01,0x00),
 (741,23,NULL,49748,1,0x00,0x00,NULL,NULL,'Stephen Head',1,'Bldg 4, Gosford Depot',2250,'Wyoming','0437002195','0243258520','shead@ausgrid.com.au','Niagara Park Dockers Junior AFC','President','Kelley Carter','0414966559','npjafc@y7mail.com','22 Bottlebrush Cl','','Wyoming',2250,2,9,NULL,NULL,6,NULL,10,NULL,1,5,219020078,'2011-08-25 08:19:58',1,'300.00',NULL,'2011-08-25 13:29:23',25,738050,0x01,0x00),
 (742,12,NULL,50512,1,0x00,0x00,NULL,NULL,'Michelle Fretten',2,'Level: 1, Bldg 1, Homebush',2229,'Lilli Pilli','0427000365','0293946678','mfretten@ausgrid.com.au','ELOUERA Surf Life Saving Club','Vice President','Grant Wilkinson','0410505995','surfcoach@optusnet.com.au','66 Mitchell Road','','Cronulla',2230,2,11,'Surf Life Saving Australia',NULL,5,NULL,11,NULL,0,3,219020076,'2011-08-25 08:59:27',1,'300.00',NULL,'2011-08-30 16:26:55',13,738050,0x01,0x00),
 (743,6,NULL,43584,1,0x00,0x00,NULL,NULL,'Edward Snashel',2,'Level: 1, Bldg 3, Oatley',2020,'Mascot','0417436155','0295855695','ESnashel@ausgrid.com.au','MS society','Event organiser','Event organiser','1300733690','events@msaustralia.org.au','MS events','Locked bag 7001','Marrickville',1475,2,6,NULL,NULL,2,NULL,5,NULL,1,1,219020074,'2011-08-25 09:15:33',1,'300.00',NULL,'2011-08-31 11:55:18',2,738050,0x01,0x00),
 (744,7,NULL,48915,1,0x00,0x00,NULL,NULL,'Thomas Snashel',2,'Level: 1, Bldg 6, Zetland',2036,'Matraville','0408675209','0296615862','Tsnashel@ausgrid.com.au','MS society','Event organiser','Event organiser','1300733690','events@msaustralia.org.au','MS events','Locked bag 7001','Marrickville',1475,2,6,NULL,NULL,2,NULL,5,NULL,1,1,219020074,'2011-08-25 09:19:02',1,'300.00',NULL,'2011-08-31 11:55:18',2,738050,0x01,0x00),
 (745,24,NULL,40722,3,0x01,0x00,NULL,NULL,'Andrew Currie',1,'Unit 14, Tuggerah',2257,'Empire Bay','0408463628','0243998174','acurrie@ausgrid.com.au','Southern Ettalong United Soccer Club','President','Gary Fish','0422518098','Gary.Fish@workcover.nsw.gov.au','Alpha Rd ','','Woy Woy',2256,2,9,NULL,NULL,NULL,NULL,12,'Gear Steward',1,5,219020078,'2011-08-25 09:26:48',NULL,NULL,NULL,NULL,NULL,NULL,NULL,0x00),
 (746,40,NULL,45581,1,0x00,0x00,NULL,NULL,'Dave Snedden',2,'Bldg 16, Wallsend Depot',2283,'Awaba','0409778077','0249519477','dsneddon@ausgrid.com.au','Barnsley Football Club','Secretary','Darrin Chapman','0411124080','thechappys12@bigpond.com','16 Thomas Street','','Barnsley',2278,2,9,NULL,NULL,6,NULL,8,NULL,1,6,219020079,'2011-08-25 10:43:52',1,'300.00',NULL,'2011-09-01 13:27:36',34,738050,0x01,0x00),
 (747,13,2,48169,3,0x01,0x00,NULL,NULL,'Charles Rheinberger',1,'Level: 1, Bldg 3, Oatley',2223,'Oatley','','','','4wd club','captain','big','','','123fake st ','','awesomeville',2222,2,1,NULL,NULL,NULL,NULL,2,NULL,1,3,219020076,'2011-08-11 07:23:49',0,NULL,13,'2011-09-23 08:57:15',40,NULL,NULL,0x00);
INSERT INTO `commcare_submissions` (`id`,`serial_id`,`load_id`,`service_number`,`which_application`,`is_inkind`,`is_movember`,`movember_id`,`movember_team_name`,`applicant_name`,`applicant_division`,`applicant_work_addr`,`applicant_postcode`,`applicant_suburb`,`applicant_phone`,`applicant_phone_2`,`applicant_email`,`org_name`,`position_in_org`,`org_contact_name`,`org_contact_phone`,`org_contact_email`,`org_addr_line1`,`org_addr_line2`,`org_suburb`,`org_postcode`,`org_state`,`org_purpose`,`org_purpose_other`,`org_description`,`grant_use`,`grant_use_other`,`volunteer_role`,`volunteer_role_other`,`contactable`,`recc_id`,`recc_io_number`,`submission_date`,`status`,`amount`,`justification`,`decision_date`,`decision_service_number`,`gl_account`,`is_paid`,`sms_updates`) VALUES 
 (748,25,NULL,33625,1,0x00,0x00,NULL,NULL,'Rex Parker',2,'Gosford West',2257,'Empire Bay','0417201691','','rexparker@ausgrid.com.au','Empire Bay / Bensville Rural Fire Brigade','Secretary / Treasurer','Robert Madden','0243698811','robert@juparo.com.au','PO Box 5011','','Empire Bay',2257,2,4,NULL,NULL,4,NULL,11,NULL,1,5,219020078,'2011-08-25 11:31:27',1,'300.00',NULL,'2011-08-25 13:29:23',25,738050,0x01,0x00),
 (749,41,NULL,52161,2,0x00,0x00,NULL,NULL,'Allan J Brooker',6,'Block C, West, Wallsend Admin.',2324,'Raymond Terrace','0458713279','0249101375','abrooker@ausgrid.com.au','NUSwim','Race Secretary','Glenn McDiarmid','0413492511','nuswim@dodo.com.au','Po Box 22 Union Building,','','Wallsend',2287,2,9,NULL,NULL,6,NULL,10,NULL,1,6,219020079,'2011-08-25 11:40:21',1,'300.00',NULL,'2011-09-01 13:27:36',34,738050,0x01,0x00),
 (750,42,NULL,45975,1,0x00,0x00,NULL,NULL,'Craig Garland',2,'Wallsend Depot',2282,'Eleebana','0409366286','0249510151','cgarland@ausgrid.com.au','Cameron Park Rural Fire Brigade','Captain','Mal Bland','0412782355','','George Booth Drive','PO box 103','West Wallsend',2286,2,4,NULL,NULL,4,NULL,11,NULL,1,6,219020079,'2011-08-25 12:13:38',1,'300.00',NULL,'2011-09-01 13:27:36',34,738050,0x01,0x00),
 (751,23,NULL,54063,1,0x00,0x00,NULL,NULL,'Antonio Lupo',8,'Meadowbank',2210,'Peakhurst','0422404182','','antoniolupo@hotmail.com','Mutiple Sclerosis Australia Ltd','Relationship Management Centre','Geraldine Lloyd','1300733690','events@msaustralia.org.au','MS Events ','Locked Bag 7001','Marrickville',1475,2,6,NULL,NULL,3,NULL,6,NULL,1,4,219020077,'2011-08-25 12:39:46',1,'300.00',NULL,'2011-09-20 15:39:12',103,738050,0x01,0x00),
 (752,24,NULL,49822,1,0x00,0x00,NULL,NULL,'Nick Lupo',1,'Camperdown',2210,'Peakhurst','0425844625','','NickLupo@Optusnet.com.au','Mutiple Sclerosis Australia Ltd','Relationship Management Centre','Geraldine Lloyd','1300733690','events@msaustralia.org.au','MS Events ','Locked Bag 7001','Marrickville',1475,2,6,NULL,NULL,3,NULL,6,NULL,1,4,219020077,'2011-08-25 12:44:26',1,'300.00',NULL,'2011-09-20 15:39:12',103,738050,0x01,0x00),
 (753,43,NULL,50580,1,0x00,0x00,NULL,NULL,'Lisa Mapstone',4,'Block A, Wallsend Admin.',2290,'Mount Hutton','0407795933','0249474512','lmapstone@ausgrid.com.au','Felton St Early Learning Preschool','Director','Karen Berquist','0249430520','','Felton St','','Gateshead',2290,2,3,NULL,NULL,9,'Toys and Books',11,NULL,1,6,219020079,'2011-08-25 14:34:52',1,'300.00',NULL,'2011-09-01 13:27:36',34,738050,0x01,0x00),
 (754,44,NULL,45123,1,0x00,0x00,NULL,NULL,'Phil Connolly',2,'Block C, Bunker, Wallsend Admin.',2283,'Blackalls Park','0409596529','0249596528','pconnolly@ausgrid.com.au','Toronto Junior Baseball Club','PRESIDENT','Pat Mitchell','0412000033','patrick@street.net.au','PO BOX 630','','Toronto',2283,2,9,NULL,NULL,6,NULL,3,NULL,0,6,219020079,'2011-08-25 14:46:48',1,'300.00',NULL,'2011-09-01 13:27:36',34,738050,0x01,0x00),
 (755,45,NULL,55977,1,0x00,0x00,NULL,NULL,'Alicia Humble',4,'Wallsend Contact Centre Block A',2324,'Raymond Terrace','0403555030','0249876741','ahumble@ausgrid.com.au','Horse Welfare Inc','President','Jo Briggs','0418682571','info@horsewelfare.com.au','1888 Clarence Town Rd','','Glen Oak',2320,2,1,NULL,NULL,4,NULL,12,'Official Photographer',1,6,219020079,'2011-08-26 08:00:32',1,'300.00',NULL,'2011-09-01 13:27:36',34,738050,0x01,0x00),
 (756,25,NULL,47064,1,0x00,0x00,NULL,NULL,'Robert Curtis',7,'Level: 17, George St.',2120,'Pennant Hills','0419738521','0292692923','RCurtis@ausgrid.com.au','Pennant Hills Football Club','President','Peter Quessy','0434142227','peter.quessy@greenhorticulture.com.au','4 Verney Drive','','West Pennant Hills',2125,2,9,NULL,NULL,6,NULL,11,NULL,1,4,219020077,'2011-08-26 09:44:39',1,'300.00',NULL,'2011-09-20 15:39:12',103,738050,0x01,0x00),
 (757,26,NULL,47673,1,0x00,0x00,NULL,NULL,'Stephen Mccabe',1,'Tuggerah',2251,'Green Point','0417696283','','smccabe@energy.com.au','Lions Baseball Club','Vice President','Nathan Walbancke','0414324357','walbancke13@gmail.com','18 Carabella Ave.','','Springfield',2250,2,9,NULL,NULL,6,NULL,2,NULL,0,5,219020078,'2011-08-26 10:58:37',NULL,NULL,NULL,NULL,NULL,NULL,NULL,0x00),
 (758,26,NULL,40809,1,0x00,0x00,NULL,NULL,'Adam Wilson',2,'Lane Cove Testing Station',2118,'Carlingford','0425313336','0288122575','awilson@ausgrid.com.au','Eastwood Uniting Church Musical Society Inc.','President','Penny Wilson','0425320676','ozpanda@optusnet.com.au','PO Box 246','','Eastwood',2122,2,11,'profits donated to local charities',NULL,9,'Apprentices to design & build lighted makeup mirrors',3,NULL,1,4,219020077,'2011-08-26 12:06:53',NULL,NULL,NULL,NULL,NULL,NULL,NULL,0x00),
 (759,14,NULL,50240,1,0x00,0x00,NULL,NULL,'Bob White',1,'Bldg 2, Homebush',2508,'HELENSBURGH','0418290273','0242941435','bwhite@ausgrid.com.au','HELENSBURGH-STANWELL SURF LIFE SAVING CLUB','SECRETARY','EDWARD WHITE','0412553369','ewhite@ausgrid.com,au','PO Box 111','','Helensburgh',2508,2,11,'PUBLIC AQUATIC SAFTEY',NULL,4,NULL,2,NULL,1,3,219020076,'2011-08-29 10:30:44',1,'300.00',NULL,'2011-08-30 16:26:55',13,738050,0x01,0x00),
 (760,15,NULL,50240,2,0x00,0x00,NULL,NULL,'Bob White',1,'Bldg 2, Homebush',2508,'HELENSBURGH','0418290273','0242941435','bwhite@ausgrid.com.au','STANWELL PARK SEA EELS','SECRETARY','PHIL KELLY','0408655038','Phillip.Kelly@swsahs.nsw.gov.au','PO Box 111','','Helensburgh',2508,2,9,NULL,NULL,2,NULL,5,NULL,1,3,219020076,'2011-08-29 10:38:16',0,NULL,13,'2011-08-30 16:26:55',13,NULL,NULL,0x00),
 (761,16,NULL,43522,1,0x00,0x00,NULL,NULL,'David Burns',1,'Level: 1, Bldg 1, Oatley',2232,'sutherland','0407418579','','','ST GEORGE DISTRICT ATHLETIC CLUB','PRESIDENT','ALBIE THOMAS','','','1 SCOTT ST','','KOGARAH',2217,2,9,NULL,NULL,6,NULL,9,NULL,1,3,219020076,'2011-08-29 11:27:25',1,'300.00',NULL,'2011-08-30 16:26:55',13,738050,0x01,0x00),
 (762,27,NULL,47999,1,0x00,0x00,NULL,NULL,'Narelle Smith',2,'Bldg 6, Homebush',2767,'Woodcroft','0404042357','0293946930','nsmith1@ausgrid.com.au','Cure Our Kids','Fundraising & Events','Katrina Ortolan','0299383499','katrina@cureourkids.com.au','111/20 Dale St','','Brookvale',2100,2,11,'supports oncology unit Westmead Childrens Hospital',NULL,3,NULL,5,NULL,1,4,219020077,'2011-08-29 13:01:22',1,'300.00',NULL,'2011-09-20 15:39:12',103,738050,0x01,0x00),
 (763,46,NULL,48708,1,0x00,0x00,NULL,NULL,'Scott Vickers',1,'Bldg 16, Wallsend Depot',2291,'Merewether','0414858400','','scott@ganabu.net','Muscular Dystrophy Foundation Australia','Fund Raising Manager','Frances Lemon','0292470055','frances.lemon@supportmd.org.au','Level 9, 1 York Street','','Sydney',2000,2,6,NULL,NULL,3,NULL,5,NULL,1,6,219020079,'2011-08-30 11:54:11',1,'300.00',NULL,'2011-09-01 13:27:36',34,738050,0x01,0x00),
 (764,47,NULL,45200,1,0x00,0x00,NULL,NULL,'Jeff Cooper',2,'Bldg 16, Wallsend Depot',2290,'Kahibah','0408519446','','jeffcooper@ausgrid.com.au','Dixon Park Surf Life Saving Club','President','Stuart Barnett','0414291395','sbarnett@cnn.net.au','17 Livingstone Street','','Merewether',2291,2,9,NULL,NULL,4,NULL,11,NULL,1,6,219020079,'2011-08-30 11:57:55',1,'300.00',NULL,'2011-09-01 13:27:36',34,738050,0x01,0x00),
 (765,7,3,44805,1,0x00,0x00,NULL,NULL,'Gary Nelson',1,'Maitland Depot',2421,'Vacy','0447663686','','','Dungog High Special Education Unit','Teacher','Debbie Jones','0249923022','debbie.jones3@det.nsw.edu.au','Eloiza st ','','Dungog',2420,2,3,NULL,NULL,8,NULL,11,NULL,1,7,219020080,'2011-08-31 13:05:19',1,'300.00',NULL,'2011-09-09 10:12:25',36,738050,0x01,0x01),
 (766,27,NULL,52372,1,0x00,0x00,NULL,'','Joel Hogston',1,'Maitland Depot',2250,'East Gosford','0428613001','0243221052','meljoel@hotmail.com','East Gosford Football Club','President','Brett Wright','','','Maitland Rd ','','East Gosford',2250,2,9,NULL,NULL,6,NULL,2,NULL,1,5,219020078,'2011-09-01 08:53:25',1,'300.00',NULL,'2011-09-22 13:42:50',24,738050,0x01,0x00),
 (767,48,NULL,45645,1,0x00,0x00,NULL,'','Anthony Eastham',1,'Bldg 3, Wallsend Depot',2280,'belmont north','0407927947','0249451169','aeastham@ausgrid.com.au','atuka netball club','president','tammy eastham','0448806926','teastham@bigpond.com','47 buttaba ave','','Belmont North',2280,2,9,NULL,NULL,6,NULL,7,NULL,1,6,219020079,'2011-09-01 15:11:18',1,'300.00',NULL,'2011-09-28 09:38:09',31,738050,0x01,0x00),
 (768,17,NULL,43129,1,0x00,0x00,NULL,'','Stephen Lunn',1,'Ground Floor, Bldg 1, Homebush',2228,'Yowie Bay','0411134265','','slunn@ausgrid.com.au','1st Lilli Pilli Sea Scouts, Turriell Pack','Cub Leader','Lisa Viney','0409943886','lisaviney@optusnet.com.au','Swan Street','','Lilli Pilli',2229,2,10,NULL,NULL,4,NULL,3,NULL,1,3,219020076,'2011-09-01 20:13:04',1,'300.00',NULL,'2011-09-29 16:03:48',13,738050,0x01,0x00),
 (769,49,NULL,44468,1,0x00,0x00,NULL,'','Leanne Kerby',1,'Charlestown Office',2289,'Adamstown Heights','0409209607','0249101734','lkirby@ausgrid.com.au','Cancer Council NSW','Community Liason co-ordinator','Louise Mackay Event # 31118','0249230707','louisem@nswcc.org.au','22 Lambton Road','','Broadmeadow',2292,2,6,NULL,NULL,3,NULL,6,NULL,1,6,219020079,'2011-09-05 10:02:56',1,'300.00',NULL,'2011-09-27 13:29:58',101,738050,0x01,0x00),
 (770,18,NULL,48178,1,0x00,0x00,NULL,'','David Barlow',1,'Level: Grd Flr, Bldg 5, Zetland',2519,'Balgownie','0448469146','','','Bulli SLSC','Boat Captain','Adam Barlow','','','Trinity Row','','Bulli',2516,2,4,NULL,NULL,4,NULL,11,NULL,1,3,219020076,'2011-09-05 11:10:34',1,'300.00',NULL,'2011-09-29 16:03:44',13,738050,0x01,0x00),
 (771,19,NULL,50512,2,0x00,0x00,NULL,'','Michelle Fretten',2,'Level: 1, Bldg 1, Homebush',2229,'Lilli Pilli','0427000365','0293946678','mfretten@ausgrid.com.au','Dragons Abreast Australia','Director','Michelle Hanton','1300889566','office@dragonsabreast.org.au','PO Box 36923','','Winnellie',821,3,6,NULL,NULL,1,NULL,6,NULL,1,3,219020076,'2011-09-05 15:08:34',1,'300.00',NULL,'2011-09-29 16:03:44',13,738050,0x01,0x00),
 (772,8,NULL,48166,1,0x00,0x00,NULL,'','Hiroaki Oka',2,'Level: 1, Head Office Building',2007,'Ultimo','0427007219','','hoka@ausgrid.com.au','Dragons Abreast Australia','Director','Michelle Hanton','1300889566','office@dragonsabreast.org.au','PO Box 36923','','WINNELLIE',821,3,6,NULL,NULL,1,NULL,6,NULL,1,1,219020074,'2011-09-05 15:12:36',1,'300.00',NULL,'2011-10-12 11:08:30',2,738050,0x01,0x00),
 (773,9,NULL,50786,2,0x00,0x00,NULL,'','Emma Cunningham',2,'Ground Floor, Olympic Park Depot',2046,'Abbotsford','0404074919','','ecunningham@ausgrid.com.au','Dragons Abreast Australia','Director','Michelle Hanton','1300889566','office@dragonsabreast.org.au','PO Box 36923','','Winnellie',821,3,6,NULL,NULL,1,NULL,6,NULL,1,1,219020074,'2011-09-05 15:12:58',1,'300.00',NULL,'2011-10-12 11:08:30',2,738050,0x01,0x00),
 (774,10,NULL,54257,1,0x00,0x00,NULL,'','Ben Haines',2,'Level 1, HOB',2031,'Randwick','','','','Dragons Abreast Australia','Director','Michelle','1300889566','office@dragonsabreast.org.au','PO Box 36923','','Winnellie',821,3,6,NULL,NULL,1,NULL,6,NULL,1,1,219020074,'2011-09-05 15:16:09',1,'300.00',NULL,'2011-10-12 11:08:30',2,738050,0x01,0x00),
 (775,11,NULL,51533,1,0x00,0x00,NULL,'','Paul Maher',1,'Level 6, HOB, George St, Sydney',2010,'Darlinghurst','0414625025','0292692406','pmaher@ausgrid.com.au','Dragons Abreast Australia','Director','Michelle Hanton','1300889566','office@dragonsabreast.org.au','PO Box 36923','','Winnellie',821,3,6,NULL,NULL,1,NULL,6,NULL,1,1,219020074,'2011-09-06 07:35:36',1,'300.00',NULL,'2011-10-12 11:08:30',2,738050,0x01,0x00),
 (776,28,NULL,46645,2,0x00,0x00,NULL,'','Liam Baker',1,'Level 6 HOB',2251,'Kincumber','0409730942','','','Dragons Abreast Australia','Director','Michelle Hanton','1300889566','office@dragonsabreast.org.au','PO Box 36923','','Winnellie',821,3,6,NULL,NULL,1,NULL,6,NULL,1,5,219020078,'2011-09-06 10:44:39',1,'300.00',NULL,'2011-09-22 13:39:07',24,738050,0x01,0x00),
 (777,50,NULL,47133,1,0x00,0x00,NULL,'','Peter Bryan',4,'Block B, West, Wallsend Admin.',2318,'Medowie','0447109181','0240354079','pbryan@ausgrid.com.au','MS Australia','Media & Sponsorship Enquiries','Georgina Westgarth','1300733690','events@msaustralia.org.au','MS Events','Locked Bag 7001','Marrickville',1475,2,6,NULL,NULL,9,'assisting ms sufferers and their families',6,NULL,1,6,219020079,'2011-09-06 14:17:16',1,'300.00',NULL,'2011-09-27 13:29:58',101,738050,0x01,0x00),
 (778,51,NULL,52134,1,0x00,0x00,NULL,'','Rebecca Rees',4,'Block B, West, Wallsend Admin.',2298,'Waratah West','0432565945','','','MS Australia','Media & Sponsorship Enquiries','Georgina Westgarth','1300733690','events@msaustralia.org.au','MS Events','Locked Bag 7001','Marrickville',1475,2,6,NULL,NULL,9,'Funds to help support  sufferers of MS and their families',6,NULL,1,6,219020079,'2011-09-06 14:29:48',1,'300.00',NULL,'2011-09-27 13:29:58',101,738050,0x01,0x00),
 (779,52,NULL,47130,1,0x00,0x00,NULL,'','Karl Bamber',4,'Block B, West, Wallsend Admin.',2287,'Wallsend','','0249501266','kbamber@ausgrid.com.au','MS Australia','Media & Sponsership Enquiries','Georgina Westgarth','1300733690','events@msaustralia.org.au','MS Events','Locked Bag 7001','Marrickville',1475,2,6,NULL,NULL,3,NULL,6,NULL,0,6,219020079,'2011-09-06 14:34:15',1,'300.00',NULL,'2011-09-27 13:29:58',101,738050,0x01,0x00),
 (780,28,NULL,51501,2,0x00,0x00,NULL,'','Victoria Watson',2,'Bldg 2, Homebush',2560,'Glen Alpine','','','','Dragons Abreast Australia','Director','Michelle Hanton','1300889566','office@dragonsabreast.com.au','PO Box 36923','','Winellie',1821,2,6,NULL,NULL,1,NULL,6,NULL,1,4,219020077,'2011-09-06 17:19:00',1,'300.00',NULL,'2011-09-20 15:39:28',103,738050,0x01,0x00),
 (781,20,NULL,41402,1,0x00,0x00,NULL,'','Peter Grimson',2,'Sefton Zone Depot',2228,'Miranda','0417203184','','pkgrimo@bigpond.com','Cerebal Palsy Alliance','CEO','Rob White','','','PO BOX 184 ','','Brookvale',2100,2,11,'Provide Services For People with CP',NULL,4,NULL,5,NULL,1,3,219020076,'2011-09-06 19:39:24',1,'300.00',NULL,'2011-09-29 16:03:44',13,738050,0x01,0x00),
 (782,29,NULL,40026,1,0x00,0x00,NULL,'','Gregory Sturgess',1,'Noraville Depot',2262,'buff point','0418429690','0243258604','gsturges@ausgrid.com.au','dragons abreast central coast','Co-Ordinator','Clair Bundy','0410792725','centralcoast@dragonsabreast.com.au','c/- 11 Vaughan Cl','','Killarney Vale',2261,2,6,NULL,NULL,4,NULL,11,NULL,1,5,219020078,'2011-09-06 21:05:01',1,'300.00',NULL,'2011-09-22 13:38:54',24,738050,0x01,0x00),
 (783,9,NULL,47254,1,0x00,0x00,NULL,'','Anna Richardson',2,'Level: 1, Head Office Building',2113,'Macquarie Park','0438670140','0292723724','annarichardson@ausgrid.com.au','Dragons Abreast Australia','Director','Michelle Hanton','1300889566','office@dragonsabreast.org.au','PO Box 36923','','Winnellie',821,3,6,NULL,NULL,1,NULL,6,NULL,1,2,219020075,'2011-09-07 13:56:11',1,'300.00',NULL,'2011-09-21 09:25:24',8,738050,0x01,0x00),
 (784,10,NULL,40472,1,0x00,0x00,NULL,'','John Boyce',1,'Gore Hill Depot',2103,'Mona Vale','','0294675521','','CICADA Australia Inc','Secretary','Judy Cassell','','jcassell6@bigpond.com','P O Box 5028','','South Turramurra',2074,2,6,NULL,NULL,4,NULL,11,NULL,1,2,219020075,'2011-09-07 13:57:53',1,'300.00',NULL,'2011-09-21 09:25:24',8,738050,0x01,0x00),
 (785,29,4,48565,1,0x00,0x00,NULL,'','Ian Duncan',1,'Level: 1, Bldg 2, Chatswood',2564,'Macquarie Fields','0407902509','','','Smithfield RSLSub branch Youth Club','secretary','Barbara Smith','0296045217','barbarasmith8@hotmail.com','Oxford Street','','Smithfield',2164,2,10,NULL,NULL,6,NULL,2,NULL,0,4,219020077,'2011-09-07 14:34:12',1,'300.00',NULL,'2011-09-20 15:39:28',103,738050,0x01,0x01),
 (786,21,NULL,50838,1,0x00,0x00,NULL,'','Andrew Sill',8,'Level: 23, George St.',2234,'Menai','','0292692521','asill@ausgrid.com.au','Illawong Softball Club Inc','President','Ian Burrough','0408448952','','PO Box 59','','Menai',2234,2,9,NULL,NULL,6,NULL,3,NULL,1,3,219020076,'2011-09-07 15:08:27',1,'300.00',NULL,'2011-09-29 16:03:44',13,738050,0x01,0x00),
 (787,53,NULL,44384,1,0x00,0x00,NULL,'','Simon Stewart',2,'Bldg 16, Wallsend Depot',2323,'Ashtonfield','0417685451','0249510788','simon.stewart@ausgrid.com.au','APEX NSW/ACT','Director','Troy Robbs','0408098965','troy.robbs@optusnet.com.au','po box 603','','Newcastle',2300,2,10,NULL,NULL,2,NULL,11,NULL,1,6,219020079,'2011-09-07 15:58:36',1,'300.00',NULL,'2011-09-27 13:29:58',101,738050,0x01,0x00),
 (788,30,NULL,51593,1,0x00,0x00,NULL,'','Nathan Bryen',1,'Level 6 HOB',2753,'Richmond','0402497116','','','Dragons Abreast','Support','Dragons Abreast','0386210049','admin@mycause.com.au','PO Box 2260','','Caulfield Junction',3161,7,6,NULL,NULL,3,NULL,5,NULL,1,4,219020077,'2011-09-08 10:52:57',1,'300.00',NULL,'2011-09-20 15:47:17',103,738050,0x01,0x00),
 (789,30,NULL,48249,1,0x00,0x00,NULL,'','Shannon Compton',1,'Unit 14, Tuggerah',2262,'Halekulani','0438490046','','Scompton@ausgrid.com.au','Toukley Golf Club/ Junior program','Golf Profesional','John Lewis','0243972309','toukley@oncoursegolf.com.au','KEY st ','','Toukley',2263,2,9,NULL,NULL,4,NULL,11,NULL,1,5,219020078,'2011-09-08 11:40:20',1,'300.00',NULL,'2011-09-22 13:34:18',24,738050,0x01,0x00),
 (790,22,NULL,49671,1,0x00,0x00,NULL,'','Luke Mcardle',2,'Bldg 2, Homebush',2234,'Menai','0419200759','','','Dragons Abreast Australia','Director','Michelle Hanton','1300889566','office@dragonsabreast.org.au','PO Box 36923','','Winnellie',821,3,6,NULL,NULL,1,NULL,6,NULL,1,3,219020076,'2011-09-08 12:19:42',1,'300.00',NULL,'2011-09-29 16:03:44',13,738050,0x01,0x00),
 (791,31,NULL,42643,1,0x00,0x00,NULL,'','Robert Medved',2,'Olympic Park Depot',2146,'Toongabbie','0412055726','','rmedved@ausgrid.com.au','Dragons Abreast Australia','Director','Michelle Hanton','1300889566','office@dragonsabreast.org.au','PO Box 36923','','Winnellie',821,3,6,NULL,NULL,1,NULL,6,NULL,1,4,219020077,'2011-09-08 12:22:18',1,'300.00',NULL,'2011-09-20 15:47:17',103,738050,0x01,0x00),
 (792,23,NULL,48837,1,0x00,0x00,NULL,'','Paul Nakhle',2,'Level: 1, Bldg 1, Homebush',2221,'Blakehurst','0419631174','0293946123','pnakhle@energy.com.au','Dragons Abreast Australia','Director','Michelle Hanton','1300889566','office@dragonsabreast.org.au','PO Box 36923','','Winnelie',821,3,6,NULL,NULL,1,NULL,6,NULL,1,3,219020076,'2011-09-08 14:00:31',1,'300.00',NULL,'2011-09-29 16:03:44',13,738050,0x01,0x00),
 (793,12,NULL,48226,1,0x00,0x00,NULL,'','Belinda Chung',5,'Level: 19, 321 Kent Street',2009,'Pyrmont','','0282887806','bchung@ausgrid.com.au','Dragons Abreast Australia','Director','Michelle Hanton','1300889566','office@dragonsabreast.org.au','PO Box 36923','','Winnellie',821,3,6,NULL,NULL,1,NULL,6,NULL,1,1,219020074,'2011-09-08 17:43:42',1,'300.00',NULL,'2011-10-12 11:08:30',2,738050,0x01,0x00),
 (794,24,NULL,46903,1,0x00,0x00,NULL,'','Blake Parker',1,'Level: 1a, Bldg 1a, Oatley',2226,'Jannali','0439717204','0295855912','bparker@ausgrid.com.au','Sydney Childrens Hospital','Special Events Coordinator','Skye Longley','0293821188','skye.longley@schf.org.au','19 Eurimbla Ave','','Randwick',2031,2,6,NULL,NULL,4,NULL,6,NULL,0,3,219020076,'2011-09-09 09:32:41',1,'300.00',NULL,'2011-09-29 16:03:44',13,738050,0x01,0x00),
 (795,8,NULL,45989,1,0x00,0x00,NULL,'','Scott O\'Bryan',1,'Singleton',2330,'singleton','0408686974','','sobryan@ausgrid.com.au','SINGLETON PRE-SCHOOL INCORPORATED','DIRECTOR','CATH ALBERT','0265721248','singletonpreschool@bigpond.com','56 YORK ST','','Singleton',2330,2,3,NULL,NULL,9,'LIGHTING',11,NULL,1,7,219020080,'2011-09-09 09:50:59',1,'300.00',NULL,'2011-09-09 10:13:00',36,738050,0x01,0x00),
 (796,25,NULL,53909,1,0x00,0x00,NULL,'','Belinda Thompson',2,'Level: 10, Roden Cutler House',2230,'Cronulla','0407574694','0292626281','bthompson@ausgrid.com.au','Dragons Abreast Australia','Director','Michelle Hanton','1300889566','office@dragonabreast.org.au','PO Box 36923','','Winnellie',821,3,6,NULL,NULL,1,NULL,6,NULL,1,3,219020076,'2011-09-09 10:46:22',1,'300.00',NULL,'2011-09-29 16:03:44',13,738050,0x01,0x00),
 (797,31,NULL,41889,1,0x00,0x00,NULL,'','Scott Mitchell',1,'Noraville Depot',2259,'Lake Munmorah','0419265210','0243584902','SMitchell@ausgrid.com.au','MS Australia','Sponsorship','Peter Oconnell','1300733690','peter.oconnell@msaustralia.org.au','MS Events, Locked Bag 7001','','Marrickville',1475,2,6,NULL,NULL,9,'-Gong bike ride fundraiser',6,NULL,0,5,219020078,'2011-09-09 10:49:30',1,'300.00',NULL,'2011-09-22 13:34:18',24,738050,0x01,0x00),
 (798,9,NULL,47104,1,0x00,0x00,NULL,'','Stacey Power',1,'Muswellbrook',2330,'Singleton','','0265429021','spower1@ausgrid.com.au','St Catherines Catholic College','Science Teacher','Alicia Jenkins','0265789600','','30-40 Combo Lane','','Singleton',2330,2,3,NULL,NULL,9,'Participate in Competition in Science & Technology in Vic. ',11,NULL,1,7,219020080,'2011-09-09 11:01:00',1,'300.00',NULL,'2011-10-13 15:05:24',36,738050,0x01,0x00),
 (799,54,NULL,54123,1,0x00,0x00,NULL,'','Michael Gutschow',2,'Block B, Wallsend Admin.',2303,'Hamilton South','0401457132','0249519564','mgutschow@ausgrid.com.au','Lake Macquarie Rowing Club Inc.','Vice Captain','Michael Gutschow','0401457132','michael.611@internode.on.net','Lake Macquarie Rowing Club','P.O. Box 3030','Teralba',2284,2,9,NULL,NULL,6,NULL,1,NULL,1,6,219020079,'2011-09-09 14:52:45',1,'300.00',NULL,'2011-10-27 15:41:51',101,738050,NULL,0x00),
 (800,32,NULL,51639,1,0x00,0x00,NULL,'','Julie Simpson',2,'Level: 1, Head Office Building',2756,'Windsor Downs','0417888016','0292723738','julie.simpson@ausgrid.com.au','Dragons Abreast Australia','Director','Michelle Hanton','1300889566','office@dragonsabreast.org.au','PO Box 36923','','Winnellie',821,3,6,NULL,NULL,1,NULL,6,NULL,1,4,219020077,'2011-09-09 17:12:39',1,'300.00',NULL,'2011-09-20 15:47:17',103,738050,0x01,0x00),
 (801,55,NULL,47473,1,0x00,0x00,NULL,'','Lesa Bradford',4,'Block A, Wallsend Admin.',2322,'Thornton','','','','Thornton Public School','President  P&DC','Nicole Manning','0421286253','','GOVERNMENT RD','','Thornton',2322,2,3,NULL,NULL,4,NULL,5,NULL,1,6,219020079,'2011-09-12 11:43:42',1,'300.00',NULL,'2011-09-27 13:29:58',101,738050,0x01,0x00),
 (802,13,NULL,47021,1,0x00,0x00,NULL,'','Rachele Williams',3,'Level: 16, George St.',2009,'Pyrmont','0415266500','0292697369','rwilliam@energy.com.au','Dragons Abreast Australia','Director','Michelle Hanton','1300889566','office@dragonsabreast.org.au','PO Box 36923','','Winnellie',821,3,6,NULL,NULL,1,NULL,6,NULL,1,1,219020074,'2011-09-12 15:56:54',1,'300.00',NULL,'2011-10-12 11:08:30',2,738050,0x01,0x00),
 (803,33,NULL,43881,1,0x00,0x00,NULL,'','Dai Vuong',8,'Silverwater',2145,'Wentworthville','0408618923','','dvuong@ausgrid.com.au','Dragons Abreast Australia','Director','Michelle Hanton','','','PO Box 36923','','Winnellie',821,3,6,NULL,NULL,1,NULL,6,NULL,0,4,219020077,'2011-09-12 16:00:51',1,'300.00',NULL,'2011-09-20 15:47:17',103,738050,0x01,0x00),
 (804,56,NULL,44405,2,0x00,0x00,NULL,'','Lee Williams',2,'Bldg 12, Wallsend Depot',2285,'cardiff','0418238324','','','Cardiff early education and care centre','director','kath russel','','','54 harrison street','','Cardiff',2285,2,10,NULL,NULL,4,NULL,5,NULL,1,6,219020079,'2011-09-12 19:55:57',1,'300.00',NULL,'2011-09-27 13:26:11',101,738050,0x01,0x00),
 (805,57,NULL,44384,2,0x00,0x00,NULL,'','Simon Stewart',2,'Bldg 16, Wallsend Depot',2323,'Ashtonfield','0417685451','0249510788','simon.stewart@ausgrid.com.au','APEX Club of Newcastle','Treasurer','Andrew Fraser','0459222011','ancfraser@bigpond.com','PO Box 122','','East Maitland',2323,2,10,NULL,NULL,4,NULL,9,NULL,1,6,219020079,'2011-09-13 09:00:57',1,'300.00',NULL,'2011-09-27 13:26:11',101,738050,0x01,0x00),
 (806,58,NULL,46404,1,0x00,0x00,NULL,'','Belinda Johnstone',4,'Block A, Wallsend Admin.',2289,'Adamstown','0405405257','','bjohnstone@uasgrid.com.au','The Laneway Park','Co-ordinator','Lee Upton','0405148798','cousins-family@hotmail.com','12 Fourth Street','','Adamstown',2289,2,5,NULL,NULL,6,NULL,4,NULL,1,6,219020079,'2011-09-14 08:20:43',0,NULL,13,'2011-09-27 13:26:11',101,NULL,NULL,0x00),
 (807,59,NULL,47232,1,0x00,0x00,NULL,'','Anissa Storey',2,'Block A, Wallsend Admin.',2287,'Wallsend','0408921378','0240354097','astorey@ausgrid.com.au','Marching Koalas','Director','Geoff Lynch','0413603622','marching_koalas@yahoo.com','PO Box 2104','','Dangar',2309,2,2,NULL,NULL,4,NULL,11,NULL,1,6,219020079,'2011-09-14 10:09:03',1,'300.00',NULL,'2011-09-27 13:26:11',101,738050,0x01,0x00),
 (808,11,NULL,51768,1,0x00,0x00,NULL,'','Jonathan Chapman',4,'Level 2, RCH, 24 Campbell Street',2067,'Chatswood','0438358166','0292692661','jonathan.chapman@ausgrid.com.au','Kindy Cove Child Care Centre','Co-Director','Melisse Piccolo','0294284319','kindycove@lanecove.nsw.gov.au','48 Phoenix St','','Lane Cove',2066,2,3,NULL,NULL,9,'Purchasing outdoor equipment',11,NULL,1,2,219020075,'2011-09-14 11:16:26',1,'300.00',NULL,'2011-09-21 09:25:24',8,738050,0x01,0x00),
 (809,12,NULL,33480,1,0x00,0x00,NULL,'','Peter Brogan',2,'Level: Grd Flr, Bldg 5, Chatswood Measurement Testing',2082,'Berowra Heights','0402441009','0294105165','pbrogan@ausgrid.com.au','Berowra Tower Brigade','Assistant Treasurer','Stephanie De Leon','0412892961','sdeleon_litcs@bigpond.com','1049 Pacific Hwy','','Cowan',2081,2,4,NULL,NULL,4,NULL,11,NULL,1,2,219020075,'2011-09-14 11:30:53',1,'300.00',NULL,'2011-09-21 09:25:24',8,738050,0x01,0x00),
 (810,13,NULL,33480,2,0x00,0x00,NULL,'','Peter Brogan',2,'Level: Grd Flr, Bldg 5, Chatswood Measurement Testing',2082,'Berowra Heights','0402441009','0294105165','pbrogan@ausgrid.com.au','Hornsby Ku-ring-gai Support Rural Fire Brigade','Assistant Treasurer','David Cordery','0294518006','davcord@optusnet.com.au','1049 Pacific Hwy','','Cowan',2081,2,4,NULL,NULL,4,NULL,11,NULL,1,2,219020075,'2011-09-14 13:05:28',1,'300.00',NULL,'2011-09-21 09:25:24',8,738050,0x01,0x00),
 (811,14,NULL,49303,1,0x00,0x00,NULL,'','Mark Bennett',2,'Level 1, George Street',2040,'Lilyfield','0447602390','','mbennett@ausgrid.com.au','Dragons Abreast Australia','Directoe','Michelle Hanlon','1300889566','office@dragonsabreast.org.au','Po Box 36923','','Winnellie',821,3,6,NULL,NULL,1,NULL,6,NULL,0,1,219020074,'2011-09-14 14:14:17',1,'300.00',NULL,'2011-10-12 11:08:30',2,738050,0x01,0x00),
 (812,26,NULL,49333,1,0x00,0x00,NULL,'','Joseph Mcnaughton',1,'Level: 1, Bldg 2, Oatley',2508,'Helensburgh','0418295399','','Jmcnaughton@energy.com.au','Helensburgh little atheletics club and districts','President','Marina Picken','0295250680','','Po Box 412','','Helensburgh',2508,2,9,NULL,NULL,6,NULL,11,NULL,1,3,219020076,'2011-09-14 14:58:34',1,'300.00',NULL,'2011-09-29 16:03:44',13,738050,0x01,0x00),
 (813,27,NULL,40245,1,0x00,0x00,NULL,'','James Hunkin',2,'Level: 15, George St.',2219,'Sans Souci','0419488275','','jhunkin@ausgrid.com.au','1st Oatley Bay Sea Scouts','Group Leader','Neil Millican','0295702917','nmillican@optusnet.com.au','Oatley Please Grounds','Annette St','Oatley',2223,2,10,NULL,NULL,5,NULL,11,NULL,1,3,219020076,'2011-09-15 08:50:03',1,'300.00',NULL,'2011-09-29 16:03:44',13,738050,0x01,0x00),
 (814,60,NULL,51776,1,0x00,0x00,NULL,'','Judith Woloschyn',4,'Block A, Wallsend Admin.',2289,'HIGHFIELDS','0427421623','','','RONALD MCDONALD HOUSE IN THE HUNTER','CEO','ROSS BINGHAM','0249214754','','LOOKOUT ROAD ',' ','NEW LAMBTON HEIGHTS',2305,2,11,'SUPPORT /ACCOMMODATION FOR FAMILY OF SICK CHILDREN',NULL,9,'DAILY RUNNING OF RMHOUSE',12,'BOARD MEMBER/VOLUNTEER',1,6,219020079,'2011-09-15 14:26:29',1,'300.00',NULL,'2011-09-27 13:26:11',101,738050,0x01,0x00),
 (815,61,NULL,49866,1,0x00,0x00,NULL,'','Warwick Foster',4,'Block A, Wallsend Admin.',2286,'West Wallsend','0422427059','0249101263','wfoster@ausgrid.com.au','Merewether High School P7C','Functions coordinator','Jo Chisolm-Ray','0407107053','jo@adamstowncleaning.com.au','Chatham St','','Broadmeadow',2292,2,3,NULL,NULL,4,NULL,10,NULL,1,6,219020079,'2011-09-16 09:58:14',1,'300.00',NULL,'2011-09-27 13:26:11',101,738050,0x01,0x00),
 (816,34,NULL,52731,1,0x00,0x00,NULL,'','Sarah Nosworthy',1,'Level: 1 Bryson Street, Chatswood',2135,'Strathfield','0428906176','','snosworthy@ausgrid.com.au','Ryde Water Polo Club','President','Neil Donovan','0408884808','neil.donovan@freehills.com','C/O Chris Hook','4/29 Marlborough St','Drummoyne',2047,2,9,NULL,NULL,9,'Junior development day',1,NULL,1,4,219020077,'2011-09-16 11:49:06',1,'300.00',NULL,'2011-09-20 15:39:28',103,738050,0x01,0x00),
 (817,32,NULL,47573,1,0x00,0x00,NULL,'','David Hedger',1,'Hornsby',2250,'Holgate','0439905903','','dhedger@ausgrid.com.au','Holgate P & C Building Fund','School Principal','Mike Murphey','','michael.c.murphy@det.nsw.edu.au','189 Wattle Tree Road','','Holgate',2250,2,3,NULL,NULL,4,NULL,10,NULL,1,5,219020078,'2011-09-19 09:29:23',1,'300.00',NULL,'2011-09-22 13:34:18',24,738050,0x01,0x00),
 (818,62,NULL,47887,1,0x00,0x00,NULL,'','Belinda Mcquillen',4,'Block A, Wallsend Admin.',2320,'Maitland','','0249101394','bmcquillen@energy.com.au','McGrath Foundation','Community Friends Officer','Bianca Lockley','0289626118','Bianca@mcgrathfoundation.com.au','1/115 Sailors Bay Road','','Northbridge',2063,2,6,NULL,NULL,1,NULL,5,NULL,1,6,219020079,'2011-09-19 16:25:43',1,'300.00',NULL,'2011-09-27 13:26:11',101,738050,0x01,0x00),
 (819,35,NULL,51628,1,0x00,0x00,NULL,'','John Davis',2,'Haberfield',2565,'Ingleburn','0411103393','0292697276','johndavis@ausgrid.com.au','Connell\'s Point Sailing Club Inc.','President','Doug Surmon','0295348602','dsurmon@optusnet.com.au','P.O. Box 556 ','','Hurstville South',2221,2,9,NULL,NULL,6,NULL,11,NULL,1,4,219020077,'2011-09-20 09:44:39',1,'300.00',NULL,'2011-09-20 15:39:28',103,738050,0x01,0x00),
 (820,36,NULL,50486,1,0x00,0x00,NULL,'','Lloyd Williams',2,'Haberfield',2190,'Chullora','0414192192','','LloydWilliams@ausgrid.com.au','Bankstown Bulls JRLFC','Secretary','Anthony Rizk','0402232400','anthony_rizk@colpal.com.au','c/-secretary','56 Turton Ave ','Clemton Park',2206,2,9,NULL,NULL,6,NULL,2,NULL,1,4,219020077,'2011-09-20 10:26:10',1,'300.00',NULL,'2011-09-20 15:39:28',103,738050,0x01,0x00),
 (821,63,NULL,46390,1,0x00,0x00,NULL,'','Chelsea Lenton',4,'Block A, Wallsend Admin.',2287,'Maryland','0438405249','0240354092','clenton@ausgrid.com.au','RSPCA','Manager','Susanne Tobin ','','','6-10 Burlington Place ','','Rutherford ',2320,2,1,NULL,NULL,4,NULL,5,NULL,1,6,219020079,'2011-09-22 08:43:44',1,'300.00',NULL,'2011-09-27 13:26:11',101,738050,0x01,0x00),
 (822,33,NULL,39766,1,0x00,0x00,NULL,'','Craig Williams',8,'Bldg 14, Wallsend Depot',2259,'Gwandalan','0407061625','','cwilliams@ausgrid.com.au','Catherine Hill Bay Surf Lifesaving Club','Sponsorship Co-Ordinator & OH&S Officer','Dean Chisholm','0407061625','cwilliams@ausgrid.com.au','PO Box 6147','','Lake Munmorah',2259,2,9,NULL,NULL,5,NULL,12,'Active Patrol member & help with Nippers',1,5,219020078,'2011-09-22 13:27:07',1,'300.00',NULL,'2011-09-22 13:33:48',24,738050,0x01,0x00),
 (823,15,NULL,49020,1,0x00,0x00,NULL,'','Lachlan Dunwoodie',2,'Level: 2, Chatswood - Bryson St Office',2010,'Surry Hills','0407942373','','','Australian Red Cross','Unknown','National Support Services Centre','0383277700','','Australian Red Cross','National Support Services Centre GPO Box 2957','Melbourne',8060,7,6,NULL,NULL,9,' Red Cross will allocate funds',12,'Regular blood donor',1,1,219020074,'2011-09-23 11:28:30',1,'300.00',NULL,'2011-10-12 11:08:30',2,738050,0x01,0x00),
 (824,64,NULL,44340,1,0x00,0x00,NULL,'','Nicki Carroll',1,'Bldg 3, Wallsend Depot',2290,'Tingira Heights','0448274299','0249519502','ncarroll@ausgrid.com.au','1st Belmont North Sea Scouts','Arkala','Ellen Cook','0249466436','','Master Street','','Belmont North',2280,2,10,NULL,NULL,4,NULL,10,NULL,1,6,219020079,'2011-09-23 16:05:09',1,'300.00',NULL,'2011-09-27 13:26:11',101,738050,0x01,0x00),
 (825,34,NULL,35508,1,0x00,0x00,NULL,'','Peter Duffy',8,'Bldg 6, Homebush',2251,'Bensville','0419630995','','pduffy@ausgrid.com.au','Mary Mac\'s Place','Project Officer','Christine Burge','0243410584','marymacs@woywoycatholic.org.au','Blackwall Road','','Woy Woy',2256,2,8,NULL,NULL,9,'Purchasing Food',10,NULL,0,5,219020078,'2011-09-24 12:16:39',NULL,NULL,NULL,NULL,NULL,NULL,NULL,0x00),
 (826,65,NULL,20780,1,0x00,0x00,NULL,'','Greg Shaw',3,'Block B, East, Wallsend Admin.',2316,'Anna Bay','0412258125','','gregshaw@ausgrid.com.au','Boolaroo Speers Point Swimming Club','Senior Leaarn-to-Swim Instructor','Greg Shaw','','gregshaw@ausgrid.com.au','12 Sea Winds Village / 2 Frost Rd','','Anna Bay',2316,2,9,NULL,NULL,6,NULL,12,'Learn-to -Swim Instructor',1,6,219020079,'2011-09-26 12:03:14',1,'300.00',NULL,'2011-09-27 13:26:11',101,738050,0x01,0x00),
 (827,35,NULL,46856,1,0x00,0x00,NULL,'','Gary Mcdermott',1,'Noraville Depot',2263,'Norah Head','0407411944','','','MS Australia','Sponsorship Co-Ordinator','Georgina Westgarth','1300733690','georgina.westgarth@msaustralia.org.au','MS EVENTS','LOCKED BAG 7001','Marrickville',1475,2,6,NULL,NULL,1,NULL,6,NULL,1,5,219020078,'2011-09-27 06:32:57',1,'300.00',NULL,'2011-10-20 13:23:24',104,738050,NULL,0x00),
 (828,37,NULL,43818,1,0x00,0x00,NULL,'','Deborah Young',2,'Level: 1, Bldg 1, Homebush',2145,'Greystanes','0417412288','0293946789','dyoung@ausgrid.com.au','Australian Red Cross','Customer Success','Helen Ross','','info@everydayhero.com.au','Locked Bag 4001','','Fortitude Valley ',4006,4,11,'Humantarian Aid',NULL,3,NULL,10,NULL,1,4,219020077,'2011-09-27 13:58:43',1,'300.00',NULL,'2011-10-17 14:08:24',18,738050,NULL,0x00),
 (829,10,NULL,52013,1,0x00,0x00,NULL,'','Nola Connor',1,'Muswellbrook',2333,'Muswellbrook','0408433856','0265429076','nconnor@ausgrid.com.au','Muswellbrook PCYC','Manager','Deanne Douglas','0265411434','muswellbrook@pcycnsw.org.au','Carl Street ','','Muswellbrook',2333,2,10,NULL,NULL,2,NULL,5,NULL,1,7,219020080,'2011-09-27 14:30:35',1,'300.00',NULL,'2011-10-13 15:05:24',36,738050,0x01,0x00),
 (830,11,NULL,46207,1,0x00,0x00,NULL,'','Jody Ingold',1,'Muswellbrook',2333,'Muswellbrook','0427435748','0265429023','jingold@ausgrid.com.au','Muswellbrook PCYC','Manager','Deanne Douglas','0265411434','muswellbrook@pcycnsw.org.au','Carl St','','Muswellbrook',2333,2,10,NULL,NULL,2,NULL,5,NULL,1,7,219020080,'2011-09-27 14:41:11',1,'300.00',NULL,'2011-10-13 15:05:24',36,738050,0x01,0x00),
 (831,12,NULL,47052,1,0x00,0x00,NULL,'','Chris Boles',1,'Muswellbrook',2333,'Muswellbrook','0437046375','','cboles@ausgrid.com.au','PCYC N.S.W.','Manager','Deanne Douglas','','muswellbrook@pcycnsw.org.au','Carl St','','Muswellbrook',2333,2,10,NULL,NULL,4,NULL,5,NULL,0,7,219020080,'2011-09-27 15:31:02',1,'300.00',NULL,'2011-10-13 15:05:24',36,738050,0x01,0x00),
 (832,13,NULL,48286,1,0x00,0x00,NULL,'','Mark Thorley',1,'Muswellbrook',2333,'Muswellbrook','0417688976','','mthorley@ausgrid.com.au','PCYC NSW','Manager','Deanne Douglas','','','Carl Street','','Muswellbrook',2333,2,10,NULL,NULL,4,NULL,5,NULL,0,7,219020080,'2011-09-27 15:49:08',1,'300.00',NULL,'2011-10-13 15:05:24',36,738050,0x01,0x00),
 (833,38,NULL,52416,1,0x00,0x00,NULL,'','Jeffrey Ma',1,'Level 6, 570 George St, Sydney',2153,'Baulkham Hills','0403508960','0292694511','jma@ausgrid.com','Willoughby City Band','Treasurer','Margaret Evans','','','PO Box 1549','','Chatswood',2057,2,2,NULL,NULL,9,'New uniforms',3,NULL,1,4,219020077,'2011-09-29 10:26:10',NULL,NULL,NULL,NULL,NULL,NULL,NULL,0x00),
 (834,14,NULL,51121,1,0x00,0x00,NULL,'','James Alexander',1,'Level: 1, Bldg 4, Zetland',2088,'Mosman','','','','Australian Red Cross Blood Service','Donor Liason Officer','Mary Venchiarutti','','','Town Hall Donor Centre','St Andrews House','Sydney',2000,2,6,NULL,NULL,9,'To continue this service',11,NULL,0,2,219020075,'2011-09-29 14:35:03',1,'300.00',NULL,'2011-10-19 10:38:00',8,738050,NULL,0x00),
 (835,28,NULL,46757,1,0x00,0x00,NULL,'','Michael Slattery',1,'Level: 1, Bldg 5, Zetland',2232,'Loftus','0438436956','','mslattery@ausgrid.com.au','Cronulla Sutherland Stand Up Paddle Club','President','Peter Tapp','0418294854','president@cronullasutherlandsupclub.com.au','27 Throsby Cl','','Barden Ridge',2234,2,9,NULL,NULL,6,NULL,7,NULL,1,3,219020076,'2011-09-29 16:30:31',1,'300.00',NULL,'2011-09-29 16:31:13',13,738050,0x01,0x00),
 (836,36,NULL,35508,2,0x00,0x00,NULL,'','Peter Duffy',8,'Bldg 6, Homebush',2251,'Bensville','0419630995','','pduffy@ausgrid.com.au','Khedrubje Meditation Centre','Admin Director','Jeni Andrews','0409988927','jeniand@live.com.au','22 Dorset Close','','Wamberal',2260,2,8,NULL,NULL,4,NULL,4,NULL,0,5,219020078,'2011-09-30 10:27:01',NULL,NULL,NULL,NULL,NULL,NULL,NULL,0x00),
 (837,37,NULL,52176,1,0x00,0x00,NULL,'','Anthony Harper',6,'Block C, West, Wallsend Admin.',2258,'Fountaindale','0447403857','','aharper@ausgrid.com.au','Cancer Council Mingara - Relay for life','Organiser','Kim Leecroft','0243364500','kiml@nswcc.org.au','Cancer Council Regional Office ','','Erina',2250,2,6,NULL,NULL,3,NULL,6,NULL,1,5,219020078,'2011-09-30 13:26:38',1,'300.00',NULL,'2011-10-20 13:21:33',104,738050,NULL,0x00),
 (838,29,5,46772,1,0x00,0x00,NULL,'','Michael David Brown',1,'Level: 1, Bldg 5, Homebush',2232,'kirrawee','0421108652','','mdbrown@ausgrid.com.au','caringbah neighbouraid  ','co-ordinator','seana dinsey','0295456806','cbahnaid@bigppond.com','386 porthacking rd','','Caringbah',2229,2,8,NULL,NULL,8,NULL,10,NULL,1,3,219020076,'2011-09-28 21:21:52',1,'300.00',NULL,'2011-10-26 15:26:38',13,738050,NULL,0x01),
 (839,66,NULL,48762,2,0x00,0x00,NULL,'','Jason Hepple',1,'Wallsend Admin.',2290,'Redhead','0438451172','0249519431','jhepple@ausgrid.com.au','Redhead Tennis Club','Secretary','Stuart Dawson','0249448144','stulyn@exemail.com.au','Burns St Redhead','52 Cowlishaw St Redhead','Redhead',2290,2,9,NULL,NULL,4,NULL,11,NULL,0,6,219020079,'2011-10-04 08:34:18',1,'300.00',NULL,'2011-10-27 13:51:50',101,738050,NULL,0x00),
 (840,67,NULL,55654,1,0x00,0x00,NULL,'','Michael Strang',8,'Building 2, Abbott Street, Wallsend',2287,'Wallsend','0422294528','','mstrang@ausgrid.com.au','Lambton Bowling Club Cricket Club','President','Chris Kelly','0437250011','chris@newcastlefresh.com.au','57 Robert Street','','Wallsend',2287,2,9,NULL,NULL,6,NULL,9,NULL,1,6,219020079,'2011-10-04 10:46:50',0,NULL,8,'2011-10-27 14:45:31',101,NULL,NULL,0x00),
 (841,39,NULL,47683,3,0x01,0x00,NULL,'','Jonathon Worrell',8,'Silverwater Learning Centre',2147,'Seven Hills','0439597807','0287451611','jworrell@ausgrid.com.au','Toyosports Car Club of NSW','Secretary','Shane McILvenna','0417304308','toyosportsnsw@gmail.com','47 Mathew cres','','Blacktown',2148,2,9,NULL,NULL,NULL,NULL,8,NULL,1,4,219020077,'2011-10-04 10:49:36',0,NULL,13,'2011-10-17 14:48:46',40,NULL,NULL,0x00),
 (842,38,NULL,53198,1,0x00,0x00,NULL,'','Craig Shepherd',4,'Level: 5, Roden Cutler House',2250,'Narara','0411135181','','cshepherd@ausgrid.com.au','Valley View Primary School P&C association','P&C President','Andrea Alexander','','','Chamberlain Rd','','Wyoming',2250,2,10,NULL,NULL,4,NULL,11,NULL,1,5,219020078,'2011-10-04 10:57:14',1,'300.00',NULL,'2011-10-20 13:25:07',104,738050,NULL,0x00),
 (843,40,NULL,49672,1,0x00,0x00,NULL,'','Eve Bleuel',2,'Bldg 2, Homebush',2132,'Croydon','0467708892','0293946938','ebleuel@ausgrid.com.au','RSPCA NSW','Events Manager','Sarah Rossiter','0297824480','cupcake@rspcansw.org.au','PO Box 34','','Yagoona',2190,2,1,NULL,NULL,9,'shelter, vets, animal ambulance, education, inspectors. ',4,NULL,1,4,219020077,'2011-10-06 09:57:09',1,'300.00',NULL,'2011-10-17 14:16:32',18,738050,NULL,0x00),
 (844,68,NULL,45392,1,0x00,0x00,NULL,'','Julie Redden',2,'Level: 1, Suite 10, Tuggerah',2264,'Mandalong','0459826454','','jredden@ausgrid.com.au','Singleton Pony Club ','President','Gail Hunter','0419247151','hunters.lodge@bigpond.com','Range Rd','','Whittingham',2330,2,9,NULL,NULL,6,NULL,12,'Publicity Officer',1,6,219020079,'2011-10-06 10:26:02',1,'300.00',NULL,'2011-10-27 13:28:52',30,738050,NULL,0x00),
 (845,16,NULL,44211,1,0x00,0x00,NULL,'','Glen Noble',4,'Level: 2, Roden Cutler House',2026,'Bondi','','1300723492','','Acon Health Ltd','Client Services Manager','Vicky Coumbe','0292062000','vcoumbe@acon.org.au','4/4 Elizabeth Street ','','Surry Hills',2010,2,6,NULL,NULL,4,NULL,1,NULL,0,1,219020074,'2011-10-06 10:28:07',NULL,NULL,NULL,NULL,NULL,NULL,NULL,0x00),
 (846,17,NULL,50805,1,0x00,0x00,NULL,'','David Lang',3,'Level: 16, George St.',2016,'Redfern','0447200914','','','2nd/3rd Pennant Hills Scout Troop','Group Leader','Geoff Smithson','','smithsongeoff@hotmail.com','Kitchener Road','','Cherrybrook',2126,2,10,NULL,NULL,5,NULL,12,'Scout Leader',1,1,219020074,'2011-10-06 10:33:56',NULL,NULL,NULL,NULL,NULL,NULL,NULL,0x00),
 (847,41,NULL,51967,1,0x00,0x00,NULL,'','Graham Chai',2,'Level: 5, Pymble',2135,'Strathfield','0412994594','0293946506','','Homebush Public School P & C','President','Tom Khantan','0418118072','tom.khanthan@services.nsw.gov.au','Rochester Street ','','Homebush',2140,2,3,NULL,NULL,9,'purchasing books',9,NULL,0,4,219020077,'2011-10-06 10:38:36',0,NULL,13,'2011-10-17 14:17:42',18,NULL,NULL,0x00),
 (848,42,NULL,40174,1,0x00,0x00,NULL,'','Chris Lynch',1,'Level: 1, Bldg 5, Zetland',2211,'Padstow','0408202145','','','Illawong Rural Fire Brigade','Treasurer','Greg Last','0403940101','greg.last@ato.gov.au','Old Illawara Road','','Illawong',2234,2,4,NULL,NULL,4,NULL,12,'Deputy Captain',1,4,219020077,'2011-10-06 10:44:34',1,'300.00',NULL,'2011-10-17 14:14:14',18,738050,NULL,0x00),
 (849,39,NULL,44074,1,0x00,0x00,NULL,'','Ben Stadelmann',1,'Unit 2, Tuggerah',2261,'BATEAU BAY','0438206625','','bstadelmann@ausgrid.com.au','MS AUSTRALIA','PROCESSING OFFICER','DI GASCOIGNE','0282990117','events@msaustralia.com.au','LOCKED BAG 7001','','Marrickville',2204,2,7,NULL,NULL,2,NULL,1,NULL,1,5,219020078,'2011-10-06 12:43:30',1,'300.00',NULL,'2011-10-20 13:25:07',104,738050,NULL,0x00),
 (850,69,NULL,45616,1,0x00,0x00,NULL,'','Jeff Carpenter',1,'Bldg 3, Wallsend Depot',2299,'Jesmond','0458224523','','','The Prostate Cancer Foundation Australia','Organiser','Chris Dunne','0419279337','','Level 3','39-41 Chandos Street','St Leonards',2065,2,6,NULL,NULL,3,NULL,5,NULL,1,6,219020079,'2011-10-06 15:01:54',1,'300.00',NULL,'2011-10-27 13:28:51',30,738050,NULL,0x00),
 (851,14,NULL,45967,1,0x00,0x00,NULL,'','Garry Jones',1,'Singleton',2330,'Singleton','0428243382','','gsba@bigpond.com','PCH Junior Cricket Club Singleton','Treasurer','Sue Jones   ','0418979528','gsba@bigpond.com','PO Box 489 ','','Singleton',2330,2,9,NULL,NULL,6,NULL,2,NULL,1,7,219020080,'2011-10-06 15:12:08',1,'300.00',NULL,'2011-10-13 15:08:06',36,738050,0x01,0x00),
 (852,18,NULL,50802,1,0x00,0x00,NULL,'','Perry Stephenson',8,'Silverwater',2035,'Maroubra','0430950878','','PStephenson@ausgrid.com.au','Multiple Sclerosis Limited','Call Centre','Call Centre (Sydney to the Gong)','1300733690','events@msaustralia.org.au','Locked Bag 7001','','Marrickville',1475,2,8,NULL,NULL,4,NULL,6,NULL,1,1,219020074,'2011-10-07 09:18:51',NULL,NULL,NULL,NULL,NULL,NULL,NULL,0x00),
 (853,40,NULL,34668,1,0x00,0x00,NULL,'','Steve Prentice',1,'Unit 1, Tuggerah',2261,'Berkeley Vale','0408215427','0243998020','sprentice@ausgrid.com.au','CANCER COUNCIL','COMMUNITY RELATIONS CO-ORDINATOR','LESLIE CHART','0243364300','','THE HIVE','','Erina',2250,2,1,NULL,NULL,3,NULL,1,NULL,0,5,219020078,'2011-10-07 11:51:55',1,'300.00',NULL,'2011-10-20 13:25:07',104,738050,NULL,0x00),
 (854,41,NULL,47074,1,0x00,0x00,NULL,'','Linda Prentice',4,'Unit 5/6, Tuggerah',2261,'Berkeley Vale','','0243998057','lprentice@ausgrid.com.au','CANCER COUNCIL','COMMUNITY RELATIONS CO-ORDINATOR','LESLIE CHART','0243364300','','THE HIVE','','Erina',2250,2,1,NULL,NULL,3,NULL,1,NULL,0,5,219020078,'2011-10-07 11:55:42',1,'300.00',NULL,'2011-10-20 13:25:07',104,738050,NULL,0x00),
 (855,30,NULL,51654,1,0x00,0x00,NULL,'','Todd Rowling',2,'Head Office Building',2233,'Engadine','','0285696779','trowling@ausgrid.com.au','3801 limited','Maintenance Manager','Bob Morris','0410797277','','Australian Technology Park Locomotive Workshop, Suite 2','2 Locomotive Street','Eveleigh',2015,2,11,'Heritage train group, supporting Cancer Council and Camp Quality',NULL,9,'Materials for ongoing mainenance of heritage railway carriages',11,NULL,1,3,219020076,'2011-10-10 07:25:47',0,NULL,13,'2011-10-26 15:27:34',13,NULL,NULL,0x00),
 (856,43,NULL,51183,2,0x00,0x00,NULL,'','Matthew Ansell-Laurendet',1,'Level: 1, Chatswood - Bryson St Office',2747,'Claremont Meadows','0427439737','','','Multiple Sclerosis Limited','Regional Events Manager','Georgina Westgrath','1300733690','','Locked Bag 7001','','Marrickville',1475,2,6,NULL,NULL,3,NULL,5,NULL,1,4,219020077,'2011-10-10 08:23:41',1,'300.00',NULL,'2011-10-17 14:14:14',18,738050,NULL,0x00),
 (857,44,NULL,48392,1,0x00,0x01,115254,'Ausgrid (Network)','Wayne Armstrong',1,'Bldg 3a, Hornsby',2753,'Yarramundi','0409606045','0285696731','warmstrong@ausgrid.com.au','Movember Foundation','Media Contact','Juliette Smith','0420845048','juliette@movember.com','PO Box 60','','East Melbourne',8002,7,7,NULL,NULL,3,NULL,6,NULL,1,4,219020077,'2011-10-10 10:38:23',1,'300.00',NULL,'2011-10-17 14:14:14',18,738050,NULL,0x00),
 (858,70,NULL,46047,1,0x00,0x00,NULL,'','Matthew Cartwright',1,'Cessnock Depot',2325,'cessnock','0417694202','','mcartwright@ausgrid.com.au','coalfields united amateur swimming club','secretary / coach','ellena morris','0418625482','','28 davis street','','Cessnock',2325,2,9,NULL,NULL,6,NULL,11,NULL,1,6,219020079,'2011-10-10 15:04:53',1,'300.00',NULL,'2011-10-28 15:09:05',101,738050,NULL,0x00),
 (859,15,NULL,38875,1,0x00,0x00,NULL,'','Andrew Mathers',6,'Level: 18, George St.',2076,'Normanhurst','0439460210','0292694184','andrewm63au@gmail.com','Hawkesbury Canoe Classic Trust Fund','Sectretary','Wendy McLean','0243581133','info@canoeclassic.asn.au','PO Box 6122','','Lake Munmorah',2259,2,6,NULL,NULL,3,NULL,5,NULL,1,2,219020075,'2011-10-11 14:32:13',1,'300.00',NULL,'2011-10-19 11:07:42',8,738050,NULL,0x00),
 (860,15,NULL,46206,1,0x00,0x00,NULL,'','Darrell Byron',1,'Muswellbrook',2333,'Muswellbrook','0407296547','0265429083','dbyron@ausgrid.com.au','PCYC','Manager','Deanne Douglas','0265411434','muswellbrook@pcycnsw.org.au','crn Carl and Market street','','Muswellbrook',2333,2,10,NULL,NULL,2,NULL,6,NULL,1,7,219020080,'2011-10-12 13:49:06',1,'300.00',NULL,'2011-10-13 15:08:06',36,738050,0x01,0x00),
 (861,16,NULL,49724,1,0x00,0x00,NULL,'','Adam Hayne',1,'Muswellbrook',2333,'Muswellbrook','','0265429014','','PCYC','Manager','De-anne Douglas','0265411434','muswellbrook@pcycnsw.org.au','cnr Market and Carl St\'s','','Muswellbrook',2333,2,10,NULL,NULL,2,NULL,6,NULL,0,7,219020080,'2011-10-12 14:27:25',1,'300.00',NULL,'2011-10-13 15:08:06',36,738050,0x01,0x00),
 (862,17,NULL,48474,1,0x00,0x00,NULL,'','Anoushka Colquhoun',1,'Muswellbrook',2333,'Muswellbrook','','0265429020','acolquhoun@ausgrid.com.au','Maiwel Group','Coordinator of \'Comets\' Group','Chris Rawlings','0249323522','','23 John Street','','Telarah',2320,2,8,NULL,NULL,8,NULL,11,NULL,1,7,219020080,'2011-10-12 15:37:02',1,'300.00',NULL,'2011-10-13 15:08:06',36,738050,0x01,0x00),
 (863,71,NULL,45643,1,0x00,0x00,NULL,'','Paul Harvey',2,'Block B, East, Wallsend Admin.',2280,'Belmont North','0412170438','0240354042','pharvey@ausgrid.com.au','Marching Koalas','President','Geoff Lynch','0413186711','marching_koalas@yahoo.com','PO Box 2104','','Dangar',2309,2,10,NULL,NULL,8,NULL,11,NULL,1,6,219020079,'2011-10-13 14:36:04',1,'300.00',NULL,'2011-10-27 13:27:42',30,738050,NULL,0x00),
 (864,72,NULL,44989,2,0x00,0x00,NULL,'','Michael Fitzpatrick',4,'Block A, Wallsend Admin.',2285,'Cameron Park','0425270182','0249519553','mfitzpat@ausgrid.com.au','Edgeworth Public School P&C','Member','Angela Wahlstedt','0425246435','','Cnr Oakville and Main Rd','','Edgeworth',2285,2,3,NULL,NULL,4,NULL,11,NULL,1,6,219020079,'2011-10-14 08:01:39',1,'300.00',NULL,'2011-10-27 13:27:42',30,738050,NULL,0x00),
 (865,16,NULL,55327,1,0x00,0x00,NULL,'','Harley Mitchell',2,'Level: 13, Roden Cutler House',2110,'Hunters Hill','0467726933','','hmitchell@ausgrid.com.au','Dragons Abreast Australia','Director','Michelle Hanton','1300889566','office@dragonsabreast.org.au','PO Box 36923','','Winnellie',821,3,6,NULL,NULL,1,NULL,6,NULL,1,2,219020075,'2011-10-14 08:44:55',1,'300.00',NULL,'2011-10-19 11:07:42',8,738050,NULL,0x00),
 (866,73,NULL,44541,1,0x00,0x00,NULL,'','Michelle Wood',4,'Block A, Wallsend Admin.',2287,'Fletcher','0411111540','0249511851','mjbl5@bigpond.com','Hunter United Diving Acadamey','Head Coach','Eric Brooker','0404160294','eric.brooker@huda.org.au','7 Clarence Street','','Tenambit',2323,2,9,NULL,NULL,6,NULL,5,NULL,1,6,219020079,'2011-10-14 12:56:29',NULL,NULL,NULL,NULL,NULL,NULL,NULL,0x00),
 (867,45,NULL,34074,1,0x00,0x00,NULL,'','Phil Gates',2,'Level: 15, George St.',2153,'Winston Hills','0418494972','0292697244','pgates@ausgrid.com.au','MS society','Community Fund raising','Kerry Hill','0294688345','kerry.hill@msaustralia.org.au','293 Mowbray Rd','','Chatswood',2141,2,6,NULL,NULL,2,NULL,12,'participant in event',1,4,219020077,'2011-10-14 16:04:00',1,'300.00',NULL,'2011-10-17 14:14:14',18,738050,NULL,0x00),
 (868,42,NULL,51737,1,0x00,0x00,NULL,'','Warren Bilbow',1,'Gosford Depot',2263,'Norah Head','0418250118','','waazza@bigpond.net.au','Norah Head Surfing Fraternity','committee','Warren Bilbow','0418250118','waazza@bigpond.net.au','6 Vimiera Close ','','Norah Head',2263,2,9,NULL,NULL,6,NULL,4,NULL,1,5,219020078,'2011-10-17 06:53:26',1,'300.00',NULL,'2011-10-20 13:27:37',104,738050,NULL,0x00),
 (869,74,NULL,50789,1,0x00,0x00,NULL,'','Doug Giles',2,'Block B, Wallsend Admin.',2300,'Cooks Hill','','','','MS Australia','N/A','N/A','','','N/A','','N/A',9999,2,8,NULL,NULL,3,NULL,5,NULL,0,6,219020079,'2011-10-18 09:10:00',1,'300.00',NULL,'2011-10-27 13:27:42',30,738050,NULL,0x00),
 (870,31,NULL,43446,1,0x00,0x00,NULL,'','Kyle Farrar',2,'Sefton Zone Depot',2232,'Loftus','0417202296','0285397904','kfarrar@ausgrid.com.au','Cerebral Palsey alliance','CEO','Rob White','','','321 Mona Vale RD','','Terrey Hills',2084,2,6,NULL,NULL,4,NULL,5,NULL,1,3,219020076,'2011-10-18 10:40:06',1,'300.00',NULL,'2011-10-26 15:27:34',13,738050,NULL,0x00),
 (871,75,NULL,47437,1,0x00,0x00,NULL,'','Rachael Morante',4,'Block A, Wallsend Admin.',2285,'Edgeworth','0411858326','0240354091','rmorante@ausgrid.com.au','Edgeworth Public School P & C','President','Tracey Clarke','0249581831','edgeworth-p.school@det.nsw.edu.au','Minmi Rd','','Edgeworth',2285,2,11,'Reading Groups & Fundraising',NULL,4,NULL,11,NULL,1,6,219020079,'2011-10-19 08:42:28',1,'300.00',NULL,'2011-10-27 13:27:42',30,738050,NULL,0x00),
 (872,17,NULL,47981,1,0x00,0x00,NULL,'','Sarah Hall',3,'Level: Grd Flr, Pymble',2112,'Ryde','0408477511','0292697380','shall@ausgrid.com.au','National Breast Cancer Foundation','Pink Ribbon Breakfast Team','Pink Ribbon Breakfast Team','1300803551','pinkribbonbreakfast@nbcf.org.au','GPO Box 4126','','Sydney',2001,2,6,NULL,NULL,3,NULL,6,NULL,1,2,219020075,'2011-10-19 08:58:05',1,'300.00',NULL,'2011-10-19 11:07:42',8,738050,NULL,0x00),
 (873,76,NULL,45381,1,0x00,0x00,NULL,'','Ed King',1,'Bldg 3, Wallsend Depot',2287,'Wallsend','0418219497','','eking@ausgrid.com.au','1st South Wallsend Venturer Scouts','Group Leader','Hugh Sparkes','0419610860','hugh@hatraining.com.au','Rushton Park','Cardiff Rd','Wallsend',2287,2,10,NULL,NULL,4,NULL,12,'Venturer Leader',1,6,219020079,'2011-10-19 10:17:43',1,'300.00',NULL,'2011-10-27 13:27:42',30,738050,NULL,0x00),
 (874,77,NULL,51779,3,0x01,0x00,NULL,'','Erin Griffiths',4,'Block A, Wallsend Admin.',2280,'Belmont South','0406421649','0249519931','egriffiths@ausgrid.com.au','Belmont Community Child Care Centre','Director ','Sharon Clout','0249477373','bcccc@westnet.com.au','5a Glover Street','','Belmont',2280,2,3,NULL,NULL,NULL,NULL,11,NULL,1,6,219020079,'2011-10-19 12:26:13',NULL,NULL,NULL,NULL,NULL,NULL,NULL,0x00),
 (875,78,NULL,51779,1,0x00,0x00,NULL,'','Erin Griffiths',4,'Block A, Wallsend Admin.',2280,'Belmont South','0406421649','0249519931','egriffiths@ausgrid.com.au','Belmont Community Child Care Centre','Director ','Sharon Clout','0249477373','bcccc@westnet.com.au','5a Glover Street','','Belmont',2280,2,3,NULL,NULL,4,NULL,11,NULL,1,6,219020079,'2011-10-19 12:28:08',1,'300.00',NULL,'2011-10-27 13:27:42',30,738050,NULL,0x00),
 (876,43,NULL,38638,1,0x00,0x00,NULL,'','John Lyons',1,'Noraville Depot',2261,'Bateau Bay','0419244345','0243258767','jlyons@ausgrid.com.au','MS Australia','Sponsorship','Peter  O connell','1300733690','peter.oconnell@msaustralia.org.au','MS Event ,','Lock Bag 7001','Marrickville',1475,2,6,NULL,NULL,9,'Gong bike ride fundraiser',6,NULL,1,5,219020078,'2011-10-19 15:53:10',1,'300.00',NULL,'2011-10-20 13:24:03',104,738050,NULL,0x00),
 (877,44,NULL,55455,1,0x00,0x00,NULL,'','David Fredric',8,'Tuggerah Metering Operations',2250,'Kariong','0431998709','','','Kariong Rural Fire Brigade','Captain','Robert Sterling','0243401694','','PO Box 7143','','Kariong',2250,2,4,NULL,NULL,5,NULL,11,NULL,1,5,219020078,'2011-10-20 07:47:40',1,'300.00',NULL,'2011-10-20 13:24:03',104,738050,NULL,0x00),
 (878,45,NULL,46510,1,0x00,0x00,NULL,'','Gregory Irvine',1,'Noraville Depot',2262,'Budgewoi','0409322794','','girvine@ausgrid.com.au','Budgewoi Girl Guides','Treasurer','Ella Pepper-Edwards','0243902662','pep174@bigpond.com','Narambi Rd','','Budgewoi',2262,2,9,NULL,NULL,4,NULL,5,NULL,0,5,219020078,'2011-10-20 15:18:27',NULL,NULL,NULL,NULL,NULL,NULL,NULL,0x00),
 (879,46,NULL,55549,1,0x00,0x00,NULL,'','Amy Duroux',4,'Block A, West, Wallsend Admin.',2262,'DOYALSON','0411578952','0243902016','ADUROUX@AUSGRID.COM.AU','JUNIOR TRIALS MINI MOTORCYCLE CLUB','PRESIDENT','PAUL GRANT','0437300979','INFO@JUNIORTRIALS.COM.AU','CNR KANAGRA RD AND ','PACIFIC HIGHWAY','GWANDALAN',2259,2,9,NULL,NULL,5,NULL,11,NULL,1,5,219020078,'2011-10-20 15:21:16',NULL,NULL,NULL,NULL,NULL,NULL,NULL,0x00),
 (880,46,NULL,35064,2,0x00,0x01,1376258,'Ausgrid Contact Centre','Peter Huby',2,'Level: Mezzanine, George St.',2154,'Castle Hill','0412425596','0285696898','phuby@ausgrid.com.au','Movember Foundation','Media Contact','Juliette Smith','0420845048','juliette@movember.com','PO Box 60','','East Melbourne',8002,7,7,NULL,NULL,1,NULL,11,NULL,1,4,219020077,'2011-10-21 07:18:23',NULL,NULL,NULL,NULL,NULL,NULL,NULL,0x00),
 (881,79,NULL,45738,1,0x00,0x01,193219,'tba','Adam Spink',4,'Level: Grd Flr, 116 Lake Rd, Elermore Vale, NSW 2287',2326,'Bishops Bridge','0414192490','','aspink@ausgrid.com.au','Movember Foundation','Ausgrid','Tess','','','PO Box 292,','','Prahran',3181,7,7,NULL,NULL,1,NULL,5,NULL,0,6,219020079,'2011-10-21 14:37:53',1,'300.00',NULL,'2011-10-27 13:27:42',30,738050,NULL,0x00),
 (882,47,NULL,47569,1,0x00,0x01,1314738,'Ausgrid','Luke Seaman',1,'Level: 1, Bldg 1, Hornsby',2250,'Narara','0418607998','0294778239','lseaman@ausgrid.com.au','Movember Foundation','Media Contact','Juliette Smith','0420845048','juliette@movember.com','PO Box 60','East Melbourne VIC','East Melbourne',8002,7,7,NULL,NULL,1,NULL,5,NULL,1,5,219020078,'2011-10-21 22:51:48',NULL,NULL,NULL,NULL,NULL,NULL,NULL,0x00),
 (883,18,NULL,50447,1,0x00,0x01,108223,'Contestable Hunter','Mark Ambrose',1,'Muswellbrook',2330,'Singleton','0404459426','0265429078','mambrose@ausgrid.com.au','Movember','Media Contact','Juliette Smith','','','PO Box 60','','East Melbourne',8002,7,7,NULL,NULL,3,NULL,11,NULL,1,7,219020080,'2011-10-22 12:43:26',NULL,NULL,NULL,NULL,NULL,NULL,NULL,0x00),
 (884,48,NULL,35087,1,0x00,0x00,NULL,'','Phil Wilson',1,'Bldg 6, Noraville Depot',2250,'Springfield','0412465982','','pwilson@ausgrid.com.au','Touched by Olivia','Founding Director ','John Perkins','0415607055','John.perkins@touchedbyolivia.com.au','3/6 Wolseley Street ','','Drummoyne',2047,2,6,NULL,NULL,3,NULL,6,NULL,1,5,219020078,'2011-10-24 12:24:24',NULL,NULL,NULL,NULL,NULL,NULL,NULL,0x00),
 (885,80,NULL,48499,1,0x00,0x00,NULL,'','Bradley Shaw',2,'Bldg 15, Wallsend Depot',2304,'Warabrook','0439040978','0249602886','bradleyshaw@ausgrid.com.au','mayfield united junior soccer club','secretary','bradley shaw','0439040978','bradleyshaw@ausgrid.com','p.o. box 149','','HRMC',2310,2,9,NULL,NULL,6,NULL,9,NULL,1,6,219020079,'2011-10-24 13:05:35',1,'300.00',NULL,'2011-10-27 13:27:42',30,738050,NULL,0x00),
 (886,47,NULL,38034,1,0x00,0x00,NULL,'','Russell Jenkins',2,'Bldg 3, Oatley',2143,'Birrong','0414192408','0295855651','rjenkins@ausgrid.com.au','Birrong Public School','Principal','John Massard','','','132 Auburn Rd','','Birrong',2143,2,3,NULL,NULL,4,NULL,11,NULL,0,4,219020077,'2011-10-25 09:54:57',NULL,NULL,NULL,NULL,NULL,NULL,NULL,0x00),
 (887,32,NULL,43522,1,0x00,0x00,NULL,'','David Burns',1,'Level: 1, Bldg 1, Oatley',2232,'Sutherland','','0295855922','dburns@ausgrid.com.au','ST GEORGE DISTRICT ATHLETIC CLUB','PRESIDENT','ALBERT THOMAS','','','1 SCOTT ST ','','Kogarah',2217,2,9,NULL,NULL,6,NULL,9,NULL,1,3,219020076,'2011-10-25 10:50:42',1,'300.00',NULL,'2011-10-26 15:27:34',13,738050,NULL,0x00),
 (888,49,NULL,54017,1,0x00,0x00,NULL,'','Alan Roberts',2,'14 Nelson Street, Chatswood, NSW, 2067',2250,'Mount White','0401431617','','alanroberts@ausgrid.com.au','Brisbane Waters Rural Fire Brigade','Captain','Kayle Barton','0403192647','kayle.barton@hotmail.com','PO Box 3348','','Erina',2250,2,4,NULL,NULL,9,'Operational Equipment - Torches',12,'Deputy Captain',1,5,219020078,'2011-10-26 09:21:54',NULL,NULL,NULL,NULL,NULL,NULL,NULL,0x00),
 (889,19,6,45967,1,0x00,0x00,NULL,'','Garry Jones',1,'Singleton',2330,'Singleton','0428243382','0265776155','gsba@bigpond.com','PCH	Junior	Cricket	Club','Treasurer','Suzan	Jones','0418979528','gsba@bigpond.com','PO	BOX	489','','Singleton',2330,2,9,NULL,NULL,6,NULL,2,NULL,1,7,219020080,'2011-10-06 15:07:27',NULL,NULL,NULL,NULL,NULL,NULL,NULL,0x01),
 (890,33,NULL,41434,1,0x00,0x00,NULL,'','Chad Springall',2,'Sefton Zone Depot',2232,'Loftus','','','','Cerebral Palsy Alliance','CEO','Rob White','','','P.O Box 184 ','','Brookvale',2100,2,11,'Services for people with CP',NULL,4,NULL,5,NULL,1,3,219020076,'2011-10-26 11:13:38',NULL,NULL,NULL,NULL,NULL,NULL,NULL,0x00),
 (891,48,NULL,34844,1,0x00,0x01,1570290,'Ausgrid','Rod Wilkinson',8,'Meadowbank',2128,'Silverwater','0412416262','0287451566','rwilkins@ausgrid.com.au','Movember Foundation','Secretary','Greg Rafferty','','','PO Box 292','','Prahran',3181,7,7,NULL,NULL,3,NULL,11,NULL,1,4,219020077,'2011-10-27 15:48:33',NULL,NULL,NULL,NULL,NULL,NULL,NULL,0x00),
 (892,50,NULL,33630,1,0x00,0x01,217021,'Ausgrid','Robert Sloan',2,'Level: 1, Unit 10, Tuggerah',2251,'Bensville','0412439262','0243998003','rsloan@ausgrid.com.au','Movember Foundation','Movember Foundation','Movember Foundation','','','PO Box 60','','East Melbourne',8002,7,7,NULL,NULL,3,NULL,5,NULL,1,5,219020078,'2011-10-28 13:19:50',NULL,NULL,NULL,NULL,NULL,NULL,NULL,0x00),
 (893,51,NULL,48951,1,0x00,0x01,1409182,'Ausgrid ','Craig James',6,'Level: 20, George St.',2250,'Lisarow','0418402211','','','Movember','Unknown','Unknown','','','PO Box 60','','East Melbourne',8002,7,7,NULL,NULL,2,NULL,6,NULL,1,5,219020078,'2011-10-31 09:29:16',NULL,NULL,NULL,NULL,NULL,NULL,NULL,0x00),
 (894,19,NULL,55489,1,0x00,0x00,NULL,'','Tylissa Stephens',8,'Silverwater',2036,'Hillsdale','0430842365','','','Cancer Council ','Tech Instructor','Jon Worrell','0439597807','jworrell@ausgrid.com.au','Rotary House,',' 43 Hunter St ','Parramatta 2150',2150,2,6,NULL,NULL,3,NULL,5,NULL,1,1,219020074,'2011-10-31 11:10:24',NULL,NULL,NULL,NULL,NULL,NULL,NULL,0x00),
 (895,18,NULL,50379,1,0x00,0x00,NULL,'','Andrew Gibbins',8,'Silverwater',2112,'Ryde','0400000000','0287451519','agibbins@ausgrid.com.au','Jannette Briggs Dance Acadamy','Owner','Janette Briggs','0246263085','','Bradbury Community Hall','52 Jacaranda Ave','Bradbury',2560,2,10,NULL,NULL,4,NULL,4,NULL,0,2,219020075,'2011-10-31 11:16:04',NULL,NULL,NULL,NULL,NULL,NULL,NULL,0x00),
 (896,49,NULL,55476,1,0x00,0x00,NULL,'','Tom Newman',8,'Silverwater',2120,'westleigh','0424020416','','','Cancer council','Tech instructor','Jon Worrell','0439597807','jworrell@ausgrid.com.au','Rotary House','43 Hunter St ','Parramatta',2150,2,6,NULL,NULL,3,NULL,5,NULL,1,4,219020077,'2011-10-31 11:16:44',NULL,NULL,NULL,NULL,NULL,NULL,NULL,0x00),
 (897,34,NULL,55485,1,0x00,0x00,NULL,'','Emily Shepard',8,'silverwater',2500,'Keiraville','0402580506','','','Cancer council','Tech instructor','Jon Worrell','0439597807','jworrell@ausgrid.com.au','Rotary house','43 Hunter st','Parramatta',2150,2,6,NULL,NULL,3,NULL,5,NULL,1,3,219020076,'2011-10-31 11:22:20',NULL,NULL,NULL,NULL,NULL,NULL,NULL,0x00),
 (898,20,NULL,55472,1,0x00,0x00,NULL,'','Luka Martin',8,'silverwater',2018,'Rosebery','0430523821','','','Cancer council','Tech Instructor','Jon Worrell','0439597807','jworrell@ausgrid.com.au','Rotory house','43 Hunter st','Parramatta',2150,2,6,NULL,NULL,3,NULL,5,NULL,1,1,219020074,'2011-10-31 11:35:14',NULL,NULL,NULL,NULL,NULL,NULL,NULL,0x00),
 (899,35,NULL,55460,1,0x00,0x00,NULL,'','Michael Howarth',8,'Silverwater',2530,'Horsley','0434418368','','','Cancer Council','Tech Instructor','Jon Worrell','0439597807','jworrell@ausgrid.com.au','Rotory House','43 Hunter st','Parramatta',2150,2,6,NULL,NULL,3,NULL,5,NULL,1,3,219020076,'2011-10-31 11:38:17',NULL,NULL,NULL,NULL,NULL,NULL,NULL,0x00),
 (900,52,NULL,48175,1,0x00,0x00,NULL,'','Dwain Reeves',8,'Silverwater',2250,'Narara','0431175443','','','Cancer Council','Tech Instructor','Jon Worrell','0439597807','jworrell@ausgrid.com.au','Rotory House','43 Hunter st ','Parramatta',2150,2,6,NULL,NULL,3,NULL,5,NULL,1,5,219020078,'2011-10-31 11:41:34',NULL,NULL,NULL,NULL,NULL,NULL,NULL,0x00),
 (901,50,NULL,55471,1,0x00,0x00,NULL,'','Tom Mackenzie',8,'Silverwater',2147,'Seven Hills','0406857687','','','Cancer Council','Tech Instructor','Jon Worrell','0439597807','jworrell@ausgrid.com.au','Rotory House','43 Hunter st','Parramatta',2150,2,6,NULL,NULL,3,NULL,5,NULL,1,4,219020077,'2011-10-31 12:01:26',NULL,NULL,NULL,NULL,NULL,NULL,NULL,0x00),
 (902,21,NULL,53186,1,0x00,0x00,NULL,'','Gavin Lopez',8,'Silverwater',2034,'Coogee','0403855664','','','Cancer council','Tech Instructor','Jon Worrell','0439597807','jworrell@ausgrid.com.au','Rotory House','43 Hunter st','Parramatta',2150,2,6,NULL,NULL,3,NULL,5,NULL,1,1,219020074,'2011-10-31 12:04:30',NULL,NULL,NULL,NULL,NULL,NULL,NULL,0x00),
 (903,22,NULL,55614,1,0x00,0x00,NULL,'','Justin Field',8,'Silverwater',2049,'Lewisham','0415322714','','','Cancer Council','Tech Instructor','Jon Worrell','0439597807','jworrell@ausgrid.com.au','Rotory House','43 hunter st','Parramatta',2150,2,6,NULL,NULL,3,NULL,5,NULL,1,1,219020074,'2011-10-31 12:09:35',NULL,NULL,NULL,NULL,NULL,NULL,NULL,0x00),
 (904,36,NULL,55451,1,0x00,0x00,NULL,'','James Dobell',8,'Silverwater',2234,'Bangor','0415990941','','','Cancer Council','Tech Instructor','Jon Worrell','0439597807','jworrell@ausgrid.com.au','Rotory House','43 Hunter St','Parramatta',2150,2,6,NULL,NULL,3,NULL,5,NULL,1,3,219020076,'2011-10-31 12:12:35',NULL,NULL,NULL,NULL,NULL,NULL,NULL,0x00),
 (905,51,NULL,43795,1,0x00,0x00,NULL,'','Chris Neal',8,'Silverwater',2782,'Wentworth Falls','0418160168','','cneal@ausgrid.com.au','Cancer Council','Tech instructor','jon worrell','0439597807','jworrell@ausgrid.com.au','Rotory House','43 Hunter st','Parramatta',2150,2,6,NULL,NULL,3,NULL,5,NULL,1,4,219020077,'2011-10-31 12:17:10',NULL,NULL,NULL,NULL,NULL,NULL,NULL,0x00),
 (906,23,NULL,55494,1,0x00,0x00,NULL,'','Joseph Tigani',8,'Silverwater',2046,'Russell Lea','0449866296','','','Cancer Council','Tech Instructor','Jon Worrell','0439597807','jworrell@ausgrid.com.au','Rotory House','43 Hunter st','Parramatta',2150,2,6,NULL,NULL,3,NULL,5,NULL,1,1,219020074,'2011-10-31 12:21:54',NULL,NULL,NULL,NULL,NULL,NULL,NULL,0x00),
 (907,52,NULL,55448,1,0x00,0x00,NULL,'','Aaron Chew',8,'Silverwater',2213,'Panania','0437220970','','','Cancer Council','Tech Instructor','Jon Worrell','0439597807','jworrell@ausgrid.com.au','Rotory House','43 Hunter st','Parramatta',2150,2,6,NULL,NULL,3,NULL,5,NULL,1,4,219020077,'2011-10-31 12:28:43',NULL,NULL,NULL,NULL,NULL,NULL,NULL,0x00);
INSERT INTO `commcare_submissions` (`id`,`serial_id`,`load_id`,`service_number`,`which_application`,`is_inkind`,`is_movember`,`movember_id`,`movember_team_name`,`applicant_name`,`applicant_division`,`applicant_work_addr`,`applicant_postcode`,`applicant_suburb`,`applicant_phone`,`applicant_phone_2`,`applicant_email`,`org_name`,`position_in_org`,`org_contact_name`,`org_contact_phone`,`org_contact_email`,`org_addr_line1`,`org_addr_line2`,`org_suburb`,`org_postcode`,`org_state`,`org_purpose`,`org_purpose_other`,`org_description`,`grant_use`,`grant_use_other`,`volunteer_role`,`volunteer_role_other`,`contactable`,`recc_id`,`recc_io_number`,`submission_date`,`status`,`amount`,`justification`,`decision_date`,`decision_service_number`,`gl_account`,`is_paid`,`sms_updates`) VALUES 
 (908,53,NULL,46715,1,0x00,0x01,141459,'Hornsby Planning','Jonathan Hopson',1,'Level: 1, Bldg 1, Hornsby',2765,'Riverstone','0438325875','0294778282','jhopson@ausgrid.com.au','Movember','Media Contact','Juliette Smith','0420845048','juliette@movember.com','PO Box 60','','East Melbourne',8002,7,7,NULL,NULL,9,'Mens Health',6,NULL,1,4,219020077,'2011-10-31 13:27:14',NULL,NULL,NULL,NULL,NULL,NULL,NULL,0x00),
 (909,19,NULL,55498,1,0x00,0x00,NULL,'','Steven Tuffin',8,'Silverwater',2081,'Berowra','0466594429','','','Cancer Council','Tech Instructor','Jon Worrell','0439597807','jworrell@ausgrid.com.au','Rotary house','43 Hunter st ','Parramatta',2150,2,6,NULL,NULL,3,NULL,5,NULL,1,2,219020075,'2011-10-31 13:41:01',NULL,NULL,NULL,NULL,NULL,NULL,NULL,0x00),
 (910,53,NULL,55452,1,0x00,0x00,NULL,'','Nathan Donkers',8,'Silverwater',2250,'Springfield','0408228399','','','Cancer Council','Tech Instructor','Jon Worrell','0439597807','jworrell@ausgrid.com.au','Rotary house','43 Hunter st ','Parramatta',2150,2,6,NULL,NULL,3,NULL,5,NULL,1,5,219020078,'2011-10-31 13:43:24',NULL,NULL,NULL,NULL,NULL,NULL,NULL,0x00),
 (911,37,NULL,55462,1,0x00,0x00,NULL,'','Boyd Johns',8,'Silverwater',2529,'Oak Flats','0420991987','','','Cancer Council','Tech Instructor','Jon Worrell','0439597807','jworrell@ausgrid.com.au','Rotary house','43 Hunter st ','Parramatta',2150,2,6,NULL,NULL,3,NULL,5,NULL,1,3,219020076,'2011-10-31 13:45:40',NULL,NULL,NULL,NULL,NULL,NULL,NULL,0x00),
 (912,38,NULL,55474,1,0x00,0x00,NULL,'','Mitchell McGuinness',8,'Silverwater',2234,'Illawong','0431972661','','','Cancer Council','Tech Instructor','Jon Worrell','0439597807','jworrell@ausgrid.com.au','Rotary house','43 Hunter st ','Parramatta',2150,2,6,NULL,NULL,3,NULL,5,NULL,1,3,219020076,'2011-10-31 13:50:11',NULL,NULL,NULL,NULL,NULL,NULL,NULL,0x00),
 (913,39,NULL,55443,1,0x00,0x00,NULL,'','Jason Buskens',8,'Silverwater',2226,'Como','0423149933','','','Cancer Council','Tech Instructor','Jon Worrell','0439597807','jworrell@ausgrid.com.au','Rotary house','43 Hunter st ','Parramatta',2150,2,6,NULL,NULL,3,NULL,5,NULL,1,3,219020076,'2011-10-31 13:52:18',NULL,NULL,NULL,NULL,NULL,NULL,NULL,0x00),
 (914,40,NULL,55442,1,0x00,0x00,NULL,'','Adam Bolton',8,'Silverwater',2529,'Oak Flats','0401804158','','','Cancer Council','Tech Instructor','Jon Worrell','0439597807','jworrell@ausgrid.com.au','Rotary house','43 Hunter st ','Parramatta',2150,2,6,NULL,NULL,3,NULL,5,NULL,1,3,219020076,'2011-10-31 14:02:32',NULL,NULL,NULL,NULL,NULL,NULL,NULL,0x00),
 (915,54,NULL,47514,1,0x00,0x00,NULL,'','Michael Mcvay',8,'Silverwater',2770,'Minchinbury','0407286951','','','Cancer Council','Tech Instructor','Jon Worrell','0439597807','jworrell@ausgrid.com.au','Rotary house','43 Hunter st ','Parramatta',2150,2,6,NULL,NULL,3,NULL,5,NULL,1,4,219020077,'2011-10-31 14:05:17',NULL,NULL,NULL,NULL,NULL,NULL,NULL,0x00),
 (916,55,NULL,39731,1,0x00,0x00,NULL,'','Wayne Ison',8,'silverwatre',2146,'Toongabbie','0414192124','','wison@ausgrid.com.au','Cancer Council','Tech Instructor','Jon Worrell','0439597807','jworrell@ausgrid.com.au','Rotary house','43 Hunter st ','Parramatta',2150,2,6,NULL,NULL,3,NULL,5,NULL,1,4,219020077,'2011-10-31 14:08:33',NULL,NULL,NULL,NULL,NULL,NULL,NULL,0x00),
 (917,56,NULL,47684,1,0x00,0x00,NULL,'','Trenton Bradley',8,'Silverwater',2150,'Parramatta','0439405744','','tbradley@ausgrid.com.au','Cancer Council','Tech Instructor','Jon Worrell','0439597807','jworrell@ausgrid.com.au','Rotary house','43 Hunter st ','Parramatta',2150,2,6,NULL,NULL,3,NULL,5,NULL,1,4,219020077,'2011-10-31 14:12:13',NULL,NULL,NULL,NULL,NULL,NULL,NULL,0x00),
 (918,57,NULL,49328,1,0x00,0x00,NULL,'','Malcolm Triebel',8,'Silverwater',2756,'Mcgraths Hill','0418611144','','','Cancer Council','Tech Instructor','Jon Worrell','0439597807','jworrell@ausgrid.com.au','Rotary house','43 Hunter st ','Parramatta',2150,2,6,NULL,NULL,3,NULL,5,NULL,1,4,219020077,'2011-10-31 14:15:24',NULL,NULL,NULL,NULL,NULL,NULL,NULL,0x00),
 (919,54,NULL,50187,1,0x00,0x01,1004508,'Hornsby Planning','David Mccormack',1,'Level: 1, Bldg1, Hornsby',2261,'Berkeley Vale','0400594836','0294778350','dmccormack@ausgrid.com.au','Movember Foundation','Media Contact','Juliette Smith','1300476966','info@movember.com','PO Box 60','','East Melbourne',8002,7,7,NULL,NULL,1,NULL,5,NULL,1,5,219020078,'2011-11-01 08:56:05',NULL,NULL,NULL,NULL,NULL,NULL,NULL,0x00),
 (920,20,NULL,46144,1,0x00,0x00,NULL,'','Michael Brown',1,'Muswellbrook',2333,'Muswellbrook','0427684103','0265429040','','SCONE PUBLIC SCHOOL','VOLUNTEER','P&C PUBLIC SCHOOL','0265451049','','LIVERPOOL ST ','','Scone',2337,2,3,NULL,NULL,6,NULL,11,NULL,0,7,219020080,'2011-11-01 10:41:47',NULL,NULL,NULL,NULL,NULL,NULL,NULL,0x00),
 (921,20,NULL,44702,1,0x00,0x01,83944,'Ausgrid','George Maltabarow',7,'Level: 22, George St.',2114,'Denistone','','','','Movember Foundation','Business Engagement Manager','Greg Rafferty','1300476966','','PO Box 60','','East Melbourne',8002,7,7,NULL,NULL,3,NULL,5,NULL,1,2,219020075,'2011-11-01 16:46:34',NULL,NULL,NULL,NULL,NULL,NULL,NULL,0x00),
 (922,81,NULL,49956,1,0x00,0x00,NULL,'','Kevin Smith',3,'Block A, Wallsend Admin.',2290,'Charlestown','0439591079','0240354123','kevin.smith@ausgrid.com.au','MS Australia','community fundraising coordinator','kerry hill','','kerry.hill@msaustralia.org.au ','MS Events','Locked bag 7001','Marrickville',1475,2,6,NULL,NULL,4,NULL,10,NULL,1,6,219020079,'2011-11-01 21:49:38',NULL,NULL,NULL,NULL,NULL,NULL,NULL,0x00),
 (923,24,NULL,47761,1,0x00,0x01,1936560,'http://mobro.co/stuartd','Stuart Donaldson',2,'Mezzanine, 5-7 Bryson Street, Chatswood',2041,'Birchgrove','0418299434','0285696479','sdonaldson@ausgrid.com.au','Movember','Movember','Movember','','','Movember','','Sydney',2000,2,7,NULL,NULL,3,NULL,6,NULL,1,1,219020074,'2011-11-02 11:35:40',NULL,NULL,NULL,NULL,NULL,NULL,NULL,0x00),
 (924,58,NULL,50237,1,0x00,0x01,1276042,'Hornsby Planning','Morgan Young',1,'Level: 1, Bldg 1, Hornsby',2153,'Baulkham Hills','0408311654','0294778345','myoung@ausgrid.com.au','Movember','Patricipant','Morgan Young','0408311654','myoung@ausgrid.com.au','3 Hakea Place','','Baulkham Hills',2135,2,7,NULL,NULL,1,NULL,6,NULL,0,4,219020077,'2011-11-03 07:11:33',NULL,NULL,NULL,NULL,NULL,NULL,NULL,0x00),
 (925,59,NULL,48795,1,0x00,0x01,1656956,'Hornsby Planning','Sita Suresh',1,'Level: Grd Flr, Bldg 1, Hornsby',2153,'Baulkham Hills','','0294778221','ssuresh@ausgrid.com.au','Movember Foundation','Media Contact','Juliette Smith','0420845048','juliette@movember.com','Movember','P O Box 60','East Melbourne',8002,7,7,NULL,NULL,3,NULL,5,NULL,1,4,219020077,'2011-11-03 08:17:27',NULL,NULL,NULL,NULL,NULL,NULL,NULL,0x00),
 (926,82,NULL,46359,1,0x00,0x00,NULL,'','Ingrid Foggo',4,'Elermore Vale',2290,'Dudley','0437766202','0249449791','ifoggo@ausgrid.com.au','Carr Family Fundraiser','Volunteer','Ingrid Foggo','0437766202','ifoggo@ausgrid.com.au','37 Ocean St','','Dudley',2290,2,11,'See attachment',NULL,9,'Assisting local Family',5,NULL,1,6,219020079,'2011-11-03 08:55:58',NULL,NULL,NULL,NULL,NULL,NULL,NULL,0x00),
 (927,83,NULL,46404,1,0x00,0x00,NULL,'','Belinda Johnstone',4,'Block A, Wallsend Admin.',2289,'Adamstown','0405405257','0249570496','bjohnstone@ausgrid.com.au','Adamstown Public School P & C','Treasurer & Secretary P & C','Clay Newland  & Vicki Cornish','0249571114','adamstown-p.school@det.nsw.edu.au','Bryant Street','','Adamstown',2289,2,3,NULL,NULL,5,NULL,5,NULL,1,6,219020079,'2011-11-03 11:44:44',NULL,NULL,NULL,NULL,NULL,NULL,NULL,0x00),
 (928,25,NULL,55067,1,0x00,0x01,1332206,'Ausgrid','Martin Harris',7,'Level 19, 321 Kent St.',2019,'Botany','0402016622','','martin.harris@ausgrid.com.au','The Movember Foundation','Sponsorship Manager','Greg Rafferty','','','PO Box 60','','East Melbourne',8002,7,7,NULL,NULL,3,NULL,5,NULL,1,1,219020074,'2011-11-03 15:08:07',NULL,NULL,NULL,NULL,NULL,NULL,NULL,0x00),
 (929,84,NULL,47114,1,0x00,0x00,NULL,'','Toni Adams',9,'Block A, Executive, Wallsend Admin.',2291,'Merewether','0407982161','0240354122','tadams@ausgrid.com.au','Henry Street Community Preschool','Adminstration Officer','Tracey Stiltman','0249633366','henrystreet@aapt.net.au','8 Henry Street','','Merewether',2291,2,3,NULL,NULL,4,NULL,5,NULL,1,6,219020079,'2011-11-03 15:13:52',NULL,NULL,NULL,NULL,NULL,NULL,NULL,0x00);


--
-- Definition of table `commcare_submissions_inkind_uses`
--

CREATE TABLE `commcare_submissions_inkind_uses` (
  `submission_id` int(11) NOT NULL,
  `interior_lighting` tinyint(4) DEFAULT '0',
  `fans` tinyint(4) DEFAULT '0',
  `floodlighting` tinyint(4) DEFAULT '0',
  `powerpoints` tinyint(4) DEFAULT '0',
  `switchboards` tinyint(4) DEFAULT '0',
  PRIMARY KEY (`submission_id`),
  CONSTRAINT `commcare_submissions_inkind_uses_ibfk_1` FOREIGN KEY (`submission_id`) REFERENCES `commcare_submissions` (`id`) ON DELETE CASCADE
) ENGINE=InnoDB DEFAULT CHARSET=utf8;

--
-- Dumping data for table `commcare_submissions_inkind_uses`
--

INSERT INTO `commcare_submissions_inkind_uses` (`submission_id`,`interior_lighting`,`fans`,`floodlighting`,`powerpoints`,`switchboards`) VALUES 
 (157,1,1,1,1,1),
 (543,0,0,0,1,1),
 (545,1,0,0,1,1),
 (624,1,0,0,1,1),
 (630,1,0,1,1,1),
 (640,0,0,0,0,1),
 (652,1,0,0,0,1),
 (678,1,1,1,1,0),
 (704,1,0,1,0,0),
 (723,1,1,1,1,0),
 (745,1,1,1,0,0),
 (747,1,1,1,1,1),
 (841,1,0,1,1,1),
 (874,1,1,1,1,1);


--
-- Definition of table `commcare_volunteer_roles`
--

CREATE TABLE `commcare_volunteer_roles` (
  `id` int(11) NOT NULL AUTO_INCREMENT,
  `role` varchar(255) DEFAULT NULL,
  `ord` int(11) DEFAULT NULL,
  PRIMARY KEY (`id`),
  UNIQUE KEY `ord` (`ord`)
) ENGINE=InnoDB AUTO_INCREMENT=13 DEFAULT CHARSET=utf8;

--
-- Dumping data for table `commcare_volunteer_roles`
--

INSERT INTO `commcare_volunteer_roles` (`id`,`role`,`ord`) VALUES 
 (1,'Administration/Clerical',1),
 (2,'Coach',2),
 (3,'Co-orindator',3),
 (4,'Event assistance',4),
 (5,'Fundraiser',5),
 (6,'One-off event participant',6),
 (7,'President',7),
 (8,'Registrations',8),
 (9,'Secretary',9),
 (10,'Support',10),
 (11,'Volunteer',11),
 (12,'Other',12);


--
-- Definition of table `divisions`
--

CREATE TABLE `divisions` (
  `id` int(11) NOT NULL AUTO_INCREMENT,
  `name` varchar(255) NOT NULL,
  PRIMARY KEY (`id`)
) ENGINE=InnoDB AUTO_INCREMENT=10 DEFAULT CHARSET=utf8;

--
-- Dumping data for table `divisions`
--

INSERT INTO `divisions` (`id`,`name`) VALUES 
 (1,'DO&R'),
 (2,'TSO'),
 (3,'SP&R'),
 (4,'Shared Services'),
 (5,'Retail'),
 (6,'Finance & Corporate'),
 (7,'Office of the MD'),
 (8,'Human Resources'),
 (9,'Energy Services');


--
-- Definition of table `document_groups`
--

CREATE TABLE `document_groups` (
  `id` int(11) NOT NULL AUTO_INCREMENT,
  `name` varchar(255) NOT NULL,
  PRIMARY KEY (`id`),
  UNIQUE KEY `name` (`name`)
) ENGINE=InnoDB AUTO_INCREMENT=3 DEFAULT CHARSET=utf8;

--
-- Dumping data for table `document_groups`
--

INSERT INTO `document_groups` (`id`,`name`) VALUES 
 (2,'CommCare Marketing Docs'),
 (1,'CommCare RECC User Docs');


--
-- Definition of table `documents`
--

CREATE TABLE `documents` (
  `id` int(11) NOT NULL AUTO_INCREMENT,
  `name` varchar(255) NOT NULL,
  `description` text,
  `filepath` varchar(255) DEFAULT NULL,
  `document_group` int(11) DEFAULT NULL,
  PRIMARY KEY (`id`)
) ENGINE=InnoDB AUTO_INCREMENT=12 DEFAULT CHARSET=utf8;

--
-- Dumping data for table `documents`
--

INSERT INTO `documents` (`id`,`name`,`description`,`filepath`,`document_group`) VALUES 
 (1,'Community Care Overview',NULL,'docs/community_care_overview.pdf',1),
 (2,'Community Care Council Charter',NULL,'docs/community_care_council_charter.pdf',1),
 (3,'RECC Charter',NULL,'docs/recc_charter.pdf',1),
 (4,'RECC Member Appointment Process',NULL,'docs/recc_member_appointment_process.pdf',1),
 (5,'RECC Map and Member Chart',NULL,'docs/recc_map_and_chart.pdf',1),
 (6,'RECC Member Application Form',NULL,'docs/recc_member_application_form.pdf',1),
 (7,'RECC Meeting Agenda',NULL,'docs/recc_meeting_agenda.doc',1),
 (8,'RECC Meeting Minutes',NULL,'docs/recc_meeting_minutes.doc',1),
 (9,'Payroll Giving',NULL,'docs/payroll_giving.pdf',1),
 (10,'Cash Grant Application hardcopy',NULL,'docs/cash_grant_application_hardcopy.pdf',1),
 (11,'Electrical Job Applicaiton hardcopy',NULL,'docs/electrical_job_application_hardcopy.pdf',1);


--
-- Definition of table `forms`
--

CREATE TABLE `forms` (
  `id` int(11) NOT NULL AUTO_INCREMENT,
  `name` varchar(255) NOT NULL,
  `description` varchar(255) DEFAULT NULL,
  PRIMARY KEY (`id`),
  UNIQUE KEY `name` (`name`)
) ENGINE=InnoDB AUTO_INCREMENT=2 DEFAULT CHARSET=utf8;

--
-- Dumping data for table `forms`
--

INSERT INTO `forms` (`id`,`name`,`description`) VALUES 
 (1,'CommCare','Community Care Program Application');


--
-- Definition of table `holidays`
--

CREATE TABLE `holidays` (
  `id` int(11) NOT NULL AUTO_INCREMENT,
  `year` int(11) DEFAULT NULL,
  `month` tinyint(4) DEFAULT NULL,
  `day` tinyint(4) DEFAULT NULL,
  `name` varchar(255) DEFAULT NULL,
  PRIMARY KEY (`id`),
  KEY `idx_date` (`year`,`month`,`day`),
  KEY `idx_year` (`year`),
  KEY `idx_month` (`month`),
  KEY `idx_day` (`day`)
) ENGINE=InnoDB DEFAULT CHARSET=utf8;

--
-- Dumping data for table `holidays`
--



--
-- Definition of table `login_codes`
--

CREATE TABLE `login_codes` (
  `code` varchar(64) NOT NULL,
  `service_number` int(11) NOT NULL,
  `valid_until` timestamp NOT NULL DEFAULT CURRENT_TIMESTAMP ON UPDATE CURRENT_TIMESTAMP,
  PRIMARY KEY (`service_number`,`code`)
) ENGINE=InnoDB DEFAULT CHARSET=utf8;

--
-- Dumping data for table `login_codes`
--



--
-- Definition of table `permission_resources`
--

CREATE TABLE `permission_resources` (
  `id` int(11) NOT NULL AUTO_INCREMENT,
  `name` varchar(255) DEFAULT NULL,
  `description` text,
  PRIMARY KEY (`id`),
  UNIQUE KEY `idx_name` (`name`)
) ENGINE=InnoDB AUTO_INCREMENT=6 DEFAULT CHARSET=utf8;

--
-- Dumping data for table `permission_resources`
--

INSERT INTO `permission_resources` (`id`,`name`,`description`) VALUES 
 (1,'commcare_stats',NULL),
 (2,'commcare_report',NULL),
 (3,'commcare_submissions',NULL),
 (4,'commcare_inkind_submissions',NULL),
 (5,'user_passwords',NULL);


--
-- Definition of table `permission_roles`
--

CREATE TABLE `permission_roles` (
  `id` int(11) NOT NULL AUTO_INCREMENT,
  `name` varchar(255) DEFAULT NULL,
  `description` text,
  PRIMARY KEY (`id`),
  UNIQUE KEY `idx_name` (`name`)
) ENGINE=InnoDB AUTO_INCREMENT=5 DEFAULT CHARSET=utf8;

--
-- Dumping data for table `permission_roles`
--

INSERT INTO `permission_roles` (`id`,`name`,`description`) VALUES 
 (1,'commcare_superuser',NULL),
 (2,'commcare_accounts',NULL),
 (3,'commcare_recc',NULL),
 (4,'commcare_apprentice_managers',NULL);


--
-- Definition of table `permission_rules`
--

CREATE TABLE `permission_rules` (
  `id` int(11) NOT NULL AUTO_INCREMENT,
  `name` varchar(255) DEFAULT NULL,
  `role_id` int(11) NOT NULL,
  `resource_id` int(11) NOT NULL,
  `allowed` bit(1) DEFAULT b'1',
  PRIMARY KEY (`id`),
  KEY `idx_name` (`name`),
  KEY `fk_role_id` (`role_id`),
  KEY `fk_permission_resource_id` (`resource_id`),
  CONSTRAINT `permission_rules_ibfk_1` FOREIGN KEY (`role_id`) REFERENCES `permission_roles` (`id`) ON DELETE CASCADE,
  CONSTRAINT `permission_rules_ibfk_2` FOREIGN KEY (`resource_id`) REFERENCES `permission_resources` (`id`) ON DELETE CASCADE
) ENGINE=InnoDB AUTO_INCREMENT=42 DEFAULT CHARSET=utf8;

--
-- Dumping data for table `permission_rules`
--

INSERT INTO `permission_rules` (`id`,`name`,`role_id`,`resource_id`,`allowed`) VALUES 
 (1,'view_all',3,1,0x01),
 (2,'view_all',3,2,0x01),
 (3,'view_location_managed',3,3,0x01),
 (4,'view_glaccount_managed',3,3,0x01),
 (5,'view_all',3,3,0x01),
 (6,'edit_managed',3,3,0x01),
 (7,'view_location_managed',3,4,0x01),
 (8,'view_glaccount_managed',3,4,0x01),
 (9,'view_all',3,4,0x01),
 (10,'edit_managed',3,4,0x01),
 (11,'view_all',1,1,0x01),
 (12,'view_all',1,2,0x01),
 (13,'view_location_all',1,3,0x01),
 (14,'view_glaccount_all',1,3,0x01),
 (15,'view_all',1,3,0x01),
 (16,'edit_all',1,3,0x01),
 (17,'view_location_all',1,4,0x01),
 (18,'view_glaccount_all',1,4,0x01),
 (19,'view_all',1,4,0x01),
 (20,'edit_all',1,4,0x01),
 (21,'view_all',2,1,0x01),
 (22,'view_all',2,2,0x01),
 (23,'view_all',2,3,0x01),
 (24,'view_location_all',2,3,0x01),
 (25,'view_glaccount_all',2,3,0x01),
 (26,'set_paid_all',2,3,0x01),
 (27,'view_location_all',2,4,0x01),
 (28,'view_glaccount_all',2,4,0x01),
 (29,'view_all',2,4,0x01),
 (30,'set_paid_all',2,4,0x01),
 (31,'view_all',4,1,0x01),
 (32,'view_all',4,2,0x01),
 (33,'view_all',4,3,0x01),
 (34,'view_location_all',4,4,0x01),
 (35,'edit_location_all',4,4,0x01),
 (36,'view_glaccount_all',4,4,0x01),
 (37,'edit_glaccount_all',4,4,0x01),
 (38,'view_all',4,4,0x01),
 (39,'edit_all',4,4,0x01),
 (40,'edit_all',2,5,0x01),
 (41,'edit_all',1,5,0x01);


--
-- Definition of table `reccs`
--

CREATE TABLE `reccs` (
  `id` int(11) NOT NULL AUTO_INCREMENT,
  `name` varchar(255) NOT NULL,
  `acronym` varchar(16) NOT NULL,
  `ord` int(11) DEFAULT NULL,
  PRIMARY KEY (`id`),
  UNIQUE KEY `name` (`name`),
  UNIQUE KEY `acronym` (`acronym`),
  UNIQUE KEY `ord` (`ord`)
) ENGINE=InnoDB AUTO_INCREMENT=8 DEFAULT CHARSET=utf8;

--
-- Dumping data for table `reccs`
--

INSERT INTO `reccs` (`id`,`name`,`acronym`,`ord`) VALUES 
 (1,'Sydney','SYD',1),
 (2,'North','NTH',2),
 (3,'South','STH',3),
 (4,'West','WST',4),
 (5,'Central Coast','CCT',5),
 (6,'Lower Hunter','LHT',6),
 (7,'Upper Hunter','UHT',7);


--
-- Definition of table `states`
--

CREATE TABLE `states` (
  `id` int(11) NOT NULL AUTO_INCREMENT,
  `acronym` varchar(8) NOT NULL,
  `name` varchar(255) NOT NULL,
  PRIMARY KEY (`id`),
  UNIQUE KEY `acronym` (`acronym`),
  UNIQUE KEY `name` (`name`)
) ENGINE=InnoDB AUTO_INCREMENT=9 DEFAULT CHARSET=utf8;

--
-- Dumping data for table `states`
--

INSERT INTO `states` (`id`,`acronym`,`name`) VALUES 
 (1,'ACT','Australian Capital Territory'),
 (2,'NSW','New South Wales'),
 (3,'NT','Northern Territory'),
 (4,'QLD','Queensland'),
 (5,'SA','South Australia'),
 (6,'TAS','Tasmania'),
 (7,'VIC','Victoria'),
 (8,'WA','Western Australia');


--
-- Definition of table `submissions`
--

CREATE TABLE `submissions` (
  `id` int(11) NOT NULL AUTO_INCREMENT,
  `form_id` int(11) NOT NULL,
  `load_date` datetime DEFAULT NULL,
  `filename` varchar(255) DEFAULT NULL,
  PRIMARY KEY (`id`),
  KEY `fk_form_id` (`form_id`),
  KEY `idx_filename` (`filename`),
  CONSTRAINT `submissions_ibfk_1` FOREIGN KEY (`form_id`) REFERENCES `forms` (`id`)
) ENGINE=InnoDB AUTO_INCREMENT=7 DEFAULT CHARSET=utf8;

--
-- Dumping data for table `submissions`
--

INSERT INTO `submissions` (`id`,`form_id`,`load_date`,`filename`) VALUES 
 (1,1,'2011-08-19 13:30:01','47910_cc_2011-08-19_13-22-56'),
 (2,1,'2011-08-25 11:00:01','48169_cc_2011-08-11_07-23-49'),
 (3,1,'2011-08-31 15:30:01','44805_cc_2011-08-31_13-05-19'),
 (4,1,'2011-09-07 14:50:01','48565_cc_2011-09-07_14-34-12'),
 (5,1,'2011-10-01 06:00:04','46772_cc_2011-09-28_21-21-52'),
 (6,1,'2011-10-26 09:30:01','45967_cc_2011-10-06_15-07-27');


--
-- Definition of table `user_reccs`
--

CREATE TABLE `user_reccs` (
  `service_number` int(11) NOT NULL,
  `recc_id` int(11) NOT NULL,
  PRIMARY KEY (`service_number`),
  KEY `fk_reccs_recc_id` (`recc_id`),
  CONSTRAINT `user_reccs_ibfk_1` FOREIGN KEY (`service_number`) REFERENCES `users` (`service_number`),
  CONSTRAINT `user_reccs_ibfk_2` FOREIGN KEY (`recc_id`) REFERENCES `reccs` (`id`)
) ENGINE=InnoDB DEFAULT CHARSET=utf8;

--
-- Dumping data for table `user_reccs`
--

INSERT INTO `user_reccs` (`service_number`,`recc_id`) VALUES 
 (47317,1),
 (47720,1),
 (50337,1),
 (51052,1),
 (52439,1),
 (33480,2),
 (44455,2),
 (46658,2),
 (47077,2),
 (47187,2),
 (47981,2),
 (50485,2),
 (36965,3),
 (39846,3),
 (40245,3),
 (46428,3),
 (46750,3),
 (46955,3),
 (39236,4),
 (43705,4),
 (43724,4),
 (47036,4),
 (47255,4),
 (47999,4),
 (49810,4),
 (39963,5),
 (41852,5),
 (43942,5),
 (44509,5),
 (44795,5),
 (49648,5),
 (47102,6),
 (47433,6),
 (47478,6),
 (48248,6),
 (48749,6),
 (49582,6),
 (50628,6),
 (44433,7),
 (45902,7),
 (46141,7),
 (46208,7),
 (46911,7);


--
-- Definition of table `user_roles`
--

CREATE TABLE `user_roles` (
  `service_number` int(11) NOT NULL,
  `role_id` int(11) NOT NULL,
  PRIMARY KEY (`service_number`,`role_id`),
  KEY `fk_roles_role_id` (`role_id`),
  CONSTRAINT `user_roles_ibfk_1` FOREIGN KEY (`service_number`) REFERENCES `users` (`service_number`) ON DELETE CASCADE,
  CONSTRAINT `user_roles_ibfk_2` FOREIGN KEY (`role_id`) REFERENCES `permission_roles` (`id`) ON DELETE CASCADE
) ENGINE=InnoDB DEFAULT CHARSET=utf8;

--
-- Dumping data for table `user_roles`
--

INSERT INTO `user_roles` (`service_number`,`role_id`) VALUES 
 (47187,1),
 (55067,1),
 (55702,1),
 (42134,2),
 (33480,3),
 (36965,3),
 (39236,3),
 (39846,3),
 (39963,3),
 (40245,3),
 (41852,3),
 (43705,3),
 (43724,3),
 (43942,3),
 (44433,3),
 (44455,3),
 (44509,3),
 (44795,3),
 (45902,3),
 (46141,3),
 (46208,3),
 (46428,3),
 (46658,3),
 (46750,3),
 (46911,3),
 (46955,3),
 (47036,3),
 (47077,3),
 (47102,3),
 (47255,3),
 (47317,3),
 (47433,3),
 (47478,3),
 (47720,3),
 (47981,3),
 (47999,3),
 (48248,3),
 (48749,3),
 (49582,3),
 (49648,3),
 (49810,3),
 (50337,3),
 (50485,3),
 (50628,3),
 (51052,3),
 (52439,3),
 (34844,4);




